000
CDUS46 KHNX 250831
CLIHJO


CLIMATE REPORT
NATIONAL WEATHER SERVICE SAN JOAQUIN VALLEY, CA
1231 AM PST SAT NOV 25 2017


...................................

...THE HANFORD CA CLIMATE SUMMARY FOR NOVEMBER 24 2017...

CLIMATE NORMAL PERIOD 1981 TO 2010
CLIMATE RECORD PERIOD 1998 TO 2017


WEATHER ITEM   OBSERVED TIME   RECORD YEAR NORMAL DEPARTURE
                VALUE   (LST)  VALUE       VALUE  FROM
                                                  NORMAL
...............................................................
TEMPERATURE (F)
 YESTERDAY
  MAXIMUM         73R   245 PM  71    2005  61     12
  MINIMUM         46    656 AM  28    2003  37      9
  AVERAGE         60                        49     11

PRECIPITATION (IN)
  YESTERDAY        0.00          0.26 2001   0.02  -0.02
  MONTH TO DATE    0.11                      0.89  -0.78
  SINCE OCT 1      0.17                      1.39  -1.22
  SINCE JAN 1      8.51                      8.36   0.15

SNOWFALL (IN)
  YESTERDAY        0.0
  MONTH TO DATE    0.0
  SINCE SEP 1      0.0
  SINCE JUL 1      0.0
  SNOW DEPTH       0

DEGREE DAYS
 HEATING
  YESTERDAY        5
  MONTH TO DATE  162
  SINCE SEP 1    244
  SINCE JUL 1    244

 COOLING
  YESTERDAY        0
  MONTH TO DATE    4
  SINCE SEP 1    365
  SINCE JAN 1   2182
...............................................................


WIND (MPH)
  HIGHEST WIND SPEED     6   HIGHEST WIND DIRECTION    NE (60)
  HIGHEST GUST SPEED     8   HIGHEST GUST DIRECTION     N (350)
  AVERAGE WIND SPEED     1.8




RELATIVE HUMIDITY (PERCENT)
 HIGHEST   100
 LOWEST     57
 AVERAGE    79

..........................................................


THE HANFORD CA CLIMATE NORMALS FOR TODAY
                         NORMAL    RECORD    YEAR
 MAXIMUM TEMPERATURE (F)   60        69      2005
 MINIMUM TEMPERATURE (F)   37        26      2003


SUNRISE AND SUNSET
NOVEMBER 25 2017......SUNRISE   646 AM PST   SUNSET   445 PM PST
NOVEMBER 26 2017......SUNRISE   647 AM PST   SUNSET   445 PM PST


-  INDICATES NEGATIVE NUMBERS.
R  INDICATES RECORD WAS SET OR TIED.
MM INDICATES DATA IS MISSING.
T  INDICATES TRACE AMOUNT.




$$
