000
CDUS46 KHNX 210023
CLIHJO


CLIMATE REPORT
NATIONAL WEATHER SERVICE SAN JOAQUIN VALLEY, CA
423 PM PST THU NOV 20 2014


...................................

...THE HANFORD CA CLIMATE SUMMARY FOR NOVEMBER 20 2014...
VALID AS OF 0400 PM LOCAL TIME.

CLIMATE NORMAL PERIOD 1981 TO 2010
CLIMATE RECORD PERIOD 1998 TO 2014


WEATHER ITEM   OBSERVED TIME   RECORD YEAR NORMAL DEPARTURE LAST
                VALUE   (LST)  VALUE       VALUE  FROM      YEAR
                                                  NORMAL
..................................................................
TEMPERATURE (F)
 TODAY
  MAXIMUM         61    221 PM  76    2005  63     -2       67
  MINIMUM         44    447 AM  29    2000  38      6       49
  AVERAGE         53                        50      3       58

PRECIPITATION (IN)
  TODAY            0.00          0.36 2010   0.03  -0.03     0.21
  MONTH TO DATE    0.22                      0.78  -0.56     0.21
  SINCE JUL 1      0.81                      1.49  -0.68     0.22
  SINCE JAN 1      3.24                      8.25  -5.01     1.82

SNOWFALL (IN)
  TODAY            0.0
  MONTH TO DATE    0.0
  SINCE SEP 1      0.0
  SINCE JUL 1      0.0
  SNOW DEPTH       0

DEGREE DAYS
 HEATING
  TODAY           12                                         7
  MONTH TO DATE  163                                       167
  SINCE SEP 1    188                                       253
  SINCE JUL 1    188                                       253

 COOLING
  TODAY            0                                         0
  MONTH TO DATE    0                                         0
  SINCE SEP 1    517                                       334
  SINCE JAN 1   2274                                      2057
..................................................................


WIND (MPH)
  HIGHEST WIND SPEED     9   HIGHEST WIND DIRECTION     N (350)
  HIGHEST GUST SPEED    10   HIGHEST GUST DIRECTION     N (350)
  AVERAGE WIND SPEED     3.3




RELATIVE HUMIDITY (PERCENT)
 HIGHEST    93
 LOWEST     60
 AVERAGE    77

..........................................................


THE HANFORD CA CLIMATE NORMALS FOR TOMORROW
                         NORMAL    RECORD    YEAR
 MAXIMUM TEMPERATURE (F)   62        77      2002
 MINIMUM TEMPERATURE (F)   38        33      2005


SUNRISE AND SUNSET
NOVEMBER 20 2014......SUNRISE   641 AM PST   SUNSET   447 PM PST
NOVEMBER 21 2014......SUNRISE   642 AM PST   SUNSET   447 PM PST


-  INDICATES NEGATIVE NUMBERS.
R  INDICATES RECORD WAS SET OR TIED.
MM INDICATES DATA IS MISSING.
T  INDICATES TRACE AMOUNT.




$$
