520
CDUS46 KHNX 180823
CLIHJO


CLIMATE REPORT
NATIONAL WEATHER SERVICE SAN JOAQUIN VALLEY, CA
1223 AM PST SUN FEB 18 2018


...................................

...THE HANFORD CA CLIMATE SUMMARY FOR FEBRUARY 17 2018...

CLIMATE NORMAL PERIOD 1981 TO 2010
CLIMATE RECORD PERIOD 1998 TO 2018


WEATHER ITEM   OBSERVED TIME   RECORD YEAR NORMAL DEPARTURE
                VALUE   (LST)  VALUE       VALUE  FROM
                                                  NORMAL
...............................................................
TEMPERATURE (F)
 YESTERDAY
  MAXIMUM         71    419 PM  77    2015  62      9
  MINIMUM         33    659 AM  30    2006  39     -6
  AVERAGE         52                        51      1

PRECIPITATION (IN)
  YESTERDAY        0.00          0.61 2017   0.07  -0.07
  MONTH TO DATE    T                         0.98  -0.98
  SINCE OCT 1      1.78                      6.15  -4.37
  SINCE JAN 1      1.37                      3.02  -1.65

SNOWFALL (IN)
  YESTERDAY        0.0
  MONTH TO DATE    0.0
  SINCE DEC 1      0.0
  SINCE JUL 1      0.0
  SNOW DEPTH       0

DEGREE DAYS
 HEATING
  YESTERDAY       13
  MONTH TO DATE  164
  SINCE DEC 1   1150
  SINCE JUL 1   1455

 COOLING
  YESTERDAY        0
  MONTH TO DATE    0
  SINCE DEC 1      0
  SINCE JAN 1      0
...............................................................


WIND (MPH)
  HIGHEST WIND SPEED     8   HIGHEST WIND DIRECTION    SE (130)
  HIGHEST GUST SPEED    10   HIGHEST GUST DIRECTION     S (160)
  AVERAGE WIND SPEED     2.5




RELATIVE HUMIDITY (PERCENT)
 HIGHEST    96
 LOWEST     22
 AVERAGE    59

..........................................................


THE HANFORD CA CLIMATE NORMALS FOR TODAY
                         NORMAL    RECORD    YEAR
 MAXIMUM TEMPERATURE (F)   63        69      2008
 MINIMUM TEMPERATURE (F)   40        32      2013
                                             2006


SUNRISE AND SUNSET
FEBRUARY 18 2018......SUNRISE   643 AM PST   SUNSET   543 PM PST
FEBRUARY 19 2018......SUNRISE   641 AM PST   SUNSET   544 PM PST


-  INDICATES NEGATIVE NUMBERS.
R  INDICATES RECORD WAS SET OR TIED.
MM INDICATES DATA IS MISSING.
T  INDICATES TRACE AMOUNT.




$$
