000
CDUS46 KHNX 220023
CLIHJO


CLIMATE REPORT
NATIONAL WEATHER SERVICE SAN JOAQUIN VALLEY, CA
523 PM PDT FRI JUL 21 2017


...................................

...THE HANFORD CA CLIMATE SUMMARY FOR JULY 21 2017...
VALID AS OF 0400 PM LOCAL TIME.

CLIMATE NORMAL PERIOD 1981 TO 2010
CLIMATE RECORD PERIOD 1998 TO 2017


WEATHER ITEM   OBSERVED TIME   RECORD YEAR NORMAL DEPARTURE LAST
                VALUE   (LST)  VALUE       VALUE  FROM      YEAR
                                                  NORMAL
..................................................................
TEMPERATURE (F)
 TODAY
  MAXIMUM         98        MM 106    2013  96      2       99
                                      2005
  MINIMUM         60        MM  57    1999  63     -3       60
  AVERAGE         79                        80     -1       80

PRECIPITATION (IN)
  TODAY            0.00          0.00   MM   0.00   0.00     0.00
  MONTH TO DATE    0.00                      0.02  -0.02     0.00
  SINCE OCT 1     11.05                      9.91   1.14     8.26
  SINCE JAN 1      8.18                      6.78   1.40     5.66

SNOWFALL (IN)
  TODAY            0.0
  MONTH TO DATE    0.0
  SINCE JUN 1      0.0
  SINCE JUL 1      0.0
  SNOW DEPTH       0

DEGREE DAYS
 HEATING
  TODAY            0                                         0
  MONTH TO DATE    0                                         0
  SINCE JUN 1      5                                         0
  SINCE JUL 1      0                                         0

 COOLING
  TODAY           14                                        15
  MONTH TO DATE  396                                       310
  SINCE JUN 1    834                                       738
  SINCE JAN 1   1042                                       967
..................................................................


WIND (MPH)
  HIGHEST WIND SPEED    10   HIGHEST WIND DIRECTION    NW (320)
  HIGHEST GUST SPEED    MM   HIGHEST GUST DIRECTION    MM
  AVERAGE WIND SPEED     5.7




RELATIVE HUMIDITY (PERCENT)
 HIGHEST    84
 LOWEST     17
 AVERAGE    51

..........................................................


THE HANFORD CA CLIMATE NORMALS FOR TOMORROW
                         NORMAL    RECORD    YEAR
 MAXIMUM TEMPERATURE (F)   96       110      2006
 MINIMUM TEMPERATURE (F)   63        59      2001


SUNRISE AND SUNSET
JULY 21 2017..........SUNRISE   557 AM PDT   SUNSET   812 PM PDT
JULY 22 2017..........SUNRISE   558 AM PDT   SUNSET   812 PM PDT


-  INDICATES NEGATIVE NUMBERS.
R  INDICATES RECORD WAS SET OR TIED.
MM INDICATES DATA IS MISSING.
T  INDICATES TRACE AMOUNT.




$$
