000
CDUS46 KHNX 260823
CLIHJO


CLIMATE REPORT
NATIONAL WEATHER SERVICE SAN JOAQUIN VALLEY, CA
122 AM PDT TUE SEP 26 2017


...................................

...THE HANFORD CA CLIMATE SUMMARY FOR SEPTEMBER 25 2017...

CLIMATE NORMAL PERIOD 1981 TO 2010
CLIMATE RECORD PERIOD 1998 TO 2017


WEATHER ITEM   OBSERVED TIME   RECORD YEAR NORMAL DEPARTURE
                VALUE   (LST)  VALUE       VALUE  FROM
                                                  NORMAL
...............................................................
TEMPERATURE (F)
 YESTERDAY
  MAXIMUM         86        MM  99    2015  88     -2
  MINIMUM         47        MM  44    2005  54     -7
  AVERAGE         67                        71     -4

PRECIPITATION (IN)
  YESTERDAY        0.00          T    2001   0.01  -0.01
  MONTH TO DATE    0.16                      0.13   0.03
  SINCE OCT 1     11.21                     10.06   1.15
  SINCE JAN 1      8.34                      6.93   1.41

SNOWFALL (IN)
  YESTERDAY        0.0
  MONTH TO DATE    0.0
  SINCE SEP 1      0.0
  SINCE JUL 1      0.0
  SNOW DEPTH       0

DEGREE DAYS
 HEATING
  YESTERDAY        0
  MONTH TO DATE    7
  SINCE SEP 1      7
  SINCE JUL 1      7

 COOLING
  YESTERDAY        2
  MONTH TO DATE  287
  SINCE SEP 1    287
  SINCE JAN 1   2104
...............................................................


WIND (MPH)
  HIGHEST WIND SPEED     8   HIGHEST WIND DIRECTION     N (340)
  HIGHEST GUST SPEED    MM   HIGHEST GUST DIRECTION    MM
  AVERAGE WIND SPEED     3.2




RELATIVE HUMIDITY (PERCENT)
 HIGHEST    93
 LOWEST     16
 AVERAGE    55

..........................................................


THE HANFORD CA CLIMATE NORMALS FOR TODAY
                         NORMAL    RECORD    YEAR
 MAXIMUM TEMPERATURE (F)   88       100      2016
 MINIMUM TEMPERATURE (F)   54        49      2013
                                             2006


SUNRISE AND SUNSET
SEPTEMBER 26 2017.....SUNRISE   650 AM PDT   SUNSET   649 PM PDT
SEPTEMBER 27 2017.....SUNRISE   651 AM PDT   SUNSET   647 PM PDT


-  INDICATES NEGATIVE NUMBERS.
R  INDICATES RECORD WAS SET OR TIED.
MM INDICATES DATA IS MISSING.
T  INDICATES TRACE AMOUNT.




$$
