000
CDUS46 KHNX 300022
CLIHJO


CLIMATE REPORT
NATIONAL WEATHER SERVICE SAN JOAQUIN VALLEY, CA
521 PM PDT SUN MAR 29 2015


...................................

...THE HANFORD CA CLIMATE SUMMARY FOR MARCH 29 2015...
VALID AS OF 0500 PM LOCAL TIME.

CLIMATE NORMAL PERIOD 1981 TO 2010
CLIMATE RECORD PERIOD 1998 TO 2015


WEATHER ITEM   OBSERVED TIME   RECORD YEAR NORMAL DEPARTURE LAST
                VALUE   (LST)  VALUE       VALUE  FROM      YEAR
                                                  NORMAL
..................................................................
TEMPERATURE (F)
 TODAY
  MAXIMUM         88R   303 PM  87    2004  70     18       78
  MINIMUM         50    555 AM  33    1998  44      6       46
  AVERAGE         69                        57     12       62

PRECIPITATION (IN)
  TODAY            0.00          0.20 2014   0.04  -0.04     0.20
  MONTH TO DATE    0.14                      1.55  -1.41     0.27
  SINCE OCT 1      4.05                      8.45  -4.40     2.41
  SINCE JAN 1      0.93                      5.32  -4.39     2.03

SNOWFALL (IN)
  TODAY            0.0
  MONTH TO DATE    0.0
  SINCE MAR 1      0.0
  SINCE JUL 1      0.0
  SNOW DEPTH       0

DEGREE DAYS
 HEATING
  TODAY            0                                         3
  MONTH TO DATE   90                                       158
  SINCE MAR 1     90                                       158
  SINCE JUL 1   1632                                      1935

 COOLING
  TODAY            4                                         0
  MONTH TO DATE   47                                         0
  SINCE MAR 1     47                                         0
  SINCE JAN 1     47                                         0
..................................................................


WIND (MPH)
  HIGHEST WIND SPEED    10   HIGHEST WIND DIRECTION    NW (300)
  HIGHEST GUST SPEED    13   HIGHEST GUST DIRECTION    NW (300)
  AVERAGE WIND SPEED     3.5




RELATIVE HUMIDITY (PERCENT)
 HIGHEST    80
 LOWEST     16
 AVERAGE    48

..........................................................


THE HANFORD CA CLIMATE NORMALS FOR TOMORROW
                         NORMAL    RECORD    YEAR
 MAXIMUM TEMPERATURE (F)   71        85      2013
                                             2002
 MINIMUM TEMPERATURE (F)   44        39      1998


SUNRISE AND SUNSET
MARCH 29 2015.........SUNRISE   649 AM PDT   SUNSET   718 PM PDT
MARCH 30 2015.........SUNRISE   648 AM PDT   SUNSET   719 PM PDT


-  INDICATES NEGATIVE NUMBERS.
R  INDICATES RECORD WAS SET OR TIED.
MM INDICATES DATA IS MISSING.
T  INDICATES TRACE AMOUNT.




$$
