000
CDUS46 KHNX 230028
CLIHJO


CLIMATE REPORT
NATIONAL WEATHER SERVICE SAN JOAQUIN VALLEY, CA
527 PM PDT TUE APR 22 2014


...................................

...THE HANFORD CA CLIMATE SUMMARY FOR APRIL 22 2014...
VALID AS OF 0500 PM LOCAL TIME.

CLIMATE NORMAL PERIOD 1981 TO 2010
CLIMATE RECORD PERIOD 1998 TO 2014


WEATHER ITEM   OBSERVED TIME   RECORD YEAR NORMAL DEPARTURE LAST
                VALUE   (LST)  VALUE       VALUE  FROM      YEAR
                                                  NORMAL
..................................................................
TEMPERATURE (F)
 TODAY
  MAXIMUM         71    356 PM  96    2012  77     -6       90
                                      2009
  MINIMUM         58    636 AM  41    2008  48     10       48
  AVERAGE         65                        62      3       69

PRECIPITATION (IN)
  TODAY            T             0.23 2004   0.02  -0.02     0.00
  MONTH TO DATE    T                         0.58  -0.58     0.08
  SINCE JUL 1      2.62                      9.32  -6.70     3.42
  SINCE JAN 1      2.23                      5.98  -3.75     1.42

SNOWFALL (IN)
  TODAY            0.0
  MONTH TO DATE    0.0
  SINCE MAR 1      0.0
  SINCE JUL 1      0.0
  SNOW DEPTH       0

DEGREE DAYS
 HEATING
  TODAY            0                                         0
  MONTH TO DATE   61                                        72
  SINCE MAR 1    236                                       257
  SINCE JUL 1   2013                                      2318

 COOLING
  TODAY            0                                         4
  MONTH TO DATE   63                                        11
  SINCE MAR 1     63                                        17
  SINCE JAN 1     63                                        17
..................................................................


WIND (MPH)
  HIGHEST WIND SPEED    25   HIGHEST WIND DIRECTION    NW (320)
  HIGHEST GUST SPEED    30   HIGHEST GUST DIRECTION    NW (320)
  AVERAGE WIND SPEED    15.2




RELATIVE HUMIDITY (PERCENT)
 HIGHEST    62
 LOWEST     19
 AVERAGE    41

..........................................................


THE HANFORD CA CLIMATE NORMALS FOR TOMORROW
                         NORMAL    RECORD    YEAR
 MAXIMUM TEMPERATURE (F)   77        88      2002
 MINIMUM TEMPERATURE (F)   48        39      2010


SUNRISE AND SUNSET
APRIL 22 2014.........SUNRISE   616 AM PDT   SUNSET   739 PM PDT
APRIL 23 2014.........SUNRISE   615 AM PDT   SUNSET   739 PM PDT


-  INDICATES NEGATIVE NUMBERS.
R  INDICATES RECORD WAS SET OR TIED.
MM INDICATES DATA IS MISSING.
T  INDICATES TRACE AMOUNT.




$$
