000
CDUS45 KTFX 061033
CLIHLN


CLIMATE REPORT
NATIONAL WEATHER SERVICE GREAT FALLS MT
431 AM MDT MON JUL 6 2015


...................................

...THE HELENA MT CLIMATE SUMMARY FOR JULY 5 2015...

CLIMATE NORMAL PERIOD 1981 TO 2010
CLIMATE RECORD PERIOD 1866 TO 2015


WEATHER ITEM   OBSERVED TIME   RECORD YEAR NORMAL DEPARTURE LAST
                VALUE   (LST)  VALUE       VALUE  FROM      YEAR
                                                  NORMAL
..................................................................
TEMPERATURE (F)
 YESTERDAY
  MAXIMUM         65   1200 AM 102    1981  83    -18       92
  MINIMUM         53   1159 PM  38    1931  53      0       57
  AVERAGE         59                        68     -9       75

PRECIPITATION (IN)
  YESTERDAY        0.16          0.62 1938   0.04   0.12     0.00
  MONTH TO DATE    0.16                      0.22  -0.06     0.09
  SINCE OCT 1      7.00                      7.95  -0.95     7.28
  SINCE JAN 1      4.72                      6.38  -1.66     6.28

SNOWFALL (IN)
  YESTERDAY        0.0           T    1931   0.0    0.0      0.0
                                      1995
  MONTH TO DATE    0.0                       0.0    0.0      0.0
  SINCE JUN 1      0.0                       T      0.0      0.0
  SINCE JUL 1      0.0                       0.0    0.0      0.0
  SNOW DEPTH       0

DEGREE DAYS
 HEATING
  YESTERDAY        6                         2      4        0
  MONTH TO DATE    6                        10     -4        0
  SINCE JUN 1     38                       146   -108      127
  SINCE JUL 1      6                        10     -4        0

 COOLING
  YESTERDAY        0                         4     -4       10
  MONTH TO DATE   56                        20     36       35
  SINCE JUN 1    233                        69    164       38
  SINCE JAN 1    233                        77    156       42
..................................................................


WIND (MPH)
  HIGHEST WIND SPEED    24   HIGHEST WIND DIRECTION     N (340)
  HIGHEST GUST SPEED    33   HIGHEST GUST DIRECTION     N (350)
  AVERAGE WIND SPEED    10.5


SKY COVER
  AVERAGE SKY COVER 1.0


WEATHER CONDITIONS
 THE FOLLOWING WEATHER WAS RECORDED YESTERDAY.
  RAIN
  LIGHT RAIN
  FOG


RELATIVE HUMIDITY (PERCENT)
 HIGHEST    89           600 PM
 LOWEST     60           400 PM
 AVERAGE    75

..........................................................


THE HELENA MT CLIMATE NORMALS FOR TODAY
                         NORMAL    RECORD    YEAR
 MAXIMUM TEMPERATURE (F)   83        99      1985
 MINIMUM TEMPERATURE (F)   53        38      1908


SUNRISE AND SUNSET
JULY  6 2015..........SUNRISE   542 AM MDT   SUNSET   923 PM MDT
JULY  7 2015..........SUNRISE   543 AM MDT   SUNSET   923 PM MDT


-  INDICATES NEGATIVE NUMBERS.
R  INDICATES RECORD WAS SET OR TIED.
MM INDICATES DATA IS MISSING.
T  INDICATES TRACE AMOUNT.




$$
