000
CDUS45 KTFX 100945
CLIHLN


CLIMATE REPORT
NATIONAL WEATHER SERVICE GREAT FALLS MT
345 AM MDT THU JUL 10 2014


...................................

...THE HELENA MT CLIMATE SUMMARY FOR JULY 9 2014...

CLIMATE NORMAL PERIOD 1981 TO 2010
CLIMATE RECORD PERIOD 1866 TO 2014


WEATHER ITEM   OBSERVED TIME   RECORD YEAR NORMAL DEPARTURE LAST
                VALUE   (LST)  VALUE       VALUE  FROM      YEAR
                                                  NORMAL
..................................................................
TEMPERATURE (F)
 YESTERDAY
  MAXIMUM         95    233 PM 101    1985  84     11       89
  MINIMUM         59    449 AM  39    1889  54      5       50
  AVERAGE         77                        69      8       70

PRECIPITATION (IN)
  YESTERDAY        0.00          1.35 1983   0.04  -0.04     0.00
  MONTH TO DATE    0.09                      0.38  -0.29      T
  SINCE OCT 1      7.28                      8.11  -0.83     8.83
  SINCE JAN 1      6.28                      6.54  -0.26     5.53

SNOWFALL (IN)
  YESTERDAY        0.0           0.0  1999   0.0    0.0      0.0
                                      1995
  MONTH TO DATE    0.0                       0.0    0.0      0.0
  SINCE JUN 1      0.0                       T      0.0      0.0
  SINCE JUL 1      0.0                       0.0    0.0      0.0
  SNOW DEPTH       0

DEGREE DAYS
 HEATING
  YESTERDAY        0                         1     -1        0
  MONTH TO DATE    0                        14    -14        0
  SINCE JUN 1    127                       150    -23      146
  SINCE JUL 1      0                        14    -14        0

 COOLING
  YESTERDAY       12                         5      7        5
  MONTH TO DATE   73                        40     33       87
  SINCE JUN 1     76                        89    -13      129
  SINCE JAN 1     80                        97    -17      136
..................................................................


WIND (MPH)
  HIGHEST WIND SPEED    20   HIGHEST WIND DIRECTION    NW (300)
  HIGHEST GUST SPEED    26   HIGHEST GUST DIRECTION    NW (320)
  AVERAGE WIND SPEED     5.8


SKY COVER
  AVERAGE SKY COVER 0.0


WEATHER CONDITIONS
 THE FOLLOWING WEATHER WAS RECORDED YESTERDAY.
  NO SIGNIFICANT WEATHER WAS OBSERVED.


RELATIVE HUMIDITY (PERCENT)
 HIGHEST    60           300 AM
 LOWEST     14           200 PM
 AVERAGE    37

..........................................................


THE HELENA MT CLIMATE NORMALS FOR TODAY
                         NORMAL    RECORD    YEAR
 MAXIMUM TEMPERATURE (F)   85       102      1973
 MINIMUM TEMPERATURE (F)   54        42      1946
                                             1880


SUNRISE AND SUNSET
JULY 10 2014..........SUNRISE   545 AM MDT   SUNSET   921 PM MDT
JULY 11 2014..........SUNRISE   546 AM MDT   SUNSET   920 PM MDT


-  INDICATES NEGATIVE NUMBERS.
R  INDICATES RECORD WAS SET OR TIED.
MM INDICATES DATA IS MISSING.
T  INDICATES TRACE AMOUNT.




$$
