000
CDUS45 KTFX 240747
CLIHLN


CLIMATE REPORT
NATIONAL WEATHER SERVICE GREAT FALLS MT
146 AM MDT TUE MAY 24 2016


...................................

...THE HELENA MT CLIMATE SUMMARY FOR MAY 23 2016...

CLIMATE NORMAL PERIOD 1981 TO 2010
CLIMATE RECORD PERIOD 1866 TO 2016


WEATHER ITEM   OBSERVED TIME   RECORD YEAR NORMAL DEPARTURE LAST
                VALUE   (LST)  VALUE       VALUE  FROM      YEAR
                                                  NORMAL
..................................................................
TEMPERATURE (F)
 YESTERDAY
  MAXIMUM         54   1058 AM  89    2001  69    -15       58
                                      1886
  MINIMUM         45   1159 PM  26    1944  43      2       49
  AVERAGE         50                        56     -6       54

PRECIPITATION (IN)
  YESTERDAY        0.03          0.71 2008   0.07  -0.04     0.08
  MONTH TO DATE    1.27                      1.26   0.01     1.34
  SINCE OCT 1      4.64                      5.06  -0.42     5.32
  SINCE JAN 1      2.94                      3.49  -0.55     3.04

SNOWFALL (IN)
  YESTERDAY        0.0           1.5  1911   0.0    0.0      0.0
  MONTH TO DATE    T                         0.8   -0.8      0.0
  SINCE MAR 1      T                        10.7  -10.7       T
  SINCE JUL 1     14.8                      38.0  -23.2     24.3
  SNOW DEPTH       0

DEGREE DAYS
 HEATING
  YESTERDAY       15                         9      6       11
  MONTH TO DATE  266                       284    -18      290
  SINCE MAR 1   1475                      1777   -302     1477
  SINCE JUL 1   6415                      7338   -923     6485

 COOLING
  YESTERDAY        0                         0      0        0
  MONTH TO DATE    0                         0      0        0
  SINCE MAR 1      0                         0      0        0
  SINCE JAN 1      0                         0      0        0
..................................................................


WIND (MPH)
  HIGHEST WIND SPEED    20   HIGHEST WIND DIRECTION     W (290)
  HIGHEST GUST SPEED    24   HIGHEST GUST DIRECTION    SW (240)
  AVERAGE WIND SPEED     7.8


SKY COVER
  AVERAGE SKY COVER 0.8


WEATHER CONDITIONS
 THE FOLLOWING WEATHER WAS RECORDED YESTERDAY.
  LIGHT RAIN


RELATIVE HUMIDITY (PERCENT)
 HIGHEST    71           600 PM
 LOWEST     41           100 AM
 AVERAGE    56

..........................................................


THE HELENA MT CLIMATE NORMALS FOR TODAY
                         NORMAL    RECORD    YEAR
 MAXIMUM TEMPERATURE (F)   69        93      2001
 MINIMUM TEMPERATURE (F)   43        29      1989
                                             1944


SUNRISE AND SUNSET
MAY 24 2016...........SUNRISE   544 AM MDT   SUNSET   906 PM MDT
MAY 25 2016...........SUNRISE   543 AM MDT   SUNSET   908 PM MDT


-  INDICATES NEGATIVE NUMBERS.
R  INDICATES RECORD WAS SET OR TIED.
MM INDICATES DATA IS MISSING.
T  INDICATES TRACE AMOUNT.




$$
