000
CDUS45 KTFX 061146
CLIHLN


CLIMATE REPORT
NATIONAL WEATHER SERVICE GREAT FALLS MT
545 AM MDT FRI MAY 6 2016


...................................

...THE HELENA MT CLIMATE SUMMARY FOR MAY 5 2016...

CLIMATE NORMAL PERIOD 1981 TO 2010
CLIMATE RECORD PERIOD 1866 TO 2016


WEATHER ITEM   OBSERVED TIME   RECORD YEAR NORMAL DEPARTURE LAST
                VALUE   (LST)  VALUE       VALUE  FROM      YEAR
                                                  NORMAL
..................................................................
TEMPERATURE (F)
 YESTERDAY
  MAXIMUM         82    508 PM  86    1966  64     18       71
                                      1891
  MINIMUM         48    604 AM  20    1996  37     11       42
  AVERAGE         65                        51     14       57

PRECIPITATION (IN)
  YESTERDAY        T             0.64 1888   0.04  -0.04     0.17
  MONTH TO DATE    T                         0.20  -0.20     0.17
  SINCE OCT 1      3.37                      4.00  -0.63     4.15
  SINCE JAN 1      1.67                      2.43  -0.76     1.87

SNOWFALL (IN)
  YESTERDAY        0.0           1.5  1929   0.1   -0.1      0.0
  MONTH TO DATE    0.0                       0.3   -0.3      0.0
  SINCE MAR 1      T                        10.2  -10.2       T
  SINCE JUL 1     14.8                      37.5  -22.7     24.3
  SNOW DEPTH       0

DEGREE DAYS
 HEATING
  YESTERDAY        0                        14    -14        8
  MONTH TO DATE   30                        75    -45       40
  SINCE MAR 1   1239                      1568   -329     1227
  SINCE JUL 1   6179                      7129   -950     6235

 COOLING
  YESTERDAY        0                         0      0        0
  MONTH TO DATE    0                         0      0        0
  SINCE MAR 1      0                         0      0        0
  SINCE JAN 1      0                         0      0        0
..................................................................


WIND (MPH)
  HIGHEST WIND SPEED    28   HIGHEST WIND DIRECTION     N (350)
  HIGHEST GUST SPEED    35   HIGHEST GUST DIRECTION     N (360)
  AVERAGE WIND SPEED     6.9


SKY COVER
  AVERAGE SKY COVER 0.1


WEATHER CONDITIONS
 THE FOLLOWING WEATHER WAS RECORDED YESTERDAY.
  LIGHT RAIN


RELATIVE HUMIDITY (PERCENT)
 HIGHEST    54           600 AM
 LOWEST     17           500 PM
 AVERAGE    36

..........................................................


THE HELENA MT CLIMATE NORMALS FOR TODAY
                         NORMAL    RECORD    YEAR
 MAXIMUM TEMPERATURE (F)   64        90      1966
 MINIMUM TEMPERATURE (F)   38        23      1996


SUNRISE AND SUNSET
MAY  6 2016...........SUNRISE   605 AM MDT   SUNSET   845 PM MDT
MAY  7 2016...........SUNRISE   604 AM MDT   SUNSET   846 PM MDT


-  INDICATES NEGATIVE NUMBERS.
R  INDICATES RECORD WAS SET OR TIED.
MM INDICATES DATA IS MISSING.
T  INDICATES TRACE AMOUNT.




$$
