000
CDUS45 KTFX 231148
CLIHLN


CLIMATE REPORT
NATIONAL WEATHER SERVICE GREAT FALLS MT
448 AM MST SUN NOV 23 2014


...................................

...THE HELENA MT CLIMATE SUMMARY FOR NOVEMBER 22 2014...

CLIMATE NORMAL PERIOD 1981 TO 2010
CLIMATE RECORD PERIOD 1866 TO 2014


WEATHER ITEM   OBSERVED TIME   RECORD YEAR NORMAL DEPARTURE LAST
                VALUE   (LST)  VALUE       VALUE  FROM      YEAR
                                                  NORMAL
..................................................................
TEMPERATURE (F)
 YESTERDAY
  MAXIMUM         49   1145 AM  68    1954  40      9       29
  MINIMUM         34   1007 PM -23    1985  19     15        1
  AVERAGE         42                        29     13       15

PRECIPITATION (IN)
  YESTERDAY        0.01          0.39 1998   0.02  -0.01     0.00
  MONTH TO DATE    0.28                      0.36  -0.08     0.15
  SINCE OCT 1      0.68                      1.04  -0.36     0.71
  SINCE JAN 1     10.64                     10.69  -0.05    10.29

SNOWFALL (IN)
  YESTERDAY        0.0           6.1  1889   0.2   -0.2      0.0
  MONTH TO DATE    0.7                       3.2   -2.5      1.5
  SINCE SEP 1      0.7                       6.9   -6.2      3.5
  SINCE JUL 1      0.7                       7.2   -6.5      3.5
  SNOW DEPTH       0

DEGREE DAYS
 HEATING
  YESTERDAY       23                        36    -13       50
  MONTH TO DATE  767                       674     93      651
  SINCE SEP 1   1344                      1513   -169     1500
  SINCE JUL 1   1391                      1582   -191     1503

 COOLING
  YESTERDAY        0                         0      0        0
  MONTH TO DATE    0                         0      0        0
  SINCE SEP 1     21                        23     -2       80
  SINCE JAN 1    469                       406     63      589
..................................................................


WIND (MPH)
  HIGHEST WIND SPEED    43   HIGHEST WIND DIRECTION     W (270)
  HIGHEST GUST SPEED    58   HIGHEST GUST DIRECTION     W (270)
  AVERAGE WIND SPEED    17.0


SKY COVER
  AVERAGE SKY COVER 0.4


WEATHER CONDITIONS
 THE FOLLOWING WEATHER WAS RECORDED YESTERDAY.
  LIGHT RAIN


RELATIVE HUMIDITY (PERCENT)
 HIGHEST    70           600 AM
 LOWEST     31           200 PM
 AVERAGE    51

..........................................................


THE HELENA MT CLIMATE NORMALS FOR TODAY
                         NORMAL    RECORD    YEAR
 MAXIMUM TEMPERATURE (F)   39        63      1942
 MINIMUM TEMPERATURE (F)   19       -27      1985


SUNRISE AND SUNSET
NOVEMBER 23 2014......SUNRISE   741 AM MST   SUNSET   447 PM MST
NOVEMBER 24 2014......SUNRISE   743 AM MST   SUNSET   446 PM MST


-  INDICATES NEGATIVE NUMBERS.
R  INDICATES RECORD WAS SET OR TIED.
MM INDICATES DATA IS MISSING.
T  INDICATES TRACE AMOUNT.




$$
