000
CDUS45 KTFX 291011
CLIHLN


CLIMATE REPORT
NATIONAL WEATHER SERVICE GREAT FALLS MT
408 AM MDT FRI JUL 29 2016


...................................

...THE HELENA MT CLIMATE SUMMARY FOR JULY 28 2016...

CLIMATE NORMAL PERIOD 1981 TO 2010
CLIMATE RECORD PERIOD 1866 TO 2016


WEATHER ITEM   OBSERVED TIME   RECORD YEAR NORMAL DEPARTURE LAST
                VALUE   (LST)  VALUE       VALUE  FROM      YEAR
                                                  NORMAL
..................................................................
TEMPERATURE (F)
 YESTERDAY
  MAXIMUM         90    423 PM 101    2006  88      2       75
  MINIMUM         58    536 AM  38    1949  55      3       53
  AVERAGE         74                        72      2       64

PRECIPITATION (IN)
  YESTERDAY        0.00          1.23 1998   0.03  -0.03     0.00
  MONTH TO DATE    0.78                      1.08  -0.30     1.28
  SINCE OCT 1      6.98                      8.81  -1.83     8.12
  SINCE JAN 1      5.28                      7.24  -1.96     5.84

SNOWFALL (IN)
  YESTERDAY        0.0           0.0  1999   0.0    0.0      0.0
                                      2001
                                      1995
  MONTH TO DATE    0.0                       0.0    0.0      0.0
  SINCE JUN 1      T                         T      0.0      0.0
  SINCE JUL 1      0.0                       0.0    0.0      0.0
  SNOW DEPTH       0

DEGREE DAYS
 HEATING
  YESTERDAY        0                         0      0        1
  MONTH TO DATE   18                        26     -8       15
  SINCE JUN 1     72                       162    -90       47
  SINCE JUL 1     18                        26     -8       15

 COOLING
  YESTERDAY        9                         7      2        0
  MONTH TO DATE  170                       164      6      165
  SINCE JUN 1    276                       213     63      342
  SINCE JAN 1    276                       221     55      342
..................................................................


WIND (MPH)
  HIGHEST WIND SPEED    16   HIGHEST WIND DIRECTION    NE (30)
  HIGHEST GUST SPEED    19   HIGHEST GUST DIRECTION     N (10)
  AVERAGE WIND SPEED     5.3


SKY COVER
  AVERAGE SKY COVER 0.1


WEATHER CONDITIONS
 THE FOLLOWING WEATHER WAS RECORDED YESTERDAY.
  NO SIGNIFICANT WEATHER WAS OBSERVED.


RELATIVE HUMIDITY (PERCENT)
 HIGHEST    72           500 AM
 LOWEST     21           500 PM
 AVERAGE    47

..........................................................


THE HELENA MT CLIMATE NORMALS FOR TODAY
                         NORMAL    RECORD    YEAR
 MAXIMUM TEMPERATURE (F)   88       101      2006
 MINIMUM TEMPERATURE (F)   55        40      1959


SUNRISE AND SUNSET
JULY 29 2016..........SUNRISE   606 AM MDT   SUNSET   902 PM MDT
JULY 30 2016..........SUNRISE   607 AM MDT   SUNSET   901 PM MDT


-  INDICATES NEGATIVE NUMBERS.
R  INDICATES RECORD WAS SET OR TIED.
MM INDICATES DATA IS MISSING.
T  INDICATES TRACE AMOUNT.




$$
