501
CDHW40 PHFO 260231
CLIHNL


CLIMATE REPORT
NATIONAL WEATHER SERVICE HONOLULU HI
426 PM HST SUN FEB 25 2018


...................................

...THE HONOLULU HI CLIMATE SUMMARY FOR FEBRUARY 25 2018...
VALID TODAY AS OF 0400 PM LOCAL TIME.

CLIMATE NORMAL PERIOD 1981 TO 2010
CLIMATE RECORD PERIOD 1946 TO 2018


WEATHER ITEM   OBSERVED TIME   RECORD YEAR NORMAL DEPARTURE LAST
                VALUE   (LST)  VALUE       VALUE  FROM      YEAR
                                                  NORMAL
..................................................................
TEMPERATURE (F)
 TODAY
  MAXIMUM         85R   205 PM  85    1996  80      5       77
                                      1995
                                      1977
  MINIMUM         74    723 AM  58    1991  66      8       63
                                      1987
  AVERAGE         80                        73      7       70

PRECIPITATION (IN)
  TODAY            0.03          2.82 1990   0.08  -0.05     0.00
  MONTH TO DATE    3.94                      1.76   2.18     5.82
  SINCE DEC 1      7.40                      7.31   0.09     6.90
  SINCE JAN 1      4.00                      4.07  -0.07     6.03

SNOWFALL (IN)
  TODAY            0.0
  MONTH TO DATE    0.0
  SINCE DEC 1      0.0
  SINCE JUL 1      0.0
  SNOW DEPTH      MM

DEGREE DAYS
 HEATING
  TODAY            0                         0      0        0
  MONTH TO DATE    0                         0      0        0
  SINCE DEC 1      0                         0      0        0
  SINCE JUL 1      0                         0      0        0

 COOLING
  TODAY           15                         8      7        5
  MONTH TO DATE  257                       200     57      226
  SINCE DEC 1    935                       756    179      804
  SINCE JAN 1    629                       454    175      499
..................................................................


WIND (MPH)
  HIGHEST WIND SPEED    16   HIGHEST WIND DIRECTION    NE (50)
  HIGHEST GUST SPEED    20   HIGHEST GUST DIRECTION    NE (40)
  AVERAGE WIND SPEED    MM


SKY COVER
  POSSIBLE SUNSHINE  MM
  AVERAGE SKY COVER  MM


WEATHER CONDITIONS
 THE FOLLOWING WEATHER WAS RECORDED TODAY.
  NO SIGNIFICANT WEATHER WAS OBSERVED.


RELATIVE HUMIDITY (PERCENT)
 HIGHEST    MM
 LOWEST     MM
 AVERAGE    MM

..........................................................


THE HONOLULU HI CLIMATE NORMALS FOR TOMORROW
                         NORMAL    RECORD    YEAR
 MAXIMUM TEMPERATURE (F)   80        86      1977
 MINIMUM TEMPERATURE (F)   66        55      1991


SUNRISE AND SUNSET
FEBRUARY 25 2018......SUNRISE   655 AM HST   SUNSET   634 PM HST
FEBRUARY 26 2018......SUNRISE   654 AM HST   SUNSET   635 PM HST


-  INDICATES NEGATIVE NUMBERS.
R  INDICATES RECORD WAS SET OR TIED.
MM INDICATES DATA IS MISSING.
T  INDICATES TRACE AMOUNT.




$$
