000
CDHW40 PHFO 220252
CLIHNL


CLIMATE REPORT
NATIONAL WEATHER SERVICE HONOLULU HI
442 PM HST SAT JAN 21 2017


...................................

...THE HONOLULU HI CLIMATE SUMMARY FOR JANUARY 21 2017...
VALID TODAY AS OF 0400 PM LOCAL TIME.

CLIMATE NORMAL PERIOD 1981 TO 2010
CLIMATE RECORD PERIOD 1946 TO 2017


WEATHER ITEM   OBSERVED TIME   RECORD YEAR NORMAL DEPARTURE LAST
                VALUE   (LST)  VALUE       VALUE  FROM      YEAR
                                                  NORMAL
..................................................................
TEMPERATURE (F)
 TODAY
  MAXIMUM         76    310 PM  88    1996  80     -4       81
  MINIMUM         70    919 AM  57    1969  66      4       67
  AVERAGE         73                        73      0       74

PRECIPITATION (IN)
  TODAY            0.11          3.85 1957   0.07   0.04     0.00
  MONTH TO DATE    0.11                      1.69  -1.58      T
  SINCE DEC 1      0.98                      4.93  -3.95     0.27
  SINCE JAN 1      0.11                      1.69  -1.58      T

SNOWFALL (IN)
  TODAY            0.0
  MONTH TO DATE    0.0
  SINCE DEC 1      0.0
  SINCE JUL 1      0.0
  SNOW DEPTH       0

DEGREE DAYS
 HEATING
  TODAY            0                         0      0        0
  MONTH TO DATE    0                         0      0        0
  SINCE DEC 1      0                         0      0        0
  SINCE JUL 1      0                         0      0        0

 COOLING
  TODAY            8                         8      0        9
  MONTH TO DATE  181                       170     11      186
  SINCE DEC 1    486                       472     14      592
  SINCE JAN 1    181                       170     11      186
..................................................................


WIND (MPH)
  HIGHEST WIND SPEED    25   HIGHEST WIND DIRECTION    NE (60)
  HIGHEST GUST SPEED    33   HIGHEST GUST DIRECTION    NE (40)
  AVERAGE WIND SPEED    10.6


SKY COVER
  POSSIBLE SUNSHINE  MM
  AVERAGE SKY COVER 0.7


WEATHER CONDITIONS
 THE FOLLOWING WEATHER WAS RECORDED TODAY.
  RAIN
  LIGHT RAIN


RELATIVE HUMIDITY (PERCENT)
 HIGHEST    79           900 AM
 LOWEST     61          1200 AM
 AVERAGE    70

..........................................................


THE HONOLULU HI CLIMATE NORMALS FOR TOMORROW
                         NORMAL    RECORD    YEAR
 MAXIMUM TEMPERATURE (F)   80        87      1996
                                             1978
 MINIMUM TEMPERATURE (F)   66        54      1969


SUNRISE AND SUNSET
JANUARY 21 2017.......SUNRISE   712 AM HST   SUNSET   615 PM HST
JANUARY 22 2017.......SUNRISE   711 AM HST   SUNSET   616 PM HST


-  INDICATES NEGATIVE NUMBERS.
R  INDICATES RECORD WAS SET OR TIED.
MM INDICATES DATA IS MISSING.
T  INDICATES TRACE AMOUNT.




$$
