000
CDHW40 PHFO 020252
CLIHNL


CLIMATE REPORT
NATIONAL WEATHER SERVICE HONOLULU HI
441 PM HST WED JUL 1 2015


...................................

...THE HONOLULU HI CLIMATE SUMMARY FOR JULY 1 2015...
VALID TODAY AS OF 0400 PM LOCAL TIME.

CLIMATE NORMAL PERIOD 1981 TO 2010
CLIMATE RECORD PERIOD 1946 TO 2015


WEATHER ITEM   OBSERVED TIME   RECORD YEAR NORMAL DEPARTURE LAST
                VALUE   (LST)  VALUE       VALUE  FROM      YEAR
                                                  NORMAL
..................................................................
TEMPERATURE (F)
 TODAY
  MAXIMUM         87    234 PM  92    1995  88     -1       88
  MINIMUM         73    545 AM  69    1984  74     -1       75
                                      1977
                                      1961
  AVERAGE         80                        81     -1       82

PRECIPITATION (IN)
  TODAY            0.00          0.68 1967   0.01  -0.01      T
  MONTH TO DATE    0.00                      0.01  -0.01      T
  SINCE JUN 1      0.23                      0.27  -0.04     0.58
  SINCE JAN 1      3.22                      7.84  -4.62    10.55

SNOWFALL (IN)
  TODAY            0.0
  MONTH TO DATE    0.0
  SINCE JUN 1      0.0
  SINCE JUL 1      0.0
  SNOW DEPTH       0

DEGREE DAYS
 HEATING
  TODAY            0                         0      0        0
  MONTH TO DATE    0                         0      0        0
  SINCE JUN 1      0                         0      0        0
  SINCE JUL 1      0                         0      0        0

 COOLING
  TODAY           15                        16     -1       17
  MONTH TO DATE   15                        16     -1       17
  SINCE JUN 1    495                       472     23      480
  SINCE JAN 1   1970                      1974     -4     2089
..................................................................


WIND (MPH)
  HIGHEST WIND SPEED    13   HIGHEST WIND DIRECTION    SW (220)
  HIGHEST GUST SPEED    16   HIGHEST GUST DIRECTION    SW (220)
  AVERAGE WIND SPEED     5.0


SKY COVER
  POSSIBLE SUNSHINE  MM
  AVERAGE SKY COVER 0.3


WEATHER CONDITIONS
 THE FOLLOWING WEATHER WAS RECORDED TODAY.
  NO SIGNIFICANT WEATHER WAS OBSERVED.


RELATIVE HUMIDITY (PERCENT)
 HIGHEST    87           300 AM
 LOWEST     58          1000 AM
 AVERAGE    73

..........................................................


THE HONOLULU HI CLIMATE NORMALS FOR TOMORROW
                         NORMAL    RECORD    YEAR
 MAXIMUM TEMPERATURE (F)   88        90      2008
                                             2005
                                             1995
 MINIMUM TEMPERATURE (F)   74        70      1999
                                             1955


SUNRISE AND SUNSET
JULY  1 2015..........SUNRISE   553 AM HST   SUNSET   718 PM HST
JULY  2 2015..........SUNRISE   554 AM HST   SUNSET   718 PM HST


-  INDICATES NEGATIVE NUMBERS.
R  INDICATES RECORD WAS SET OR TIED.
MM INDICATES DATA IS MISSING.
T  INDICATES TRACE AMOUNT.




$$
