000
CDHW40 PHFO 050239
CLIHNL


CLIMATE REPORT
NATIONAL WEATHER SERVICE HONOLULU HI
439 PM HST FRI SEP 4 2015


...................................

...THE HONOLULU HI CLIMATE SUMMARY FOR SEPTEMBER 4 2015...
VALID TODAY AS OF 0400 PM LOCAL TIME.

CLIMATE NORMAL PERIOD 1981 TO 2010
CLIMATE RECORD PERIOD 1946 TO 2015


WEATHER ITEM   OBSERVED TIME   RECORD YEAR NORMAL DEPARTURE LAST
                VALUE   (LST)  VALUE       VALUE  FROM      YEAR
                                                  NORMAL
..................................................................
TEMPERATURE (F)
 TODAY
  MAXIMUM         90    136 PM  94    1986  89      1       90
  MINIMUM         72    657 AM  66    1985  75     -3       75
  AVERAGE         81                        82     -1       83

PRECIPITATION (IN)
  TODAY            T             2.07 1947   0.02  -0.02      T
  MONTH TO DATE    1.01                      0.07   0.94      T
  SINCE SEP 1      1.01                      0.07   0.94      T
  SINCE JAN 1     12.29                      8.97   3.32    12.23

SNOWFALL (IN)
  TODAY            0.0
  MONTH TO DATE    0.0
  SINCE SEP 1      0.0
  SINCE JUL 1      0.0
  SNOW DEPTH       0

DEGREE DAYS
 HEATING
  TODAY            0                         0      0        0
  MONTH TO DATE    0                         0      0        0
  SINCE SEP 1      0                         0      0        0
  SINCE JUL 1      0                         0      0        0

 COOLING
  TODAY           16                        17     -1       18
  MONTH TO DATE   65                        68     -3       72
  SINCE SEP 1     65                        68     -3       72
  SINCE JAN 1   3177                      3052    125     3230
..................................................................


WIND (MPH)
  HIGHEST WIND SPEED    18   HIGHEST WIND DIRECTION    SE (140)
  HIGHEST GUST SPEED    24   HIGHEST GUST DIRECTION    SE (130)
  AVERAGE WIND SPEED     5.0


SKY COVER
  POSSIBLE SUNSHINE  MM
  AVERAGE SKY COVER 0.7


WEATHER CONDITIONS
 THE FOLLOWING WEATHER WAS RECORDED TODAY.
  THUNDERSTORM
  LIGHT RAIN
  FOG


RELATIVE HUMIDITY (PERCENT)
 HIGHEST   100           500 AM
 LOWEST     59          1200 PM
 AVERAGE    80

..........................................................


THE HONOLULU HI CLIMATE NORMALS FOR TOMORROW
                         NORMAL    RECORD    YEAR
 MAXIMUM TEMPERATURE (F)   89        94      1987
 MINIMUM TEMPERATURE (F)   75        69      1955


SUNRISE AND SUNSET
SEPTEMBER  4 2015.....SUNRISE   616 AM HST   SUNSET   645 PM HST
SEPTEMBER  5 2015.....SUNRISE   616 AM HST   SUNSET   644 PM HST


-  INDICATES NEGATIVE NUMBERS.
R  INDICATES RECORD WAS SET OR TIED.
MM INDICATES DATA IS MISSING.
T  INDICATES TRACE AMOUNT.




$$
