000
CDHW40 PHFO 290234
CLIHNL


CLIMATE REPORT
NATIONAL WEATHER SERVICE HONOLULU HI
434 PM HST SUN DEC 28 2014


...................................

...THE HONOLULU HI CLIMATE SUMMARY FOR DECEMBER 28 2014...
VALID TODAY AS OF 0400 PM LOCAL TIME.

CLIMATE NORMAL PERIOD 1981 TO 2010
CLIMATE RECORD PERIOD 1946 TO 2014


WEATHER ITEM   OBSERVED TIME   RECORD YEAR NORMAL DEPARTURE LAST
                VALUE   (LST)  VALUE       VALUE  FROM      YEAR
                                                  NORMAL
..................................................................
TEMPERATURE (F)
 TODAY
  MAXIMUM         79    302 PM  85    1995  80     -1       84
                                      1989
                                      1980
  MINIMUM         61    602 AM  56    1996  67     -6       73
  AVERAGE         70                        74     -4       79

PRECIPITATION (IN)
  TODAY            0.00          3.97 1887   0.11  -0.11      T
  MONTH TO DATE    0.55                      2.92  -2.37     3.64
  SINCE DEC 1      0.55                      2.92  -2.37     3.64
  SINCE JAN 1     20.30                     16.78   3.52    16.18

SNOWFALL (IN)
  TODAY            0.0
  MONTH TO DATE    0.0
  SINCE DEC 1      0.0
  SINCE JUL 1      0.0
  SNOW DEPTH       0

DEGREE DAYS
 HEATING
  TODAY            0                         0      0        0
  MONTH TO DATE    0                         0      0        0
  SINCE DEC 1      0                         0      0        0
  SINCE JUL 1      0                         0      0        0

 COOLING
  TODAY            5                         9     -4       14
  MONTH TO DATE  269                       276     -7      305
  SINCE DEC 1    269                       276     -7      305
  SINCE JAN 1   4894                      4602    292     4442
..................................................................


WIND (MPH)
  HIGHEST WIND SPEED    16   HIGHEST WIND DIRECTION    NE (40)
  HIGHEST GUST SPEED    23   HIGHEST GUST DIRECTION     N (360)
  AVERAGE WIND SPEED     7.3


SKY COVER
  POSSIBLE SUNSHINE  MM
  AVERAGE SKY COVER 0.4


WEATHER CONDITIONS
 THE FOLLOWING WEATHER WAS RECORDED TODAY.
  NO SIGNIFICANT WEATHER WAS OBSERVED.


RELATIVE HUMIDITY (PERCENT)
 HIGHEST    78           600 AM
 LOWEST     45           200 PM
 AVERAGE    62

..........................................................


THE HONOLULU HI CLIMATE NORMALS FOR TOMORROW
                         NORMAL    RECORD    YEAR
 MAXIMUM TEMPERATURE (F)   80        85      1995
                                             1955
 MINIMUM TEMPERATURE (F)   67        57      1953


SUNRISE AND SUNSET
DECEMBER 28 2014......SUNRISE   708 AM HST   SUNSET   559 PM HST
DECEMBER 29 2014......SUNRISE   708 AM HST   SUNSET   559 PM HST


-  INDICATES NEGATIVE NUMBERS.
R  INDICATES RECORD WAS SET OR TIED.
MM INDICATES DATA IS MISSING.
T  INDICATES TRACE AMOUNT.




$$
