000
CDHW40 PHFO 111245
CLIHNL


CLIMATE REPORT
NATIONAL WEATHER SERVICE HONOLULU HI
245 AM HST FRI JUL 11 2014


...................................

...THE HONOLULU HI CLIMATE SUMMARY FOR JULY 10 2014...

CLIMATE NORMAL PERIOD 1981 TO 2010
CLIMATE RECORD PERIOD 1946 TO 2014


WEATHER ITEM   OBSERVED TIME   RECORD YEAR NORMAL DEPARTURE LAST
                VALUE   (LST)  VALUE       VALUE  FROM      YEAR
                                                  NORMAL
..................................................................
TEMPERATURE (F)
 YESTERDAY
  MAXIMUM         89    302 PM  92    1987  88      1       88
  MINIMUM         75   1158 PM  68    1956  74      1       75
  AVERAGE         82                        81      1       82

PRECIPITATION (IN)
  YESTERDAY        T             0.15 1954   0.02  -0.02      T
  MONTH TO DATE    0.06                      0.12  -0.06     0.02
  SINCE JUN 1      0.64                      0.38   0.26     0.19
  SINCE JAN 1     10.61                      7.95   2.66     8.65

SNOWFALL (IN)
  YESTERDAY        0.0
  MONTH TO DATE    0.0
  SINCE JUN 1      0.0
  SINCE JUL 1      0.0
  SNOW DEPTH       0

DEGREE DAYS
 HEATING
  YESTERDAY        0                         0      0        0
  MONTH TO DATE    0                         0      0        0
  SINCE JUN 1      0                         0      0        0
  SINCE JUL 1      0                         0      0        0

 COOLING
  YESTERDAY       17                        16      1       17
  MONTH TO DATE  168                       160      8      146
  SINCE JUN 1    631                       616     15      555
  SINCE JAN 1   2240                      2118    122     2015
..................................................................


WIND (MPH)
  HIGHEST WIND SPEED    24   HIGHEST WIND DIRECTION    NE (50)
  HIGHEST GUST SPEED    33   HIGHEST GUST DIRECTION     E (70)
  AVERAGE WIND SPEED    13.0


SKY COVER
  POSSIBLE SUNSHINE  MM
  AVERAGE SKY COVER 0.6


WEATHER CONDITIONS
 THE FOLLOWING WEATHER WAS RECORDED YESTERDAY.
  LIGHT RAIN


RELATIVE HUMIDITY (PERCENT)
 HIGHEST    74           200 AM
 LOWEST     42          1100 AM
 AVERAGE    58

..........................................................


THE HONOLULU HI CLIMATE NORMALS FOR TODAY
                         NORMAL    RECORD    YEAR
 MAXIMUM TEMPERATURE (F)   88        91      1985
 MINIMUM TEMPERATURE (F)   74        68      1984
                                             1979


SUNRISE AND SUNSET
JULY 11 2014..........SUNRISE   557 AM HST   SUNSET   718 PM HST
JULY 12 2014..........SUNRISE   557 AM HST   SUNSET   717 PM HST


-  INDICATES NEGATIVE NUMBERS.
R  INDICATES RECORD WAS SET OR TIED.
MM INDICATES DATA IS MISSING.
T  INDICATES TRACE AMOUNT.




$$
