000
CDHW40 PHFO 260244
CLIHNL


CLIMATE REPORT
NATIONAL WEATHER SERVICE HONOLULU HI
425 PM HST TUE APR 25 2017


...................................

...THE HONOLULU HI CLIMATE SUMMARY FOR APRIL 25 2017...
VALID TODAY AS OF 0400 PM LOCAL TIME.

CLIMATE NORMAL PERIOD 1981 TO 2010
CLIMATE RECORD PERIOD 1946 TO 2017


WEATHER ITEM   OBSERVED TIME   RECORD YEAR NORMAL DEPARTURE LAST
                VALUE   (LST)  VALUE       VALUE  FROM      YEAR
                                                  NORMAL
..................................................................
TEMPERATURE (F)
 TODAY
  MAXIMUM         85   1136 AM  90    1996  83      2       86
  MINIMUM         72    518 AM  64    1979  70      2       74
                                      1976
                                      1974
  AVERAGE         79                        76      3       80

PRECIPITATION (IN)
  TODAY            0.00          0.96 1962   0.02  -0.02     0.00
  MONTH TO DATE    0.53                      0.56  -0.03     0.21
  SINCE MAR 1      3.28                      2.58   0.70     0.43
  SINCE JAN 1     10.61                      6.88   3.73     0.86

SNOWFALL (IN)
  TODAY            0.0
  MONTH TO DATE    0.0
  SINCE MAR 1      0.0
  SINCE JUL 1      0.0
  SNOW DEPTH      MM

DEGREE DAYS
 HEATING
  TODAY            0                         0      0        0
  MONTH TO DATE    0                         0      0        0
  SINCE MAR 1      0                         0      0        0
  SINCE JUL 1      0                         0      0        0

 COOLING
  TODAY           14                        11      3       15
  MONTH TO DATE  342                       275     67      320
  SINCE MAR 1    699                       568    131      622
  SINCE JAN 1   1226                      1050    176     1204
..................................................................


WIND (MPH)
  HIGHEST WIND SPEED    22   HIGHEST WIND DIRECTION    NE (60)
  HIGHEST GUST SPEED    28   HIGHEST GUST DIRECTION    NE (60)
  AVERAGE WIND SPEED    MM


SKY COVER
  POSSIBLE SUNSHINE  MM
  AVERAGE SKY COVER  MM


WEATHER CONDITIONS
 THE FOLLOWING WEATHER WAS RECORDED TODAY.
  NO SIGNIFICANT WEATHER WAS OBSERVED.


RELATIVE HUMIDITY (PERCENT)
 HIGHEST    MM
 LOWEST     MM
 AVERAGE    MM

..........................................................


THE HONOLULU HI CLIMATE NORMALS FOR TOMORROW
                         NORMAL    RECORD    YEAR
 MAXIMUM TEMPERATURE (F)   83        88      1996
 MINIMUM TEMPERATURE (F)   70        60      1979


SUNRISE AND SUNSET
APRIL 25 2017.........SUNRISE   605 AM HST   SUNSET   655 PM HST
APRIL 26 2017.........SUNRISE   604 AM HST   SUNSET   655 PM HST


-  INDICATES NEGATIVE NUMBERS.
R  INDICATES RECORD WAS SET OR TIED.
MM INDICATES DATA IS MISSING.
T  INDICATES TRACE AMOUNT.




$$
