000
CDUS43 KFSD 050631
CLIHON


CLIMATE REPORT
NATIONAL WEATHER SERVICE SIOUX FALLS SD
130 AM CDT SAT SEP 5 2015


...................................

...THE HURON SD CLIMATE SUMMARY FOR SEPTEMBER 4 2015...

CLIMATE NORMAL PERIOD 1981 TO 2010
CLIMATE RECORD PERIOD 1881 TO 2015


WEATHER ITEM   OBSERVED TIME   RECORD YEAR NORMAL DEPARTURE LAST
                VALUE   (LST)  VALUE       VALUE  FROM      YEAR
                                                  NORMAL
..................................................................
TEMPERATURE (F)
 YESTERDAY
  MAXIMUM         89    313 PM 100    2001  80      9       92
                                      1931
                                      1913
  MINIMUM         70    824 AM  34    1961  54     16       52
                                      1902
  AVERAGE         80                        67     13       72

PRECIPITATION (IN)
  YESTERDAY        0.16          1.20 2004   0.09   0.07      T
  MONTH TO DATE    0.16                      0.33  -0.17     0.05
  SINCE SEP 1      0.16                      0.33  -0.17     0.05
  SINCE JAN 1     19.35                     17.59   1.76    13.61

SNOWFALL (IN)
  YESTERDAY        0.0           0.0    MM   0.0    0.0      0.0
  MONTH TO DATE    0.0                       0.0    0.0      0.0
  SINCE SEP 1      0.0                       0.0    0.0      0.0
  SINCE JUL 1      0.0                       0.0    0.0      0.0
  SNOW DEPTH       0

DEGREE DAYS
 HEATING
  YESTERDAY        0                         2     -2        0
  MONTH TO DATE    0                         8     -8        0
  SINCE SEP 1      0                         8     -8        0
  SINCE JUL 1     40                        37      3       33

 COOLING
  YESTERDAY       15                         4     11        7
  MONTH TO DATE   53                        19     34       19
  SINCE SEP 1     53                        19     34       19
  SINCE JAN 1    709                       688     21      542
..................................................................


WIND (MPH)
  HIGHEST WIND SPEED    20   HIGHEST WIND DIRECTION    SE (150)
  HIGHEST GUST SPEED    29   HIGHEST GUST DIRECTION    SE (150)
  AVERAGE WIND SPEED    11.6


SKY COVER
  POSSIBLE SUNSHINE  MM
  AVERAGE SKY COVER 0.2


WEATHER CONDITIONS
 THE FOLLOWING WEATHER WAS RECORDED YESTERDAY.
  THUNDERSTORM
  LIGHT RAIN
  FOG


RELATIVE HUMIDITY (PERCENT)
 HIGHEST    87          1200 AM
 LOWEST     55           300 PM
 AVERAGE    71

..........................................................


THE HURON SD CLIMATE NORMALS FOR TODAY
                         NORMAL    RECORD    YEAR
 MAXIMUM TEMPERATURE (F)   79       105      1933
 MINIMUM TEMPERATURE (F)   54        31      1885


SUNRISE AND SUNSET
SEPTEMBER  5 2015.....SUNRISE   700 AM CDT   SUNSET   802 PM CDT
SEPTEMBER  6 2015.....SUNRISE   701 AM CDT   SUNSET   800 PM CDT


-  INDICATES NEGATIVE NUMBERS.
R  INDICATES RECORD WAS SET OR TIED.
MM INDICATES DATA IS MISSING.
T  INDICATES TRACE AMOUNT.




$$
