000
CDUS43 KFSD 230635
CLIHON


CLIMATE REPORT
NATIONAL WEATHER SERVICE SIOUX FALLS SD
134 AM CDT SAT AUG 23 2014


...................................

...THE HURON SD CLIMATE SUMMARY FOR AUGUST 22 2014...

CLIMATE NORMAL PERIOD 1981 TO 2010
CLIMATE RECORD PERIOD 1881 TO 2014


WEATHER ITEM   OBSERVED TIME   RECORD YEAR NORMAL DEPARTURE LAST
                VALUE   (LST)  VALUE       VALUE  FROM      YEAR
                                                  NORMAL
..................................................................
TEMPERATURE (F)
 YESTERDAY
  MAXIMUM         86    322 PM 105    1971  83      3       85
                                      1938
  MINIMUM         57    518 AM  35    1890  58     -1       65
  AVERAGE         72                        71      1       75

PRECIPITATION (IN)
  YESTERDAY        0.00          1.11 1954   0.07  -0.07     0.02
  MONTH TO DATE    0.69                      1.80  -1.11     1.22
  SINCE JUN 1      6.73                      8.65  -1.92     6.61
  SINCE JAN 1     11.22                     16.63  -5.41    17.20

SNOWFALL (IN)
  YESTERDAY        0.0           0.0    MM   0.0    0.0      0.0
  MONTH TO DATE    0.0                       0.0    0.0      0.0
  SINCE JUN 1      0.0                       0.0    0.0      0.0
  SINCE JUL 1      0.0                       0.0    0.0      0.0
  SNOW DEPTH       0

DEGREE DAYS
 HEATING
  YESTERDAY        0                         1     -1        0
  MONTH TO DATE    1                         6     -5        1
  SINCE JUN 1     64                        65     -1       88
  SINCE JUL 1     24                        14     10       22

 COOLING
  YESTERDAY        7                         7      0       10
  MONTH TO DATE  140                       175    -35      106
  SINCE JUN 1    420                       585   -165      496
  SINCE JAN 1    482                       618   -136      534
..................................................................


WIND (MPH)
  HIGHEST WIND SPEED    18   HIGHEST WIND DIRECTION     N (10)
  HIGHEST GUST SPEED    23   HIGHEST GUST DIRECTION     N (10)
  AVERAGE WIND SPEED     7.4


SKY COVER
  POSSIBLE SUNSHINE  MM
  AVERAGE SKY COVER 0.4


WEATHER CONDITIONS
 THE FOLLOWING WEATHER WAS RECORDED YESTERDAY.
  FOG
  FOG W/VISIBILITY <= 1/4 MILE


RELATIVE HUMIDITY (PERCENT)
 HIGHEST   100           200 AM
 LOWEST     51           100 PM
 AVERAGE    76

..........................................................


THE HURON SD CLIMATE NORMALS FOR TODAY
                         NORMAL    RECORD    YEAR
 MAXIMUM TEMPERATURE (F)   83       107      2003
 MINIMUM TEMPERATURE (F)   58        34      1891


SUNRISE AND SUNSET
AUGUST 23 2014........SUNRISE   645 AM CDT   SUNSET   825 PM CDT
AUGUST 24 2014........SUNRISE   646 AM CDT   SUNSET   823 PM CDT


-  INDICATES NEGATIVE NUMBERS.
R  INDICATES RECORD WAS SET OR TIED.
MM INDICATES DATA IS MISSING.
T  INDICATES TRACE AMOUNT.




$$
