095
CDUS43 KFSD 180622
CLIHON


CLIMATE REPORT
NATIONAL WEATHER SERVICE SIOUX FALLS SD
121 AM CDT WED OCT 18 2017


...................................

...THE HURON SD CLIMATE SUMMARY FOR OCTOBER 17 2017...

CLIMATE NORMAL PERIOD 1981 TO 2010
CLIMATE RECORD PERIOD 1881 TO 2017


WEATHER ITEM   OBSERVED TIME   RECORD YEAR NORMAL DEPARTURE LAST
                VALUE   (LST)  VALUE       VALUE  FROM      YEAR
                                                  NORMAL
..................................................................
TEMPERATURE (F)
 YESTERDAY
  MAXIMUM         78    331 PM  86    1910  60     18       71
  MINIMUM         36    626 AM  15    1948  35      1       48
  AVERAGE         57                        48      9       60

PRECIPITATION (IN)
  YESTERDAY        0.00          0.97 1996   0.06  -0.06     0.20
  MONTH TO DATE    1.74                      1.09   0.65     0.98
  SINCE SEP 1      7.71                      3.55   4.16     2.27
  SINCE JAN 1     20.02                     20.81  -0.79    16.82

SNOWFALL (IN)
  YESTERDAY        0.0           1.8  1990   0.0    0.0      0.0
  MONTH TO DATE    0.0                       0.3   -0.3      0.0
  SINCE SEP 1      0.0                       0.3   -0.3      0.0
  SINCE JUL 1      0.0                       0.3   -0.3      0.0
  SNOW DEPTH       0

DEGREE DAYS
 HEATING
  YESTERDAY        8                        18    -10        5
  MONTH TO DATE  235                       243     -8      185
  SINCE SEP 1    358                       410    -52      285
  SINCE JUL 1    367                       439    -72      302

 COOLING
  YESTERDAY        0                         0      0        0
  MONTH TO DATE    2                         0      2        4
  SINCE SEP 1    109                        69     40       80
  SINCE JAN 1    729                       738     -9      886
..................................................................


WIND (MPH)
  HIGHEST WIND SPEED    15   HIGHEST WIND DIRECTION     S (170)
  HIGHEST GUST SPEED    19   HIGHEST GUST DIRECTION     S (180)
  AVERAGE WIND SPEED     7.7


SKY COVER
  POSSIBLE SUNSHINE  MM
  AVERAGE SKY COVER 0.0


WEATHER CONDITIONS
 THE FOLLOWING WEATHER WAS RECORDED YESTERDAY.
  NO SIGNIFICANT WEATHER WAS OBSERVED.


RELATIVE HUMIDITY (PERCENT)
 HIGHEST   100           300 AM
 LOWEST     25           200 PM
 AVERAGE    63

..........................................................


THE HURON SD CLIMATE NORMALS FOR TODAY
                         NORMAL    RECORD    YEAR
 MAXIMUM TEMPERATURE (F)   60        84      2003
                                             2000
 MINIMUM TEMPERATURE (F)   35        15      1989


SUNRISE AND SUNSET
OCTOBER 18 2017.......SUNRISE   752 AM CDT   SUNSET   643 PM CDT
OCTOBER 19 2017.......SUNRISE   753 AM CDT   SUNSET   641 PM CDT


-  INDICATES NEGATIVE NUMBERS.
R  INDICATES RECORD WAS SET OR TIED.
MM INDICATES DATA IS MISSING.
T  INDICATES TRACE AMOUNT.




$$
