000
CDUS44 KHGX 251311
CLIHOU

CLIMATE REPORT
NATIONAL WEATHER SERVICE HOUSTON/GALVESTON TX
810 AM CDT TUE JUL 25 2017

...MORNING CLIMATE DATA...

                            MORNING LOW    PRECIP SINCE MIDNIGHT
HOUSTON INTERCONTINENTAL         77                0.00
GALVESTON SCHOLES FIELD          83                0.00
BRYAN/COLLEGE STATION            77                0.00
HOUSTON HOBBY                    79                0.00

...................................

...THE HOUSTON INTERCONTINENTAL CLIMATE SUMMARY FOR JULY 24 2017...

CLIMATE NORMAL PERIOD 1981 TO 2010
CLIMATE RECORD PERIOD 1892 TO 2017


WEATHER ITEM   OBSERVED TIME   RECORD YEAR NORMAL DEPARTURE LAST
                VALUE   (LST)  VALUE       VALUE  FROM      YEAR
                                                  NORMAL
..................................................................
TEMPERATURE (F)
 YESTERDAY
  MAXIMUM         96    329 PM 101    1954  94      2      100
  MINIMUM         80    539 AM  68    1972  75      5       78
                                      1894
  AVERAGE         88                        85      3       89

PRECIPITATION (IN)
  YESTERDAY        0.00          2.09 1904   0.10  -0.10     0.00
  MONTH TO DATE    6.29                      3.10   3.19     0.75
  SINCE JUN 1     13.48                      9.03   4.45    13.87
  SINCE JAN 1     31.71                     27.42   4.29    42.82

DEGREE DAYS
 COOLING
  YESTERDAY       23                        20      3       24
  MONTH TO DATE  482                       462     20      552
  SINCE JUN 1   1003                       982     21     1072
  SINCE JAN 1   1912                      1634    278     1653
..................................................................


WIND (MPH)
  HIGHEST WIND SPEED    13   HIGHEST WIND DIRECTION     S (180)
  HIGHEST GUST SPEED    20   HIGHEST GUST DIRECTION     S (160)




RELATIVE HUMIDITY (PERCENT)
 HIGHEST    85
 LOWEST     42
 AVERAGE    64

..........................................................


THE HOUSTON INTERCONTINENTAL CLIMATE NORMALS FOR TODAY
                         NORMAL    RECORD    YEAR
 MAXIMUM TEMPERATURE (F)   94       102      1964
 MINIMUM TEMPERATURE (F)   75        65      1894


SUNRISE AND SUNSET
JULY 25 2017..........SUNRISE   637 AM CDT   SUNSET   819 PM CDT
JULY 26 2017..........SUNRISE   637 AM CDT   SUNSET   818 PM CDT


-  INDICATES NEGATIVE NUMBERS.
R  INDICATES RECORD WAS SET OR TIED.
MM INDICATES DATA IS MISSING.
T  INDICATES TRACE AMOUNT.


&&

...................................

...THE HOUSTON/HOBBY AIRPORT CLIMATE SUMMARY FOR JULY 24 2017...

CLIMATE NORMAL PERIOD 1981 TO 2010
CLIMATE RECORD PERIOD 1930 TO 2017


WEATHER ITEM   OBSERVED TIME   RECORD YEAR NORMAL DEPARTURE LAST
                VALUE   (LST)  VALUE       VALUE  FROM      YEAR
                                                  NORMAL
..................................................................
TEMPERATURE (F)
 YESTERDAY
  MAXIMUM         96    355 PM 101    1954  93      3       97
                                      1934
  MINIMUM         80    542 AM  69    1947  76      4       79
                                      1931
  AVERAGE         88                        84      4       88

PRECIPITATION (IN)
  YESTERDAY        0.00          3.98 1959   0.12  -0.12     0.00
  MONTH TO DATE    3.12                      3.80  -0.68     0.19
  SINCE JUN 1      8.32                     10.90  -2.58     9.02
  SINCE JAN 1     28.25                     29.18  -0.93    33.87

DEGREE DAYS
 COOLING
  YESTERDAY       23                        19      4       23
  MONTH TO DATE  511                       450     61      542
  SINCE JUN 1   1047                       960     87     1092
  SINCE JAN 1   1981                      1614    367     1863
..................................................................


WIND (MPH)
  HIGHEST WIND SPEED    16   HIGHEST WIND DIRECTION     S (160)
  HIGHEST GUST SPEED    22   HIGHEST GUST DIRECTION     W (250)




RELATIVE HUMIDITY (PERCENT)
 HIGHEST    85
 LOWEST     42
 AVERAGE    64

..........................................................


THE HOUSTON/HOBBY AIRPORT CLIMATE NORMALS FOR TODAY
                         NORMAL    RECORD    YEAR
 MAXIMUM TEMPERATURE (F)   93       101      1964
 MINIMUM TEMPERATURE (F)   76        68      1931


SUNRISE AND SUNSET
JULY 25 2017..........SUNRISE   637 AM CDT   SUNSET   818 PM CDT
JULY 26 2017..........SUNRISE   637 AM CDT   SUNSET   818 PM CDT


-  INDICATES NEGATIVE NUMBERS.
R  INDICATES RECORD WAS SET OR TIED.
MM INDICATES DATA IS MISSING.
T  INDICATES TRACE AMOUNT.

...MISCELLANEOUS CLIMATE DATA FOR YESTERDAY...

LOCATION                        HIGH    LOW     PRECIP
PEARLAND                         95      81      0.00
SUGAR LAND                       96      77      0.00
TOMBALL                          95      79      0.00
CONROE                           94      78      0.00
HUNTSVILLE                       93      80       T
ANGLETON/LAKE JACKSON            93      77       T
PALACIOS                         89      81      0.00
LEAGUE CITY (NWS)                94      79      0.00


THIS PRODUCT...ALONG WITH OTHER WEATHER...HYDROLOGIC...AND CLIMATE
PRODUCTS...IS AVAILABLE ON THE WEB AT HTTP://WWW.WEATHER.GOV/HGX


$$
