465
CDUS44 KHGX 172219
CLIHOU

CLIMATE REPORT
NATIONAL WEATHER SERVICE HOUSTON/GALVESTON TX
417 PM CST SUN DEC 17 2017


...................................

...THE HOUSTON INTERCONTINENTAL CLIMATE SUMMARY FOR DECEMBER 17 2017...
VALID TODAY AS OF 400 PM LOCAL TIME.

CLIMATE NORMAL PERIOD 1981 TO 2010
CLIMATE RECORD PERIOD 1892 TO 2017


WEATHER ITEM   OBSERVED TIME   RECORD YEAR NORMAL DEPARTURE LAST
                VALUE   (LST)  VALUE       VALUE  FROM      YEAR
                                                  NORMAL
..................................................................
TEMPERATURE (F)
 TODAY
  MAXIMUM         62    359 PM  81    2016  64     -2       81
  MINIMUM         48    442 AM  20    1932  44      4       46
  AVERAGE         55                        54      1       64

PRECIPITATION (IN)
  TODAY            0.00          2.28 1949   0.12  -0.12      T
  MONTH TO DATE    2.62                      2.17   0.45     3.14
  SINCE DEC 1      2.62                      2.17   0.45     3.14
  SINCE JAN 1     78.59                     48.20  30.39    60.54

SNOWFALL (IN)
  TODAY            0.0           0.0  2001   0.0    0.0     MM
  MONTH TO DATE    0.7                       0.1    0.6      0.0
  SINCE DEC 1      0.7                       0.1    0.6      0.0
  SINCE JUL 1      0.7                       0.1    0.6      0.0
  SNOW DEPTH       0

DEGREE DAYS
 HEATING
  TODAY           10                        12     -2        1
  MONTH TO DATE  202                       179     23      164
  SINCE DEC 1    202                       179     23      164
  SINCE JUL 1    313                       364    -51      222
..................................................................


WIND (MPH)
  RESULTANT WIND SPEED   3   RESULTANT WIND DIRECTION   N (10)
  HIGHEST WIND SPEED    13   HIGHEST WIND DIRECTION     N (10)
  HIGHEST GUST SPEED    17   HIGHEST GUST DIRECTION    NE (30)
  AVERAGE WIND SPEED     3.0



WEATHER CONDITIONS
 THE FOLLOWING WEATHER WAS RECORDED TODAY.
  FOG
  FOG W/VISIBILITY <= 1/4 MILE
  HAZE


RELATIVE HUMIDITY (PERCENT)
 HIGHEST   100           600 AM
 LOWEST     72           400 PM
 AVERAGE    86

..........................................................


THE HOUSTON INTERCONTINENTAL CLIMATE NORMALS FOR TOMORROW
                         NORMAL    RECORD    YEAR
 MAXIMUM TEMPERATURE (F)   64        82      1980
 MINIMUM TEMPERATURE (F)   44        24      1996
                                             1979


SUNRISE AND SUNSET
DECEMBER 17 2017......SUNRISE   711 AM CST   SUNSET   524 PM CST
DECEMBER 18 2017......SUNRISE   712 AM CST   SUNSET   525 PM CST


-  INDICATES NEGATIVE NUMBERS.
R  INDICATES RECORD WAS SET OR TIED.
MM INDICATES DATA IS MISSING.
T  INDICATES TRACE AMOUNT.


&&

...................................

...THE HOUSTON/HOBBY AIRPORT CLIMATE SUMMARY FOR DECEMBER 17 2017...
VALID TODAY AS OF 400 PM LOCAL TIME.

CLIMATE NORMAL PERIOD 1981 TO 2010
CLIMATE RECORD PERIOD 1930 TO 2017


WEATHER ITEM   OBSERVED TIME   RECORD YEAR NORMAL DEPARTURE LAST
                VALUE   (LST)  VALUE       VALUE  FROM      YEAR
                                                  NORMAL
..................................................................
TEMPERATURE (F)
 TODAY
  MAXIMUM         65    353 PM  82    2016  64      1       82
  MINIMUM         48    351 AM  22    1932  46      2       49
  AVERAGE         57                        55      2       66

PRECIPITATION (IN)
  TODAY            0.00          4.18 1995   0.13  -0.13     0.06
  MONTH TO DATE    4.15                      2.29   1.86     2.48
  SINCE DEC 1      4.15                      2.29   1.86     2.48
  SINCE JAN 1     78.65                     52.91  25.74    55.61

SNOWFALL (IN)
  TODAY            0.0          MM      MM   0.0    0.0     MM
  MONTH TO DATE    1.5                       0.0    1.5      0.0
  SINCE DEC 1      1.5                       0.0    1.5      0.0
  SINCE JUL 1      1.5                       0.0    1.5      0.0
  SNOW DEPTH       0

DEGREE DAYS
 HEATING
  TODAY            8                        11     -3        0
  MONTH TO DATE  199                       161     38      127
  SINCE DEC 1    199                       161     38      127
  SINCE JUL 1    280                       317    -37      164
..................................................................


WIND (MPH)
  RESULTANT WIND SPEED   3   RESULTANT WIND DIRECTION   N (360)
  HIGHEST WIND SPEED    13   HIGHEST WIND DIRECTION     N (360)
  HIGHEST GUST SPEED    14   HIGHEST GUST DIRECTION     N (360)
  AVERAGE WIND SPEED     4.2



WEATHER CONDITIONS
 THE FOLLOWING WEATHER WAS RECORDED TODAY.
  FOG
  FOG W/VISIBILITY <= 1/4 MILE
  HAZE


RELATIVE HUMIDITY (PERCENT)
 HIGHEST   100          1200 AM
 LOWEST     73           300 PM
 AVERAGE    87

..........................................................


THE HOUSTON/HOBBY AIRPORT CLIMATE NORMALS FOR TOMORROW
                         NORMAL    RECORD    YEAR
 MAXIMUM TEMPERATURE (F)   64        81      2012
 MINIMUM TEMPERATURE (F)   46        24      1932


SUNRISE AND SUNSET
DECEMBER 17 2017......SUNRISE   710 AM CST   SUNSET   525 PM CST
DECEMBER 18 2017......SUNRISE   711 AM CST   SUNSET   525 PM CST


-  INDICATES NEGATIVE NUMBERS.
R  INDICATES RECORD WAS SET OR TIED.
MM INDICATES DATA IS MISSING.
T  INDICATES TRACE AMOUNT.

...MISCELLANEOUS CLIMATE DATA FOR TODAY...

LOCATION                        HIGH    LOW     PRECIP
PEARLAND                         64      49      0.00
SUGAR LAND                       64      48      0.00
TOMBALL                          60      47      0.00
CONROE                           56      46       T
HUNTSVILLE                       58      44      0.07
ANGLETON/LAKE JACKSON            66      49      0.00
PALACIOS                         59      48      0.00
LEAGUE CITY (NWS)                66      49      0.00


THIS PRODUCT...ALONG WITH OTHER WEATHER...HYDROLOGIC...AND CLIMATE
PRODUCTS...IS AVAILABLE ON THE WEB AT HTTP://WWW.WEATHER.GOV/HGX


$$
