000
CDUS44 KHGX 271450
CLIHOU

CLIMATE REPORT
NATIONAL WEATHER SERVICE HOUSTON/GALVESTON TX
840 AM CST FRI FEB 27 2015


...MORNING CLIMATE DATA...

                            MORNING LOW    PRECIP SINCE MIDNIGHT
HOUSTON INTERCONTINENTAL         37                0.00
GALVESTON SCHOLES FIELD          40                0.00
BRYAN/COLLEGE STATION            35                0.00
HOUSTON HOBBY                    39                0.00

...................................

...THE HOUSTON INTERCONTINENTAL CLIMATE SUMMARY FOR FEBRUARY 26 2015...

CLIMATE NORMAL PERIOD 1981 TO 2010
CLIMATE RECORD PERIOD 1892 TO 2015


WEATHER ITEM   OBSERVED TIME   RECORD YEAR NORMAL DEPARTURE LAST
                VALUE   (LST)  VALUE       VALUE  FROM      YEAR
                                                  NORMAL
..................................................................
TEMPERATURE (F)
 YESTERDAY
  MAXIMUM         55    259 PM  86    1986  69    -14       58
  MINIMUM         31    625 AM  26    1974  49    -18       37
  AVERAGE         43                        59    -16       48

PRECIPITATION (IN)
  YESTERDAY        0.00          1.51 1998   0.12  -0.12     0.37
  MONTH TO DATE    0.64                      2.97  -2.33     2.37
  SINCE DEC 1      9.41                     10.09  -0.68     4.99
  SINCE JAN 1      3.81                      6.35  -2.54     3.33

SNOWFALL (IN)
  YESTERDAY        0.0          MM      MM
  MONTH TO DATE    0.0
  SINCE DEC 1      0.0
  SINCE JUL 1      0.0

DEGREE DAYS
 HEATING
  YESTERDAY       22                         7     15       17
  MONTH TO DATE  309                       249     60      286
  SINCE DEC 1   1030                       988     42     1202
  SINCE JUL 1   1278                      1173    105     1451
..................................................................


WIND (MPH)
  HIGHEST WIND SPEED    21   HIGHEST WIND DIRECTION     N (360)
  HIGHEST GUST SPEED    25   HIGHEST GUST DIRECTION     N (20)


RELATIVE HUMIDITY (PERCENT)
 HIGHEST   100
 LOWEST     47
 AVERAGE    74

..........................................................


THE HOUSTON INTERCONTINENTAL CLIMATE NORMALS FOR TODAY
                         NORMAL    RECORD    YEAR
 MAXIMUM TEMPERATURE (F)   69        86      1954
 MINIMUM TEMPERATURE (F)   49        22      2002


SUNRISE AND SUNSET
FEBRUARY 27 2015......SUNRISE   650 AM CST   SUNSET   619 PM CST
FEBRUARY 28 2015......SUNRISE   649 AM CST   SUNSET   620 PM CST


-  INDICATES NEGATIVE NUMBERS.
R  INDICATES RECORD WAS SET OR TIED.
MM INDICATES DATA IS MISSING.
T  INDICATES TRACE AMOUNT.


&&

...................................

...THE HOUSTON/HOBBY AIRPORT CLIMATE SUMMARY FOR FEBRUARY 26 2015...

CLIMATE NORMAL PERIOD 1981 TO 2010
CLIMATE RECORD PERIOD 1930 TO 2015


WEATHER ITEM   OBSERVED TIME   RECORD YEAR NORMAL DEPARTURE LAST
                VALUE   (LST)  VALUE       VALUE  FROM      YEAR
                                                  NORMAL
..................................................................
TEMPERATURE (F)
 YESTERDAY
  MAXIMUM         57    302 PM  86    1986  68    -11       62
  MINIMUM         35    724 AM  27    1960  51    -16       40
  AVERAGE         46                        60    -14       51

PRECIPITATION (IN)
  YESTERDAY        0.00          1.46 1982   0.11  -0.11     0.45
  MONTH TO DATE    0.73                      3.00  -2.27     2.09
  SINCE DEC 1     10.47                     10.90  -0.43     3.49
  SINCE JAN 1      5.86                      6.87  -1.01     2.62

SNOWFALL (IN)
  YESTERDAY        0.0          MM      MM
  MONTH TO DATE    0.0
  SINCE DEC 1      0.0
  SINCE JUL 1      0.0

DEGREE DAYS
 HEATING
  YESTERDAY       19                         7     12       14
  MONTH TO DATE  273                       226     47      261
  SINCE DEC 1    933                       901     32     1083
  SINCE JUL 1   1147                      1057     90     1300
..................................................................


WIND (MPH)
  HIGHEST WIND SPEED    21   HIGHEST WIND DIRECTION     N (360)
  HIGHEST GUST SPEED    28   HIGHEST GUST DIRECTION     N (10)


RELATIVE HUMIDITY (PERCENT)
 HIGHEST    92
 LOWEST     46
 AVERAGE    69

..........................................................


THE HOUSTON/HOBBY AIRPORT CLIMATE NORMALS FOR TODAY
                         NORMAL    RECORD    YEAR
 MAXIMUM TEMPERATURE (F)   68        87      1954
 MINIMUM TEMPERATURE (F)   51        25      2002


SUNRISE AND SUNSET
FEBRUARY 27 2015......SUNRISE   649 AM CST   SUNSET   619 PM CST
FEBRUARY 28 2015......SUNRISE   648 AM CST   SUNSET   620 PM CST


-  INDICATES NEGATIVE NUMBERS.
R  INDICATES RECORD WAS SET OR TIED.
MM INDICATES DATA IS MISSING.
T  INDICATES TRACE AMOUNT.

...........................................................

...MISCELLANEOUS CLIMATE DATA FOR YESTERDAY...

LOCATION                        HIGH    LOW     PRECIP

PEARLAND                         58      32      0.00
SUGAR LAND                       56      30      0.00
TOMBALL                          52      29      0.00
CONROE                           48      27      0.00
HUNTSVILLE                       43      27      0.00
ANGLETON/LAKE JACKSON            55      29      0.00
PALACIOS                         59      35      0.00
LEAGUE CITY (NWS)                54      33      0.00


THIS PRODUCT...ALONG WITH OTHER WEATHER...HYDROLOGIC...AND CLIMATE
PRODUCTS...IS AVAILABLE ON THE WEB AT HTTP://WWW.SRH.NOAA.GOV/HGX
OR AT HTTP://WEATHER.GOV

$$
