000
CDUS44 KHGX 291406
CLIHOU

CLIMATE REPORT
NATIONAL WEATHER SERVICE HOUSTON/GALVESTON TX
850 AM CDT FRI APR 29 2016


...MORNING CLIMATE DATA...

                            MORNING LOW    PRECIP SINCE MIDNIGHT
HOUSTON INTERCONTINENTAL         73                0.01
GALVESTON SCHOLES FIELD          75                0.00
BRYAN/COLLEGE STATION            75                0.00
HOUSTON HOBBY                    75                0.01


...................................

...THE HOUSTON INTERCONTINENTAL CLIMATE SUMMARY FOR APRIL 28 2016...

CLIMATE NORMAL PERIOD 1981 TO 2010
CLIMATE RECORD PERIOD 1892 TO 2016


WEATHER ITEM   OBSERVED TIME   RECORD YEAR NORMAL DEPARTURE LAST
                VALUE   (LST)  VALUE       VALUE  FROM      YEAR
                                                  NORMAL
..................................................................
TEMPERATURE (F)
 YESTERDAY
  MAXIMUM         85    122 PM  95    1987  82      3       71
  MINIMUM         65    431 AM  47    1978  63      2       56
                                      1973
  AVERAGE         75                        72      3       64

PRECIPITATION (IN)
  YESTERDAY        0.00          3.76 1957   0.12  -0.12      T
  MONTH TO DATE   13.78                      3.04  10.74     6.10
  SINCE MAR 1     17.03                      6.45  10.58    12.44
  SINCE JAN 1     21.14                     13.03   8.11    16.27

SNOWFALL (IN)
  YESTERDAY        0.0          MM      MM
  MONTH TO DATE    0.0
  SINCE MAR 1      0.0
  SINCE JUL 1      0.0

DEGREE DAYS
 HEATING
  YESTERDAY        0                         0      0        1
  MONTH TO DATE   20                        35    -15        4
  SINCE MAR 1    100                       176    -76      143
  SINCE JUL 1   1017                      1364   -347     1462

 COOLING
  YESTERDAY       10                         8      2        0
  MONTH TO DATE  118                       156    -38      233
  SINCE MAR 1    217                       227    -10      301
  SINCE JAN 1    254                       265    -11      311
..................................................................


WIND (MPH)
  HIGHEST WIND SPEED    21   HIGHEST WIND DIRECTION    SE (140)
  HIGHEST GUST SPEED    29   HIGHEST GUST DIRECTION    SE (140)




RELATIVE HUMIDITY (PERCENT)
 HIGHEST   100
 LOWEST     65
 AVERAGE    83

..........................................................


THE HOUSTON INTERCONTINENTAL CLIMATE NORMALS FOR TODAY
                         NORMAL    RECORD    YEAR
 MAXIMUM TEMPERATURE (F)   82        92      1987
 MINIMUM TEMPERATURE (F)   63        46      2008


SUNRISE AND SUNSET
APRIL 29 2016.........SUNRISE   640 AM CDT   SUNSET   758 PM CDT
APRIL 30 2016.........SUNRISE   639 AM CDT   SUNSET   758 PM CDT


-  INDICATES NEGATIVE NUMBERS.
R  INDICATES RECORD WAS SET OR TIED.
MM INDICATES DATA IS MISSING.
T  INDICATES TRACE AMOUNT.


&&

...................................

...THE HOUSTON/HOBBY AIRPORT CLIMATE SUMMARY FOR APRIL 28 2016...

CLIMATE NORMAL PERIOD 1981 TO 2010
CLIMATE RECORD PERIOD 1930 TO 2016


WEATHER ITEM   OBSERVED TIME   RECORD YEAR NORMAL DEPARTURE LAST
                VALUE   (LST)  VALUE       VALUE  FROM      YEAR
                                                  NORMAL
..................................................................
TEMPERATURE (F)
 YESTERDAY
  MAXIMUM         83   1246 PM  94    1948  81      2       74
  MINIMUM         69    501 AM  51    1980  64      5       58
  AVERAGE         76                        73      3       66

PRECIPITATION (IN)
  YESTERDAY        T             2.68 1957   0.13  -0.13     0.00
  MONTH TO DATE    8.83                      2.99   5.84     8.20
  SINCE MAR 1     12.97                      6.19   6.78    14.58
  SINCE JAN 1     17.14                     13.27   3.87    20.46

SNOWFALL (IN)
  YESTERDAY        0.0          MM      MM
  MONTH TO DATE    0.0
  SINCE MAR 1      0.0
  SINCE JUL 1      0.0

DEGREE DAYS
 HEATING
  YESTERDAY        0                         0      0        0
  MONTH TO DATE    8                        27    -19        0
  SINCE MAR 1     52                       148    -96      115
  SINCE JUL 1    790                      1218   -428     1300

 COOLING
  YESTERDAY       11                         8      3        1
  MONTH TO DATE  182                       158     24      243
  SINCE MAR 1    323                       227     96      318
  SINCE JAN 1    361                       265     96      328
..................................................................


WIND (MPH)
  HIGHEST WIND SPEED    16   HIGHEST WIND DIRECTION     E (110)
  HIGHEST GUST SPEED    22   HIGHEST GUST DIRECTION    SE (120)




RELATIVE HUMIDITY (PERCENT)
 HIGHEST   100
 LOWEST     74
 AVERAGE    87

..........................................................


THE HOUSTON/HOBBY AIRPORT CLIMATE NORMALS FOR TODAY
                         NORMAL    RECORD    YEAR
 MAXIMUM TEMPERATURE (F)   82        90      2002
                                             1987
 MINIMUM TEMPERATURE (F)   65        50      1965


SUNRISE AND SUNSET
APRIL 29 2016.........SUNRISE   640 AM CDT   SUNSET   757 PM CDT
APRIL 30 2016.........SUNRISE   639 AM CDT   SUNSET   758 PM CDT


-  INDICATES NEGATIVE NUMBERS.
R  INDICATES RECORD WAS SET OR TIED.
MM INDICATES DATA IS MISSING.
T  INDICATES TRACE AMOUNT.

..........................................................

...MISCELLANEOUS CLIMATE DATA FOR YESTERDAY...

LOCATION                        HIGH    LOW     PRECIP
PEARLAND                         84      71       T
SUGAR LAND                       84      68       T
TOMBALL                          88      66      0.00
CONROE                           88      66      0.00
HUNTSVILLE                       90      65      0.00
ANGLETON/LAKE JACKSON            84      70       T
PALACIOS                         85      71      0.00
LEAGUE CITY (NWS)                82      70      0.01


THIS PRODUCT...ALONG WITH OTHER WEATHER...HYDROLOGIC...AND CLIMATE
PRODUCTS...IS AVAILABLE ON THE WEB AT HTTP://WWW.SRH.NOAA.GOV/HGX
OR AT HTTP://WEATHER.GOV

$$
