000
CDUS44 KHGX 291405
CLIHOU

CLIMATE REPORT
NATIONAL WEATHER SERVICE HOUSTON/GALVESTON TX
850 AM CDT FRI AUG 29 2014


...MORNING CLIMATE DATA...

                            MORNING LOW    PRECIP SINCE MIDNIGHT
HOUSTON INTERCONTINENTAL         76                0.00
GALVESTON SCHOLES FIELD          81                0.00
BRYAN/COLLEGE STATION            76                0.00
HOUSTON HOBBY                    79                0.00

...................................


...THE HOUSTON INTERCONTINENTAL CLIMATE SUMMARY FOR AUGUST 28 2014...

CLIMATE NORMAL PERIOD 1981 TO 2010
CLIMATE RECORD PERIOD 1892 TO 2014


WEATHER ITEM   OBSERVED TIME   RECORD YEAR NORMAL DEPARTURE LAST
                VALUE   (LST)  VALUE       VALUE  FROM      YEAR
                                                  NORMAL
..................................................................
TEMPERATURE (F)
 YESTERDAY
  MAXIMUM         90   1223 PM 107    2011  94     -4       95
  MINIMUM         76    646 AM  63    1992  74      2       73
  AVERAGE         83                        84     -1       84

PRECIPITATION (IN)
  YESTERDAY        0.00          3.88 1915   0.14  -0.14     0.00
  MONTH TO DATE    0.39                      3.30  -2.91     3.33
  SINCE JUN 1      7.97                     13.02  -5.05    11.88
  SINCE JAN 1     27.04                     31.41  -4.37    21.20

DEGREE DAYS
 COOLING
  YESTERDAY       18                        19     -1       19
  MONTH TO DATE  563                       554      9      571
  SINCE JUN 1   1684                      1675      9     1758
  SINCE JAN 1   2225                      2327   -102     2328
..................................................................


WIND (MPH)
  HIGHEST WIND SPEED    22   HIGHEST WIND DIRECTION    SE (150)
  HIGHEST GUST SPEED    25   HIGHEST GUST DIRECTION    SE (150)


RELATIVE HUMIDITY (PERCENT)
 HIGHEST    94
 LOWEST     59
 AVERAGE    77

..........................................................


THE HOUSTON INTERCONTINENTAL CLIMATE NORMALS FOR TODAY
                         NORMAL    RECORD    YEAR
 MAXIMUM TEMPERATURE (F)   93       107      2011
 MINIMUM TEMPERATURE (F)   74        61      1992


SUNRISE AND SUNSET
AUGUST 29 2014........SUNRISE   657 AM CDT   SUNSET   747 PM CDT
AUGUST 30 2014........SUNRISE   657 AM CDT   SUNSET   746 PM CDT


-  INDICATES NEGATIVE NUMBERS.
R  INDICATES RECORD WAS SET OR TIED.
MM INDICATES DATA IS MISSING.
T  INDICATES TRACE AMOUNT.




...................................

...THE HOUSTON/HOBBY AIRPORT CLIMATE SUMMARY FOR AUGUST 28 2014...

CLIMATE NORMAL PERIOD 1981 TO 2010
CLIMATE RECORD PERIOD 1930 TO 2014


WEATHER ITEM   OBSERVED TIME   RECORD YEAR NORMAL DEPARTURE LAST
                VALUE   (LST)  VALUE       VALUE  FROM      YEAR
                                                  NORMAL
..................................................................
TEMPERATURE (F)
 YESTERDAY
  MAXIMUM         86    413 PM 103    2011  92     -6       96
  MINIMUM         77    843 AM  65    1930  75      2       74
  AVERAGE         82                        84     -2       85

PRECIPITATION (IN)
  YESTERDAY        0.01          1.51 1945   0.19  -0.18     0.00
  MONTH TO DATE    1.75                      4.46  -2.71     1.47
  SINCE JUN 1      5.99                     16.22 -10.23     4.41
  SINCE JAN 1     22.83                     34.50 -11.67    22.87

DEGREE DAYS
 COOLING
  YESTERDAY       17                        19     -2       20
  MONTH TO DATE  578                       532     46      569
  SINCE JUN 1   1702                      1625     77     1792
  SINCE JAN 1   2253                      2279    -26     2362
..................................................................


WIND (MPH)
  HIGHEST WIND SPEED    13   HIGHEST WIND DIRECTION     E (90)
  HIGHEST GUST SPEED    18   HIGHEST GUST DIRECTION    SE (120)


RELATIVE HUMIDITY (PERCENT)
 HIGHEST    85
 LOWEST     65
 AVERAGE    75

..........................................................


THE HOUSTON/HOBBY AIRPORT CLIMATE NORMALS FOR TODAY
                         NORMAL    RECORD    YEAR
 MAXIMUM TEMPERATURE (F)   92       103      2011
 MINIMUM TEMPERATURE (F)   75        65      1992


SUNRISE AND SUNSET
AUGUST 29 2014........SUNRISE   657 AM CDT   SUNSET   747 PM CDT
AUGUST 30 2014........SUNRISE   657 AM CDT   SUNSET   746 PM CDT


-  INDICATES NEGATIVE NUMBERS.
R  INDICATES RECORD WAS SET OR TIED.
MM INDICATES DATA IS MISSING.
T  INDICATES TRACE AMOUNT.

...........................................................

...MISCELLANEOUS CLIMATE DATA FOR YESTERDAY...

LOCATION                        HIGH    LOW     PRECIP

PEARLAND                         85      76      0.05
SUGAR LAND                       89      77      0.00
TOMBALL                          91      75      0.00
CONROE                           93      71      0.01
HUNTSVILLE                       91      72      0.01
ANGLETON/LAKE JACKSON            83      74      0.45
PALACIOS                         92      77      0.01
LEAGUE CITY (NWS)                83      75      0.24


THIS PRODUCT...ALONG WITH OTHER WEATHER...HYDROLOGIC...AND CLIMATE
PRODUCTS...IS AVAILABLE ON THE WEB AT HTTP://WWW.SRH.NOAA.GOV/HGX
OR AT HTTP://WEATHER.GOV

$$
