000
CDUS44 KHGX 040718
CLIHOU


CLIMATE REPORT
NATIONAL WEATHER SERVICE HOUSTON/GALVESTON TX
217 AM CDT FRI SEP 4 2015


...................................

...THE HOUSTON INTERCONTINENTAL CLIMATE SUMMARY FOR SEPTEMBER 3 2015...

CLIMATE NORMAL PERIOD 1981 TO 2010
CLIMATE RECORD PERIOD 1892 TO 2015


WEATHER ITEM   OBSERVED TIME   RECORD YEAR NORMAL DEPARTURE LAST
                VALUE   (LST)  VALUE       VALUE  FROM      YEAR
                                                  NORMAL
..................................................................
TEMPERATURE (F)
 YESTERDAY
  MAXIMUM         92    336 PM 105    2000  93     -1       93
  MINIMUM         73    624 AM  60    1987  73      0       75
  AVERAGE         83                        83      0       84

PRECIPITATION (IN)
  YESTERDAY        0.00          3.20 1957   0.14  -0.14     0.00
  MONTH TO DATE    0.02                      0.43  -0.41     0.36
  SINCE SEP 1      0.02                      0.43  -0.41     0.36
  SINCE JAN 1     45.40                     32.30  13.10    28.25

DEGREE DAYS
 HEATING
  YESTERDAY        0                         0      0        0
  MONTH TO DATE    0                         0      0        0
  SINCE SEP 1      0                         0      0        0
  SINCE JUL 1      0                         0      0        0

 COOLING
  YESTERDAY       18                        18      0       19
  MONTH TO DATE   46                        54     -8       58
  SINCE SEP 1     46                        54     -8       58
  SINCE JAN 1   2551                      2436    115     2334
..................................................................


WIND (MPH)
  HIGHEST WIND SPEED    16   HIGHEST WIND DIRECTION    SE (130)
  HIGHEST GUST SPEED    20   HIGHEST GUST DIRECTION     E (110)




RELATIVE HUMIDITY (PERCENT)
 HIGHEST   100
 LOWEST     56
 AVERAGE    78

..........................................................


THE HOUSTON INTERCONTINENTAL CLIMATE NORMALS FOR TODAY
                         NORMAL    RECORD    YEAR
 MAXIMUM TEMPERATURE (F)   92       109      2000
 MINIMUM TEMPERATURE (F)   73        59      1974


SUNRISE AND SUNSET
SEPTEMBER  4 2015.....SUNRISE   700 AM CDT   SUNSET   740 PM CDT
SEPTEMBER  5 2015.....SUNRISE   700 AM CDT   SUNSET   739 PM CDT


-  INDICATES NEGATIVE NUMBERS.
R  INDICATES RECORD WAS SET OR TIED.
MM INDICATES DATA IS MISSING.
T  INDICATES TRACE AMOUNT.


&&

...................................

...THE HOUSTON/HOBBY AIRPORT CLIMATE SUMMARY FOR SEPTEMBER 3 2015...

CLIMATE NORMAL PERIOD 1981 TO 2010
CLIMATE RECORD PERIOD 1930 TO 2015


WEATHER ITEM   OBSERVED TIME   RECORD YEAR NORMAL DEPARTURE LAST
                VALUE   (LST)  VALUE       VALUE  FROM      YEAR
                                                  NORMAL
..................................................................
TEMPERATURE (F)
 YESTERDAY
  MAXIMUM         90    143 PM 103    2000  91     -1       93
  MINIMUM         76    622 AM  65    1974  75      1       79
  AVERAGE         83                        83      0       86

PRECIPITATION (IN)
  YESTERDAY        T             3.33 1957   0.19  -0.19     0.02
  MONTH TO DATE    0.76                      0.57   0.19     0.02
  SINCE SEP 1      0.76                      0.57   0.19     0.02
  SINCE JAN 1     53.82                     35.67  18.15    24.55

DEGREE DAYS
 HEATING
  YESTERDAY        0                         0      0        0
  MONTH TO DATE    0                         0      0        0
  SINCE SEP 1      0                         0      0        0
  SINCE JUL 1      0                         0      0        0

 COOLING
  YESTERDAY       18                        18      0       21
  MONTH TO DATE   44                        54    -10       62
  SINCE SEP 1     44                        54    -10       62
  SINCE JAN 1   2613                      2395    218     2366
..................................................................


WIND (MPH)
  HIGHEST WIND SPEED    13   HIGHEST WIND DIRECTION    SE (120)
  HIGHEST GUST SPEED    15   HIGHEST GUST DIRECTION    SE (150)




RELATIVE HUMIDITY (PERCENT)
 HIGHEST    94
 LOWEST     52
 AVERAGE    73

..........................................................


THE HOUSTON/HOBBY AIRPORT CLIMATE NORMALS FOR TODAY
                         NORMAL    RECORD    YEAR
 MAXIMUM TEMPERATURE (F)   91       108      2000
 MINIMUM TEMPERATURE (F)   74        59      1934


SUNRISE AND SUNSET
SEPTEMBER  4 2015.....SUNRISE   700 AM CDT   SUNSET   740 PM CDT
SEPTEMBER  5 2015.....SUNRISE   700 AM CDT   SUNSET   739 PM CDT


-  INDICATES NEGATIVE NUMBERS.
R  INDICATES RECORD WAS SET OR TIED.
MM INDICATES DATA IS MISSING.
T  INDICATES TRACE AMOUNT.




$$
