327
CDUS44 KHGX 261323
CLIHOU

CLIMATE REPORT
NATIONAL WEATHER SERVICE HOUSTON/GALVESTON TX
825 AM CDT TUE SEP 26 2017

...MORNING CLIMATE DATA...

                            MORNING LOW    PRECIP SINCE MIDNIGHT
HOUSTON INTERCONTINENTAL         72                0.00
GALVESTON SCHOLES FIELD          81                0.00
BRYAN/COLLEGE STATION            73                0.00
HOUSTON HOBBY                    76                0.00

...................................

...THE HOUSTON INTERCONTINENTAL CLIMATE SUMMARY FOR SEPTEMBER 25 2017...

CLIMATE NORMAL PERIOD 1981 TO 2010
CLIMATE RECORD PERIOD 1892 TO 2017


WEATHER ITEM   OBSERVED TIME   RECORD YEAR NORMAL DEPARTURE LAST
                VALUE   (LST)  VALUE       VALUE  FROM      YEAR
                                                  NORMAL
..................................................................
TEMPERATURE (F)
 YESTERDAY
  MAXIMUM         91    153 PM  99    2005  87      4       90
  MINIMUM         73   1118 PM  50    1994  67      6       72
                                      1989
  AVERAGE         82                        77      5       81

PRECIPITATION (IN)
  YESTERDAY        0.00          3.05 1906   0.13  -0.13     0.53
  MONTH TO DATE    0.99                      3.48  -2.49     1.68
  SINCE SEP 1      0.99                      3.48  -2.49     1.68
  SINCE JAN 1     71.81                     35.35  36.46    55.25

DEGREE DAYS
 HEATING
  YESTERDAY        0                         0      0        0
  MONTH TO DATE    0                         0      0        0
  SINCE SEP 1      0                         0      0        0
  SINCE JUL 1      0                         0      0        0

 COOLING
  YESTERDAY       17                        12      5       16
  MONTH TO DATE  367                       386    -19      480
  SINCE SEP 1    367                       386    -19      480
  SINCE JAN 1   3019                      2768    251     2888
..................................................................


WIND (MPH)
  HIGHEST WIND SPEED    17   HIGHEST WIND DIRECTION    SE (140)
  HIGHEST GUST SPEED    23   HIGHEST GUST DIRECTION    SE (120)




RELATIVE HUMIDITY (PERCENT)
 HIGHEST   100
 LOWEST     52
 AVERAGE    76

..........................................................


THE HOUSTON INTERCONTINENTAL CLIMATE NORMALS FOR TODAY
                         NORMAL    RECORD    YEAR
 MAXIMUM TEMPERATURE (F)   87        99      2005
 MINIMUM TEMPERATURE (F)   67        49      2000


SUNRISE AND SUNSET
SEPTEMBER 26 2017.....SUNRISE   712 AM CDT   SUNSET   713 PM CDT
SEPTEMBER 27 2017.....SUNRISE   713 AM CDT   SUNSET   711 PM CDT


-  INDICATES NEGATIVE NUMBERS.
R  INDICATES RECORD WAS SET OR TIED.
MM INDICATES DATA IS MISSING.
T  INDICATES TRACE AMOUNT.

&&

...................................

...THE HOUSTON/HOBBY AIRPORT CLIMATE SUMMARY FOR SEPTEMBER 25 2017...

CLIMATE NORMAL PERIOD 1981 TO 2010
CLIMATE RECORD PERIOD 1930 TO 2017


WEATHER ITEM   OBSERVED TIME   RECORD YEAR NORMAL DEPARTURE LAST
                VALUE   (LST)  VALUE       VALUE  FROM      YEAR
                                                  NORMAL
..................................................................
TEMPERATURE (F)
 YESTERDAY
  MAXIMUM         91    230 PM  97    2005  86      5       89
  MINIMUM         76   1159 PM  55    1989  69      7       76
  AVERAGE         84                        78      6       83

PRECIPITATION (IN)
  YESTERDAY        0.00          1.76 1957   0.16  -0.16     0.29
  MONTH TO DATE    3.16                      4.47  -1.31     2.20
  SINCE SEP 1      3.16                      4.47  -1.31     2.20
  SINCE JAN 1     70.28                     39.57  30.71    49.51

DEGREE DAYS
 HEATING
  YESTERDAY        0                         0      0        0
  MONTH TO DATE    0                         0      0        0
  SINCE SEP 1      0                         0      0        0
  SINCE JUL 1      0                         0      0        0

 COOLING
  YESTERDAY       19                        13      6       18
  MONTH TO DATE  425                       392     33      493
  SINCE SEP 1    425                       392     33      493
  SINCE JAN 1   3224                      2733    491     3124
..................................................................


WIND (MPH)
  HIGHEST WIND SPEED    15   HIGHEST WIND DIRECTION     E (110)
  HIGHEST GUST SPEED    21   HIGHEST GUST DIRECTION     E (110)




RELATIVE HUMIDITY (PERCENT)
 HIGHEST    85
 LOWEST     52
 AVERAGE    69

..........................................................


THE HOUSTON/HOBBY AIRPORT CLIMATE NORMALS FOR TODAY
                         NORMAL    RECORD    YEAR
 MAXIMUM TEMPERATURE (F)   86        97      2005
 MINIMUM TEMPERATURE (F)   69        53      2000
                                             1940


SUNRISE AND SUNSET
SEPTEMBER 26 2017.....SUNRISE   712 AM CDT   SUNSET   712 PM CDT
SEPTEMBER 27 2017.....SUNRISE   712 AM CDT   SUNSET   711 PM CDT


-  INDICATES NEGATIVE NUMBERS.
R  INDICATES RECORD WAS SET OR TIED.
MM INDICATES DATA IS MISSING.
T  INDICATES TRACE AMOUNT.

...MISCELLANEOUS CLIMATE DATA FOR YESTERDAY...

LOCATION                        HIGH    LOW     PRECIP
PEARLAND                         92      76      0.00
SUGAR LAND                       93      77      0.09
TOMBALL                          91      72      0.00
CONROE                           90      68      0.00
HUNTSVILLE                       91      70      0.00
ANGLETON/LAKE JACKSON            90      73      0.00
PALACIOS                         88      72      0.00
LEAGUE CITY (NWS)                89      74      0.00


THIS PRODUCT...ALONG WITH OTHER WEATHER...HYDROLOGIC...AND CLIMATE
PRODUCTS...IS AVAILABLE ON THE WEB AT HTTP://WWW.WEATHER.GOV/HGX


$$
