000
CDUS44 KHGX 240835
CLIHOU


CLIMATE REPORT
NATIONAL WEATHER SERVICE HOUSTON/GALVESTON TX
235 AM CST MON NOV 24 2014


...................................

...THE HOUSTON INTERCONTINENTAL CLIMATE SUMMARY FOR NOVEMBER 23 2014...

CLIMATE NORMAL PERIOD 1981 TO 2010
CLIMATE RECORD PERIOD 1892 TO 2014


WEATHER ITEM   OBSERVED TIME   RECORD YEAR NORMAL DEPARTURE LAST
                VALUE   (LST)  VALUE       VALUE  FROM      YEAR
                                                  NORMAL
..................................................................
TEMPERATURE (F)
 YESTERDAY
  MAXIMUM         80    350 PM  85    2010  70     10       50
                                      1973
  MINIMUM         61    511 AM  24    1975  50     11       43
  AVERAGE         71                        60     11       47

PRECIPITATION (IN)
  YESTERDAY        0.23          3.81 1986   0.14   0.09     0.41
  MONTH TO DATE    3.40                      3.35   0.05     2.08
  SINCE SEP 1     10.23                     13.17  -2.94    14.25
  SINCE JAN 1     38.12                     45.04  -6.92    35.45

SNOWFALL (IN)
  YESTERDAY        0.0           0.0  2002
                                      2001
  MONTH TO DATE    0.0
  SINCE SEP 1      0.0
  SINCE JUL 1      0.0

DEGREE DAYS
 HEATING
  YESTERDAY        0                         7     -7       18
  MONTH TO DATE  201                       100    101      105
  SINCE SEP 1    201                       130     71      113
  SINCE JUL 1    201                       130     71      113
..................................................................


WIND (MPH)
  HIGHEST WIND SPEED    21   HIGHEST WIND DIRECTION    NW (330)
  HIGHEST GUST SPEED    26   HIGHEST GUST DIRECTION     N (340)




RELATIVE HUMIDITY (PERCENT)
 HIGHEST    93
 LOWEST     32
 AVERAGE    63

..........................................................


THE HOUSTON INTERCONTINENTAL CLIMATE NORMALS FOR TODAY
                         NORMAL    RECORD    YEAR
 MAXIMUM TEMPERATURE (F)   70        84      1910
 MINIMUM TEMPERATURE (F)   49        26      1970


SUNRISE AND SUNSET
NOVEMBER 24 2014......SUNRISE   654 AM CST   SUNSET   522 PM CST
NOVEMBER 25 2014......SUNRISE   655 AM CST   SUNSET   522 PM CST


-  INDICATES NEGATIVE NUMBERS.
R  INDICATES RECORD WAS SET OR TIED.
MM INDICATES DATA IS MISSING.
T  INDICATES TRACE AMOUNT.




...................................

...THE HOUSTON/HOBBY AIRPORT CLIMATE SUMMARY FOR NOVEMBER 23 2014...

CLIMATE NORMAL PERIOD 1981 TO 2010
CLIMATE RECORD PERIOD 1930 TO 2014


WEATHER ITEM   OBSERVED TIME   RECORD YEAR NORMAL DEPARTURE LAST
                VALUE   (LST)  VALUE       VALUE  FROM      YEAR
                                                  NORMAL
..................................................................
TEMPERATURE (F)
 YESTERDAY
  MAXIMUM         80    339 PM  84    1973  70     10       50
                                      1967
  MINIMUM         59    542 AM  30    1975  52      7       44
  AVERAGE         70                        61      9       47

PRECIPITATION (IN)
  YESTERDAY        0.31          3.11 1986   0.14   0.17     0.10
  MONTH TO DATE    4.44                      3.36   1.08     1.33
  SINCE SEP 1     11.99                     14.56  -2.57    17.07
  SINCE JAN 1     36.52                     49.66 -13.14    39.94

SNOWFALL (IN)
  YESTERDAY        0.0          MM      MM
  MONTH TO DATE    0.0
  SINCE SEP 1      0.0
  SINCE JUL 1      0.0

DEGREE DAYS
 HEATING
  YESTERDAY        0                         6     -6       18
  MONTH TO DATE  175                        87     88       85
  SINCE SEP 1    175                       108     67       88
  SINCE JUL 1    175                       108     67       88
..................................................................


WIND (MPH)
  HIGHEST WIND SPEED    24   HIGHEST WIND DIRECTION    SW (240)
  HIGHEST GUST SPEED    31   HIGHEST GUST DIRECTION    NW (320)




RELATIVE HUMIDITY (PERCENT)
 HIGHEST   100
 LOWEST     33
 AVERAGE    67

..........................................................


THE HOUSTON/HOBBY AIRPORT CLIMATE NORMALS FOR TODAY
                         NORMAL    RECORD    YEAR
 MAXIMUM TEMPERATURE (F)   70        86      1967
 MINIMUM TEMPERATURE (F)   51        30      1970


SUNRISE AND SUNSET
NOVEMBER 24 2014......SUNRISE   653 AM CST   SUNSET   523 PM CST
NOVEMBER 25 2014......SUNRISE   654 AM CST   SUNSET   522 PM CST


-  INDICATES NEGATIVE NUMBERS.
R  INDICATES RECORD WAS SET OR TIED.
MM INDICATES DATA IS MISSING.
T  INDICATES TRACE AMOUNT.




$$
