000
CDUS44 KHGX 250745
CLIHOU


CLIMATE REPORT
NATIONAL WEATHER SERVICE HOUSTON/GALVESTON TX
245 AM CDT MON MAY 25 2015


...................................

...THE HOUSTON INTERCONTINENTAL CLIMATE SUMMARY FOR MAY 24 2015...

CLIMATE NORMAL PERIOD 1981 TO 2010
CLIMATE RECORD PERIOD 1892 TO 2015


WEATHER ITEM   OBSERVED TIME   RECORD YEAR NORMAL DEPARTURE LAST
                VALUE   (LST)  VALUE       VALUE  FROM      YEAR
                                                  NORMAL
..................................................................
TEMPERATURE (F)
 YESTERDAY
  MAXIMUM         81    452 PM  95    1955  88     -7       88
  MINIMUM         69    727 AM  54    1892  70     -1       66
  AVERAGE         75                        79     -4       77

PRECIPITATION (IN)
  YESTERDAY        0.56          3.96 1936   0.16   0.40     0.00
  MONTH TO DATE    7.07                      3.91   3.16     4.25
  SINCE MAR 1     19.51                     10.63   8.88     8.26
  SINCE JAN 1     23.34                     17.21   6.13    11.61

DEGREE DAYS
 COOLING
  YESTERDAY       10                        14     -4       12
  MONTH TO DATE  286                       269     17      214
  SINCE MAR 1    590                       512     78      427
  SINCE JAN 1    600                       550     50      461
..................................................................


WIND (MPH)
  HIGHEST WIND SPEED    25   HIGHEST WIND DIRECTION     S (190)
  HIGHEST GUST SPEED    38   HIGHEST GUST DIRECTION     S (190)




RELATIVE HUMIDITY (PERCENT)
 HIGHEST    93
 LOWEST     69
 AVERAGE    81

..........................................................


THE HOUSTON INTERCONTINENTAL CLIMATE NORMALS FOR TODAY
                         NORMAL    RECORD    YEAR
 MAXIMUM TEMPERATURE (F)   88        95      2011
                                             1927
 MINIMUM TEMPERATURE (F)   70        56      1979
                                             1891


SUNRISE AND SUNSET
MAY 25 2015...........SUNRISE   623 AM CDT   SUNSET   814 PM CDT
MAY 26 2015...........SUNRISE   623 AM CDT   SUNSET   814 PM CDT


-  INDICATES NEGATIVE NUMBERS.
R  INDICATES RECORD WAS SET OR TIED.
MM INDICATES DATA IS MISSING.
T  INDICATES TRACE AMOUNT.




...................................

...THE HOUSTON/HOBBY AIRPORT CLIMATE SUMMARY FOR MAY 24 2015...

CLIMATE NORMAL PERIOD 1981 TO 2010
CLIMATE RECORD PERIOD 1930 TO 2015


WEATHER ITEM   OBSERVED TIME   RECORD YEAR NORMAL DEPARTURE LAST
                VALUE   (LST)  VALUE       VALUE  FROM      YEAR
                                                  NORMAL
..................................................................
TEMPERATURE (F)
 YESTERDAY
  MAXIMUM         81    501 PM  95    1955  87     -6       87
  MINIMUM         70    744 AM  57    1940  71     -1       69
  AVERAGE         76                        79     -3       78

PRECIPITATION (IN)
  YESTERDAY        0.14          3.50 1936   0.17  -0.03     0.00
  MONTH TO DATE    6.33                      3.51   2.82     3.34
  SINCE MAR 1     20.91                      9.96  10.95     7.19
  SINCE JAN 1     26.79                     17.04   9.75     9.81

DEGREE DAYS
 COOLING
  YESTERDAY       11                        14     -3       13
  MONTH TO DATE  314                       272     42      212
  SINCE MAR 1    637                       514    123      427
  SINCE JAN 1    647                       552     95      466
..................................................................


WIND (MPH)
  HIGHEST WIND SPEED    26   HIGHEST WIND DIRECTION    SW (220)
  HIGHEST GUST SPEED    37   HIGHEST GUST DIRECTION     S (200)




RELATIVE HUMIDITY (PERCENT)
 HIGHEST    93
 LOWEST     69
 AVERAGE    81

..........................................................


THE HOUSTON/HOBBY AIRPORT CLIMATE NORMALS FOR TODAY
                         NORMAL    RECORD    YEAR
 MAXIMUM TEMPERATURE (F)   87        94      2005
 MINIMUM TEMPERATURE (F)   71        57      1931


SUNRISE AND SUNSET
MAY 25 2015...........SUNRISE   624 AM CDT   SUNSET   813 PM CDT
MAY 26 2015...........SUNRISE   623 AM CDT   SUNSET   813 PM CDT


-  INDICATES NEGATIVE NUMBERS.
R  INDICATES RECORD WAS SET OR TIED.
MM INDICATES DATA IS MISSING.
T  INDICATES TRACE AMOUNT.




$$
