000
CDUS44 KBRO 270627
CLIHRL


CLIMATE REPORT
NATIONAL WEATHER SERVICE BROWNSVILLE TX
127 AM CDT THU APR 27 2017


...................................

...THE HARLINGEN CLIMATE SUMMARY FOR APRIL 26 2017...

CLIMATE NORMAL PERIOD 1981 TO 2010
CLIMATE RECORD PERIOD 1912 TO 2017


WEATHER ITEM   OBSERVED TIME   RECORD YEAR NORMAL DEPARTURE LAST
                VALUE   (LST)  VALUE       VALUE  FROM      YEAR
                                                  NORMAL
..................................................................
TEMPERATURE (F)
 YESTERDAY
  MAXIMUM        104R   152 PM  99    1961  87     17       92
  MINIMUM         70   1159 PM  47    1913  67      3       76
  AVERAGE         87                        77     10       84

PRECIPITATION (IN)
  YESTERDAY        0.00          2.35 1992   0.05  -0.05     0.00
  MONTH TO DATE    0.87                      1.45  -0.58     0.48
  SINCE MAR 1      3.09                      2.74   0.35     2.26
  SINCE JAN 1      4.40                      5.21  -0.81     4.17

SNOWFALL (IN)
  YESTERDAY        0.0
  MONTH TO DATE    0.0
  SINCE MAR 1      0.0
  SINCE JUL 1      0.0

DEGREE DAYS
 HEATING
  YESTERDAY        0                         0      0        0
  MONTH TO DATE    0                         7     -7        2
  SINCE MAR 1      4                        53    -49       13
  SINCE JUL 1    234                       621   -387      389

 COOLING
  YESTERDAY       22                        12     10       19
  MONTH TO DATE  312                       267     45      305
  SINCE MAR 1    602                       437    165      590
  SINCE JAN 1    969                       562    407      730
..................................................................


WIND (MPH)
  HIGHEST WIND SPEED    28   HIGHEST WIND DIRECTION     N (340)
  HIGHEST GUST SPEED    34   HIGHEST GUST DIRECTION    NW (330)
  AVERAGE WIND SPEED    14.8



WEATHER CONDITIONS
 THE FOLLOWING WEATHER WAS RECORDED YESTERDAY.
  FOG
  HAZE


RELATIVE HUMIDITY (PERCENT)
 HIGHEST   100
 LOWEST     22
 AVERAGE    61

..........................................................


THE HARLINGEN CLIMATE NORMALS FOR TODAY
                         NORMAL    RECORD    YEAR
 MAXIMUM TEMPERATURE (F)   88       103      1984
 MINIMUM TEMPERATURE (F)   68        49      1913


SUNRISE AND SUNSET
APRIL 27 2017.........SUNRISE   656 AM CDT   SUNSET   801 PM CDT
APRIL 28 2017.........SUNRISE   655 AM CDT   SUNSET   801 PM CDT


-  INDICATES NEGATIVE NUMBERS.
R  INDICATES RECORD WAS SET OR TIED.
MM INDICATES DATA IS MISSING.
T  INDICATES TRACE AMOUNT.




$$
