000
CDUS44 KBRO 170629
CLIHRL


CLIMATE REPORT
NATIONAL WEATHER SERVICE BROWNSVILLE TX
128 AM CDT WED SEP 17 2014


...................................

...THE HARLINGEN CLIMATE SUMMARY FOR SEPTEMBER 16 2014...

CLIMATE NORMAL PERIOD 1981 TO 2010
CLIMATE RECORD PERIOD 1912 TO 2014


WEATHER ITEM   OBSERVED TIME   RECORD YEAR NORMAL DEPARTURE LAST
                VALUE   (LST)  VALUE       VALUE  FROM      YEAR
                                                  NORMAL
..................................................................
TEMPERATURE (F)
 YESTERDAY
  MAXIMUM         90    404 PM 102    1959  91     -1       87
                                      2000
  MINIMUM         75    624 AM  62    1979  73      2       75
                                      1993
  AVERAGE         83                        82      1       81

PRECIPITATION (IN)
  YESTERDAY        0.01          2.46 1961   0.19  -0.18     2.32
  MONTH TO DATE    5.21                      2.89   2.32     7.74
  SINCE SEP 1      5.21                      2.89   2.32     7.74
  SINCE JAN 1     11.86                     17.10  -5.24    19.58

SNOWFALL (IN)
  YESTERDAY        0.0
  MONTH TO DATE    0.0
  SINCE SEP 1      0.0
  SINCE JUL 1      0.0

DEGREE DAYS
 HEATING
  YESTERDAY        0                         0      0        0
  MONTH TO DATE    0                         0      0        0
  SINCE SEP 1      0                         0      0        0
  SINCE JUL 1      0                         0      0        0

 COOLING
  YESTERDAY       18                        17      1       16
  MONTH TO DATE  295                       290      5      267
  SINCE SEP 1    295                       290      5      267
  SINCE JAN 1   3192                      3214    -22     3284
..................................................................


WIND (MPH)
  HIGHEST WIND SPEED    16   HIGHEST WIND DIRECTION    SW (220)
  HIGHEST GUST SPEED    20   HIGHEST GUST DIRECTION    SW (220)
  AVERAGE WIND SPEED     6.4



WEATHER CONDITIONS
 THE FOLLOWING WEATHER WAS RECORDED YESTERDAY.
  FOG


RELATIVE HUMIDITY (PERCENT)
 HIGHEST   100
 LOWEST     64
 AVERAGE    82

..........................................................


THE HARLINGEN CLIMATE NORMALS FOR TODAY
                         NORMAL    RECORD    YEAR
 MAXIMUM TEMPERATURE (F)   91       100      1959
 MINIMUM TEMPERATURE (F)   72        62      2008
                                             1934
                                             1979


SUNRISE AND SUNSET
SEPTEMBER 17 2014.....SUNRISE   717 AM CDT   SUNSET   733 PM CDT
SEPTEMBER 18 2014.....SUNRISE   718 AM CDT   SUNSET   731 PM CDT


-  INDICATES NEGATIVE NUMBERS.
R  INDICATES RECORD WAS SET OR TIED.
MM INDICATES DATA IS MISSING.
T  INDICATES TRACE AMOUNT.




$$
