000
CDUS44 KBRO 190734
CLIHRL


CLIMATE REPORT
NATIONAL WEATHER SERVICE BROWNSVILLE TX
133 AM CST SUN FEB 19 2017


...................................

...THE HARLINGEN CLIMATE SUMMARY FOR FEBRUARY 18 2017...

CLIMATE NORMAL PERIOD 1981 TO 2010
CLIMATE RECORD PERIOD 1912 TO 2017


WEATHER ITEM   OBSERVED TIME   RECORD YEAR NORMAL DEPARTURE LAST
                VALUE   (LST)  VALUE       VALUE  FROM      YEAR
                                                  NORMAL
..................................................................
TEMPERATURE (F)
 YESTERDAY
  MAXIMUM         90R   144 PM  89    1959  75     15       84
  MINIMUM         58    608 AM  27    1936  53      5       53
  AVERAGE         74                        64     10       69

PRECIPITATION (IN)
  YESTERDAY        0.00          1.55 1973   0.04  -0.04     0.00
  MONTH TO DATE    0.29                      1.04  -0.75     0.00
  SINCE DEC 1      2.52                      3.36  -0.84     2.21
  SINCE JAN 1      1.19                      2.10  -0.91     1.91

SNOWFALL (IN)
  YESTERDAY        0.0
  MONTH TO DATE    0.0
  SINCE DEC 1      0.0
  SINCE JUL 1      0.0

DEGREE DAYS
 HEATING
  YESTERDAY        0                         4     -4        0
  MONTH TO DATE    9                        85    -76       51
  SINCE DEC 1    215                       476   -261      324
  SINCE JUL 1    230                       533   -303      360

 COOLING
  YESTERDAY        9                         3      6        4
  MONTH TO DATE  138                        45     93       52
  SINCE DEC 1    426                       152    274      213
  SINCE JAN 1    269                        94    175       80
..................................................................


WIND (MPH)
  HIGHEST WIND SPEED    23   HIGHEST WIND DIRECTION    SE (130)
  HIGHEST GUST SPEED    28   HIGHEST GUST DIRECTION    SE (130)
  AVERAGE WIND SPEED    13.8



WEATHER CONDITIONS
 THE FOLLOWING WEATHER WAS RECORDED YESTERDAY.
  FOG
  FOG W/VISIBILITY <= 1/4 MILE
  HAZE


RELATIVE HUMIDITY (PERCENT)
 HIGHEST   100
 LOWEST     50
 AVERAGE    75

..........................................................


THE HARLINGEN CLIMATE NORMALS FOR TODAY
                         NORMAL    RECORD    YEAR
 MAXIMUM TEMPERATURE (F)   75        95      1986
 MINIMUM TEMPERATURE (F)   53        34      1978


SUNRISE AND SUNSET
FEBRUARY 19 2017......SUNRISE   703 AM CST   SUNSET   626 PM CST
FEBRUARY 20 2017......SUNRISE   702 AM CST   SUNSET   627 PM CST


-  INDICATES NEGATIVE NUMBERS.
R  INDICATES RECORD WAS SET OR TIED.
MM INDICATES DATA IS MISSING.
T  INDICATES TRACE AMOUNT.




$$
