000
CDUS44 KBRO 020628
CLIHRL


CLIMATE REPORT
NATIONAL WEATHER SERVICE BROWNSVILLE TX
127 AM CDT TUE SEP 2 2014


...................................

...THE HARLINGEN CLIMATE SUMMARY FOR SEPTEMBER 1 2014...

CLIMATE NORMAL PERIOD 1981 TO 2010
CLIMATE RECORD PERIOD 1912 TO 2014


WEATHER ITEM   OBSERVED TIME   RECORD YEAR NORMAL DEPARTURE LAST
                VALUE   (LST)  VALUE       VALUE  FROM      YEAR
                                                  NORMAL
..................................................................
TEMPERATURE (F)
 YESTERDAY
  MAXIMUM         97    212 PM 103    1928  94      3       97
                                      1952
  MINIMUM         76    610 AM  67    1919  75      1       73
  AVERAGE         87                        84      3       85

PRECIPITATION (IN)
  YESTERDAY        T             5.94 1975   0.12  -0.12      T
  MONTH TO DATE    T                         0.12  -0.12      T
  SINCE SEP 1      T                         0.12  -0.12      T
  SINCE JAN 1      6.65                     14.33  -7.68    11.84

SNOWFALL (IN)
  YESTERDAY        0.0
  MONTH TO DATE    0.0
  SINCE SEP 1      0.0
  SINCE JUL 1      0.0

DEGREE DAYS
 HEATING
  YESTERDAY        0                         0      0        0
  MONTH TO DATE    0                         0      0        0
  SINCE SEP 1      0                         0      0        0
  SINCE JUL 1      0                         0      0        0

 COOLING
  YESTERDAY       22                        19      3       20
  MONTH TO DATE   22                        19      3       20
  SINCE SEP 1     22                        19      3       20
  SINCE JAN 1   2919                      2943    -24     3037
..................................................................


WIND (MPH)
  HIGHEST WIND SPEED    22   HIGHEST WIND DIRECTION    SE (130)
  HIGHEST GUST SPEED    26   HIGHEST GUST DIRECTION    SE (120)
  AVERAGE WIND SPEED    10.4



WEATHER CONDITIONS
 THE FOLLOWING WEATHER WAS RECORDED YESTERDAY.
  LIGHT RAIN
  FOG


RELATIVE HUMIDITY (PERCENT)
 HIGHEST   100
 LOWEST     49
 AVERAGE    75

..........................................................


THE HARLINGEN CLIMATE NORMALS FOR TODAY
                         NORMAL    RECORD    YEAR
 MAXIMUM TEMPERATURE (F)   94       104      1928
                                             1937
 MINIMUM TEMPERATURE (F)   74        63      1915


SUNRISE AND SUNSET
SEPTEMBER  2 2014.....SUNRISE   711 AM CDT   SUNSET   749 PM CDT
SEPTEMBER  3 2014.....SUNRISE   711 AM CDT   SUNSET   748 PM CDT


-  INDICATES NEGATIVE NUMBERS.
R  INDICATES RECORD WAS SET OR TIED.
MM INDICATES DATA IS MISSING.
T  INDICATES TRACE AMOUNT.




$$
