326
CDUS44 KBRO 180626
CLIHRL


CLIMATE REPORT
NATIONAL WEATHER SERVICE BROWNSVILLE TX
125 AM CDT WED OCT 18 2017


...................................

...THE HARLINGEN CLIMATE SUMMARY FOR OCTOBER 17 2017...

CLIMATE NORMAL PERIOD 1981 TO 2010
CLIMATE RECORD PERIOD 1912 TO 2017


WEATHER ITEM   OBSERVED TIME   RECORD YEAR NORMAL DEPARTURE LAST
                VALUE   (LST)  VALUE       VALUE  FROM      YEAR
                                                  NORMAL
..................................................................
TEMPERATURE (F)
 YESTERDAY
  MAXIMUM         84    233 PM  97    2016  87     -3       97
  MINIMUM         53    643 AM  49    1974  65    -12       69
                                      1961
  AVERAGE         69                        76     -7       83

PRECIPITATION (IN)
  YESTERDAY        0.00          1.00 1930   0.11  -0.11     0.00
  MONTH TO DATE    3.50                      1.56   1.94     0.25
  SINCE SEP 1      5.44                      6.78  -1.34     2.74
  SINCE JAN 1     17.61                     20.99  -3.38    17.64

SNOWFALL (IN)
  YESTERDAY        0.0
  MONTH TO DATE    0.0
  SINCE SEP 1      0.0
  SINCE JUL 1      0.0

DEGREE DAYS
 HEATING
  YESTERDAY        0                         0      0        0
  MONTH TO DATE    0                         0      0        0
  SINCE SEP 1      0                         0      0        0
  SINCE JUL 1      0                         0      0        0

 COOLING
  YESTERDAY        4                        11     -7       18
  MONTH TO DATE  238                       212     26      278
  SINCE SEP 1    810                       717     93      880
  SINCE JAN 1   4315                      3641    674     4199
..................................................................


WIND (MPH)
  HIGHEST WIND SPEED    16   HIGHEST WIND DIRECTION     E (70)
  HIGHEST GUST SPEED    23   HIGHEST GUST DIRECTION     N (20)
  AVERAGE WIND SPEED     8.7



WEATHER CONDITIONS
 THE FOLLOWING WEATHER WAS RECORDED YESTERDAY.
  NO SIGNIFICANT WEATHER WAS OBSERVED.


RELATIVE HUMIDITY (PERCENT)
 HIGHEST    93
 LOWEST     43
 AVERAGE    68

..........................................................


THE HARLINGEN CLIMATE NORMALS FOR TODAY
                         NORMAL    RECORD    YEAR
 MAXIMUM TEMPERATURE (F)   87       101      2012
 MINIMUM TEMPERATURE (F)   65        49      1955
                                             1948


SUNRISE AND SUNSET
OCTOBER 18 2017.......SUNRISE   731 AM CDT   SUNSET   700 PM CDT
OCTOBER 19 2017.......SUNRISE   732 AM CDT   SUNSET   659 PM CDT


-  INDICATES NEGATIVE NUMBERS.
R  INDICATES RECORD WAS SET OR TIED.
MM INDICATES DATA IS MISSING.
T  INDICATES TRACE AMOUNT.




$$
