000
CDUS44 KBRO 272227
CLIHRL


CLIMATE REPORT
NATIONAL WEATHER SERVICE BROWNSVILLE TX
427 PM CST TUE JAN 27 2015


...................................

...THE HARLINGEN CLIMATE SUMMARY FOR JANUARY 27 2015...
VALID TODAY AS OF 0400 PM LOCAL TIME.

CLIMATE NORMAL PERIOD 1981 TO 2010
CLIMATE RECORD PERIOD 1912 TO 2015


WEATHER ITEM   OBSERVED TIME   RECORD YEAR NORMAL DEPARTURE LAST
                VALUE   (LST)  VALUE       VALUE  FROM      YEAR
                                                  NORMAL
..................................................................
TEMPERATURE (F)
 TODAY
  MAXIMUM         82    318 PM  88    1950  71     11       81
  MINIMUM         48    628 AM  30    1966  51     -3       53
  AVERAGE         65                        61      4       67

PRECIPITATION (IN)
  TODAY            0.00          1.00 1934   0.04  -0.04     0.00
  MONTH TO DATE    1.91                      0.88   1.03     0.19
  SINCE DEC 1      4.22                      2.14   2.08     3.91
  SINCE JAN 1      1.91                      0.88   1.03     0.19

SNOWFALL (IN)
  TODAY            0.0
  MONTH TO DATE    0.0
  SINCE DEC 1      0.0
  SINCE JUL 1      0.0
  SNOW DEPTH       0

DEGREE DAYS
 HEATING
  TODAY            0                         6     -6        0
  MONTH TO DATE  310                       178    132      203
  SINCE DEC 1    398                       369     29      445
  SINCE JUL 1    533                       426    107      577

 COOLING
  TODAY            0                         2     -2        2
  MONTH TO DATE    9                        50    -41       16
  SINCE DEC 1    100                       108     -8       79
  SINCE JAN 1      9                        50    -41       16
..................................................................


WIND (MPH)
  HIGHEST WIND SPEED    13   HIGHEST WIND DIRECTION    SW (210)
  HIGHEST GUST SPEED    15   HIGHEST GUST DIRECTION    SW (210)
  AVERAGE WIND SPEED     6.5



WEATHER CONDITIONS
 THE FOLLOWING WEATHER WAS RECORDED TODAY.
  NO SIGNIFICANT WEATHER WAS OBSERVED.


RELATIVE HUMIDITY (PERCENT)
 HIGHEST    83
 LOWEST     20
 AVERAGE    52

..........................................................


THE HARLINGEN CLIMATE NORMALS FOR TOMORROW
                         NORMAL    RECORD    YEAR
 MAXIMUM TEMPERATURE (F)   72        89      1914
 MINIMUM TEMPERATURE (F)   51        26      1925


SUNRISE AND SUNSET
JANUARY 27 2015.......SUNRISE   717 AM CST   SUNSET   610 PM CST
JANUARY 28 2015.......SUNRISE   717 AM CST   SUNSET   611 PM CST


-  INDICATES NEGATIVE NUMBERS.
R  INDICATES RECORD WAS SET OR TIED.
MM INDICATES DATA IS MISSING.
T  INDICATES TRACE AMOUNT.




$$
