000
CDUS44 KBRO 210625
CLIHRL


CLIMATE REPORT
NATIONAL WEATHER SERVICE BROWNSVILLE TX
125 AM CDT THU AUG 21 2014


...................................

...THE HARLINGEN CLIMATE SUMMARY FOR AUGUST 20 2014...

CLIMATE NORMAL PERIOD 1981 TO 2010
CLIMATE RECORD PERIOD 1912 TO 2014


WEATHER ITEM   OBSERVED TIME   RECORD YEAR NORMAL DEPARTURE LAST
                VALUE   (LST)  VALUE       VALUE  FROM      YEAR
                                                  NORMAL
..................................................................
TEMPERATURE (F)
 YESTERDAY
  MAXIMUM         99    235 PM 103    1915  96      3       97
                                      1943
  MINIMUM         77    257 AM  65    1931  75      2       73
  AVERAGE         88                        86      2       85

PRECIPITATION (IN)
  YESTERDAY        0.00          0.87 1961   0.06  -0.06     0.14
  MONTH TO DATE    0.44                      0.76  -0.32     0.46
  SINCE JUN 1      1.32                      5.19  -3.87     2.88
  SINCE JAN 1      6.16                     13.11  -6.95    10.05

SNOWFALL (IN)
  YESTERDAY        0.0
  MONTH TO DATE    0.0
  SINCE JUN 1      0.0
  SINCE JUL 1      0.0

DEGREE DAYS
 HEATING
  YESTERDAY        0                         0      0        0
  MONTH TO DATE    0                         0      0        0
  SINCE JUN 1      0                         0      0        0
  SINCE JUL 1      0                         0      0        0

 COOLING
  YESTERDAY       23                        20      3       20
  MONTH TO DATE  449                       418     31      443
  SINCE JUN 1   1721                      1609    112     1719
  SINCE JAN 1   2657                      2710    -53     2814
..................................................................


WIND (MPH)
  HIGHEST WIND SPEED    30   HIGHEST WIND DIRECTION    SE (150)
  HIGHEST GUST SPEED    36   HIGHEST GUST DIRECTION    SE (150)
  AVERAGE WIND SPEED    16.5



WEATHER CONDITIONS
 THE FOLLOWING WEATHER WAS RECORDED YESTERDAY.
  NO SIGNIFICANT WEATHER WAS OBSERVED.


RELATIVE HUMIDITY (PERCENT)
 HIGHEST    97
 LOWEST     39
 AVERAGE    68

..........................................................


THE HARLINGEN CLIMATE NORMALS FOR TODAY
                         NORMAL    RECORD    YEAR
 MAXIMUM TEMPERATURE (F)   96       104      1930
 MINIMUM TEMPERATURE (F)   75        66      1931


SUNRISE AND SUNSET
AUGUST 21 2014........SUNRISE   706 AM CDT   SUNSET   801 PM CDT
AUGUST 22 2014........SUNRISE   706 AM CDT   SUNSET   800 PM CDT


-  INDICATES NEGATIVE NUMBERS.
R  INDICATES RECORD WAS SET OR TIED.
MM INDICATES DATA IS MISSING.
T  INDICATES TRACE AMOUNT.




$$
