000
CDUS44 KLZK 240638
CLIHRO


CLIMATE REPORT
NATIONAL WEATHER SERVICE LITTLE ROCK AR
1238 AM CST TUE JAN 24 2017


...................................

...THE HARRISON CLIMATE SUMMARY FOR JANUARY 23 2017...

CLIMATE NORMAL PERIOD 1981 TO 2010
CLIMATE RECORD PERIOD 1891 TO 2017


WEATHER ITEM   OBSERVED TIME   RECORD YEAR NORMAL DEPARTURE LAST
                VALUE   (LST)  VALUE       VALUE  FROM      YEAR
                                                  NORMAL
..................................................................
TEMPERATURE (F)
 YESTERDAY
  MAXIMUM         52    336 PM  75    1943  47      5       38
  MINIMUM         34   1044 PM -17    1926  27      7       24
  AVERAGE         43                        37      6       31

PRECIPITATION (IN)
  YESTERDAY        0.01          1.84 1920   0.08  -0.07     0.00
  MONTH TO DATE    2.18                      1.92   0.26     0.95
  SINCE DEC 1      3.50                      5.12  -1.62     9.39
  SINCE JAN 1      2.18                      1.92   0.26     0.95

SNOWFALL (IN)
  YESTERDAY        0.0           6.0  1956   0.2   -0.2      0.0
  MONTH TO DATE    0.4                       2.8   -2.4      0.7
  SINCE DEC 1      0.9                       4.1   -3.2      0.7
  SINCE JUL 1      0.9                       4.6   -3.7      0.7
  SNOW DEPTH       0

DEGREE DAYS
 HEATING
  YESTERDAY       22                        28     -6       34
  MONTH TO DATE  571                       664    -93      723
  SINCE DEC 1   1380                      1499   -119     1284
  SINCE JUL 1   1830                      2263   -433     1870

 COOLING
  YESTERDAY        0                         0      0        0
  MONTH TO DATE    0                         0      0        0
  SINCE DEC 1      0                         0      0        2
  SINCE JAN 1      0                         0      0        0
..................................................................


WIND (MPH)
  HIGHEST WIND SPEED    17   HIGHEST WIND DIRECTION    NW (310)
  HIGHEST GUST SPEED    26   HIGHEST GUST DIRECTION    NW (320)
  AVERAGE WIND SPEED     7.0


SKY COVER
  POSSIBLE SUNSHINE  MM
  AVERAGE SKY COVER 0.5


WEATHER CONDITIONS
 THE FOLLOWING WEATHER WAS RECORDED YESTERDAY.
  LIGHT RAIN
  FOG


RELATIVE HUMIDITY (PERCENT)
 HIGHEST   100          1200 AM
 LOWEST     50           300 PM
 AVERAGE    75

..........................................................


THE HARRISON CLIMATE NORMALS FOR TODAY
                         NORMAL    RECORD    YEAR
 MAXIMUM TEMPERATURE (F)   47        81      1943
 MINIMUM TEMPERATURE (F)   27        -2      1930


SUNRISE AND SUNSET
JANUARY 24 2017.......SUNRISE   719 AM CST   SUNSET   531 PM CST
JANUARY 25 2017.......SUNRISE   718 AM CST   SUNSET   532 PM CST


-  INDICATES NEGATIVE NUMBERS.
R  INDICATES RECORD WAS SET OR TIED.
MM INDICATES DATA IS MISSING.
T  INDICATES TRACE AMOUNT.




$$
