000
CDUS44 KLZK 282058
CLIHRO


CLIMATE REPORT
NATIONAL WEATHER SERVICE LITTLE ROCK AR
358 PM CDT MON JUL 28 2014


...................................

...THE HARRISON CLIMATE SUMMARY FOR JULY 28 2014...
VALID TODAY AS OF 0300 PM LOCAL TIME.

CLIMATE NORMAL PERIOD 1981 TO 2010
CLIMATE RECORD PERIOD 1891 TO 2014


WEATHER ITEM   OBSERVED TIME   RECORD YEAR NORMAL DEPARTURE LAST
                VALUE   (LST)  VALUE       VALUE  FROM      YEAR
                                                  NORMAL
..................................................................
TEMPERATURE (F)
 TODAY
  MAXIMUM         84    255 PM 107    1936  90     -6       77
  MINIMUM         63    540 AM  53    1920  68     -5       61
  AVERAGE         74                        79     -5       69

PRECIPITATION (IN)
  TODAY            0.00          5.55 1946   0.10  -0.10      T
  MONTH TO DATE    3.17                      2.83   0.34     4.91
  SINCE JUN 1      8.05                      7.07   0.98     5.87
  SINCE JAN 1     23.36                     25.07  -1.71    23.99

SNOWFALL (IN)
  TODAY            0.0          MM      MM   0.0    0.0      0.0
  MONTH TO DATE    0.0                       0.0    0.0      0.0
  SINCE JUN 1      0.0                       0.0    0.0      0.0
  SINCE JUL 1      0.0                       0.0    0.0      0.0
  SNOW DEPTH       0

DEGREE DAYS
 HEATING
  TODAY            0                         0      0        0
  MONTH TO DATE    0                         0      0        0
  SINCE JUN 1      0                         6     -6        5
  SINCE JUL 1      0                         0      0        0

 COOLING
  TODAY            9                        14     -5        4
  MONTH TO DATE  263                       373   -110      319
  SINCE JUN 1    538                       638   -100      625
  SINCE JAN 1    725                       777    -52      771
..................................................................


WIND (MPH)
  HIGHEST WIND SPEED    14   HIGHEST WIND DIRECTION     N (350)
  HIGHEST GUST SPEED    18   HIGHEST GUST DIRECTION     W (280)
  AVERAGE WIND SPEED     6.4


SKY COVER
  POSSIBLE SUNSHINE  MM
  AVERAGE SKY COVER 0.0


WEATHER CONDITIONS
 THE FOLLOWING WEATHER WAS RECORDED TODAY.
  NO SIGNIFICANT WEATHER WAS OBSERVED.


RELATIVE HUMIDITY (PERCENT)
 HIGHEST    84           400 AM
 LOWEST     43           200 PM
 AVERAGE    64

..........................................................


THE HARRISON CLIMATE NORMALS FOR TOMORROW
                         NORMAL    RECORD    YEAR
 MAXIMUM TEMPERATURE (F)   90       107      1986
 MINIMUM TEMPERATURE (F)   68        56      1965


SUNRISE AND SUNSET
JULY 28 2014..........SUNRISE   616 AM CDT   SUNSET   821 PM CDT
JULY 29 2014..........SUNRISE   617 AM CDT   SUNSET   821 PM CDT


-  INDICATES NEGATIVE NUMBERS.
R  INDICATES RECORD WAS SET OR TIED.
MM INDICATES DATA IS MISSING.
T  INDICATES TRACE AMOUNT.




$$
