000
CDUS44 KLZK 222255
CLIHRO


CLIMATE REPORT
NATIONAL WEATHER SERVICE LITTLE ROCK AR
455 PM CST THU FEB 22 2018


...................................

...THE HARRISON CLIMATE SUMMARY FOR FEBRUARY 22 2018...
VALID TODAY AS OF 0400 PM LOCAL TIME.

CLIMATE NORMAL PERIOD 1981 TO 2010
CLIMATE RECORD PERIOD 1891 TO 2018


WEATHER ITEM   OBSERVED TIME   RECORD YEAR NORMAL DEPARTURE LAST
                VALUE   (LST)  VALUE       VALUE  FROM      YEAR
                                                  NORMAL
..................................................................
TEMPERATURE (F)
 TODAY
  MAXIMUM         43    116 PM  77    1995  52     -9       76
                                      1927
  MINIMUM         31    534 AM   2    1912  32     -1       55
  AVERAGE         37                        42     -5       66

PRECIPITATION (IN)
  TODAY            0.17          1.48 1979   0.10   0.07     0.00
  MONTH TO DATE    3.85                      2.02   1.83     1.37
  SINCE DEC 1      8.36                      7.78   0.58     4.87
  SINCE JAN 1      6.48                      4.58   1.90     3.55

SNOWFALL (IN)
  TODAY            0.0           4.0  1966   0.1   -0.1      0.0
  MONTH TO DATE    0.3                       2.6   -2.3      0.0
  SINCE DEC 1      2.1                       8.1   -6.0      0.9
  SINCE JUL 1      2.1                       8.6   -6.5      0.9
  SNOW DEPTH       0

DEGREE DAYS
 HEATING
  TODAY           28                        23      5        0
  MONTH TO DATE  544                       555    -11      318
  SINCE DEC 1   2269                      2277     -8     1868
  SINCE JUL 1   2865                      3041   -176     2318

 COOLING
  TODAY            0                         0      0        1
  MONTH TO DATE    5                         0      5        4
  SINCE DEC 1      5                         0      5        4
  SINCE JAN 1      5                         0      5        4
..................................................................


WIND (MPH)
  HIGHEST WIND SPEED    16   HIGHEST WIND DIRECTION     E (110)
  HIGHEST GUST SPEED    19   HIGHEST GUST DIRECTION    SE (120)
  AVERAGE WIND SPEED     6.2


SKY COVER
  POSSIBLE SUNSHINE  MM
  AVERAGE SKY COVER 1.0


WEATHER CONDITIONS
 THE FOLLOWING WEATHER WAS RECORDED TODAY.
  RAIN
  LIGHT RAIN
  LT FREEZING RAIN
  FOG
  FOG W/VISIBILITY <= 1/4 MILE


RELATIVE HUMIDITY (PERCENT)
 HIGHEST   100          1200 AM
 LOWEST     89           100 PM
 AVERAGE    95

..........................................................


THE HARRISON CLIMATE NORMALS FOR TOMORROW
                         NORMAL    RECORD    YEAR
 MAXIMUM TEMPERATURE (F)   53        84      1930
 MINIMUM TEMPERATURE (F)   32         5      1910


SUNRISE AND SUNSET
FEBRUARY 22 2018......SUNRISE   652 AM CST   SUNSET   601 PM CST
FEBRUARY 23 2018......SUNRISE   651 AM CST   SUNSET   602 PM CST


-  INDICATES NEGATIVE NUMBERS.
R  INDICATES RECORD WAS SET OR TIED.
MM INDICATES DATA IS MISSING.
T  INDICATES TRACE AMOUNT.




$$
