000
CDUS44 KLZK 222202
CLIHRO


CLIMATE REPORT
NATIONAL WEATHER SERVICE LITTLE ROCK AR
401 PM CST WED FEB 22 2017


...................................

...THE HARRISON CLIMATE SUMMARY FOR FEBRUARY 22 2017...
VALID TODAY AS OF 0400 PM LOCAL TIME.

CLIMATE NORMAL PERIOD 1981 TO 2010
CLIMATE RECORD PERIOD 1891 TO 2017


WEATHER ITEM   OBSERVED TIME   RECORD YEAR NORMAL DEPARTURE LAST
                VALUE   (LST)  VALUE       VALUE  FROM      YEAR
                                                  NORMAL
..................................................................
TEMPERATURE (F)
 TODAY
  MAXIMUM         75    259 PM  77    1995  52     23       56
                                      1927
  MINIMUM         55    941 AM   2    1912  32     23       37
  AVERAGE         65                        42     23       47

PRECIPITATION (IN)
  TODAY            0.00          1.48 1979   0.10  -0.10     0.00
  MONTH TO DATE    1.37                      2.02  -0.65     0.24
  SINCE DEC 1      4.87                      7.78  -2.91     9.63
  SINCE JAN 1      3.55                      4.58  -1.03     1.19

SNOWFALL (IN)
  TODAY            0.0           4.0  1966   0.1   -0.1      0.0
  MONTH TO DATE    0.0                       2.6   -2.6       T
  SINCE DEC 1      0.9                       8.1   -7.2      0.7
  SINCE JUL 1      0.9                       8.6   -7.7      0.7
  SNOW DEPTH       0

DEGREE DAYS
 HEATING
  TODAY            0                        23    -23       18
  MONTH TO DATE  318                       555   -237      466
  SINCE DEC 1   1868                      2277   -409     1890
  SINCE JUL 1   2318                      3041   -723     2476

 COOLING
  TODAY            0                         0      0        0
  MONTH TO DATE    3                         0      3        0
  SINCE DEC 1      3                         0      3        2
  SINCE JAN 1      3                         0      3        0
..................................................................


WIND (MPH)
  HIGHEST WIND SPEED    14   HIGHEST WIND DIRECTION     S (160)
  HIGHEST GUST SPEED    19   HIGHEST GUST DIRECTION    SE (150)
  AVERAGE WIND SPEED     4.2


SKY COVER
  POSSIBLE SUNSHINE  MM
  AVERAGE SKY COVER 0.8


WEATHER CONDITIONS
 THE FOLLOWING WEATHER WAS RECORDED TODAY.
  FOG


RELATIVE HUMIDITY (PERCENT)
 HIGHEST   100          1200 AM
 LOWEST     50           300 PM
 AVERAGE    75

..........................................................


THE HARRISON CLIMATE NORMALS FOR TOMORROW
                         NORMAL    RECORD    YEAR
 MAXIMUM TEMPERATURE (F)   53        84      1930
 MINIMUM TEMPERATURE (F)   32         5      1910


SUNRISE AND SUNSET
FEBRUARY 22 2017......SUNRISE   652 AM CST   SUNSET   601 PM CST
FEBRUARY 23 2017......SUNRISE   650 AM CST   SUNSET   602 PM CST


-  INDICATES NEGATIVE NUMBERS.
R  INDICATES RECORD WAS SET OR TIED.
MM INDICATES DATA IS MISSING.
T  INDICATES TRACE AMOUNT.




$$
