000
CDUS44 KLZK 250647
CLIHRO


CLIMATE REPORT
NATIONAL WEATHER SERVICE LITTLE ROCK AR
147 AM CDT SUN JUN 25 2017


...................................

...THE HARRISON CLIMATE SUMMARY FOR JUNE 24 2017...

CLIMATE NORMAL PERIOD 1981 TO 2010
CLIMATE RECORD PERIOD 1891 TO 2017


WEATHER ITEM   OBSERVED TIME   RECORD YEAR NORMAL DEPARTURE LAST
                VALUE   (LST)  VALUE       VALUE  FROM      YEAR
                                                  NORMAL
..................................................................
TEMPERATURE (F)
 YESTERDAY
  MAXIMUM         77    546 PM 103    1933  87    -10       89
  MINIMUM         58    519 AM  50    1974  65     -7       69
                                      1961
                                      1912
  AVERAGE         68                        76     -8       79

PRECIPITATION (IN)
  YESTERDAY        0.00          2.38 1915   0.15  -0.15     0.15
  MONTH TO DATE    2.11                      3.49  -1.38     2.39
  SINCE JUN 1      2.11                      3.49  -1.38     2.39
  SINCE JAN 1     28.19                     21.49   6.70    15.22

SNOWFALL (IN)
  YESTERDAY        0.0          MM      MM   0.0    0.0      0.0
  MONTH TO DATE    0.0                       0.0    0.0      0.0
  SINCE JUN 1      0.0                       0.0    0.0      0.0
  SINCE JUL 1      3.4                      11.5   -8.1      3.7
  SNOW DEPTH       0

DEGREE DAYS
 HEATING
  YESTERDAY        0                         0      0        0
  MONTH TO DATE    0                         3     -3        0
  SINCE JUN 1      0                         3     -3        0
  SINCE JUL 1   2996                      4001  -1005     3233

 COOLING
  YESTERDAY        3                        11     -8       14
  MONTH TO DATE  191                       198     -7      278
  SINCE JUN 1    191                       198     -7      278
  SINCE JAN 1    342                       337      5      383
..................................................................


WIND (MPH)
  HIGHEST WIND SPEED    12   HIGHEST WIND DIRECTION    NW (330)
  HIGHEST GUST SPEED    16   HIGHEST GUST DIRECTION     N (350)
  AVERAGE WIND SPEED     5.3


SKY COVER
  POSSIBLE SUNSHINE  MM
  AVERAGE SKY COVER 0.1


WEATHER CONDITIONS
 THE FOLLOWING WEATHER WAS RECORDED YESTERDAY.
  NO SIGNIFICANT WEATHER WAS OBSERVED.


RELATIVE HUMIDITY (PERCENT)
 HIGHEST   100          1200 AM
 LOWEST     43           300 PM
 AVERAGE    72

..........................................................


THE HARRISON CLIMATE NORMALS FOR TODAY
                         NORMAL    RECORD    YEAR
 MAXIMUM TEMPERATURE (F)   87       103      2012
 MINIMUM TEMPERATURE (F)   65        46      1974


SUNRISE AND SUNSET
JUNE 25 2017..........SUNRISE   557 AM CDT   SUNSET   834 PM CDT
JUNE 26 2017..........SUNRISE   557 AM CDT   SUNSET   834 PM CDT


-  INDICATES NEGATIVE NUMBERS.
R  INDICATES RECORD WAS SET OR TIED.
MM INDICATES DATA IS MISSING.
T  INDICATES TRACE AMOUNT.




$$
