000
CDUS44 KLZK 290651
CLIHRO


CLIMATE REPORT
NATIONAL WEATHER SERVICE LITTLE ROCK AR
150 AM CDT FRI APR 29 2016


...................................

...THE HARRISON CLIMATE SUMMARY FOR APRIL 28 2016...

CLIMATE NORMAL PERIOD 1981 TO 2010
CLIMATE RECORD PERIOD 1891 TO 2016


WEATHER ITEM   OBSERVED TIME   RECORD YEAR NORMAL DEPARTURE LAST
                VALUE   (LST)  VALUE       VALUE  FROM      YEAR
                                                  NORMAL
..................................................................
TEMPERATURE (F)
 YESTERDAY
  MAXIMUM         77    437 PM  94    1927  72      5       65
  MINIMUM         52    558 AM  30    1928  51      1       44
  AVERAGE         65                        61      4       55

PRECIPITATION (IN)
  YESTERDAY        0.00          2.28 1915   0.17  -0.17     0.00
  MONTH TO DATE    1.18                      3.99  -2.81     2.76
  SINCE MAR 1      4.97                      7.78  -2.81     8.70
  SINCE JAN 1      7.25                     12.98  -5.73    12.24

SNOWFALL (IN)
  YESTERDAY        0.0          MM      MM   0.0    0.0      0.0
  MONTH TO DATE    0.0                       0.3   -0.3      0.0
  SINCE MAR 1      0.0                       2.3   -2.3      4.3
  SINCE JUL 1      3.7                      11.5   -7.8     13.6
  SNOW DEPTH       0

DEGREE DAYS
 HEATING
  YESTERDAY        0                         5     -5       10
  MONTH TO DATE  145                       231    -86      190
  SINCE MAR 1    508                       739   -231      696
  SINCE JUL 1   3121                      3911   -790     4091

 COOLING
  YESTERDAY        0                         1     -1        0
  MONTH TO DATE   14                        28    -14       21
  SINCE MAR 1     19                        34    -15       25
  SINCE JAN 1     19                        34    -15       25
..................................................................


WIND (MPH)
  HIGHEST WIND SPEED    14   HIGHEST WIND DIRECTION     W (280)
  HIGHEST GUST SPEED    18   HIGHEST GUST DIRECTION     W (270)
  AVERAGE WIND SPEED     4.7


SKY COVER
  POSSIBLE SUNSHINE  MM
  AVERAGE SKY COVER 0.0


WEATHER CONDITIONS
 THE FOLLOWING WEATHER WAS RECORDED YESTERDAY.
  NO SIGNIFICANT WEATHER WAS OBSERVED.


RELATIVE HUMIDITY (PERCENT)
 HIGHEST    83           300 AM
 LOWEST     29           400 PM
 AVERAGE    56

..........................................................


THE HARRISON CLIMATE NORMALS FOR TODAY
                         NORMAL    RECORD    YEAR
 MAXIMUM TEMPERATURE (F)   72        90      1962
 MINIMUM TEMPERATURE (F)   51        29      1908


SUNRISE AND SUNSET
APRIL 29 2016.........SUNRISE   621 AM CDT   SUNSET   759 PM CDT
APRIL 30 2016.........SUNRISE   620 AM CDT   SUNSET   800 PM CDT


-  INDICATES NEGATIVE NUMBERS.
R  INDICATES RECORD WAS SET OR TIED.
MM INDICATES DATA IS MISSING.
T  INDICATES TRACE AMOUNT.




$$
