000
CDUS44 KLZK 262100
CLIHRO


CLIMATE REPORT
NATIONAL WEATHER SERVICE LITTLE ROCK AR
359 PM CDT THU MAY 26 2016


...................................

...THE HARRISON CLIMATE SUMMARY FOR MAY 26 2016...
VALID TODAY AS OF 0300 PM LOCAL TIME.

CLIMATE NORMAL PERIOD 1981 TO 2010
CLIMATE RECORD PERIOD 1891 TO 2016


WEATHER ITEM   OBSERVED TIME   RECORD YEAR NORMAL DEPARTURE LAST
                VALUE   (LST)  VALUE       VALUE  FROM      YEAR
                                                  NORMAL
..................................................................
TEMPERATURE (F)
 TODAY
  MAXIMUM         85   1240 PM  96    1926  79      6       79
  MINIMUM         68    237 AM  34    1925  58     10       59
  AVERAGE         77                        68      9       69

PRECIPITATION (IN)
  TODAY            0.00          2.45 1939   0.13  -0.13     0.00
  MONTH TO DATE    3.32                      3.99  -0.67     9.06
  SINCE MAR 1     10.38                     12.10  -1.72    17.76
  SINCE JAN 1     12.66                     17.30  -4.64    21.30

SNOWFALL (IN)
  TODAY            0.0          MM      MM   0.0    0.0      0.0
  MONTH TO DATE    0.0                       0.0    0.0      0.0
  SINCE MAR 1      0.0                       2.3   -2.3      4.3
  SINCE JUL 1      3.7                      11.5   -7.8     13.6
  SNOW DEPTH       0

DEGREE DAYS
 HEATING
  TODAY            0                         1     -1        0
  MONTH TO DATE  104                        72     32       54
  SINCE MAR 1    620                       821   -201      757
  SINCE JUL 1   3233                      3993   -760     4152

 COOLING
  TODAY           12                         5      7        4
  MONTH TO DATE   51                        78    -27       72
  SINCE MAR 1     74                       115    -41       97
  SINCE JAN 1     74                       115    -41       97
..................................................................


WIND (MPH)
  HIGHEST WIND SPEED    18   HIGHEST WIND DIRECTION     S (170)
  HIGHEST GUST SPEED    23   HIGHEST GUST DIRECTION     S (160)
  AVERAGE WIND SPEED     7.4


SKY COVER
  POSSIBLE SUNSHINE  MM
  AVERAGE SKY COVER 0.5


WEATHER CONDITIONS
 THE FOLLOWING WEATHER WAS RECORDED TODAY.
  FOG


RELATIVE HUMIDITY (PERCENT)
 HIGHEST   100          1200 AM
 LOWEST     65           100 PM
 AVERAGE    83

..........................................................


THE HARRISON CLIMATE NORMALS FOR TOMORROW
                         NORMAL    RECORD    YEAR
 MAXIMUM TEMPERATURE (F)   79        97      1926
 MINIMUM TEMPERATURE (F)   58        35      1901


SUNRISE AND SUNSET
MAY 26 2016...........SUNRISE   559 AM CDT   SUNSET   821 PM CDT
MAY 27 2016...........SUNRISE   558 AM CDT   SUNSET   822 PM CDT


-  INDICATES NEGATIVE NUMBERS.
R  INDICATES RECORD WAS SET OR TIED.
MM INDICATES DATA IS MISSING.
T  INDICATES TRACE AMOUNT.




$$
