000
CDUS42 KMHX 020534
CLIHSE


CLIMATE REPORT
NATIONAL WEATHER SERVICE NEWPORT/MOREHEAD CITY NC
133 AM EDT MON MAY 2 2016


...................................

...THE CAPE HATTERAS NC CLIMATE SUMMARY FOR MAY 1 2016...

CLIMATE NORMAL PERIOD 1981 TO 2010
CLIMATE RECORD PERIOD 1874 TO 2016


WEATHER ITEM   OBSERVED TIME   RECORD YEAR NORMAL DEPARTURE LAST
                VALUE   (LST)  VALUE       VALUE  FROM      YEAR
                                                  NORMAL
..................................................................
TEMPERATURE (F)
 YESTERDAY
  MAXIMUM         73    356 PM  81    1991  70      3       61
                                      1957
  MINIMUM         59    447 AM  41    1982  57      2       48
  AVERAGE         66                        63      3       55

PRECIPITATION (IN)
  YESTERDAY        0.00          1.72 1999   0.12  -0.12     0.14
  MONTH TO DATE    0.00                      0.12  -0.12     0.14
  SINCE MAR 1      8.28                      8.53  -0.25     4.61
  SINCE JAN 1     21.39                     17.79   3.60    16.56

SNOWFALL (IN)
  YESTERDAY        0.0
  MONTH TO DATE    0.0
  SINCE NOV 1      T
  SINCE JUL 1      T
  SNOW DEPTH       0

DEGREE DAYS
 HEATING
  YESTERDAY        0                         3     -3       10
  MONTH TO DATE    0                         3     -3       10
  SINCE MAR 1    366                       613   -247      587
  SINCE JUL 1   1679                      2537   -858     2760

 COOLING
  YESTERDAY        1                         2     -1        0
  MONTH TO DATE    1                         2     -1        0
  SINCE MAR 1     55                        30     25       17
  SINCE JAN 1     56                        30     26       19
..................................................................


WIND (MPH)
  HIGHEST WIND SPEED    13   HIGHEST WIND DIRECTION    SW (210)
  HIGHEST GUST SPEED    18   HIGHEST GUST DIRECTION    SW (210)
  AVERAGE WIND SPEED     6.9


SKY COVER
  POSSIBLE SUNSHINE  MM
  AVERAGE SKY COVER 0.3


WEATHER CONDITIONS
 THE FOLLOWING WEATHER WAS RECORDED YESTERDAY.
  NO SIGNIFICANT WEATHER WAS OBSERVED.


RELATIVE HUMIDITY (PERCENT)
 HIGHEST    93          1100 PM
 LOWEST     73           900 AM
 AVERAGE    83

..........................................................


THE CAPE HATTERAS NC CLIMATE NORMALS FOR TODAY
                         NORMAL    RECORD    YEAR
 MAXIMUM TEMPERATURE (F)   70        82      1910
 MINIMUM TEMPERATURE (F)   57        39      1971


SUNRISE AND SUNSET
MAY  2 2016...........SUNRISE   610 AM EDT   SUNSET   750 PM EDT
MAY  3 2016...........SUNRISE   609 AM EDT   SUNSET   750 PM EDT


-  INDICATES NEGATIVE NUMBERS.
R  INDICATES RECORD WAS SET OR TIED.
MM INDICATES DATA IS MISSING.
T  INDICATES TRACE AMOUNT.




$$
