000
CDUS42 KMHX 270534
CLIHSE


CLIMATE REPORT
NATIONAL WEATHER SERVICE NEWPORT/MOREHEAD CITY NC
133 AM EDT THU AUG 27 2015


...................................

...THE CAPE HATTERAS NC CLIMATE SUMMARY FOR AUGUST 26 2015...

CLIMATE NORMAL PERIOD 1981 TO 2010
CLIMATE RECORD PERIOD 1874 TO 2015


WEATHER ITEM   OBSERVED TIME   RECORD YEAR NORMAL DEPARTURE LAST
                VALUE   (LST)  VALUE       VALUE  FROM      YEAR
                                                  NORMAL
..................................................................
TEMPERATURE (F)
 YESTERDAY
  MAXIMUM         86   1117 AM  92    1975  83      3       80
  MINIMUM         75    241 AM  60    1986  73      2       70
  AVERAGE         81                        78      3       75

PRECIPITATION (IN)
  YESTERDAY        T             3.91 1908   0.25  -0.25      T
  MONTH TO DATE    4.44                      5.70  -1.26    10.05
  SINCE JUN 1     15.84                     14.72   1.12    18.26
  SINCE JAN 1     35.47                     35.96  -0.49    41.05

SNOWFALL (IN)
  YESTERDAY        0.0
  MONTH TO DATE    0.0
  SINCE NOV 1      2.0
  SINCE JUL 1      0.0
  SNOW DEPTH       0

DEGREE DAYS
 HEATING
  YESTERDAY        0                         0      0        0
  MONTH TO DATE    0                         0      0        0
  SINCE JUN 1      0                         3     -3        0
  SINCE JUL 1      0                         0      0        0

 COOLING
  YESTERDAY       16                        13      3       10
  MONTH TO DATE  372                       355     17      353
  SINCE JUN 1   1288                      1100    188     1064
  SINCE JAN 1   1455                      1243    212     1300
..................................................................


WIND (MPH)
  HIGHEST WIND SPEED    10   HIGHEST WIND DIRECTION    NE (30)
  HIGHEST GUST SPEED    17   HIGHEST GUST DIRECTION     N (20)
  AVERAGE WIND SPEED     4.0


SKY COVER
  POSSIBLE SUNSHINE  MM
  AVERAGE SKY COVER 0.2


WEATHER CONDITIONS
 THE FOLLOWING WEATHER WAS RECORDED YESTERDAY.
  LIGHT RAIN


RELATIVE HUMIDITY (PERCENT)
 HIGHEST    91           700 PM
 LOWEST     70          1100 AM
 AVERAGE    81

..........................................................


THE CAPE HATTERAS NC CLIMATE NORMALS FOR TODAY
                         NORMAL    RECORD    YEAR
 MAXIMUM TEMPERATURE (F)   83        91      1975
                                             1965
 MINIMUM TEMPERATURE (F)   72        60      1982


SUNRISE AND SUNSET
AUGUST 27 2015........SUNRISE   631 AM EDT   SUNSET   736 PM EDT
AUGUST 28 2015........SUNRISE   632 AM EDT   SUNSET   735 PM EDT


-  INDICATES NEGATIVE NUMBERS.
R  INDICATES RECORD WAS SET OR TIED.
MM INDICATES DATA IS MISSING.
T  INDICATES TRACE AMOUNT.




$$
