000
CDUS42 KMHX 200526
CLIHSE


CLIMATE REPORT
NATIONAL WEATHER SERVICE NEWPORT/MOREHEAD CITY NC
1226 AM EST SAT JAN 20 2018


...................................

...THE CAPE HATTERAS NC CLIMATE SUMMARY FOR JANUARY 19 2018...

CLIMATE NORMAL PERIOD 1981 TO 2010
CLIMATE RECORD PERIOD 1874 TO 2018


WEATHER ITEM   OBSERVED TIME   RECORD YEAR NORMAL DEPARTURE LAST
                VALUE   (LST)  VALUE       VALUE  FROM      YEAR
                                                  NORMAL
..................................................................
TEMPERATURE (F)
 YESTERDAY
  MAXIMUM         52    415 PM  74    1987  52      0       55
  MINIMUM         31    558 AM  17    1994  39     -8       41
  AVERAGE         42                        45     -3       48

PRECIPITATION (IN)
  YESTERDAY        0.00          2.77 1986   0.17  -0.17     0.00
  MONTH TO DATE    6.00                      3.23   2.77     2.92
  SINCE DEC 1     10.90                      7.50   3.40     7.93
  SINCE JAN 1      6.00                      3.23   2.77     2.92

SNOWFALL (IN)
  YESTERDAY        0.0
  MONTH TO DATE    3.5
  SINCE NOV 1      3.5
  SINCE JUL 1      3.5
  SNOW DEPTH       1

DEGREE DAYS
 HEATING
  YESTERDAY       23                        20      3       17
  MONTH TO DATE  503                       373    130      250
  SINCE DEC 1    976                       862    114      636
  SINCE JUL 1   1222                      1180     42      908

 COOLING
  YESTERDAY        0                         0      0        0
  MONTH TO DATE    0                         0      0        0
  SINCE DEC 1      2                         3     -1        3
  SINCE JAN 1      0                         0      0        0
..................................................................


WIND (MPH)
  HIGHEST WIND SPEED    12   HIGHEST WIND DIRECTION     W (250)
  HIGHEST GUST SPEED    17   HIGHEST GUST DIRECTION     W (260)
  AVERAGE WIND SPEED     6.9


SKY COVER
  POSSIBLE SUNSHINE  MM
  AVERAGE SKY COVER 0.0


WEATHER CONDITIONS
 THE FOLLOWING WEATHER WAS RECORDED YESTERDAY.
  NO SIGNIFICANT WEATHER WAS OBSERVED.


RELATIVE HUMIDITY (PERCENT)
 HIGHEST    92           600 AM
 LOWEST     46           200 PM
 AVERAGE    69

..........................................................


THE CAPE HATTERAS NC CLIMATE NORMALS FOR TODAY
                         NORMAL    RECORD    YEAR
 MAXIMUM TEMPERATURE (F)   52        72      1907
 MINIMUM TEMPERATURE (F)   39        10      1985


SUNRISE AND SUNSET
JANUARY 20 2018.......SUNRISE   709 AM EST   SUNSET   519 PM EST
JANUARY 21 2018.......SUNRISE   708 AM EST   SUNSET   520 PM EST


-  INDICATES NEGATIVE NUMBERS.
R  INDICATES RECORD WAS SET OR TIED.
MM INDICATES DATA IS MISSING.
T  INDICATES TRACE AMOUNT.




$$
