000
CDUS42 KMHX 250532
CLIHSE


CLIMATE REPORT
NATIONAL WEATHER SERVICE NEWPORT/MOREHEAD CITY NC
131 AM EDT WED MAY 25 2016


...................................

...THE CAPE HATTERAS NC CLIMATE SUMMARY FOR MAY 24 2016...

CLIMATE NORMAL PERIOD 1981 TO 2010
CLIMATE RECORD PERIOD 1874 TO 2016


WEATHER ITEM   OBSERVED TIME   RECORD YEAR NORMAL DEPARTURE LAST
                VALUE   (LST)  VALUE       VALUE  FROM      YEAR
                                                  NORMAL
..................................................................
TEMPERATURE (F)
 YESTERDAY
  MAXIMUM         74    230 PM  87    1992  76     -2       78
  MINIMUM         61   1237 AM  47    2002  63     -2       60
                                      1990
  AVERAGE         68                        69     -1       69

PRECIPITATION (IN)
  YESTERDAY        0.00          2.25 1979   0.12  -0.12     0.00
  MONTH TO DATE    4.45                      2.78   1.67     3.21
  SINCE MAR 1     12.73                     11.19   1.54     7.68
  SINCE JAN 1     25.84                     20.45   5.39    19.63

SNOWFALL (IN)
  YESTERDAY        0.0
  MONTH TO DATE    0.0
  SINCE NOV 1      T
  SINCE JUL 1      T
  SNOW DEPTH       0

DEGREE DAYS
 HEATING
  YESTERDAY        0                         1     -1        0
  MONTH TO DATE   21                        45    -24       56
  SINCE MAR 1    387                       655   -268      633
  SINCE JUL 1   1700                      2579   -879     2806

 COOLING
  YESTERDAY        3                         5     -2        4
  MONTH TO DATE   81                        75      6       75
  SINCE MAR 1    135                       103     32       92
  SINCE JAN 1    136                       103     33       94
..................................................................


WIND (MPH)
  HIGHEST WIND SPEED    17   HIGHEST WIND DIRECTION    SW (240)
  HIGHEST GUST SPEED    24   HIGHEST GUST DIRECTION    SW (230)
  AVERAGE WIND SPEED    10.3


SKY COVER
  POSSIBLE SUNSHINE  MM
  AVERAGE SKY COVER 0.0


WEATHER CONDITIONS
 THE FOLLOWING WEATHER WAS RECORDED YESTERDAY.
  NO SIGNIFICANT WEATHER WAS OBSERVED.


RELATIVE HUMIDITY (PERCENT)
 HIGHEST    81          1000 PM
 LOWEST     57          1200 PM
 AVERAGE    69

..........................................................


THE CAPE HATTERAS NC CLIMATE NORMALS FOR TODAY
                         NORMAL    RECORD    YEAR
 MAXIMUM TEMPERATURE (F)   76        86      1991
                                             1933
 MINIMUM TEMPERATURE (F)   63        45      1967


SUNRISE AND SUNSET
MAY 25 2016...........SUNRISE   552 AM EDT   SUNSET   808 PM EDT
MAY 26 2016...........SUNRISE   551 AM EDT   SUNSET   808 PM EDT


-  INDICATES NEGATIVE NUMBERS.
R  INDICATES RECORD WAS SET OR TIED.
MM INDICATES DATA IS MISSING.
T  INDICATES TRACE AMOUNT.




$$
