000
CDUS42 KMHX 280626
CLIHSE


CLIMATE REPORT
NATIONAL WEATHER SERVICE NEWPORT/MOREHEAD CITY NC
126 AM EST SAT FEB 28 2015


...................................

...THE CAPE HATTERAS NC CLIMATE SUMMARY FOR FEBRUARY 27 2015...

CLIMATE NORMAL PERIOD 1981 TO 2010
CLIMATE RECORD PERIOD 1874 TO 2015


WEATHER ITEM   OBSERVED TIME   RECORD YEAR NORMAL DEPARTURE LAST
                VALUE   (LST)  VALUE       VALUE  FROM      YEAR
                                                  NORMAL
..................................................................
TEMPERATURE (F)
 YESTERDAY
  MAXIMUM         42    129 PM  72    1977  55    -13       52
  MINIMUM         34    741 AM  17    1970  41     -7       39
  AVERAGE         38                        48    -10       46

PRECIPITATION (IN)
  YESTERDAY        0.00          3.81 1899   0.14  -0.14     0.00
  MONTH TO DATE    7.34                      3.88   3.46     4.75
  SINCE DEC 1     14.40                     13.39   1.01    13.99
  SINCE JAN 1     11.95                      9.12   2.83    10.09

SNOWFALL (IN)
  YESTERDAY        0.0
  MONTH TO DATE    2.0
  SINCE NOV 1      2.0
  SINCE JUL 1      2.0
  SNOW DEPTH       0

DEGREE DAYS
 HEATING
  YESTERDAY       27                        17     10       19
  MONTH TO DATE  707                       494    213      463
  SINCE DEC 1   1743                      1589    154     1493
  SINCE JUL 1   2144                      1907    237     1808

 COOLING
  YESTERDAY        0                         0      0        0
  MONTH TO DATE    0                         0      0        0
  SINCE DEC 1      2                         3     -1        7
  SINCE JAN 1      2                         0      2        0
..................................................................


WIND (MPH)
  HIGHEST WIND SPEED    13   HIGHEST WIND DIRECTION    NE (30)
  HIGHEST GUST SPEED    22   HIGHEST GUST DIRECTION     N (10)
  AVERAGE WIND SPEED     8.5


SKY COVER
  POSSIBLE SUNSHINE  MM
  AVERAGE SKY COVER 0.3


WEATHER CONDITIONS
 THE FOLLOWING WEATHER WAS RECORDED YESTERDAY.
  NO SIGNIFICANT WEATHER WAS OBSERVED.


RELATIVE HUMIDITY (PERCENT)
 HIGHEST    92          1100 PM
 LOWEST     60           100 PM
 AVERAGE    76

..........................................................


THE CAPE HATTERAS NC CLIMATE NORMALS FOR TODAY
                         NORMAL    RECORD    YEAR
 MAXIMUM TEMPERATURE (F)   55        73      1954
 MINIMUM TEMPERATURE (F)   41        24      1906


SUNRISE AND SUNSET
FEBRUARY 28 2015......SUNRISE   634 AM EST   SUNSET   557 PM EST
MARCH  1 2015.........SUNRISE   632 AM EST   SUNSET   558 PM EST


-  INDICATES NEGATIVE NUMBERS.
R  INDICATES RECORD WAS SET OR TIED.
MM INDICATES DATA IS MISSING.
T  INDICATES TRACE AMOUNT.




$$
