000
CDUS43 KGID 210624
CLIHSI


CLIMATE REPORT
NATIONAL WEATHER SERVICE HASTINGS NE
1223 AM CST WED FEB 21 2018


...................................

...THE HASTINGS NE CLIMATE SUMMARY FOR FEBRUARY 20 2018...

CLIMATE NORMAL PERIOD 1981 TO 2010
CLIMATE RECORD PERIOD 1894 TO 2018


WEATHER ITEM   OBSERVED TIME   RECORD YEAR NORMAL DEPARTURE LAST
                VALUE   (LST)  VALUE       VALUE  FROM      YEAR
                                                  NORMAL
..................................................................
TEMPERATURE (F)
 YESTERDAY
  MAXIMUM         20    417 PM  73    1930  41    -21       65
  MINIMUM          8   1159 PM -12    1918  21    -13       36
  AVERAGE         14                        31    -17       51

PRECIPITATION (IN)
  YESTERDAY        0.10          0.67 1953   0.01   0.09     0.00
  MONTH TO DATE    0.55                      0.32   0.23     0.03
  SINCE DEC 1      1.32                      1.34  -0.02     1.47
  SINCE JAN 1      1.04                      0.73   0.31     0.86

SNOWFALL (IN)
  YESTERDAY        0.5           5.0  1954   0.2    0.3      0.0
  MONTH TO DATE    7.5                       4.9    2.6      1.1
  SINCE DEC 1     19.2                      17.0    2.2      5.8
  SINCE JUL 1     19.4                      20.8   -1.4      5.9
  SNOW DEPTH       1

DEGREE DAYS
 HEATING
  YESTERDAY       51                        34     17       14
  MONTH TO DATE  886                       722    164      521
  SINCE DEC 1   3300                      3090    210     2853
  SINCE JUL 1   4443                      4371     72     3720

 COOLING
  YESTERDAY        0                         0      0        0
  MONTH TO DATE    0                         0      0        0
  SINCE DEC 1      0                         0      0        0
  SINCE JAN 1      0                         0      0        0
..................................................................


WIND (MPH)
  HIGHEST WIND SPEED    29   HIGHEST WIND DIRECTION     N (340)
  HIGHEST GUST SPEED    36   HIGHEST GUST DIRECTION     N (350)
  AVERAGE WIND SPEED    17.1


SKY COVER
  AVERAGE SKY COVER 0.3


WEATHER CONDITIONS
 THE FOLLOWING WEATHER WAS RECORDED YESTERDAY.
  LIGHT SNOW
  FOG


RELATIVE HUMIDITY (PERCENT)
 HIGHEST    84           200 AM
 LOWEST     56           200 PM
 AVERAGE    70

..........................................................


THE HASTINGS NE CLIMATE NORMALS FOR TODAY
                         NORMAL    RECORD    YEAR
 MAXIMUM TEMPERATURE (F)   42        77      2017
 MINIMUM TEMPERATURE (F)   21       -12      1918


SUNRISE AND SUNSET
FEBRUARY 21 2018......SUNRISE   719 AM CST   SUNSET   616 PM CST
FEBRUARY 22 2018......SUNRISE   718 AM CST   SUNSET   617 PM CST


-  INDICATES NEGATIVE NUMBERS.
R  INDICATES RECORD WAS SET OR TIED.
MM INDICATES DATA IS MISSING.
T  INDICATES TRACE AMOUNT.




$$
