000
CDUS43 KGID 210632
CLIHSI


CLIMATE REPORT
NATIONAL WEATHER SERVICE HASTINGS NE
1231 AM CST SUN DEC 21 2014


...................................

...THE HASTINGS NE CLIMATE SUMMARY FOR DECEMBER 20 2014...

CLIMATE NORMAL PERIOD 1981 TO 2010
CLIMATE RECORD PERIOD 1894 TO 2014


WEATHER ITEM   OBSERVED TIME   RECORD YEAR NORMAL DEPARTURE LAST
                VALUE   (LST)  VALUE       VALUE  FROM      YEAR
                                                  NORMAL
..................................................................
TEMPERATURE (F)
 YESTERDAY
  MAXIMUM         43    424 PM  64    1941  36      7       20
  MINIMUM         26    708 AM -16    1989  17      9        9
  AVERAGE         35                        26      9       15

PRECIPITATION (IN)
  YESTERDAY        0.00          1.10 1918   0.01  -0.01      T
  MONTH TO DATE    0.32                      0.46  -0.14     0.13
  SINCE DEC 1      0.32                      0.46  -0.14     0.13
  SINCE JAN 1     28.99                     26.96   2.03    25.20

SNOWFALL (IN)
  YESTERDAY        0.0           4.5  1983   0.2   -0.2      0.2
  MONTH TO DATE    0.2                       3.8   -3.6      4.6
  SINCE DEC 1      0.2                       3.8   -3.6      4.6
  SINCE JUL 1      1.9                       7.6   -5.7      5.0
  SNOW DEPTH       0

DEGREE DAYS
 HEATING
  YESTERDAY       30                        39     -9       50
  MONTH TO DATE  622                       728   -106      831
  SINCE DEC 1    622                       728   -106      831
  SINCE JUL 1   1960                      2009    -49     2096

 COOLING
  YESTERDAY        0                         0      0        0
  MONTH TO DATE    0                         0      0        0
  SINCE DEC 1      0                         0      0        0
  SINCE JAN 1   1018                      1077    -59     1158
..................................................................


WIND (MPH)
  HIGHEST WIND SPEED    12   HIGHEST WIND DIRECTION    SE (150)
  HIGHEST GUST SPEED    13   HIGHEST GUST DIRECTION    SE (150)
  AVERAGE WIND SPEED     4.4


SKY COVER
  AVERAGE SKY COVER 0.6


WEATHER CONDITIONS
 THE FOLLOWING WEATHER WAS RECORDED YESTERDAY.
  FOG
  FOG W/VISIBILITY <= 1/4 MILE
  HAZE


RELATIVE HUMIDITY (PERCENT)
 HIGHEST   100          1200 AM
 LOWEST     70           200 PM
 AVERAGE    85

..........................................................


THE HASTINGS NE CLIMATE NORMALS FOR TODAY
                         NORMAL    RECORD    YEAR
 MAXIMUM TEMPERATURE (F)   36        65      1933
 MINIMUM TEMPERATURE (F)   17       -20      1916


SUNRISE AND SUNSET
DECEMBER 21 2014......SUNRISE   754 AM CST   SUNSET   510 PM CST
DECEMBER 22 2014......SUNRISE   754 AM CST   SUNSET   510 PM CST


-  INDICATES NEGATIVE NUMBERS.
R  INDICATES RECORD WAS SET OR TIED.
MM INDICATES DATA IS MISSING.
T  INDICATES TRACE AMOUNT.




$$
