302
CDUS43 KGID 232334
CLIHSI


CLIMATE REPORT
NATIONAL WEATHER SERVICE HASTINGS NE
525 PM CST THU NOV 23 2017


...................................

...THE HASTINGS NE CLIMATE SUMMARY FOR NOVEMBER 23 2017...
VALID TODAY AS OF 0500 PM LOCAL TIME.

CLIMATE NORMAL PERIOD 1981 TO 2010
CLIMATE RECORD PERIOD 1894 TO 2017


WEATHER ITEM   OBSERVED TIME   RECORD YEAR NORMAL DEPARTURE LAST
                VALUE   (LST)  VALUE       VALUE  FROM      YEAR
                                                  NORMAL
..................................................................
TEMPERATURE (F)
 TODAY
  MAXIMUM         71R   312 PM  70    1923  45     26       42
  MINIMUM         37    646 AM   3    1950  25     12       30
  AVERAGE         54                        35     19       36

PRECIPITATION (IN)
  TODAY            0.00          1.10 1905   0.04  -0.04     0.00
  MONTH TO DATE    0.08                      1.10  -1.02     1.14
  SINCE SEP 1      6.95                      5.65   1.30     3.16
  SINCE JAN 1     30.39                     26.31   4.08    19.73

SNOWFALL (IN)
  TODAY            0.0           0.9  2003   0.1   -0.1      0.0
  MONTH TO DATE    0.0                       1.7   -1.7      0.1
  SINCE SEP 1      0.2                       2.9   -2.7      0.1
  SINCE JUL 1      0.2                       2.9   -2.7      0.1
  SNOW DEPTH       0

DEGREE DAYS
 HEATING
  TODAY           11                        30    -19       29
  MONTH TO DATE  586                       566     20      388
  SINCE SEP 1   1011                      1053    -42      681
  SINCE JUL 1   1015                      1059    -44      685

 COOLING
  TODAY            0                         0      0        0
  MONTH TO DATE    0                         0      0        0
  SINCE SEP 1    172                       124     48      147
  SINCE JAN 1   1129                      1077     52     1195
..................................................................


WIND (MPH)
  HIGHEST WIND SPEED    15   HIGHEST WIND DIRECTION    SW (220)
  HIGHEST GUST SPEED    23   HIGHEST GUST DIRECTION    SW (240)
  AVERAGE WIND SPEED     6.1


SKY COVER
  AVERAGE SKY COVER 0.0


WEATHER CONDITIONS
 THE FOLLOWING WEATHER WAS RECORDED TODAY.
  NO SIGNIFICANT WEATHER WAS OBSERVED.


RELATIVE HUMIDITY (PERCENT)
 HIGHEST    82           500 AM
 LOWEST     29           300 PM
 AVERAGE    56

..........................................................


THE HASTINGS NE CLIMATE NORMALS FOR TOMORROW
                         NORMAL    RECORD    YEAR
 MAXIMUM TEMPERATURE (F)   45        72      1942
 MINIMUM TEMPERATURE (F)   25        -2      1938


SUNRISE AND SUNSET
NOVEMBER 23 2017......SUNRISE   730 AM CST   SUNSET   510 PM CST
NOVEMBER 24 2017......SUNRISE   731 AM CST   SUNSET   510 PM CST


-  INDICATES NEGATIVE NUMBERS.
R  INDICATES RECORD WAS SET OR TIED.
MM INDICATES DATA IS MISSING.
T  INDICATES TRACE AMOUNT.




$$
