000
CDUS43 KGID 220848 CCA
CLIHSI

CLIMATE REPORT...CORRECTED
NATIONAL WEATHER SERVICE HASTINGS NE
348 AM CDT FRI AUG 22 2014


...................................

...THE HASTINGS NE CLIMATE SUMMARY FOR AUGUST 21 2014...

CLIMATE NORMAL PERIOD 1981 TO 2010
CLIMATE RECORD PERIOD 1894 TO 2014


WEATHER ITEM   OBSERVED TIME   RECORD YEAR NORMAL DEPARTURE LAST
                VALUE   (LST)  VALUE       VALUE  FROM      YEAR
                                                  NORMAL
..................................................................
TEMPERATURE (F)
 YESTERDAY
  MAXIMUM         87    458 PM 101    1943  85      2       MM
  MINIMUM         67    202 AM  47    1956  61      6       MM
  AVERAGE         77                        73      4       MM

PRECIPITATION (IN)
  YESTERDAY        0.73          1.25 1911   0.10   0.63       MM
  MONTH TO DATE    3.71                      2.03   1.68       MM
  SINCE JUN 1     13.88                      9.57   4.31       MM
  SINCE JAN 1     20.82                     19.39   1.43       MM

SNOWFALL (IN)
  YESTERDAY        0.0                       0.0    0.0      0.0
  MONTH TO DATE    0.0                       0.0    0.0      0.0
  SINCE JUN 1      0.0                       0.0    0.0      0.0
  SINCE JUL 1      0.0                       0.0    0.0      0.0
  SNOW DEPTH       0

DEGREE DAYS
 HEATING
  YESTERDAY        0                         0      0       MM
  MONTH TO DATE    0                         0      0       MM
  SINCE JUN 1     14                        22     -8       MM
  SINCE JUL 1      6                         1      5       MM

 COOLING
  YESTERDAY       12                         9      3       MM
  MONTH TO DATE  211                       218    -07       MM
  SINCE JUN 1    722                       819    -97       MM
  SINCE JAN 1    840                       878    -38       MM
..................................................................


WIND (MPH)
  HIGHEST WIND SPEED    32   HIGHEST WIND DIRECTION    NW (340)
  HIGHEST GUST SPEED    44   HIGHEST GUST DIRECTION     S (180)
  AVERAGE WIND SPEED    MM


SKY COVER
  AVERAGE SKY COVER  MM


WEATHER CONDITIONS
 THE FOLLOWING WEATHER WAS RECORDED YESTERDAY.
  THUNDERSTORM
  RAIN

RELATIVE HUMIDITY (PERCENT)
 HIGHEST    MM            MM
 LOWEST     MM            MM
 AVERAGE    MM

..........................................................


THE HASTINGS NE CLIMATE NORMALS FOR TODAY
                         NORMAL    RECORD    YEAR
 MAXIMUM TEMPERATURE (F)   85       104      1938

 MINIMUM TEMPERATURE (F)   61        45      1923




-  INDICATES NEGATIVE NUMBERS.
R  INDICATES RECORD WAS SET OR TIED.
MM INDICATES DATA IS MISSING.
T  INDICATES TRACE AMOUNT.

$$

HALBLAUB
