000
CDUS44 KHUN 240701
CLIHSV


CLIMATE REPORT
NATIONAL WEATHER SERVICE HUNTSVILLE AL
201 AM CDT THU AUG 24 2017


...................................

...THE HUNTSVILLE CLIMATE SUMMARY FOR AUGUST 23 2017...

CLIMATE NORMAL PERIOD 1981 TO 2010
CLIMATE RECORD PERIOD 1894 TO 2017


WEATHER ITEM   OBSERVED TIME   RECORD YEAR NORMAL DEPARTURE LAST
                VALUE   (LST)  VALUE       VALUE  FROM      YEAR
                                                  NORMAL
..................................................................
TEMPERATURE (F)
 YESTERDAY
  MAXIMUM         88    306 PM 103    2007  91     -3       91
  MINIMUM         67   1135 PM  52    1956  69     -2       68
                                      1950
  AVERAGE         78                        80     -2       80

PRECIPITATION (IN)
  YESTERDAY        0.00          1.35 1965   0.12  -0.12     0.00
  MONTH TO DATE    2.43                      2.76  -0.33     3.27
  SINCE JUN 1     16.06                     11.10   4.96    12.60
  SINCE JAN 1     38.78                     35.47   3.31    30.90

SNOWFALL (IN)
  YESTERDAY        0.0
  MONTH TO DATE    0.0
  SINCE JUN 1      0.0
  SINCE JUL 1      0.0
  SNOW DEPTH       0

DEGREE DAYS
 HEATING
  YESTERDAY        0                         0      0        0
  MONTH TO DATE    0                         0      0        0
  SINCE JUN 1      0                         1     -1        0
  SINCE JUL 1      0                         0      0        0

 COOLING
  YESTERDAY       13                        15     -2       15
  MONTH TO DATE  350                       359     -9      408
  SINCE JUN 1   1252                      1221     31     1463
  SINCE JAN 1   1641                      1484    157     1750
..................................................................


WIND (MPH)
  HIGHEST WIND SPEED    14   HIGHEST WIND DIRECTION    NW (330)
  HIGHEST GUST SPEED    18   HIGHEST GUST DIRECTION    NW (320)
  AVERAGE WIND SPEED     6.0


SKY COVER
  POSSIBLE SUNSHINE  MM
  AVERAGE SKY COVER 0.6


WEATHER CONDITIONS
 THE FOLLOWING WEATHER WAS RECORDED YESTERDAY.
  NO SIGNIFICANT WEATHER WAS OBSERVED.


RELATIVE HUMIDITY (PERCENT)
 HIGHEST   100           400 AM
 LOWEST     50           300 PM
 AVERAGE    75

..........................................................


THE HUNTSVILLE CLIMATE NORMALS FOR TODAY
                         NORMAL    RECORD    YEAR
 MAXIMUM TEMPERATURE (F)   91       103      1924
                                             1920
 MINIMUM TEMPERATURE (F)   69        54      1930


SUNRISE AND SUNSET
AUGUST 24 2017........SUNRISE   614 AM CDT   SUNSET   724 PM CDT
AUGUST 25 2017........SUNRISE   615 AM CDT   SUNSET   722 PM CDT


-  INDICATES NEGATIVE NUMBERS.
R  INDICATES RECORD WAS SET OR TIED.
MM INDICATES DATA IS MISSING.
T  INDICATES TRACE AMOUNT.




$$
