000
CDUS44 KHUN 232126
CLIHSV


CLIMATE REPORT
NATIONAL WEATHER SERVICE HUNTSVILLE AL
426 PM CDT TUE AUG 23 2016


...................................

...THE HUNTSVILLE CLIMATE SUMMARY FOR AUGUST 23 2016...
VALID TODAY AS OF 0400 PM LOCAL TIME.

CLIMATE NORMAL PERIOD 1981 TO 2010
CLIMATE RECORD PERIOD 1894 TO 2016


WEATHER ITEM   OBSERVED TIME   RECORD YEAR NORMAL DEPARTURE LAST
                VALUE   (LST)  VALUE       VALUE  FROM      YEAR
                                                  NORMAL
..................................................................
TEMPERATURE (F)
 TODAY
  MAXIMUM         91    230 PM 103    2007  91      0       89
  MINIMUM         68    542 AM  52    1956  69     -1       72
                                      1950
  AVERAGE         80                        80      0       81

PRECIPITATION (IN)
  TODAY            0.00          1.35 1965   0.12  -0.12     1.05
  MONTH TO DATE    3.27                      2.76   0.51     7.75
  SINCE JUN 1     12.60                     11.10   1.50    15.94
  SINCE JAN 1     30.90                     35.47  -4.57    41.32

SNOWFALL (IN)
  TODAY            0.0
  MONTH TO DATE    0.0
  SINCE JUN 1      0.0
  SINCE JUL 1      0.0
  SNOW DEPTH       0

DEGREE DAYS
 HEATING
  TODAY            0                         0      0        0
  MONTH TO DATE    0                         0      0        0
  SINCE JUN 1      0                         1     -1        0
  SINCE JUL 1      0                         0      0        0

 COOLING
  TODAY           15                        15      0       16
  MONTH TO DATE  408                       359     49      367
  SINCE JUN 1   1463                      1221    242     1440
  SINCE JAN 1   1750                      1484    266     1765
..................................................................


WIND (MPH)
  HIGHEST WIND SPEED    12   HIGHEST WIND DIRECTION    NW (320)
  HIGHEST GUST SPEED    14   HIGHEST GUST DIRECTION    NW (330)
  AVERAGE WIND SPEED     2.4


SKY COVER
  POSSIBLE SUNSHINE  MM
  AVERAGE SKY COVER 0.5


WEATHER CONDITIONS
 THE FOLLOWING WEATHER WAS RECORDED TODAY.
  NO SIGNIFICANT WEATHER WAS OBSERVED.


RELATIVE HUMIDITY (PERCENT)
 HIGHEST    81           500 AM
 LOWEST     44           100 PM
 AVERAGE    63

..........................................................


THE HUNTSVILLE CLIMATE NORMALS FOR TOMORROW
                         NORMAL    RECORD    YEAR
 MAXIMUM TEMPERATURE (F)   91       103      1924
                                             1920
 MINIMUM TEMPERATURE (F)   69        54      1930


SUNRISE AND SUNSET
AUGUST 23 2016........SUNRISE   614 AM CDT   SUNSET   725 PM CDT
AUGUST 24 2016........SUNRISE   615 AM CDT   SUNSET   723 PM CDT


-  INDICATES NEGATIVE NUMBERS.
R  INDICATES RECORD WAS SET OR TIED.
MM INDICATES DATA IS MISSING.
T  INDICATES TRACE AMOUNT.




$$
