448
CDUS44 KHUN 060802
CLIHSV


CLIMATE REPORT
NATIONAL WEATHER SERVICE HUNTSVILLE AL
202 AM CST SAT FEB 6 2016


...................................

...THE HUNTSVILLE CLIMATE SUMMARY FOR FEBRUARY 5 2016...

CLIMATE NORMAL PERIOD 1981 TO 2010
CLIMATE RECORD PERIOD 1894 TO 2016


WEATHER ITEM   OBSERVED TIME   RECORD YEAR NORMAL DEPARTURE LAST
                VALUE   (LST)  VALUE       VALUE  FROM      YEAR
                                                  NORMAL
..................................................................
TEMPERATURE (F)
 YESTERDAY
  MAXIMUM         50    354 PM  74    2008  53     -3       44
  MINIMUM         25    420 AM   4    1996  33     -8       28
  AVERAGE         38                        43     -5       36

PRECIPITATION (IN)
  YESTERDAY        0.00          3.88 2004   0.17  -0.17      T
  MONTH TO DATE    2.27                      0.85   1.42     0.52
  SINCE DEC 1     16.52                     11.51   5.01    10.22
  SINCE JAN 1      5.84                      5.74   0.10     4.49

SNOWFALL (IN)
  YESTERDAY        0.0
  MONTH TO DATE    0.0
  SINCE DEC 1      0.4
  SINCE JUL 1      0.4
  SNOW DEPTH       0

DEGREE DAYS
 HEATING
  YESTERDAY       27                        22      5       29
  MONTH TO DATE   67                       110    -43      120
  SINCE DEC 1   1150                      1493   -343     1400
  SINCE JUL 1   1444                      2020   -576     2016

 COOLING
  YESTERDAY        0                         0      0        0
  MONTH TO DATE    1                         0      1        0
  SINCE DEC 1     24                         2     22        0
  SINCE JAN 1      1                         0      1        0
..................................................................


WIND (MPH)
  HIGHEST WIND SPEED    12   HIGHEST WIND DIRECTION     N (360)
  HIGHEST GUST SPEED    16   HIGHEST GUST DIRECTION     N (350)
  AVERAGE WIND SPEED     4.3


SKY COVER
  POSSIBLE SUNSHINE  MM
  AVERAGE SKY COVER 0.3


WEATHER CONDITIONS
 THE FOLLOWING WEATHER WAS RECORDED YESTERDAY.
  NO SIGNIFICANT WEATHER WAS OBSERVED.


RELATIVE HUMIDITY (PERCENT)
 HIGHEST    75           500 AM
 LOWEST     24           400 PM
 AVERAGE    50

..........................................................


THE HUNTSVILLE CLIMATE NORMALS FOR TODAY
                         NORMAL    RECORD    YEAR
 MAXIMUM TEMPERATURE (F)   54        71      2008
                                             1931
 MINIMUM TEMPERATURE (F)   34        10      1988


SUNRISE AND SUNSET
FEBRUARY  6 2016......SUNRISE   642 AM CST   SUNSET   521 PM CST
FEBRUARY  7 2016......SUNRISE   641 AM CST   SUNSET   522 PM CST


-  INDICATES NEGATIVE NUMBERS.
R  INDICATES RECORD WAS SET OR TIED.
MM INDICATES DATA IS MISSING.
T  INDICATES TRACE AMOUNT.


$$
