000
CDUS44 KHUN 290802
CLIHSV


CLIMATE REPORT
NATIONAL WEATHER SERVICE HUNTSVILLE AL
202 AM CST MON DEC 29 2014


...................................

...THE HUNTSVILLE CLIMATE SUMMARY FOR DECEMBER 28 2014...

CLIMATE NORMAL PERIOD 1981 TO 2010
CLIMATE RECORD PERIOD 1894 TO 2014


WEATHER ITEM   OBSERVED TIME   RECORD YEAR NORMAL DEPARTURE LAST
                VALUE   (LST)  VALUE       VALUE  FROM      YEAR
                                                  NORMAL
..................................................................
TEMPERATURE (F)
 YESTERDAY
  MAXIMUM         57    306 AM  74    1907  51      6       47
  MINIMUM         45   1159 PM   5    1925  33     12       33
  AVERAGE         51                        42      9       40

PRECIPITATION (IN)
  YESTERDAY        0.64          4.08 1926   0.17   0.47     0.76
  MONTH TO DATE    5.65                      5.28   0.37     6.35
  SINCE DEC 1      5.65                      5.28   0.37     6.35
  SINCE JAN 1     53.39                     53.85  -0.46    58.07

SNOWFALL (IN)
  YESTERDAY        0.0
  MONTH TO DATE    0.0
  SINCE DEC 1      0.0
  SINCE JUL 1      T
  SNOW DEPTH       0

DEGREE DAYS
 HEATING
  YESTERDAY       14                        23     -9       25
  MONTH TO DATE  472                       585   -113      561
  SINCE DEC 1    472                       585   -113      561
  SINCE JUL 1   1088                      1112    -24     1196

 COOLING
  YESTERDAY        0                         0      0        0
  MONTH TO DATE    0                         0      0        5
  SINCE DEC 1      0                         0      0        5
  SINCE JAN 1   2032                      1949     83     1839
..................................................................


WIND (MPH)
  HIGHEST WIND SPEED    12   HIGHEST WIND DIRECTION     N (340)
  HIGHEST GUST SPEED    16   HIGHEST GUST DIRECTION     N (340)
  AVERAGE WIND SPEED     5.6


SKY COVER
  POSSIBLE SUNSHINE  MM
  AVERAGE SKY COVER 1.0


WEATHER CONDITIONS
 THE FOLLOWING WEATHER WAS RECORDED YESTERDAY.
  HEAVY RAIN
  RAIN
  LIGHT RAIN
  FOG


RELATIVE HUMIDITY (PERCENT)
 HIGHEST   100           100 AM
 LOWEST     83           200 PM
 AVERAGE    92

..........................................................


THE HUNTSVILLE CLIMATE NORMALS FOR TODAY
                         NORMAL    RECORD    YEAR
 MAXIMUM TEMPERATURE (F)   51        69      1996
                                             1923
 MINIMUM TEMPERATURE (F)   32        12      1925


SUNRISE AND SUNSET
DECEMBER 29 2014......SUNRISE   653 AM CST   SUNSET   445 PM CST
DECEMBER 30 2014......SUNRISE   654 AM CST   SUNSET   446 PM CST


-  INDICATES NEGATIVE NUMBERS.
R  INDICATES RECORD WAS SET OR TIED.
MM INDICATES DATA IS MISSING.
T  INDICATES TRACE AMOUNT.




$$
