000
CDUS44 KHUN 092132
CLIHSV


CLIMATE REPORT
NATIONAL WEATHER SERVICE HUNTSVILLE AL
430 PM CDT WED JUL 9 2014


...................................

...THE HUNTSVILLE CLIMATE SUMMARY FOR JULY 9 2014...
VALID TODAY AS OF 0400 PM LOCAL TIME.

CLIMATE NORMAL PERIOD 1981 TO 2010
CLIMATE RECORD PERIOD 1894 TO 2014


WEATHER ITEM   OBSERVED TIME   RECORD YEAR NORMAL DEPARTURE LAST
                VALUE   (LST)  VALUE       VALUE  FROM      YEAR
                                                  NORMAL
..................................................................
TEMPERATURE (F)
 TODAY
  MAXIMUM         86    219 PM 101    1930  91     -5       92
  MINIMUM         70    604 AM  58    1947  70      0       75
  AVERAGE         78                        80     -2       84

PRECIPITATION (IN)
  TODAY            0.36          1.56 1958   0.14   0.22     0.21
  MONTH TO DATE    1.37                      1.28   0.09     6.35
  SINCE JUN 1      8.50                      5.57   2.93     8.56
  SINCE JAN 1     31.97                     29.94   2.03    37.68

SNOWFALL (IN)
  TODAY           MM
  MONTH TO DATE    0.0
  SINCE JUN 1      0.0
  SINCE JUL 1      0.0
  SNOW DEPTH       0

DEGREE DAYS
 HEATING
  TODAY            0                         0      0        0
  MONTH TO DATE    0                         0      0        0
  SINCE JUN 1      0                         1     -1        0
  SINCE JUL 1      0                         0      0        0

 COOLING
  TODAY           13                        16     -3       19
  MONTH TO DATE  120                       136    -16      105
  SINCE JUN 1    521                       516      5      529
  SINCE JAN 1    792                       779     13      762
..................................................................


WIND (MPH)
  HIGHEST WIND SPEED    13   HIGHEST WIND DIRECTION     W (250)
  HIGHEST GUST SPEED    18   HIGHEST GUST DIRECTION     W (250)
  AVERAGE WIND SPEED     6.1


SKY COVER
  POSSIBLE SUNSHINE  MM
  AVERAGE SKY COVER 0.7


WEATHER CONDITIONS
 THE FOLLOWING WEATHER WAS RECORDED TODAY.
  HEAVY RAIN
  RAIN
  LIGHT RAIN
  FOG


RELATIVE HUMIDITY (PERCENT)
 HIGHEST   100           100 AM
 LOWEST     63           300 PM
 AVERAGE    82

..........................................................


THE HUNTSVILLE CLIMATE NORMALS FOR TOMORROW
                         NORMAL    RECORD    YEAR
 MAXIMUM TEMPERATURE (F)   91       105      1930
 MINIMUM TEMPERATURE (F)   71        55      1947


SUNRISE AND SUNSET
JULY  9 2014..........SUNRISE   542 AM CDT   SUNSET   803 PM CDT
JULY 10 2014..........SUNRISE   542 AM CDT   SUNSET   802 PM CDT


-  INDICATES NEGATIVE NUMBERS.
R  INDICATES RECORD WAS SET OR TIED.
MM INDICATES DATA IS MISSING.
T  INDICATES TRACE AMOUNT.




$$
