000
CDUS44 KHUN 220701
CLIHSV


CLIMATE REPORT
NATIONAL WEATHER SERVICE HUNTSVILLE AL
201 AM CDT FRI AUG 22 2014


...................................

...THE HUNTSVILLE CLIMATE SUMMARY FOR AUGUST 21 2014...

CLIMATE NORMAL PERIOD 1981 TO 2010
CLIMATE RECORD PERIOD 1894 TO 2014


WEATHER ITEM   OBSERVED TIME   RECORD YEAR NORMAL DEPARTURE LAST
                VALUE   (LST)  VALUE       VALUE  FROM      YEAR
                                                  NORMAL
..................................................................
TEMPERATURE (F)
 YESTERDAY
  MAXIMUM         96    352 PM 102    1983  91      5       86
  MINIMUM         72    536 AM  52    1927  69      3       72
  AVERAGE         84                        80      4       79

PRECIPITATION (IN)
  YESTERDAY        0.00          1.90 1960   0.12  -0.12     0.01
  MONTH TO DATE    2.09                      2.52  -0.43     1.34
  SINCE JUN 1     13.69                     10.86   2.83    14.03
  SINCE JAN 1     37.16                     35.23   1.93    43.15

SNOWFALL (IN)
  YESTERDAY        0.0
  MONTH TO DATE    0.0
  SINCE JUN 1      0.0
  SINCE JUL 1      0.0
  SNOW DEPTH       0

DEGREE DAYS
 HEATING
  YESTERDAY        0                         0      0        0
  MONTH TO DATE    0                         0      0        0
  SINCE JUN 1      0                         1     -1        0
  SINCE JUL 1      0                         0      0        0

 COOLING
  YESTERDAY       19                        15      4       14
  MONTH TO DATE  313                       329    -16      247
  SINCE JUN 1   1107                      1191    -84     1092
  SINCE JAN 1   1378                      1454    -76     1325
..................................................................


WIND (MPH)
  HIGHEST WIND SPEED    13   HIGHEST WIND DIRECTION    NW (300)
  HIGHEST GUST SPEED    23   HIGHEST GUST DIRECTION    NW (300)
  AVERAGE WIND SPEED     3.5


SKY COVER
  POSSIBLE SUNSHINE  MM
  AVERAGE SKY COVER 0.2


WEATHER CONDITIONS
 THE FOLLOWING WEATHER WAS RECORDED YESTERDAY.
  NO SIGNIFICANT WEATHER WAS OBSERVED.


RELATIVE HUMIDITY (PERCENT)
 HIGHEST    90           500 AM
 LOWEST     42           400 PM
 AVERAGE    66

..........................................................


THE HUNTSVILLE CLIMATE NORMALS FOR TODAY
                         NORMAL    RECORD    YEAR
 MAXIMUM TEMPERATURE (F)   91       102      2007
                                             1983
                                             1924
 MINIMUM TEMPERATURE (F)   69        54      1956


SUNRISE AND SUNSET
AUGUST 22 2014........SUNRISE   613 AM CDT   SUNSET   726 PM CDT
AUGUST 23 2014........SUNRISE   614 AM CDT   SUNSET   725 PM CDT


-  INDICATES NEGATIVE NUMBERS.
R  INDICATES RECORD WAS SET OR TIED.
MM INDICATES DATA IS MISSING.
T  INDICATES TRACE AMOUNT.




$$
