147
CDUS44 KHUN 222221
CLIHSV


CLIMATE REPORT
NATIONAL WEATHER SERVICE HUNTSVILLE AL
421 PM CST WED FEB 22 2017


...................................

...THE HUNTSVILLE CLIMATE SUMMARY FOR FEBRUARY 22 2017...
VALID TODAY AS OF 0400 PM LOCAL TIME.

CLIMATE NORMAL PERIOD 1981 TO 2010
CLIMATE RECORD PERIOD 1894 TO 2017


WEATHER ITEM   OBSERVED TIME   RECORD YEAR NORMAL DEPARTURE LAST
                VALUE   (LST)  VALUE       VALUE  FROM      YEAR
                                                  NORMAL
..................................................................
TEMPERATURE (F)
 TODAY
  MAXIMUM         71    207 PM  76    1980  58     13       62
                                      1909
  MINIMUM         58    219 AM   5    1963  37     21       52
  AVERAGE         65                        48     17       57

PRECIPITATION (IN)
  TODAY            T             2.69 1961   0.19  -0.19     0.48
  MONTH TO DATE    1.02                      3.77  -2.75     5.32
  SINCE DEC 1     13.33                     14.43  -1.10    19.57
  SINCE JAN 1      7.42                      8.66  -1.24     8.89

SNOWFALL (IN)
  TODAY            0.0
  MONTH TO DATE    0.0
  SINCE DEC 1      T
  SINCE JUL 1      T
  SNOW DEPTH       0

DEGREE DAYS
 HEATING
  TODAY            0                        18    -18        8
  MONTH TO DATE  269                       443   -174      418
  SINCE DEC 1   1250                      1826   -576     1501
  SINCE JUL 1   1514                      2353   -839     1795

 COOLING
  TODAY            0                         0      0        0
  MONTH TO DATE    0                         0      0        1
  SINCE DEC 1      5                         2      3       24
  SINCE JAN 1      1                         0      1        1
..................................................................


WIND (MPH)
  HIGHEST WIND SPEED    17   HIGHEST WIND DIRECTION     E (110)
  HIGHEST GUST SPEED    23   HIGHEST GUST DIRECTION    SE (130)
  AVERAGE WIND SPEED     7.1


SKY COVER
  POSSIBLE SUNSHINE  MM
  AVERAGE SKY COVER 0.9


WEATHER CONDITIONS
 THE FOLLOWING WEATHER WAS RECORDED TODAY.
  LIGHT RAIN


RELATIVE HUMIDITY (PERCENT)
 HIGHEST   100          1200 AM
 LOWEST     70           200 PM
 AVERAGE    85

..........................................................


THE HUNTSVILLE CLIMATE NORMALS FOR TOMORROW
                         NORMAL    RECORD    YEAR
 MAXIMUM TEMPERATURE (F)   58        83      1996
 MINIMUM TEMPERATURE (F)   37        15      1939


SUNRISE AND SUNSET
FEBRUARY 22 2017......SUNRISE   624 AM CST   SUNSET   537 PM CST
FEBRUARY 23 2017......SUNRISE   623 AM CST   SUNSET   538 PM CST


-  INDICATES NEGATIVE NUMBERS.
R  INDICATES RECORD WAS SET OR TIED.
MM INDICATES DATA IS MISSING.
T  INDICATES TRACE AMOUNT.




$$
