071
CDUS44 KHUN 200706
CLIHSV


CLIMATE REPORT
NATIONAL WEATHER SERVICE HUNTSVILLE AL
205 AM CDT FRI OCT 20 2017


...................................

...THE HUNTSVILLE CLIMATE SUMMARY FOR OCTOBER 19 2017...

CLIMATE NORMAL PERIOD 1981 TO 2010
CLIMATE RECORD PERIOD 1894 TO 2017


WEATHER ITEM   OBSERVED TIME   RECORD YEAR NORMAL DEPARTURE LAST
                VALUE   (LST)  VALUE       VALUE  FROM      YEAR
                                                  NORMAL
..................................................................
TEMPERATURE (F)
 YESTERDAY
  MAXIMUM         77    318 PM  90    2016  74      3       90
                                      1926
  MINIMUM         48    602 AM  25    1948  50     -2       66
  AVERAGE         63                        62      1       78

PRECIPITATION (IN)
  YESTERDAY        0.00          2.78 2004   0.11  -0.11     0.00
  MONTH TO DATE    3.32                      2.12   1.20      T
  SINCE SEP 1      6.03                      5.84   0.19     0.47
  SINCE JAN 1     46.24                     42.16   4.08    32.98

SNOWFALL (IN)
  YESTERDAY        0.0
  MONTH TO DATE    0.0
  SINCE SEP 1      0.0
  SINCE JUL 1      0.0
  SNOW DEPTH       0

DEGREE DAYS
 HEATING
  YESTERDAY        2                         5     -3        0
  MONTH TO DATE   22                        61    -39        0
  SINCE SEP 1     33                        74    -41        3
  SINCE JUL 1     33                        74    -41        3

 COOLING
  YESTERDAY        0                         2     -2       13
  MONTH TO DATE  110                        56     54      128
  SINCE SEP 1    351                       331     20      573
  SINCE JAN 1   2079                      1926    153     2478
..................................................................


WIND (MPH)
  HIGHEST WIND SPEED     8   HIGHEST WIND DIRECTION    SE (140)
  HIGHEST GUST SPEED    10   HIGHEST GUST DIRECTION     E (90)
  AVERAGE WIND SPEED     3.9


SKY COVER
  POSSIBLE SUNSHINE  MM
  AVERAGE SKY COVER 0.1


WEATHER CONDITIONS
 THE FOLLOWING WEATHER WAS RECORDED YESTERDAY.
  FOG


RELATIVE HUMIDITY (PERCENT)
 HIGHEST   100           300 AM
 LOWEST     33           300 PM
 AVERAGE    67

..........................................................


THE HUNTSVILLE CLIMATE NORMALS FOR TODAY
                         NORMAL    RECORD    YEAR
 MAXIMUM TEMPERATURE (F)   73        90      1941
 MINIMUM TEMPERATURE (F)   50        30      1925
                                             1913


SUNRISE AND SUNSET
OCTOBER 20 2017.......SUNRISE   657 AM CDT   SUNSET   606 PM CDT
OCTOBER 21 2017.......SUNRISE   658 AM CDT   SUNSET   605 PM CDT


-  INDICATES NEGATIVE NUMBERS.
R  INDICATES RECORD WAS SET OR TIED.
MM INDICATES DATA IS MISSING.
T  INDICATES TRACE AMOUNT.




$$
