000
CDUS43 KAPX 280533
CLIHTL


CLIMATE REPORT
NATIONAL WEATHER SERVICE GAYLORD MI
132 AM EDT MON JUL 28 2014


...................................

...THE HOUGHTON LAKE MI CLIMATE SUMMARY FOR JULY 27 2014...

CLIMATE NORMAL PERIOD 1981 TO 2010
CLIMATE RECORD PERIOD 1913 TO 2014


WEATHER ITEM   OBSERVED TIME   RECORD YEAR NORMAL DEPARTURE LAST
                VALUE   (LST)  VALUE       VALUE  FROM      YEAR
                                                  NORMAL
..................................................................
TEMPERATURE (F)
 YESTERDAY
  MAXIMUM         81    124 PM  98    1941  79      2       72
  MINIMUM         61    244 PM  36    2001  55      6       53
                                      1920
  AVERAGE         71                        67      4       63

PRECIPITATION (IN)
  YESTERDAY        0.23          3.50 2000   0.10   0.13      T
  MONTH TO DATE    2.67                      2.37   0.30     1.05
  SINCE JUN 1      5.29                      5.47  -0.18     2.34
  SINCE JAN 1     17.77                     15.33   2.44    18.28

DEGREE DAYS
 HEATING
  YESTERDAY        0                         1     -1        2
  MONTH TO DATE   81                        39     42       26
  SINCE JUN 1    155                       163     -8      128
  SINCE JUL 1     81                        39     42       26

 COOLING
  YESTERDAY        6                         3      3        0
  MONTH TO DATE   47                       104    -57      146
  SINCE JUN 1    120                       163    -43      225
  SINCE JAN 1    135                       179    -44      265
..................................................................


WIND (MPH)
  HIGHEST WIND SPEED    23   HIGHEST WIND DIRECTION     N (360)
  HIGHEST GUST SPEED    29   HIGHEST GUST DIRECTION     N (360)
  AVERAGE WIND SPEED     6.3




RELATIVE HUMIDITY (PERCENT)
 HIGHEST   100
 LOWEST     67
 AVERAGE    84

..........................................................


THE HOUGHTON LAKE MI CLIMATE NORMALS FOR TODAY
                         NORMAL    RECORD    YEAR
 MAXIMUM TEMPERATURE (F)   79        98      1931
 MINIMUM TEMPERATURE (F)   55        40      1978
                                             1943
                                             1925


SUNRISE AND SUNSET
JULY 28 2014..........SUNRISE   621 AM EDT   SUNSET   908 PM EDT
JULY 29 2014..........SUNRISE   623 AM EDT   SUNSET   907 PM EDT


-  INDICATES NEGATIVE NUMBERS.
R  INDICATES RECORD WAS SET OR TIED.
MM INDICATES DATA IS MISSING.
T  INDICATES TRACE AMOUNT.




$$
