000
CDUS43 KAPX 190529
CLIHTL


CLIMATE REPORT
NATIONAL WEATHER SERVICE GAYLORD MI
128 AM EDT THU OCT 19 2017


...................................

...THE HOUGHTON LAKE MI CLIMATE SUMMARY FOR OCTOBER 18 2017...

CLIMATE NORMAL PERIOD 1981 TO 2010
CLIMATE RECORD PERIOD 1913 TO 2017


WEATHER ITEM   OBSERVED TIME   RECORD YEAR NORMAL DEPARTURE LAST
                VALUE   (LST)  VALUE       VALUE  FROM      YEAR
                                                  NORMAL
..................................................................
TEMPERATURE (F)
 YESTERDAY
  MAXIMUM         68    311 PM  82    1947  55     13       71
  MINIMUM         46    212 AM  16    1948  35     11       50
                                      1919
  AVERAGE         57                        45     12       61

PRECIPITATION (IN)
  YESTERDAY        0.00          1.19 1923   0.09  -0.09     0.00
  MONTH TO DATE    1.83                      1.54   0.29     2.20
  SINCE SEP 1      2.56                      4.64  -2.08     5.13
  SINCE JAN 1     28.17                     23.76   4.41    28.74

SNOWFALL (IN)
  YESTERDAY        0.0           2.5  1943   0.1   -0.1      0.0
  MONTH TO DATE    0.0                       0.2   -0.2      0.0
  SINCE OCT 1      0.0                       0.2   -0.2      0.0
  SINCE JUL 1      0.0                       0.2   -0.2      0.0
  SNOW DEPTH       0

DEGREE DAYS
 HEATING
  YESTERDAY        8                        20    -12        4
  MONTH TO DATE  163                       307   -144      170
  SINCE SEP 1    335                       561   -226      294
  SINCE JUL 1    425                       688   -263      327

 COOLING
  YESTERDAY        0                         0      0        0
  MONTH TO DATE    4                         0      4        2
  SINCE SEP 1     76                        20     56       50
  SINCE JAN 1    320                       285     35      459
..................................................................


WIND (MPH)
  HIGHEST WIND SPEED    18   HIGHEST WIND DIRECTION    SW (220)
  HIGHEST GUST SPEED    26   HIGHEST GUST DIRECTION    SW (210)
  AVERAGE WIND SPEED    10.1




RELATIVE HUMIDITY (PERCENT)
 HIGHEST    86
 LOWEST     37
 AVERAGE    62

..........................................................


THE HOUGHTON LAKE MI CLIMATE NORMALS FOR TODAY
                         NORMAL    RECORD    YEAR
 MAXIMUM TEMPERATURE (F)   54        79      1953
                                             1920
 MINIMUM TEMPERATURE (F)   35        13      1934


SUNRISE AND SUNSET
OCTOBER 19 2017.......SUNRISE   759 AM EDT   SUNSET   647 PM EDT
OCTOBER 20 2017.......SUNRISE   800 AM EDT   SUNSET   646 PM EDT


-  INDICATES NEGATIVE NUMBERS.
R  INDICATES RECORD WAS SET OR TIED.
MM INDICATES DATA IS MISSING.
T  INDICATES TRACE AMOUNT.




$$
