137
CDUS43 KAPX 260530
CLIHTL


CLIMATE REPORT
NATIONAL WEATHER SERVICE GAYLORD MI
128 AM EDT THU MAY 26 2016


...................................

...THE HOUGHTON LAKE MI CLIMATE SUMMARY FOR MAY 25 2016...

CLIMATE NORMAL PERIOD 1981 TO 2010
CLIMATE RECORD PERIOD 1913 TO 2016


WEATHER ITEM   OBSERVED TIME   RECORD YEAR NORMAL DEPARTURE LAST
                VALUE   (LST)  VALUE       VALUE  FROM      YEAR
                                                  NORMAL
..................................................................
TEMPERATURE (F)
 YESTERDAY
  MAXIMUM         86    236 PM  87    1933  69     17       75
  MINIMUM         51    522 AM  23    1949  44      7       57
  AVERAGE         69                        57     12       66

PRECIPITATION (IN)
  YESTERDAY        2.45R         2.25 1953   0.10   2.35     0.37
  MONTH TO DATE    3.67                      2.23   1.44     2.41
  SINCE MAR 1     10.54                      6.55   3.99     5.14
  SINCE JAN 1     13.66                      9.27   4.39     6.95

DEGREE DAYS
 HEATING
  YESTERDAY        0                         9     -9        0
  MONTH TO DATE  307                       309     -2      233
  SINCE MAR 1   1990                      2098   -108     2087
  SINCE JUL 1   6903                      7970  -1067     8454

 COOLING
  YESTERDAY        4                         1      3        1
  MONTH TO DATE    4                         6     -2       11
  SINCE MAR 1      4                         8     -4       11
  SINCE JAN 1      4                         8     -4       11
..................................................................


WIND (MPH)
  HIGHEST WIND SPEED    41   HIGHEST WIND DIRECTION    SW (220)
  HIGHEST GUST SPEED    59   HIGHEST GUST DIRECTION    SW (220)
  AVERAGE WIND SPEED     4.2




RELATIVE HUMIDITY (PERCENT)
 HIGHEST   100
 LOWEST     32
 AVERAGE    66

..........................................................


THE HOUGHTON LAKE MI CLIMATE NORMALS FOR TODAY
                         NORMAL    RECORD    YEAR
 MAXIMUM TEMPERATURE (F)   69        90      1944
 MINIMUM TEMPERATURE (F)   45        26      1930


SUNRISE AND SUNSET
MAY 26 2016...........SUNRISE   601 AM EDT   SUNSET   911 PM EDT
MAY 27 2016...........SUNRISE   600 AM EDT   SUNSET   912 PM EDT


-  INDICATES NEGATIVE NUMBERS.
R  INDICATES RECORD WAS SET OR TIED.
MM INDICATES DATA IS MISSING.
T  INDICATES TRACE AMOUNT.




$$
