000
CDUS43 KAPX 050533
CLIHTL


CLIMATE REPORT
NATIONAL WEATHER SERVICE GAYLORD MI
1231 AM EST MON DEC 5 2016


...................................

...THE HOUGHTON LAKE MI CLIMATE SUMMARY FOR DECEMBER 4 2016...

CLIMATE NORMAL PERIOD 1981 TO 2010
CLIMATE RECORD PERIOD 1913 TO 2016


WEATHER ITEM   OBSERVED TIME   RECORD YEAR NORMAL DEPARTURE LAST
                VALUE   (LST)  VALUE       VALUE  FROM      YEAR
                                                  NORMAL
..................................................................
TEMPERATURE (F)
 YESTERDAY
  MAXIMUM         34    149 PM  58    2012  34      0       47
                                      1961
  MINIMUM         30   1159 PM  -4    2002  22      8       34
  AVERAGE         32                        28      4       41

PRECIPITATION (IN)
  YESTERDAY        0.22          0.44 1920   0.06   0.16     0.00
  MONTH TO DATE    0.23                      0.26  -0.03     0.09
  SINCE DEC 1      0.23                      0.26  -0.03     0.09
  SINCE JAN 1     31.28                     27.36   3.92    24.65

SNOWFALL (IN)
  YESTERDAY        2.6           3.9  1992   0.5    2.1      0.0
  MONTH TO DATE    2.6                       2.0    0.6       T
  SINCE OCT 1     13.6                      11.1    2.5      2.2
  SINCE JUL 1     13.6                      11.1    2.5      2.2
  SNOW DEPTH       0

DEGREE DAYS
 HEATING
  YESTERDAY       33                        37     -4       24
  MONTH TO DATE  121                       147    -26      116
  SINCE DEC 1    121                       147    -26      116
  SINCE JUL 1   1441                      2030   -589     1595
..................................................................


WIND (MPH)
  HIGHEST WIND SPEED    12   HIGHEST WIND DIRECTION    SE (140)
  HIGHEST GUST SPEED    16   HIGHEST GUST DIRECTION    SE (140)
  AVERAGE WIND SPEED     4.7




RELATIVE HUMIDITY (PERCENT)
 HIGHEST   100
 LOWEST     75
 AVERAGE    88

..........................................................


THE HOUGHTON LAKE MI CLIMATE NORMALS FOR TODAY
                         NORMAL    RECORD    YEAR
 MAXIMUM TEMPERATURE (F)   34        64      2001
 MINIMUM TEMPERATURE (F)   21        -2      1964


SUNRISE AND SUNSET
DECEMBER  5 2016......SUNRISE   759 AM EST   SUNSET   500 PM EST
DECEMBER  6 2016......SUNRISE   800 AM EST   SUNSET   459 PM EST


-  INDICATES NEGATIVE NUMBERS.
R  INDICATES RECORD WAS SET OR TIED.
MM INDICATES DATA IS MISSING.
T  INDICATES TRACE AMOUNT.




$$
