000
CDUS43 KAPX 052232
CLIHTL


CLIMATE REPORT
NATIONAL WEATHER SERVICE GAYLORD MI
532 PM EST THU MAR 5 2015


...................................

...THE HOUGHTON LAKE MI CLIMATE SUMMARY FOR MARCH 5 2015...
VALID TODAY AS OF 0500 PM LOCAL TIME.

CLIMATE NORMAL PERIOD 1981 TO 2010
CLIMATE RECORD PERIOD 1913 TO 2015


WEATHER ITEM   OBSERVED TIME   RECORD YEAR NORMAL DEPARTURE LAST
                VALUE   (LST)  VALUE       VALUE  FROM      YEAR
                                                  NORMAL
..................................................................
TEMPERATURE (F)
 TODAY
  MAXIMUM         15    354 PM  56    1983  35    -20       20
  MINIMUM        -17    722 AM -24    1948  15    -32       -8
  AVERAGE         -1                        25    -26        6

PRECIPITATION (IN)
  TODAY            0.00          1.16 2004   0.05  -0.05     0.00
  MONTH TO DATE    0.17                      0.27  -0.10     0.23
  SINCE MAR 1      0.17                      0.27  -0.10     0.23
  SINCE JAN 1      1.98                      2.99  -1.01     3.03

SNOWFALL (IN)
  TODAY            0.0           6.0  2011   0.3             0.0
  MONTH TO DATE    1.4                       1.7             2.5
  SINCE OCT 1     43.0                      56.2            54.8
  SINCE JUL 1     43.0                      56.2            54.8

DEGREE DAYS
 HEATING
  TODAY           66                        40     26       59
  MONTH TO DATE  267                       205     62      302
  SINCE MAR 1    267                       205     62      302
  SINCE JUL 1   6634                      6077    557     6750

 COOLING
  TODAY            0                         0      0        0
  MONTH TO DATE    0                         0      0        0
  SINCE MAR 1      0                         0      0        0
  SINCE JAN 1      0                         0      0        0
..................................................................


WIND (MPH)
  RESULTANT WIND SPEED   4   RESULTANT WIND DIRECTION   W (270)
  HIGHEST WIND SPEED    15   HIGHEST WIND DIRECTION     W (270)
  HIGHEST GUST SPEED    19   HIGHEST GUST DIRECTION     W (280)
  AVERAGE WIND SPEED     4.3


SKY COVER
  POSSIBLE SUNSHINE  MM
  AVERAGE SKY COVER 0.1


WEATHER CONDITIONS
 THE FOLLOWING WEATHER WAS RECORDED TODAY.
  NO SIGNIFICANT WEATHER WAS OBSERVED.


RELATIVE HUMIDITY (PERCENT)
 HIGHEST    83           300 AM
 LOWEST     46           400 PM
 AVERAGE    65

..........................................................


THE HOUGHTON LAKE MI CLIMATE NORMALS FOR TOMORROW
                         NORMAL    RECORD    YEAR
 MAXIMUM TEMPERATURE (F)   36        60      2000
 MINIMUM TEMPERATURE (F)   15       -19      1920


SUNRISE AND SUNSET
MARCH  5 2015.........SUNRISE   709 AM EST   SUNSET   632 PM EST
MARCH  6 2015.........SUNRISE   708 AM EST   SUNSET   633 PM EST


-  INDICATES NEGATIVE NUMBERS.
R  INDICATES RECORD WAS SET OR TIED.
MM INDICATES DATA IS MISSING.
T  INDICATES TRACE AMOUNT.




$$
