000
CDUS43 KAPX 120536
CLIHTL


CLIMATE REPORT
NATIONAL WEATHER SERVICE GAYLORD MI
1235 AM EST TUE DEC 12 2017


...................................

...THE HOUGHTON LAKE MI CLIMATE SUMMARY FOR DECEMBER 11 2017...

CLIMATE NORMAL PERIOD 1981 TO 2010
CLIMATE RECORD PERIOD 1913 TO 2017


WEATHER ITEM   OBSERVED TIME   RECORD YEAR NORMAL DEPARTURE LAST
                VALUE   (LST)  VALUE       VALUE  FROM      YEAR
                                                  NORMAL
..................................................................
TEMPERATURE (F)
 YESTERDAY
  MAXIMUM         26   1147 PM  48    1979  32     -6       24
                                      1928
  MINIMUM         16    649 AM -16    1977  19     -3       14
  AVERAGE         21                        25     -4       19

PRECIPITATION (IN)
  YESTERDAY        0.08          0.52 1931   0.06   0.02     0.30
  MONTH TO DATE    0.66                      0.68  -0.02     0.92
  SINCE DEC 1      0.66                      0.68  -0.02     0.92
  SINCE JAN 1     36.26                     27.78   8.48    31.97

SNOWFALL (IN)
  YESTERDAY        1.4           4.8  1970   0.6    0.8      3.8
  MONTH TO DATE    4.2                       5.6   -1.4     16.0
  SINCE OCT 1      9.6                      14.7   -5.1     27.0
  SINCE JUL 1      9.6                      14.7   -5.1     27.0
  SNOW DEPTH       3

DEGREE DAYS
 HEATING
  YESTERDAY       44                        40      4       46
  MONTH TO DATE  392                       418    -26      392
  SINCE DEC 1    392                       418    -26      392
  SINCE JUL 1   1993                      2301   -308     1712
..................................................................


WIND (MPH)
  HIGHEST WIND SPEED    16   HIGHEST WIND DIRECTION    NW (310)
  HIGHEST GUST SPEED    22   HIGHEST GUST DIRECTION     W (290)
  AVERAGE WIND SPEED     6.3




RELATIVE HUMIDITY (PERCENT)
 HIGHEST    92
 LOWEST     67
 AVERAGE    80

..........................................................


THE HOUGHTON LAKE MI CLIMATE NORMALS FOR TODAY
                         NORMAL    RECORD    YEAR
 MAXIMUM TEMPERATURE (F)   31        52      1949
 MINIMUM TEMPERATURE (F)   19       -12      1988


SUNRISE AND SUNSET
DECEMBER 12 2017......SUNRISE   806 AM EST   SUNSET   459 PM EST
DECEMBER 13 2017......SUNRISE   806 AM EST   SUNSET   500 PM EST


-  INDICATES NEGATIVE NUMBERS.
R  INDICATES RECORD WAS SET OR TIED.
MM INDICATES DATA IS MISSING.
T  INDICATES TRACE AMOUNT.




$$
