000
CDUS41 KRLX 080820
CLIHTS


CLIMATE REPORT
NATIONAL WEATHER SERVICE CHARLESTON WV
318 AM EST MON FEB 8 2016


...................................

...THE HUNTINGTON WV CLIMATE SUMMARY FOR FEBRUARY 7 2016...

CLIMATE NORMAL PERIOD 1981 TO 2010
CLIMATE RECORD PERIOD 1897 TO 2016


WEATHER ITEM   OBSERVED TIME   RECORD YEAR NORMAL DEPARTURE LAST
                VALUE   (LST)  VALUE       VALUE  FROM      YEAR
                                                  NORMAL
..................................................................
TEMPERATURE (F)
 YESTERDAY
  MAXIMUM         54    432 PM  68    1931  44     10       59
  MINIMUM         25    731 AM   1    1977  27     -2       25
  AVERAGE         40                        36      4       42

PRECIPITATION (IN)
  YESTERDAY        0.00          0.68 1904   0.10  -0.10     0.00
  MONTH TO DATE    1.59                      0.75   0.84     0.54
  SINCE JAN 1      3.58                      3.72  -0.14     2.71

SNOWFALL (IN)
  YESTERDAY        0.0
  MONTH TO DATE    0.0
  SINCE SEP 1     13.8
  SNOW DEPTH       0

DEGREE DAYS
 HEATING
  YESTERDAY       25                        29     -4       23
  MONTH TO DATE  154                       209    -55      219
  SINCE DEC 1   1713                      2046   -333     2048
  SINCE JUL 1   2433                      2933   -500     3127

 COOLING
  YESTERDAY        0                         0      0        0
  MONTH TO DATE    0                         0      0        0
  SINCE DEC 1      0                         1     -1        0
  SINCE JAN 1      0                         0      0        0
..................................................................


WIND (MPH)
  HIGHEST WIND SPEED    10   HIGHEST WIND DIRECTION     W (250)
  HIGHEST GUST SPEED    16   HIGHEST GUST DIRECTION     W (270)
  AVERAGE WIND SPEED     3.4


SKY COVER
  POSSIBLE SUNSHINE  MM


WEATHER CONDITIONS
 THE FOLLOWING WEATHER WAS RECORDED YESTERDAY.
  NO SIGNIFICANT WEATHER WAS OBSERVED.


RELATIVE HUMIDITY (PERCENT)
 HIGHEST    88           600 AM
 LOWEST     28           300 PM
 AVERAGE    58

..........................................................


THE HUNTINGTON WV CLIMATE NORMALS FOR TODAY
                         NORMAL    RECORD    YEAR
 MAXIMUM TEMPERATURE (F)   45        77      1937
                                             1900
 MINIMUM TEMPERATURE (F)   27        -5      1899
                                             1895


SUNRISE AND SUNSET
FEBRUARY  8 2016......SUNRISE   729 AM EST   SUNSET   600 PM EST
FEBRUARY  9 2016......SUNRISE   728 AM EST   SUNSET   601 PM EST


-  INDICATES NEGATIVE NUMBERS.
R  INDICATES RECORD WAS SET OR TIED.
MM INDICATES DATA IS MISSING.
T  INDICATES TRACE AMOUNT.




$$
