509
CDUS41 KRLX 030849
CLIHTS


CLIMATE REPORT
NATIONAL WEATHER SERVICE CHARLESTON WV
347 AM EST SAT DEC 3 2016


...................................

...THE HUNTINGTON WV CLIMATE SUMMARY FOR DECEMBER 2 2016...

CLIMATE NORMAL PERIOD 1981 TO 2010
CLIMATE RECORD PERIOD 1897 TO 2016


WEATHER ITEM   OBSERVED TIME   RECORD YEAR NORMAL DEPARTURE LAST
                VALUE   (LST)  VALUE       VALUE  FROM      YEAR
                                                  NORMAL
..................................................................
TEMPERATURE (F)
 YESTERDAY
  MAXIMUM         40    118 PM  78    1982  50    -10       52
  MINIMUM         30    603 AM  11    1946  32     -2       38
  AVERAGE         35                        41     -6       45

PRECIPITATION (IN)
  YESTERDAY        0.00          1.12 1991   0.11  -0.11     0.55
  MONTH TO DATE    0.00                      0.22  -0.22     2.47
  SINCE JAN 1     42.29                     39.50   2.79    45.38

SNOWFALL (IN)
  YESTERDAY        0.0
  MONTH TO DATE    0.0
  SINCE SEP 1      T
  SNOW DEPTH       0

DEGREE DAYS
 HEATING
  YESTERDAY       30                        24      6       20
  MONTH TO DATE   52                        48      4       31
  SINCE DEC 1     52                        48      4       31
  SINCE JUL 1    650                       935   -285      751

 COOLING
  YESTERDAY        0                         0      0        0
  MONTH TO DATE    0                         0      0        0
  SINCE DEC 1      0                         0      0        0
  SINCE JAN 1   1589                      1134    455     1137
..................................................................


WIND (MPH)
  HIGHEST WIND SPEED    16   HIGHEST WIND DIRECTION     W (270)
  HIGHEST GUST SPEED    22   HIGHEST GUST DIRECTION     W (270)
  AVERAGE WIND SPEED     6.6


SKY COVER
  POSSIBLE SUNSHINE  MM


WEATHER CONDITIONS
 THE FOLLOWING WEATHER WAS RECORDED YESTERDAY.
  NO SIGNIFICANT WEATHER WAS OBSERVED.


RELATIVE HUMIDITY (PERCENT)
 HIGHEST    92           500 AM
 LOWEST     64          1200 AM
 AVERAGE    78

..........................................................


THE HUNTINGTON WV CLIMATE NORMALS FOR TODAY
                         NORMAL    RECORD    YEAR
 MAXIMUM TEMPERATURE (F)   49        80      1982
 MINIMUM TEMPERATURE (F)   32        10      1942
                                             1929


SUNRISE AND SUNSET
DECEMBER  3 2016......SUNRISE   731 AM EST   SUNSET   510 PM EST
DECEMBER  4 2016......SUNRISE   732 AM EST   SUNSET   510 PM EST


-  INDICATES NEGATIVE NUMBERS.
R  INDICATES RECORD WAS SET OR TIED.
MM INDICATES DATA IS MISSING.
T  INDICATES TRACE AMOUNT.




$$
