000
CDUS41 KRLX 270716
CLIHTS


CLIMATE REPORT
NATIONAL WEATHER SERVICE CHARLESTON WV
315 AM EDT THU APR 27 2017


...................................

...THE HUNTINGTON WV CLIMATE SUMMARY FOR APRIL 26 2017...

CLIMATE NORMAL PERIOD 1981 TO 2010
CLIMATE RECORD PERIOD 1897 TO 2017


WEATHER ITEM   OBSERVED TIME   RECORD YEAR NORMAL DEPARTURE LAST
                VALUE   (LST)  VALUE       VALUE  FROM      YEAR
                                                  NORMAL
..................................................................
TEMPERATURE (F)
 YESTERDAY
  MAXIMUM         84    429 PM  92    1957  71     13       84
                                      1948
  MINIMUM         51    451 AM  32    1919  48      3       60
                                      1898
  AVERAGE         68                        59      9       72

PRECIPITATION (IN)
  YESTERDAY        0.00          1.70 1914   0.12  -0.12     0.92
  MONTH TO DATE    1.72                      2.95  -1.23     3.33
  SINCE JAN 1     12.60                     12.89  -0.29    13.46

SNOWFALL (IN)
  YESTERDAY        0.0
  MONTH TO DATE    0.0
  SINCE SEP 1      5.9
  SNOW DEPTH       0

DEGREE DAYS
 HEATING
  YESTERDAY        0                         7     -7        0
  MONTH TO DATE  139                       266   -127      244
  SINCE MAR 1    691                       862   -171      619
  SINCE JUL 1   3340                      4363  -1023     3654

 COOLING
  YESTERDAY        3                         1      2        7
  MONTH TO DATE   41                        25     16       28
  SINCE MAR 1     43                        30     13       37
  SINCE JAN 1     44                        30     14       37
..................................................................


WIND (MPH)
  HIGHEST WIND SPEED    14   HIGHEST WIND DIRECTION     S (180)
  HIGHEST GUST SPEED    18   HIGHEST GUST DIRECTION     S (190)
  AVERAGE WIND SPEED     4.0


SKY COVER
  POSSIBLE SUNSHINE  MM


WEATHER CONDITIONS
 THE FOLLOWING WEATHER WAS RECORDED YESTERDAY.
  FOG


RELATIVE HUMIDITY (PERCENT)
 HIGHEST   100           300 AM
 LOWEST     34           400 PM
 AVERAGE    67

..........................................................


THE HUNTINGTON WV CLIMATE NORMALS FOR TODAY
                         NORMAL    RECORD    YEAR
 MAXIMUM TEMPERATURE (F)   71        92      1915
 MINIMUM TEMPERATURE (F)   48        31      1926


SUNRISE AND SUNSET
APRIL 27 2017.........SUNRISE   638 AM EDT   SUNSET   818 PM EDT
APRIL 28 2017.........SUNRISE   637 AM EDT   SUNSET   819 PM EDT


-  INDICATES NEGATIVE NUMBERS.
R  INDICATES RECORD WAS SET OR TIED.
MM INDICATES DATA IS MISSING.
T  INDICATES TRACE AMOUNT.




$$
