000
CDUS41 KRLX 180844
CLIHTS


CLIMATE REPORT
NATIONAL WEATHER SERVICE CHARLESTON WV
341 AM EST SAT NOV 18 2017


...................................

...THE HUNTINGTON WV CLIMATE SUMMARY FOR NOVEMBER 17 2017...

CLIMATE NORMAL PERIOD 1981 TO 2010
CLIMATE RECORD PERIOD 1897 TO 2017


WEATHER ITEM   OBSERVED TIME   RECORD YEAR NORMAL DEPARTURE LAST
                VALUE   (LST)  VALUE       VALUE  FROM      YEAR
                                                  NORMAL
..................................................................
TEMPERATURE (F)
 YESTERDAY
  MAXIMUM         53    323 PM  83    1958  56     -3       73
  MINIMUM         31    723 AM  16    1959  37     -6       36
                                      1933
  AVERAGE         42                        46     -4       55

PRECIPITATION (IN)
  YESTERDAY        0.00          2.20 1921   0.12  -0.12     0.00
  MONTH TO DATE    1.91                      1.90   0.01     0.56
  SINCE JAN 1     42.83                     37.74   5.09    40.77

SNOWFALL (IN)
  YESTERDAY        0.0           4.0  1920   0.1   -0.1      0.0
  MONTH TO DATE    0.0                       0.3   -0.3      0.0
  SINCE SEP 1      0.0                       0.4   -0.4      0.0
  SNOW DEPTH       0

DEGREE DAYS
 HEATING
  YESTERDAY       23                        19      4       10
  MONTH TO DATE  267                       272     -5      209
  SINCE SEP 1    512                       609    -97      355
  SINCE JUL 1    512                       611    -99      355

 COOLING
  YESTERDAY        0                         0      0        0
  MONTH TO DATE    3                         0      3        7
  SINCE SEP 1    189                       155     34      339
  SINCE JAN 1   1191                      1132     59     1589
..................................................................


WIND (MPH)
  HIGHEST WIND SPEED    10   HIGHEST WIND DIRECTION    SE (130)
  HIGHEST GUST SPEED    13   HIGHEST GUST DIRECTION     E (80)
  AVERAGE WIND SPEED     2.6


SKY COVER
  POSSIBLE SUNSHINE  MM
  AVERAGE SKY COVER 0.3


WEATHER CONDITIONS
 THE FOLLOWING WEATHER WAS RECORDED YESTERDAY.
  NO SIGNIFICANT WEATHER WAS OBSERVED.


RELATIVE HUMIDITY (PERCENT)
 HIGHEST    82           800 AM
 LOWEST     41           400 PM
 AVERAGE    62

..........................................................


THE HUNTINGTON WV CLIMATE NORMALS FOR TODAY
                         NORMAL    RECORD    YEAR
 MAXIMUM TEMPERATURE (F)   56        82      1958
 MINIMUM TEMPERATURE (F)   36        15      1959


SUNRISE AND SUNSET
NOVEMBER 18 2017......SUNRISE   715 AM EST   SUNSET   515 PM EST
NOVEMBER 19 2017......SUNRISE   716 AM EST   SUNSET   515 PM EST


-  INDICATES NEGATIVE NUMBERS.
R  INDICATES RECORD WAS SET OR TIED.
MM INDICATES DATA IS MISSING.
T  INDICATES TRACE AMOUNT.




$$
