000
CDUS41 KRLX 030729
CLIHTS


CLIMATE REPORT
NATIONAL WEATHER SERVICE CHARLESTON WV
327 AM EDT FRI JUL 3 2015


...................................

...THE HUNTINGTON WV CLIMATE SUMMARY FOR JULY 2 2015...

CLIMATE NORMAL PERIOD 1981 TO 2010
CLIMATE RECORD PERIOD 1897 TO 2015


WEATHER ITEM   OBSERVED TIME   RECORD YEAR NORMAL DEPARTURE LAST
                VALUE   (LST)  VALUE       VALUE  FROM      YEAR
                                                  NORMAL
..................................................................
TEMPERATURE (F)
 YESTERDAY
  MAXIMUM         71    443 PM 101    1931  86    -15       87
  MINIMUM         64    105 PM  47    1988  65     -1       68
  AVERAGE         68                        75     -7       78

PRECIPITATION (IN)
  YESTERDAY        0.18          2.00 1938   0.13   0.05      T
  MONTH TO DATE    0.20                      0.25  -0.05      T
  SINCE JAN 1     25.83                     22.21   3.62    24.06

SNOWFALL (IN)
  YESTERDAY        0.0
  MONTH TO DATE    0.0
  SINCE SEP 1     36.6
  SNOW DEPTH       0

DEGREE DAYS
 HEATING
  YESTERDAY        0                         0      0        0
  MONTH TO DATE    0                         0      0        0
  SINCE JUN 1     14                        12      2        0
  SINCE JUL 1      0                         0      0        0

 COOLING
  YESTERDAY        3                        10     -7       13
  MONTH TO DATE    7                        20    -13       29
  SINCE JUN 1    280                       245     35      274
  SINCE JAN 1    446                       358     88      388
..................................................................


WIND (MPH)
  HIGHEST WIND SPEED    10   HIGHEST WIND DIRECTION     E (100)
  HIGHEST GUST SPEED    15   HIGHEST GUST DIRECTION    SE (120)
  AVERAGE WIND SPEED     3.7


SKY COVER
  POSSIBLE SUNSHINE  MM


WEATHER CONDITIONS
 THE FOLLOWING WEATHER WAS RECORDED YESTERDAY.
  RAIN
  LIGHT RAIN
  FOG
  FOG W/VISIBILITY <= 1/4 MILE


RELATIVE HUMIDITY (PERCENT)
 HIGHEST   100           300 AM
 LOWEST     90           400 PM
 AVERAGE    95

..........................................................


THE HUNTINGTON WV CLIMATE NORMALS FOR TODAY
                         NORMAL    RECORD    YEAR
 MAXIMUM TEMPERATURE (F)   86        97      2012
                                             1911
                                             1898
 MINIMUM TEMPERATURE (F)   65        50      1929


SUNRISE AND SUNSET
JULY  3 2015..........SUNRISE   611 AM EDT   SUNSET   858 PM EDT
JULY  4 2015..........SUNRISE   612 AM EDT   SUNSET   857 PM EDT


-  INDICATES NEGATIVE NUMBERS.
R  INDICATES RECORD WAS SET OR TIED.
MM INDICATES DATA IS MISSING.
T  INDICATES TRACE AMOUNT.




$$
