000
CDUS43 KIND 300533
CLIHUF


CLIMATE REPORT
NATIONAL WEATHER SERVICE INDIANAPOLIS IN
131 AM EDT TUE SEP 30 2014


...................................

...THE TERRE HAUTE IN CLIMATE SUMMARY FOR SEPTEMBER 29 2014...

CLIMATE NORMAL PERIOD 1981 TO 2010
CLIMATE RECORD PERIOD 9999 TO 9999


WEATHER ITEM   OBSERVED TIME   NORMAL DEPARTURE LAST
                VALUE   (LST)  VALUE  FROM      YEAR
                                      NORMAL
......................................................
TEMPERATURE (F)
 YESTERDAY
  MAXIMUM         83    400 PM  73     10       69
  MINIMUM         49    642 AM  48      1       53
  AVERAGE         66            60      6       61

PRECIPITATION (IN)
  YESTERDAY        0.00          0.11  -0.11     0.49
  MONTH TO DATE    2.99          3.31  -0.32     1.20
  SINCE SEP 1      2.99          3.31  -0.32     1.20
  SINCE JAN 1     31.12         34.59  -3.47    34.23

DEGREE DAYS
 HEATING
  YESTERDAY        0             6     -6        4
  MONTH TO DATE   94            66     28       53
  SINCE SEP 1     94            66     28       53
  SINCE JUL 1    105            71     34       63

 COOLING
  YESTERDAY        1             1      0        0
  MONTH TO DATE   76            98    -22      147
  SINCE SEP 1     76            98    -22      147
  SINCE JAN 1    927           977    -50     1022
......................................................


WIND (MPH)
  HIGHEST WIND SPEED    12   HIGHEST WIND DIRECTION    NW (330)
  HIGHEST GUST SPEED    16   HIGHEST GUST DIRECTION    NW (330)
  AVERAGE WIND SPEED     2.6


SKY COVER
  AVERAGE SKY COVER 0.1


WEATHER CONDITIONS
 THE FOLLOWING WEATHER WAS RECORDED YESTERDAY.
  FOG
  FOG W/VISIBILITY <= 1/4 MILE


RELATIVE HUMIDITY (PERCENT)
 HIGHEST   100           400 AM
 LOWEST     33           100 PM
 AVERAGE    67

..........................................................


THE TERRE HAUTE IN CLIMATE NORMALS FOR TODAY
                         NORMAL
 MAXIMUM TEMPERATURE (F)   72
 MINIMUM TEMPERATURE (F)   48


SUNRISE AND SUNSET
SEPTEMBER 30 2014.....SUNRISE   744 AM EDT   SUNSET   733 PM EDT
OCTOBER  1 2014.......SUNRISE   745 AM EDT   SUNSET   732 PM EDT


-  INDICATES NEGATIVE NUMBERS.
R  INDICATES RECORD WAS SET OR TIED.
MM INDICATES DATA IS MISSING.
T  INDICATES TRACE AMOUNT.




$$
