000
CDUS43 KIND 040533
CLIHUF


CLIMATE REPORT
NATIONAL WEATHER SERVICE INDIANAPOLIS IN
1232 AM EST WED MAR 4 2015


...................................

...THE TERRE HAUTE IN CLIMATE SUMMARY FOR MARCH 3 2015...

CLIMATE NORMAL PERIOD 1981 TO 2010
CLIMATE RECORD PERIOD 9999 TO 9999


WEATHER ITEM   OBSERVED TIME   NORMAL DEPARTURE LAST
                VALUE   (LST)  VALUE  FROM      YEAR
                                      NORMAL
......................................................
TEMPERATURE (F)
 YESTERDAY
  MAXIMUM         41    355 PM  48     -7       21
  MINIMUM         26   1241 AM  28     -2        9
  AVERAGE         34            38     -4       15

PRECIPITATION (IN)
  YESTERDAY        0.33          0.08   0.25      T
  MONTH TO DATE    0.73          0.23   0.50     0.23
  SINCE MAR 1      0.73          0.23   0.50     0.23
  SINCE JAN 1      3.63          4.52  -0.89     4.26

DEGREE DAYS
 HEATING
  YESTERDAY       31            27      4       50
  MONTH TO DATE  112            83     29      123
  SINCE MAR 1    112            83     29      123
  SINCE JUL 1   4746          4246    500     4858

 COOLING
  YESTERDAY        0             0      0        0
  MONTH TO DATE    0             0      0        0
  SINCE MAR 1      0             0      0        0
  SINCE JAN 1      0             0      0        0
......................................................


WIND (MPH)
  HIGHEST WIND SPEED    17   HIGHEST WIND DIRECTION    SE (150)
  HIGHEST GUST SPEED    23   HIGHEST GUST DIRECTION    SE (150)
  AVERAGE WIND SPEED     9.3


SKY COVER
  AVERAGE SKY COVER 0.9


WEATHER CONDITIONS
 THE FOLLOWING WEATHER WAS RECORDED YESTERDAY.
  LIGHT RAIN
  LT FREEZING RAIN
  LIGHT SNOW
  FOG
  HAZE


RELATIVE HUMIDITY (PERCENT)
 HIGHEST   100           300 PM
 LOWEST     63          1200 AM
 AVERAGE    82

..........................................................


THE TERRE HAUTE IN CLIMATE NORMALS FOR TODAY
                         NORMAL
 MAXIMUM TEMPERATURE (F)   48
 MINIMUM TEMPERATURE (F)   28


SUNRISE AND SUNSET
MARCH  4 2015.........SUNRISE   718 AM EST   SUNSET   644 PM EST
MARCH  5 2015.........SUNRISE   716 AM EST   SUNSET   646 PM EST


-  INDICATES NEGATIVE NUMBERS.
R  INDICATES RECORD WAS SET OR TIED.
MM INDICATES DATA IS MISSING.
T  INDICATES TRACE AMOUNT.




$$
