000
CDUS43 KIND 030534
CLIHUF


CLIMATE REPORT
NATIONAL WEATHER SERVICE INDIANAPOLIS IN
132 AM EDT THU SEP 3 2015


...................................

...THE TERRE HAUTE IN CLIMATE SUMMARY FOR SEPTEMBER 2 2015...

CLIMATE NORMAL PERIOD 1981 TO 2010
CLIMATE RECORD PERIOD 9999 TO 9999


WEATHER ITEM   OBSERVED TIME   NORMAL DEPARTURE LAST
                VALUE   (LST)  VALUE  FROM      YEAR
                                      NORMAL
......................................................
TEMPERATURE (F)
 YESTERDAY
  MAXIMUM         90    408 PM  82      8       80
  MINIMUM         63    648 AM  59      4       64
  AVERAGE         77            71      6       72

PRECIPITATION (IN)
  YESTERDAY        0.00          0.13  -0.13     0.91
  MONTH TO DATE    0.00          0.28  -0.28     0.91
  SINCE SEP 1      0.00          0.28  -0.28     0.91
  SINCE JAN 1     25.38         31.56  -6.18    29.04

DEGREE DAYS
 HEATING
  YESTERDAY        0             0      0        0
  MONTH TO DATE    0             0      0        0
  SINCE SEP 1      0             0      0        0
  SINCE JUL 1      4             5     -1       11

 COOLING
  YESTERDAY       12             6      6        7
  MONTH TO DATE   23            12     11       20
  SINCE SEP 1     23            12     11       20
  SINCE JAN 1    952           891     61      871
......................................................


WIND (MPH)
  HIGHEST WIND SPEED    13   HIGHEST WIND DIRECTION     S (200)
  HIGHEST GUST SPEED    17   HIGHEST GUST DIRECTION    SW (210)
  AVERAGE WIND SPEED     2.8


SKY COVER
  AVERAGE SKY COVER 0.1


WEATHER CONDITIONS
 THE FOLLOWING WEATHER WAS RECORDED YESTERDAY.
  FOG
  HAZE


RELATIVE HUMIDITY (PERCENT)
 HIGHEST   100           300 AM
 LOWEST     47           400 PM
 AVERAGE    74

..........................................................


THE TERRE HAUTE IN CLIMATE NORMALS FOR TODAY
                         NORMAL
 MAXIMUM TEMPERATURE (F)   82
 MINIMUM TEMPERATURE (F)   59


SUNRISE AND SUNSET
SEPTEMBER  3 2015.....SUNRISE   719 AM EDT   SUNSET   817 PM EDT
SEPTEMBER  4 2015.....SUNRISE   720 AM EDT   SUNSET   816 PM EDT


-  INDICATES NEGATIVE NUMBERS.
R  INDICATES RECORD WAS SET OR TIED.
MM INDICATES DATA IS MISSING.
T  INDICATES TRACE AMOUNT.




$$
