000
CDUS43 KIND 210531
CLIHUF


CLIMATE REPORT
NATIONAL WEATHER SERVICE INDIANAPOLIS IN
130 AM EDT SAT OCT 21 2017


...................................

...THE TERRE HAUTE IN CLIMATE SUMMARY FOR OCTOBER 20 2017...

CLIMATE NORMAL PERIOD 1981 TO 2010
CLIMATE RECORD PERIOD 9999 TO 9999


WEATHER ITEM   OBSERVED TIME   NORMAL DEPARTURE LAST
                VALUE   (LST)  VALUE  FROM      YEAR
                                      NORMAL
......................................................
TEMPERATURE (F)
 YESTERDAY
  MAXIMUM         77    305 PM  64     13       57
  MINIMUM         45    706 AM  41      4       52
  AVERAGE         61            53      8       55

PRECIPITATION (IN)
  YESTERDAY        0.00          0.12  -0.12     1.42
  MONTH TO DATE    4.13          2.32   1.81     1.99
  SINCE SEP 1      4.44          5.74  -1.30     5.61
  SINCE JAN 1     40.28         37.02   3.26    32.57

DEGREE DAYS
 HEATING
  YESTERDAY        4            12     -8       10
  MONTH TO DATE   68           193   -125       73
  SINCE SEP 1    116           266   -150       86
  SINCE JUL 1    116           271   -155       90

 COOLING
  YESTERDAY        0             0      0        0
  MONTH TO DATE   51            12     39       43
  SINCE SEP 1    214           111    103      234
  SINCE JAN 1   1124           990    134     1382
......................................................


WIND (MPH)
  HIGHEST WIND SPEED    14   HIGHEST WIND DIRECTION     S (170)
  HIGHEST GUST SPEED    17   HIGHEST GUST DIRECTION     S (170)
  AVERAGE WIND SPEED     5.1


SKY COVER
  AVERAGE SKY COVER 0.0


WEATHER CONDITIONS
 THE FOLLOWING WEATHER WAS RECORDED YESTERDAY.
  FOG


RELATIVE HUMIDITY (PERCENT)
 HIGHEST   100           600 AM
 LOWEST     38           300 PM
 AVERAGE    69

..........................................................


THE TERRE HAUTE IN CLIMATE NORMALS FOR TODAY
                         NORMAL
 MAXIMUM TEMPERATURE (F)   64
 MINIMUM TEMPERATURE (F)   41


SUNRISE AND SUNSET
OCTOBER 21 2017.......SUNRISE   806 AM EDT   SUNSET   701 PM EDT
OCTOBER 22 2017.......SUNRISE   807 AM EDT   SUNSET   700 PM EDT


-  INDICATES NEGATIVE NUMBERS.
R  INDICATES RECORD WAS SET OR TIED.
MM INDICATES DATA IS MISSING.
T  INDICATES TRACE AMOUNT.




$$
