000
CDUS41 KCAR 010533
CLIHUL


CLIMATE REPORT
NATIONAL WEATHER SERVICE CARIBOU, ME
1232 AM EST SUN FEB 1 2015


...................................

...THE HOULTON ME CLIMATE SUMMARY FOR JANUARY 31 2015...

CLIMATE NORMAL PERIOD 1981 TO 2010
CLIMATE RECORD PERIOD 1948 TO 2015


WEATHER ITEM   OBSERVED TIME   RECORD YEAR NORMAL DEPARTURE LAST
                VALUE   (LST)  VALUE       VALUE  FROM      YEAR
                                                  NORMAL
..................................................................
TEMPERATURE (F)
 YESTERDAY
  MAXIMUM         23    211 AM  54    2013  23      0       33
  MINIMUM          5   1159 PM -31    1994   0      5       16
                                      1975
  AVERAGE         14                        12      2       25

PRECIPITATION (IN)
  YESTERDAY        0.03          0.91 2013   0.09  -0.06     0.00
  MONTH TO DATE    1.44                      2.86  -1.42     4.18
  SINCE DEC 1      6.94                      6.15   0.79     6.55
  SINCE JAN 1      1.44                      2.86  -1.42     4.18

SNOWFALL (IN)
  YESTERDAY       MM             8.8  1984   0.7   MM       MM
  MONTH TO DATE   MM                        23.3   MM       MM
  SINCE DEC 1     MM                        39.7   MM       MM
  SINCE JUL 1     MM                        47.8   MM       MM
  SNOW DEPTH      MM

DEGREE DAYS
 HEATING
  YESTERDAY       51                        54     -3       40
  MONTH TO DATE 1693                      1656     37     1566
  SINCE DEC 1   2937                      3067   -130     3127
  SINCE JUL 1   4834                      5175   -341     5128

 COOLING
  YESTERDAY        0                         0      0        0
  MONTH TO DATE    0                         0      0        0
  SINCE DEC 1      0                         0      0        0
  SINCE JAN 1      0                         0      0        0
..................................................................


WIND (MPH)
  HIGHEST WIND SPEED    25   HIGHEST WIND DIRECTION     N (350)
  HIGHEST GUST SPEED    35   HIGHEST GUST DIRECTION     N (10)
  AVERAGE WIND SPEED    15.4


SKY COVER
  POSSIBLE SUNSHINE  MM
  AVERAGE SKY COVER 0.9


WEATHER CONDITIONS
 THE FOLLOWING WEATHER WAS RECORDED YESTERDAY.
  SNOW
  LIGHT SNOW
  FOG
  FOG W/VISIBILITY <= 1/4 MILE
  HAZE
  BLOWING SNOW


RELATIVE HUMIDITY (PERCENT)
 HIGHEST    96          1200 AM
 LOWEST     69          1000 PM
 AVERAGE    83

..........................................................


THE HOULTON ME CLIMATE NORMALS FOR TODAY
                         NORMAL    RECORD    YEAR
 MAXIMUM TEMPERATURE (F)   23        50      1988
 MINIMUM TEMPERATURE (F)    1       -32      1955


SUNRISE AND SUNSET
FEBRUARY  1 2015......SUNRISE   654 AM EST   SUNSET   436 PM EST
FEBRUARY  2 2015......SUNRISE   653 AM EST   SUNSET   437 PM EST


-  INDICATES NEGATIVE NUMBERS.
R  INDICATES RECORD WAS SET OR TIED.
MM INDICATES DATA IS MISSING.
T  INDICATES TRACE AMOUNT.




$$
