000
CDUS41 KCAR 230534
CLIHUL


CLIMATE REPORT
NATIONAL WEATHER SERVICE CARIBOU, ME
131 AM EDT TUE SEP 23 2014


...................................

...THE HOULTON ME CLIMATE SUMMARY FOR SEPTEMBER 22 2014...

CLIMATE NORMAL PERIOD 1981 TO 2010
CLIMATE RECORD PERIOD 1948 TO 2014


WEATHER ITEM   OBSERVED TIME   RECORD YEAR NORMAL DEPARTURE LAST
                VALUE   (LST)  VALUE       VALUE  FROM      YEAR
                                                  NORMAL
..................................................................
TEMPERATURE (F)
 YESTERDAY
  MAXIMUM         72   1220 PM  88    1965  64      8       67
  MINIMUM         45   1140 PM  22    1950  41      4       52
  AVERAGE         59                        52      7       60

PRECIPITATION (IN)
  YESTERDAY        0.04          1.11 1999   0.12  -0.08     0.97
  MONTH TO DATE    1.30                      2.42  -1.12     5.83
  SINCE SEP 1      1.30                      2.42  -1.12     5.83
  SINCE JAN 1     28.96                     28.04   0.92    33.36

SNOWFALL (IN)
  YESTERDAY       MM             0.0  2003   0.0   MM       MM
  MONTH TO DATE   MM                         0.0   MM       MM
  SINCE SEP 1     MM                         0.0   MM       MM
  SINCE JUL 1     MM                         0.0   MM       MM
  SNOW DEPTH      MM

DEGREE DAYS
 HEATING
  YESTERDAY        6                        13     -7        5
  MONTH TO DATE  217                       196     21      176
  SINCE SEP 1    217                       196     21      176
  SINCE JUL 1    302                       352    -50      309

 COOLING
  YESTERDAY        0                         0      0        0
  MONTH TO DATE   27                        12     15       19
  SINCE SEP 1     27                        12     15       19
  SINCE JAN 1    230                       190     40      198
..................................................................


WIND (MPH)
  HIGHEST WIND SPEED    25   HIGHEST WIND DIRECTION     W (260)
  HIGHEST GUST SPEED    37   HIGHEST GUST DIRECTION     W (250)
  AVERAGE WIND SPEED     9.2


SKY COVER
  POSSIBLE SUNSHINE  MM
  AVERAGE SKY COVER 0.8


WEATHER CONDITIONS
 THE FOLLOWING WEATHER WAS RECORDED YESTERDAY.
  HEAVY RAIN
  LIGHT RAIN
  FOG
  FOG W/VISIBILITY <= 1/4 MILE


RELATIVE HUMIDITY (PERCENT)
 HIGHEST   100           400 AM
 LOWEST     55           300 PM
 AVERAGE    78

..........................................................


THE HOULTON ME CLIMATE NORMALS FOR TODAY
                         NORMAL    RECORD    YEAR
 MAXIMUM TEMPERATURE (F)   64        84      1965
 MINIMUM TEMPERATURE (F)   40        24      2008


SUNRISE AND SUNSET
SEPTEMBER 23 2014.....SUNRISE   619 AM EDT   SUNSET   627 PM EDT
SEPTEMBER 24 2014.....SUNRISE   621 AM EDT   SUNSET   625 PM EDT


-  INDICATES NEGATIVE NUMBERS.
R  INDICATES RECORD WAS SET OR TIED.
MM INDICATES DATA IS MISSING.
T  INDICATES TRACE AMOUNT.




$$
