000
CDUS41 KCAR 262029
CLIHUL


CLIMATE REPORT
NATIONAL WEATHER SERVICE CARIBOU, ME
428 PM EDT TUE JUL 26 2016


...................................

...THE HOULTON ME CLIMATE SUMMARY FOR JULY 26 2016...
VALID TODAY AS OF 0400 PM LOCAL TIME.

CLIMATE NORMAL PERIOD 1981 TO 2010
CLIMATE RECORD PERIOD 1948 TO 2016


WEATHER ITEM   OBSERVED TIME   RECORD YEAR NORMAL DEPARTURE LAST
                VALUE   (LST)  VALUE       VALUE  FROM      YEAR
                                                  NORMAL
..................................................................
TEMPERATURE (F)
 TODAY
  MAXIMUM         84    257 PM  93    1939  78      6       65
  MINIMUM         64    508 AM  40    1993  54     10       56
  AVERAGE         74                        66      8       61

PRECIPITATION (IN)
  TODAY            0.09          1.80 2013   0.12  -0.03     0.05
  MONTH TO DATE    3.50                      3.05   0.45     1.50
  SINCE JUN 1      6.16                      6.70  -0.54     5.52
  SINCE JAN 1     20.54                     21.33  -0.79    14.87

SNOWFALL (IN)
  TODAY           MM             0.0  2003   0.0   MM       MM
  MONTH TO DATE   MM                         0.0   MM       MM
  SINCE JUN 1     MM                         0.0   MM       MM
  SINCE JUL 1     MM                         0.0   MM       MM
  SNOW DEPTH      MM

DEGREE DAYS
 HEATING
  TODAY            0                         2     -2        4
  MONTH TO DATE   41                        55    -14       63
  SINCE JUN 1    216                       236    -20      300
  SINCE JUL 1     41                        55    -14       63

 COOLING
  TODAY            9                         3      6        0
  MONTH TO DATE   83                        76      7       25
  SINCE JUN 1    113                       111      2       37
  SINCE JAN 1    120                       115      5       62
..................................................................


WIND (MPH)
  HIGHEST WIND SPEED    12   HIGHEST WIND DIRECTION    NW (320)
  HIGHEST GUST SPEED    16   HIGHEST GUST DIRECTION     W (280)
  AVERAGE WIND SPEED     5.8


SKY COVER
  POSSIBLE SUNSHINE  MM
  AVERAGE SKY COVER 0.8


WEATHER CONDITIONS
 THE FOLLOWING WEATHER WAS RECORDED TODAY.
  HEAVY RAIN
  LIGHT RAIN
  FOG


RELATIVE HUMIDITY (PERCENT)
 HIGHEST   100          1200 AM
 LOWEST     51           200 PM
 AVERAGE    76

..........................................................


THE HOULTON ME CLIMATE NORMALS FOR TOMORROW
                         NORMAL    RECORD    YEAR
 MAXIMUM TEMPERATURE (F)   78        93      1989
 MINIMUM TEMPERATURE (F)   54        41      1946


SUNRISE AND SUNSET
JULY 26 2016..........SUNRISE   507 AM EDT   SUNSET   808 PM EDT
JULY 27 2016..........SUNRISE   508 AM EDT   SUNSET   807 PM EDT


-  INDICATES NEGATIVE NUMBERS.
R  INDICATES RECORD WAS SET OR TIED.
MM INDICATES DATA IS MISSING.
T  INDICATES TRACE AMOUNT.




$$
