000
CDUS41 KCAR 230536
CLIHUL


CLIMATE REPORT
NATIONAL WEATHER SERVICE CARIBOU, ME
131 AM EDT SAT SEP 23 2017


...................................

...THE HOULTON ME CLIMATE SUMMARY FOR SEPTEMBER 22 2017...

CLIMATE NORMAL PERIOD 1981 TO 2010
CLIMATE RECORD PERIOD 1948 TO 2017


WEATHER ITEM   OBSERVED TIME   RECORD YEAR NORMAL DEPARTURE LAST
                VALUE   (LST)  VALUE       VALUE  FROM      YEAR
                                                  NORMAL
..................................................................
TEMPERATURE (F)
 YESTERDAY
  MAXIMUM         75    259 PM  88    1965  64     11       67
  MINIMUM         34    427 AM  22    1950  41     -7       45
  AVERAGE         55                        52      3       56

PRECIPITATION (IN)
  YESTERDAY        0.00          1.11 1999   0.12  -0.12     0.02
  MONTH TO DATE    1.71                      2.42  -0.71     0.53
  SINCE SEP 1      1.71                      2.42  -0.71     0.53
  SINCE JAN 1     24.05                     28.04  -3.99    27.39

SNOWFALL (IN)
  YESTERDAY       MM             0.0  2003   0.0   MM       MM
  MONTH TO DATE   MM                         0.0   MM       MM
  SINCE SEP 1     MM                         0.0   MM       MM
  SINCE JUL 1     MM                         0.0   MM       MM
  SNOW DEPTH      MM

DEGREE DAYS
 HEATING
  YESTERDAY       10                        13     -3        9
  MONTH TO DATE  101                       196    -95       92
  SINCE SEP 1    101                       196    -95       92
  SINCE JUL 1    249                       352   -103      186

 COOLING
  YESTERDAY        0                         0      0        0
  MONTH TO DATE   11                        12     -1       23
  SINCE SEP 1     11                        12     -1       23
  SINCE JAN 1    187                       190     -3      229
..................................................................


WIND (MPH)
  HIGHEST WIND SPEED     8   HIGHEST WIND DIRECTION    NW (300)
  HIGHEST GUST SPEED    13   HIGHEST GUST DIRECTION     N (360)
  AVERAGE WIND SPEED     1.6


SKY COVER
  POSSIBLE SUNSHINE  MM
  AVERAGE SKY COVER 0.0


WEATHER CONDITIONS
 THE FOLLOWING WEATHER WAS RECORDED YESTERDAY.
  NO SIGNIFICANT WEATHER WAS OBSERVED.


RELATIVE HUMIDITY (PERCENT)
 HIGHEST   100          1200 AM
 LOWEST     31           200 PM
 AVERAGE    66

..........................................................


THE HOULTON ME CLIMATE NORMALS FOR TODAY
                         NORMAL    RECORD    YEAR
 MAXIMUM TEMPERATURE (F)   64        84      1965
 MINIMUM TEMPERATURE (F)   40        24      2008


SUNRISE AND SUNSET
SEPTEMBER 23 2017.....SUNRISE   620 AM EDT   SUNSET   626 PM EDT
SEPTEMBER 24 2017.....SUNRISE   621 AM EDT   SUNSET   624 PM EDT


-  INDICATES NEGATIVE NUMBERS.
R  INDICATES RECORD WAS SET OR TIED.
MM INDICATES DATA IS MISSING.
T  INDICATES TRACE AMOUNT.




$$
