000
CDUS41 KCAR 242041
CLIHUL


CLIMATE REPORT
NATIONAL WEATHER SERVICE CARIBOU, ME
441 PM EDT MON JUL 24 2017


...................................

...THE HOULTON ME CLIMATE SUMMARY FOR JULY 24 2017...
VALID TODAY AS OF 0400 PM LOCAL TIME.

CLIMATE NORMAL PERIOD 1981 TO 2010
CLIMATE RECORD PERIOD 1948 TO 2017


WEATHER ITEM   OBSERVED TIME   RECORD YEAR NORMAL DEPARTURE LAST
                VALUE   (LST)  VALUE       VALUE  FROM      YEAR
                                                  NORMAL
..................................................................
TEMPERATURE (F)
 TODAY
  MAXIMUM         72    240 PM  95    1970  78     -6       84
  MINIMUM         40R   424 AM  41    2004  54    -14       55
                                      2002
  AVERAGE         56                        66    -10       70

PRECIPITATION (IN)
  TODAY            0.00          1.18 1976   0.12  -0.12     0.00
  MONTH TO DATE    1.28                      2.82  -1.54     3.25
  SINCE JUN 1      4.20                      6.47  -2.27     5.91
  SINCE JAN 1     18.95                     21.10  -2.15    20.29

SNOWFALL (IN)
  TODAY           MM             0.0  2003   0.0   MM       MM
  MONTH TO DATE   MM                         0.0   MM       MM
  SINCE JUN 1     MM                         0.0   MM       MM
  SINCE JUL 1     MM                         0.0   MM       MM
  SNOW DEPTH      MM

DEGREE DAYS
 HEATING
  TODAY            9                         2      7        0
  MONTH TO DATE   39                        51    -12       41
  SINCE JUN 1    199                       232    -33      216
  SINCE JUL 1     39                        51    -12       41

 COOLING
  TODAY            0                         3     -3        5
  MONTH TO DATE   73                        70      3       70
  SINCE JUN 1    116                       105     11      100
  SINCE JAN 1    122                       109     13      107
..................................................................


WIND (MPH)
  HIGHEST WIND SPEED     9   HIGHEST WIND DIRECTION     N (20)
  HIGHEST GUST SPEED    11   HIGHEST GUST DIRECTION    NE (60)
  AVERAGE WIND SPEED     2.9


SKY COVER
  POSSIBLE SUNSHINE  MM
  AVERAGE SKY COVER 0.0


WEATHER CONDITIONS
 THE FOLLOWING WEATHER WAS RECORDED TODAY.
  NO SIGNIFICANT WEATHER WAS OBSERVED.


RELATIVE HUMIDITY (PERCENT)
 HIGHEST   100          1200 AM
 LOWEST     40          1100 AM
 AVERAGE    70

..........................................................


THE HOULTON ME CLIMATE NORMALS FOR TOMORROW
                         NORMAL    RECORD    YEAR
 MAXIMUM TEMPERATURE (F)   78        96      1970
 MINIMUM TEMPERATURE (F)   54        38      2002


SUNRISE AND SUNSET
JULY 24 2017..........SUNRISE   504 AM EDT   SUNSET   810 PM EDT
JULY 25 2017..........SUNRISE   505 AM EDT   SUNSET   809 PM EDT


-  INDICATES NEGATIVE NUMBERS.
R  INDICATES RECORD WAS SET OR TIED.
MM INDICATES DATA IS MISSING.
T  INDICATES TRACE AMOUNT.




$$
