000
CDUS41 KCAR 030528
CLIHUL


CLIMATE REPORT
NATIONAL WEATHER SERVICE CARIBOU, ME
127 AM EDT FRI JUL 3 2015


...................................

...THE HOULTON ME CLIMATE SUMMARY FOR JULY 2 2015...

CLIMATE NORMAL PERIOD 1981 TO 2010
CLIMATE RECORD PERIOD 1948 TO 2015


WEATHER ITEM   OBSERVED TIME   RECORD YEAR NORMAL DEPARTURE LAST
                VALUE   (LST)  VALUE       VALUE  FROM      YEAR
                                                  NORMAL
..................................................................
TEMPERATURE (F)
 YESTERDAY
  MAXIMUM         72    219 PM  93    2014  76     -4       93
  MINIMUM         49   1149 PM  38    2007  53     -4       69
  AVERAGE         61                        64     -3       81

PRECIPITATION (IN)
  YESTERDAY        0.00          2.33 1956   0.13  -0.13     0.19
  MONTH TO DATE    0.04                      0.26  -0.22     0.19
  SINCE JUN 1      4.06                      3.91   0.15     4.45
  SINCE JAN 1     13.41                     18.54  -5.13    19.15

SNOWFALL (IN)
  YESTERDAY       MM             0.0  2003   0.0   MM       MM
  MONTH TO DATE   MM                         0.0   MM       MM
  SINCE JUN 1     MM                         0.0   MM       MM
  SINCE JUL 1     MM                         0.0   MM       MM
  SNOW DEPTH      MM

DEGREE DAYS
 HEATING
  YESTERDAY        4                         3      1        0
  MONTH TO DATE    5                         6     -1        0
  SINCE JUN 1    242                       187     55      129
  SINCE JUL 1      5                         6     -1        0

 COOLING
  YESTERDAY        0                         2     -2       16
  MONTH TO DATE    0                         4     -4       27
  SINCE JUN 1     12                        39    -27       52
  SINCE JAN 1     37                        43     -6       53
..................................................................


WIND (MPH)
  HIGHEST WIND SPEED    22   HIGHEST WIND DIRECTION    SW (230)
  HIGHEST GUST SPEED    28   HIGHEST GUST DIRECTION    SW (240)
  AVERAGE WIND SPEED     8.9


SKY COVER
  POSSIBLE SUNSHINE  MM
  AVERAGE SKY COVER 0.6


WEATHER CONDITIONS
 THE FOLLOWING WEATHER WAS RECORDED YESTERDAY.
  FOG


RELATIVE HUMIDITY (PERCENT)
 HIGHEST    97           100 AM
 LOWEST     49           100 PM
 AVERAGE    73

..........................................................


THE HOULTON ME CLIMATE NORMALS FOR TODAY
                         NORMAL    RECORD    YEAR
 MAXIMUM TEMPERATURE (F)   77        92      2002
 MINIMUM TEMPERATURE (F)   53        36      1992


SUNRISE AND SUNSET
JULY  3 2015..........SUNRISE   445 AM EDT   SUNSET   826 PM EDT
JULY  4 2015..........SUNRISE   446 AM EDT   SUNSET   825 PM EDT


-  INDICATES NEGATIVE NUMBERS.
R  INDICATES RECORD WAS SET OR TIED.
MM INDICATES DATA IS MISSING.
T  INDICATES TRACE AMOUNT.




$$
