000
CDUS45 KTFX 301004
CLIHVR


CLIMATE REPORT
NATIONAL WEATHER SERVICE GREAT FALLS MT
403 AM MDT THU JUL 30 2015


...................................

...THE HAVRE MT CLIMATE SUMMARY FOR JULY 29 2015...

CLIMATE NORMAL PERIOD 1981 TO 2010
CLIMATE RECORD PERIOD 1880 TO 2015


WEATHER ITEM   OBSERVED TIME   RECORD YEAR NORMAL DEPARTURE LAST
                VALUE   (LST)  VALUE       VALUE  FROM      YEAR
                                                  NORMAL
..................................................................
TEMPERATURE (F)
 YESTERDAY
  MAXIMUM         84    537 PM 102    1999  88     -4       96
                                      1936
  MINIMUM         51    243 AM  39    1892  55     -4       56
  AVERAGE         68                        71     -3       76

PRECIPITATION (IN)
  YESTERDAY        0.00          0.38 1915   0.04  -0.04     0.00
  MONTH TO DATE    3.27                      1.57   1.70     0.26
  SINCE OCT 1      9.40                      8.90   0.50     8.65
  SINCE JAN 1      7.83                      7.49   0.34     6.64

SNOWFALL (IN)
  YESTERDAY        0.0           0.0  2000   0.0    0.0      0.0
                                      2001
                                      1998
  MONTH TO DATE    0.0                       0.0    0.0      0.0
  SINCE JUN 1      0.0                       0.0    0.0      0.0
  SINCE JUL 1      0.0                       0.0    0.0      0.0
  SNOW DEPTH       0

DEGREE DAYS
 HEATING
  YESTERDAY        0                         0      0        0
  MONTH TO DATE   25                        29     -4        0
  SINCE JUN 1     82                       162    -80      175
  SINCE JUL 1     25                        29     -4        0

 COOLING
  YESTERDAY        3                         7     -4       11
  MONTH TO DATE  140                       149     -9      174
  SINCE JUN 1    250                       197     53      180
  SINCE JAN 1    250                       208     42      187
..................................................................


WIND (MPH)
  HIGHEST WIND SPEED    23   HIGHEST WIND DIRECTION    SW (240)
  HIGHEST GUST SPEED    29   HIGHEST GUST DIRECTION    SW (240)
  AVERAGE WIND SPEED    10.5


SKY COVER
  AVERAGE SKY COVER 0.2


WEATHER CONDITIONS
 THE FOLLOWING WEATHER WAS RECORDED YESTERDAY.
  NO SIGNIFICANT WEATHER WAS OBSERVED.


RELATIVE HUMIDITY (PERCENT)
 HIGHEST    83           300 AM
 LOWEST     22           500 PM
 AVERAGE    53

..........................................................


THE HAVRE MT CLIMATE NORMALS FOR TODAY
                         NORMAL    RECORD    YEAR
 MAXIMUM TEMPERATURE (F)   88       102      1926
 MINIMUM TEMPERATURE (F)   55        40      2009


SUNRISE AND SUNSET
JULY 30 2015..........SUNRISE   551 AM MDT   SUNSET   900 PM MDT
JULY 31 2015..........SUNRISE   552 AM MDT   SUNSET   858 PM MDT


-  INDICATES NEGATIVE NUMBERS.
R  INDICATES RECORD WAS SET OR TIED.
MM INDICATES DATA IS MISSING.
T  INDICATES TRACE AMOUNT.




$$
