183
CDUS45 KTFX 102324
CLIHVR


CLIMATE REPORT
NATIONAL WEATHER SERVICE GREAT FALLS MT
422 PM MST WED FEB 10 2016


...................................

...THE HAVRE MT CLIMATE SUMMARY FOR FEBRUARY 10 2016...
VALID TODAY AS OF 0400 PM LOCAL TIME.

CLIMATE NORMAL PERIOD 1981 TO 2010
CLIMATE RECORD PERIOD 1880 TO 2016


WEATHER ITEM   OBSERVED TIME   RECORD YEAR NORMAL DEPARTURE LAST
                VALUE   (LST)  VALUE       VALUE  FROM      YEAR
                                                  NORMAL
..................................................................
TEMPERATURE (F)
 TODAY
  MAXIMUM         51    236 PM  61    1987  32     19       24
  MINIMUM         28    747 AM -40    1939  10     18       15
  AVERAGE         40                        21     19       20

PRECIPITATION (IN)
  TODAY            0.00          0.17 1973   0.01  -0.01     0.02
  MONTH TO DATE    T                         0.09  -0.09     0.31
  SINCE OCT 1      2.29                      1.83   0.46     3.18
  SINCE JAN 1      0.36                      0.42  -0.06     1.61

SNOWFALL (IN)
  TODAY            0.0           3.7  1978   0.2   -0.2       T
  MONTH TO DATE    T                         1.9   -1.9      5.0
  SINCE DEC 1     10.8                      16.4   -5.6     15.8
  SINCE JUL 1     13.8                      24.0  -10.2     20.4

DEGREE DAYS
 HEATING
  TODAY           25                        44    -19       45
  MONTH TO DATE  307                       446   -139      442
  SINCE DEC 1   3014                      3326   -312     3054
  SINCE JUL 1   4867                      5369   -502     4991

 COOLING
  TODAY            0                         0      0        0
  MONTH TO DATE    0                         0      0        0
  SINCE DEC 1      0                         0      0        0
  SINCE JAN 1      0                         0      0        0
..................................................................


WIND (MPH)
  HIGHEST WIND SPEED    17   HIGHEST WIND DIRECTION    SW (220)
  HIGHEST GUST SPEED    19   HIGHEST GUST DIRECTION    SW (220)
  AVERAGE WIND SPEED     7.9


SKY COVER
  AVERAGE SKY COVER 0.0


WEATHER CONDITIONS
 THE FOLLOWING WEATHER WAS RECORDED TODAY.
  NO SIGNIFICANT WEATHER WAS OBSERVED.


RELATIVE HUMIDITY (PERCENT)
 HIGHEST    85           800 AM
 LOWEST     52           300 PM
 AVERAGE    69

..........................................................


THE HAVRE MT CLIMATE NORMALS FOR TOMORROW
                         NORMAL    RECORD    YEAR
 MAXIMUM TEMPERATURE (F)   33        64      1921
 MINIMUM TEMPERATURE (F)   10       -43      1899


SUNRISE AND SUNSET
FEBRUARY 10 2016......SUNRISE   735 AM MST   SUNSET   532 PM MST
FEBRUARY 11 2016......SUNRISE   734 AM MST   SUNSET   533 PM MST


-  INDICATES NEGATIVE NUMBERS.
R  INDICATES RECORD WAS SET OR TIED.
MM INDICATES DATA IS MISSING.
T  INDICATES TRACE AMOUNT.




$$
