000
CDUS45 KTFX 202230
CLIHVR


CLIMATE REPORT
NATIONAL WEATHER SERVICE GREAT FALLS MT
430 PM MDT SAT SEP 20 2014


...................................

...THE HAVRE MT CLIMATE SUMMARY FOR SEPTEMBER 20 2014...
VALID TODAY AS OF 0400 PM LOCAL TIME.

CLIMATE NORMAL PERIOD 1981 TO 2010
CLIMATE RECORD PERIOD 1880 TO 2014


WEATHER ITEM   OBSERVED TIME   RECORD YEAR NORMAL DEPARTURE LAST
                VALUE   (LST)  VALUE       VALUE  FROM      YEAR
                                                  NORMAL
..................................................................
TEMPERATURE (F)
 TODAY
  MAXIMUM         73    259 PM  96    1922  69      4       78
  MINIMUM         45    623 AM  24    1995  40      5       34
  AVERAGE         59                        55      4       56

PRECIPITATION (IN)
  TODAY            0.00          0.82 1968   0.04  -0.04     0.00
  MONTH TO DATE    0.74                      0.77  -0.03     0.97
  SINCE OCT 1     13.07                     10.85   2.22    18.55
  SINCE JAN 1     11.06                      9.44   1.62    16.07

SNOWFALL (IN)
  TODAY            0.0           0.1  1995   0.0    0.0      0.0
  MONTH TO DATE    T                         0.1   -0.1      0.0
  SINCE SEP 1      T                         0.1   -0.1      0.0
  SINCE JUL 1      T                         0.1   -0.1      0.0
  SNOW DEPTH       0

DEGREE DAYS
 HEATING
  TODAY            6                        11     -5        9
  MONTH TO DATE  185                       150     35       36
  SINCE SEP 1    185                       150     35       36
  SINCE JUL 1    229                       233     -4       54

 COOLING
  TODAY            0                         0      0        0
  MONTH TO DATE    2                        17    -15       70
  SINCE SEP 1      2                        17    -15       70
  SINCE JAN 1    392                       384      8      445
..................................................................


WIND (MPH)
  HIGHEST WIND SPEED    20   HIGHEST WIND DIRECTION    NW (320)
  HIGHEST GUST SPEED    26   HIGHEST GUST DIRECTION    NW (320)
  AVERAGE WIND SPEED     9.4


SKY COVER
  AVERAGE SKY COVER 0.0


WEATHER CONDITIONS
 THE FOLLOWING WEATHER WAS RECORDED TODAY.
  NO SIGNIFICANT WEATHER WAS OBSERVED.


RELATIVE HUMIDITY (PERCENT)
 HIGHEST    80           600 AM
 LOWEST     24           100 PM
 AVERAGE    52

..........................................................


THE HAVRE MT CLIMATE NORMALS FOR TOMORROW
                         NORMAL    RECORD    YEAR
 MAXIMUM TEMPERATURE (F)   69        94      1936
 MINIMUM TEMPERATURE (F)   40        18      1995


SUNRISE AND SUNSET
SEPTEMBER 20 2014.....SUNRISE   703 AM MDT   SUNSET   721 PM MDT
SEPTEMBER 21 2014.....SUNRISE   704 AM MDT   SUNSET   719 PM MDT


-  INDICATES NEGATIVE NUMBERS.
R  INDICATES RECORD WAS SET OR TIED.
MM INDICATES DATA IS MISSING.
T  INDICATES TRACE AMOUNT.




$$
