000
CDUS45 KTFX 241003
CLIHVR


CLIMATE REPORT
NATIONAL WEATHER SERVICE GREAT FALLS MT
301 AM MST FRI NOV 24 2017


...................................

...THE HAVRE MT CLIMATE SUMMARY FOR NOVEMBER 23 2017...

CLIMATE NORMAL PERIOD 1981 TO 2010
CLIMATE RECORD PERIOD 1880 TO 2017


WEATHER ITEM   OBSERVED TIME   RECORD YEAR NORMAL DEPARTURE LAST
                VALUE   (LST)  VALUE       VALUE  FROM      YEAR
                                                  NORMAL
..................................................................
TEMPERATURE (F)
 YESTERDAY
  MAXIMUM         69R   216 PM  65    2011  38     31       39
  MINIMUM         45   1159 PM -30    1985  16     29       21
  AVERAGE         57                        27     30       30

PRECIPITATION (IN)
  YESTERDAY        T             0.38 1883   0.01  -0.01     0.00
  MONTH TO DATE    0.37                      0.34   0.03      T
  SINCE OCT 1      2.29                      0.92   1.37     3.52
  SINCE JAN 1      6.85                     10.71  -3.86    18.81

SNOWFALL (IN)
  YESTERDAY        0.0           5.2  1965   0.2   -0.2      0.0
  MONTH TO DATE    4.5                       3.8    0.7       T
  SINCE SEP 1     17.5                       6.1   11.4      5.5
  SINCE JUL 1     17.5                       6.1   11.4      5.5
  SNOW DEPTH       0

DEGREE DAYS
 HEATING
  YESTERDAY        8                        38    -30       35
  MONTH TO DATE  930                       763    167      493
  SINCE SEP 1   1879                      1679    200     1445
  SINCE JUL 1   1891                      1762    129     1506

 COOLING
  YESTERDAY        0                         0      0        0
  MONTH TO DATE    0                         0      0        0
  SINCE SEP 1     39                        20     19       20
  SINCE JAN 1    526                       387    139      344
..................................................................


WIND (MPH)
  HIGHEST WIND SPEED    48   HIGHEST WIND DIRECTION    SW (240)
  HIGHEST GUST SPEED    59   HIGHEST GUST DIRECTION    SW (240)
  AVERAGE WIND SPEED    21.9


SKY COVER
  AVERAGE SKY COVER 0.1


WEATHER CONDITIONS
 THE FOLLOWING WEATHER WAS RECORDED YESTERDAY.
  LIGHT RAIN


RELATIVE HUMIDITY (PERCENT)
 HIGHEST    82           300 AM
 LOWEST     33          1200 PM
 AVERAGE    58

..........................................................


THE HAVRE MT CLIMATE NORMALS FOR TODAY
                         NORMAL    RECORD    YEAR
 MAXIMUM TEMPERATURE (F)   37        64      1914
 MINIMUM TEMPERATURE (F)   15       -25      1880


SUNRISE AND SUNSET
NOVEMBER 24 2017......SUNRISE   741 AM MST   SUNSET   430 PM MST
NOVEMBER 25 2017......SUNRISE   742 AM MST   SUNSET   430 PM MST


-  INDICATES NEGATIVE NUMBERS.
R  INDICATES RECORD WAS SET OR TIED.
MM INDICATES DATA IS MISSING.
T  INDICATES TRACE AMOUNT.




$$
