000
CDUS45 KTFX 221213
CLIHVR


CLIMATE REPORT
NATIONAL WEATHER SERVICE GREAT FALLS MT
512 AM MST WED FEB 22 2017


...................................

...THE HAVRE MT CLIMATE SUMMARY FOR FEBRUARY 21 2017...

CLIMATE NORMAL PERIOD 1981 TO 2010
CLIMATE RECORD PERIOD 1880 TO 2017


WEATHER ITEM   OBSERVED TIME   RECORD YEAR NORMAL DEPARTURE LAST
                VALUE   (LST)  VALUE       VALUE  FROM      YEAR
                                                  NORMAL
..................................................................
TEMPERATURE (F)
 YESTERDAY
  MAXIMUM         40   1139 AM  66    1995  35      5       44
  MINIMUM         33    727 PM -32    1918  12     21       18
  AVERAGE         37                        24     13       31

PRECIPITATION (IN)
  YESTERDAY        0.08          0.26 1899   0.02   0.06     0.00
  MONTH TO DATE    0.42                      0.21   0.21     0.03
  SINCE OCT 1      5.10                      1.95   3.15     2.32
  SINCE JAN 1      1.11                      0.54   0.57     0.39

SNOWFALL (IN)
  YESTERDAY        T             3.4  1943   0.2   -0.2      0.0
  MONTH TO DATE    5.0                       4.4    0.6       T
  SINCE DEC 1     21.2                      18.9    2.3     10.8
  SINCE JUL 1     26.7                      26.5    0.2     13.8
  SNOW DEPTH       0

DEGREE DAYS
 HEATING
  YESTERDAY       28                        41    -13       34
  MONTH TO DATE  832                       915    -83      630
  SINCE DEC 1   3962                      3795    167     3337
  SINCE JUL 1   5709                      5838   -129     5190

 COOLING
  YESTERDAY        0                         0      0        0
  MONTH TO DATE    0                         0      0        0
  SINCE DEC 1      0                         0      0        0
  SINCE JAN 1      0                         0      0        0
..................................................................


WIND (MPH)
  HIGHEST WIND SPEED    20   HIGHEST WIND DIRECTION    SW (210)
  HIGHEST GUST SPEED    24   HIGHEST GUST DIRECTION    SW (210)
  AVERAGE WIND SPEED     6.8


SKY COVER
  AVERAGE SKY COVER 0.6


WEATHER CONDITIONS
 THE FOLLOWING WEATHER WAS RECORDED YESTERDAY.
  MIXED PRECIP
  LIGHT RAIN
  FOG


RELATIVE HUMIDITY (PERCENT)
 HIGHEST   100           700 PM
 LOWEST     76           400 AM
 AVERAGE    88

..........................................................


THE HAVRE MT CLIMATE NORMALS FOR TODAY
                         NORMAL    RECORD    YEAR
 MAXIMUM TEMPERATURE (F)   36        64      2002
 MINIMUM TEMPERATURE (F)   12       -33      1910


SUNRISE AND SUNSET
FEBRUARY 22 2017......SUNRISE   713 AM MST   SUNSET   552 PM MST
FEBRUARY 23 2017......SUNRISE   711 AM MST   SUNSET   554 PM MST


-  INDICATES NEGATIVE NUMBERS.
R  INDICATES RECORD WAS SET OR TIED.
MM INDICATES DATA IS MISSING.
T  INDICATES TRACE AMOUNT.




$$
