000
CDUS45 KTFX 241003
CLIHVR


CLIMATE REPORT
NATIONAL WEATHER SERVICE GREAT FALLS MT
402 AM MDT SUN MAY 24 2015


...................................

...THE HAVRE MT CLIMATE SUMMARY FOR MAY 23 2015...

CLIMATE NORMAL PERIOD 1981 TO 2010
CLIMATE RECORD PERIOD 1880 TO 2015


WEATHER ITEM   OBSERVED TIME   RECORD YEAR NORMAL DEPARTURE LAST
                VALUE   (LST)  VALUE       VALUE  FROM      YEAR
                                                  NORMAL
..................................................................
TEMPERATURE (F)
 YESTERDAY
  MAXIMUM         73   1144 AM  95    1886  69      4       89
  MINIMUM         48   1159 PM  30    1895  43      5       46
  AVERAGE         61                        56      5       68

PRECIPITATION (IN)
  YESTERDAY        0.00          0.99 2004   0.07  -0.07     0.00
  MONTH TO DATE    1.04                      1.19  -0.15     0.78
  SINCE OCT 1      5.10                      4.59   0.51     5.51
  SINCE JAN 1      3.53                      3.18   0.35     3.50

SNOWFALL (IN)
  YESTERDAY        0.0           2.7  1903   0.1   -0.1      0.0
  MONTH TO DATE    0.0                       1.4   -1.4      0.0
  SINCE MAR 1      0.2                      10.7  -10.5      7.0
  SINCE JUL 1     20.8                      38.6  -17.8     44.4
  SNOW DEPTH       0

DEGREE DAYS
 HEATING
  YESTERDAY        4                         9     -5        0
  MONTH TO DATE  345                       287     58      337
  SINCE MAR 1   1685                      1904   -219     2109
  SINCE JUL 1   7353                      8024   -671     8350

 COOLING
  YESTERDAY        0                         0      0        3
  MONTH TO DATE    0                         0      0        3
  SINCE MAR 1      0                         1     -1        3
  SINCE JAN 1      0                         1     -1        3
..................................................................


WIND (MPH)
  HIGHEST WIND SPEED    25   HIGHEST WIND DIRECTION     E (110)
  HIGHEST GUST SPEED    32   HIGHEST GUST DIRECTION    SE (130)
  AVERAGE WIND SPEED    11.6


SKY COVER
  AVERAGE SKY COVER 0.5


WEATHER CONDITIONS
 THE FOLLOWING WEATHER WAS RECORDED YESTERDAY.
  NO SIGNIFICANT WEATHER WAS OBSERVED.


RELATIVE HUMIDITY (PERCENT)
 HIGHEST    83           500 AM
 LOWEST     33           500 PM
 AVERAGE    58

..........................................................


THE HAVRE MT CLIMATE NORMALS FOR TODAY
                         NORMAL    RECORD    YEAR
 MAXIMUM TEMPERATURE (F)   70        96      2001
 MINIMUM TEMPERATURE (F)   44        30      2000


SUNRISE AND SUNSET
MAY 24 2015...........SUNRISE   528 AM MDT   SUNSET   904 PM MDT
MAY 25 2015...........SUNRISE   527 AM MDT   SUNSET   905 PM MDT


-  INDICATES NEGATIVE NUMBERS.
R  INDICATES RECORD WAS SET OR TIED.
MM INDICATES DATA IS MISSING.
T  INDICATES TRACE AMOUNT.




$$
