000
CDUS45 KTFX 212330
CLIHVR


CLIMATE REPORT
NATIONAL WEATHER SERVICE GREAT FALLS MT
430 PM MST SAT JAN 21 2017


...................................

...THE HAVRE MT CLIMATE SUMMARY FOR JANUARY 21 2017...
VALID TODAY AS OF 0400 PM LOCAL TIME.

CLIMATE NORMAL PERIOD 1981 TO 2010
CLIMATE RECORD PERIOD 1880 TO 2017


WEATHER ITEM   OBSERVED TIME   RECORD YEAR NORMAL DEPARTURE LAST
                VALUE   (LST)  VALUE       VALUE  FROM      YEAR
                                                  NORMAL
..................................................................
TEMPERATURE (F)
 TODAY
  MAXIMUM         33    304 PM  52    1981  29      4       22
                                      1976
  MINIMUM         10    823 AM -38    1888   8      2        5
  AVERAGE         22                        18      4       14

PRECIPITATION (IN)
  TODAY            0.00          0.74 1886   0.01  -0.01     0.00
  MONTH TO DATE    0.54                      0.25   0.29     0.33
  SINCE OCT 1      4.53                      1.66   2.87     2.26
  SINCE JAN 1      0.54                      0.25   0.29     0.33

SNOWFALL (IN)
  TODAY            0.0           8.5  1997   0.2   -0.2      0.0
  MONTH TO DATE    6.0                       5.3    0.7      5.4
  SINCE DEC 1     13.2                      12.7    0.5     10.8
  SINCE JUL 1     18.7                      20.3   -1.6     13.8

DEGREE DAYS
 HEATING
  TODAY           43                        47     -4       51
  MONTH TO DATE 1171                       998    173     1098
  SINCE DEC 1   2737                      2421    316     2407
  SINCE JUL 1   4484                      4464     20     4260

 COOLING
  TODAY            0                         0      0        0
  MONTH TO DATE    0                         0      0        0
  SINCE DEC 1      0                         0      0        0
  SINCE JAN 1      0                         0      0        0
..................................................................


WIND (MPH)
  HIGHEST WIND SPEED    17   HIGHEST WIND DIRECTION    SW (240)
  HIGHEST GUST SPEED    20   HIGHEST GUST DIRECTION    SW (230)
  AVERAGE WIND SPEED     5.2


SKY COVER
  AVERAGE SKY COVER 0.1


WEATHER CONDITIONS
 THE FOLLOWING WEATHER WAS RECORDED TODAY.
  FOG
  FOG W/VISIBILITY <= 1/4 MILE


RELATIVE HUMIDITY (PERCENT)
 HIGHEST   100           200 AM
 LOWEST     75           300 PM
 AVERAGE    88

..........................................................


THE HAVRE MT CLIMATE NORMALS FOR TOMORROW
                         NORMAL    RECORD    YEAR
 MAXIMUM TEMPERATURE (F)   29        57      1981
 MINIMUM TEMPERATURE (F)    8       -49      1886


SUNRISE AND SUNSET
JANUARY 21 2017.......SUNRISE   801 AM MST   SUNSET   501 PM MST
JANUARY 22 2017.......SUNRISE   800 AM MST   SUNSET   502 PM MST


-  INDICATES NEGATIVE NUMBERS.
R  INDICATES RECORD WAS SET OR TIED.
MM INDICATES DATA IS MISSING.
T  INDICATES TRACE AMOUNT.




$$
