000
CDUS45 KTFX 270832
CLIHVR


CLIMATE REPORT
NATIONAL WEATHER SERVICE GREAT FALLS MT
230 AM MDT THU JUL 27 2017


...................................

...THE HAVRE MT CLIMATE SUMMARY FOR JULY 26 2017...

CLIMATE NORMAL PERIOD 1981 TO 2010
CLIMATE RECORD PERIOD 1880 TO 2017


WEATHER ITEM   OBSERVED TIME   RECORD YEAR NORMAL DEPARTURE LAST
                VALUE   (LST)  VALUE       VALUE  FROM      YEAR
                                                  NORMAL
..................................................................
TEMPERATURE (F)
 YESTERDAY
  MAXIMUM         94    248 PM 102    1933  87      7       89
  MINIMUM         56    520 AM  39    1999  55      1       61
  AVERAGE         75                        71      4       75

PRECIPITATION (IN)
  YESTERDAY        0.00          1.86 1916   0.04  -0.04     0.33
  MONTH TO DATE    0.23                      1.46  -1.23     2.43
  SINCE OCT 1      7.43                      8.79  -1.36    14.18
  SINCE JAN 1      3.44                      7.38  -3.94    12.25

SNOWFALL (IN)
  YESTERDAY        0.0           0.0  1999   0.0    0.0      0.0
                                      1998
  MONTH TO DATE    0.0                       0.0    0.0      0.0
  SINCE JUN 1      0.0                       0.0    0.0      0.0
  SINCE JUL 1      0.0                       0.0    0.0      0.0
  SNOW DEPTH       0

DEGREE DAYS
 HEATING
  YESTERDAY        0                         0      0        0
  MONTH TO DATE    1                        29    -28       19
  SINCE JUN 1     84                       162    -78      104
  SINCE JUL 1      1                        29    -28       19

 COOLING
  YESTERDAY       10                         7      3       10
  MONTH TO DATE  245                       128    117      117
  SINCE JUN 1    308                       176    132      171
  SINCE JAN 1    319                       187    132      172
..................................................................


WIND (MPH)
  HIGHEST WIND SPEED    23   HIGHEST WIND DIRECTION    NE (60)
  HIGHEST GUST SPEED    27   HIGHEST GUST DIRECTION     E (70)
  AVERAGE WIND SPEED    10.2


SKY COVER
  AVERAGE SKY COVER 0.0


WEATHER CONDITIONS
 THE FOLLOWING WEATHER WAS RECORDED YESTERDAY.
  NO SIGNIFICANT WEATHER WAS OBSERVED.


RELATIVE HUMIDITY (PERCENT)
 HIGHEST    57           400 AM
 LOWEST     14           100 PM
 AVERAGE    36

..........................................................


THE HAVRE MT CLIMATE NORMALS FOR TODAY
                         NORMAL    RECORD    YEAR
 MAXIMUM TEMPERATURE (F)   87       106      1975
 MINIMUM TEMPERATURE (F)   55        40      1913


SUNRISE AND SUNSET
JULY 27 2017..........SUNRISE   547 AM MDT   SUNSET   903 PM MDT
JULY 28 2017..........SUNRISE   549 AM MDT   SUNSET   902 PM MDT


-  INDICATES NEGATIVE NUMBERS.
R  INDICATES RECORD WAS SET OR TIED.
MM INDICATES DATA IS MISSING.
T  INDICATES TRACE AMOUNT.




$$
