096
CDUS43 KUNR 230834
CLIICR


CLIMATE REPORT
NATIONAL WEATHER SERVICE RAPID CITY SD
234 AM MDT SUN APR 23 2017


...................................

...THE WINNER REGIONAL AIRPORT SD CLIMATE SUMMARY FOR APRIL 22 2017...

CLIMATE NORMAL PERIOD 1981 TO 2010
CLIMATE RECORD PERIOD 9999 TO 9999


WEATHER ITEM   OBSERVED TIME   NORMAL DEPARTURE LAST
                VALUE   (LST)  VALUE  FROM      YEAR
                                      NORMAL
......................................................
TEMPERATURE (F)
 YESTERDAY
  MAXIMUM         68    524 PM  62      6       75
  MINIMUM         36    620 AM  38     -2       34
  AVERAGE         52            50      2       55

PRECIPITATION (IN)
  YESTERDAY        0.00          0.09  -0.09     0.00
  MONTH TO DATE    2.09          1.65   0.44     2.12
  SINCE MAR 1      2.41          3.03  -0.62     2.89
  SINCE JAN 1      4.05          3.79   0.26     3.28

DEGREE DAYS
 HEATING
  YESTERDAY       13            15     -2       10
  MONTH TO DATE  292           411   -119      331
  SINCE MAR 1   1026          1287   -261      972
  SINCE JUL 1   5178          6296  -1118     5265

 COOLING
  YESTERDAY        0             0      0        0
  MONTH TO DATE    2             0      2        4
  SINCE MAR 1      2             0      2        5
  SINCE JAN 1      2             0      2        5
......................................................


WIND (MPH)
  HIGHEST WIND SPEED    17   HIGHEST WIND DIRECTION     S (200)
  HIGHEST GUST SPEED    21   HIGHEST GUST DIRECTION     S (180)
  AVERAGE WIND SPEED     6.5


SKY COVER
  AVERAGE SKY COVER 0.0


WEATHER CONDITIONS
 THE FOLLOWING WEATHER WAS RECORDED YESTERDAY.
  NO SIGNIFICANT WEATHER WAS OBSERVED.


RELATIVE HUMIDITY (PERCENT)
 HIGHEST    85           600 AM
 LOWEST     27           500 PM
 AVERAGE    56

..........................................................




SUNRISE AND SUNSET
APRIL 23 2017.........SUNRISE   644 AM CDT   SUNSET   832 PM CDT
APRIL 24 2017.........SUNRISE   642 AM CDT   SUNSET   833 PM CDT


-  INDICATES NEGATIVE NUMBERS.
R  INDICATES RECORD WAS SET OR TIED.
MM INDICATES DATA IS MISSING.
T  INDICATES TRACE AMOUNT.




$$
