000
CDUS43 KUNR 230848
CLIICR


CLIMATE REPORT
NATIONAL WEATHER SERVICE RAPID CITY SD
245 AM MDT MON MAY 23 2016


...................................

...THE WINNER REGIONAL AIRPORT SD CLIMATE SUMMARY FOR MAY 22 2016...

CLIMATE NORMAL PERIOD 1981 TO 2010
CLIMATE RECORD PERIOD 9999 TO 9999


WEATHER ITEM   OBSERVED TIME   NORMAL DEPARTURE LAST
                VALUE   (LST)  VALUE  FROM      YEAR
                                      NORMAL
......................................................
TEMPERATURE (F)
 YESTERDAY
  MAXIMUM         84    310 PM  72     12       70
  MINIMUM         60   1159 PM  48     12       45
  AVERAGE         72            60     12       58

PRECIPITATION (IN)
  YESTERDAY        0.78          0.10   0.68      T
  MONTH TO DATE    1.52          2.32  -0.80     2.40
  SINCE MAR 1      7.66          6.19   1.47     3.25
  SINCE JAN 1      8.05          6.95   1.10     3.34

DEGREE DAYS
 HEATING
  YESTERDAY        0             6     -6        7
  MONTH TO DATE  175           198    -23      209
  SINCE MAR 1   1274          1593   -319     1222
  SINCE JUL 1   5567          6602  -1035     5982

 COOLING
  YESTERDAY        7             1      6        0
  MONTH TO DATE   24            17      7       12
  SINCE MAR 1     33            19     14       24
  SINCE JAN 1     33            19     14       24
......................................................


WIND (MPH)
  HIGHEST WIND SPEED    35   HIGHEST WIND DIRECTION    SE (120)
  HIGHEST GUST SPEED    44   HIGHEST GUST DIRECTION     W (260)
  AVERAGE WIND SPEED    16.8


SKY COVER
  AVERAGE SKY COVER 0.4


WEATHER CONDITIONS
 THE FOLLOWING WEATHER WAS RECORDED YESTERDAY.
  THUNDERSTORM
  HEAVY RAIN
  RAIN
  LIGHT RAIN
  FOG


RELATIVE HUMIDITY (PERCENT)
 HIGHEST    78           700 AM
 LOWEST     47           300 PM
 AVERAGE    63

..........................................................




SUNRISE AND SUNSET
MAY 23 2016...........SUNRISE   607 AM CDT   SUNSET   906 PM CDT
MAY 24 2016...........SUNRISE   606 AM CDT   SUNSET   907 PM CDT


-  INDICATES NEGATIVE NUMBERS.
R  INDICATES RECORD WAS SET OR TIED.
MM INDICATES DATA IS MISSING.
T  INDICATES TRACE AMOUNT.




$$
