000
CDUS43 KUNR 230847
CLIICR


CLIMATE REPORT
NATIONAL WEATHER SERVICE RAPID CITY SD
147 AM MST TUE JAN 23 2018


...................................

...THE WINNER REGIONAL AIRPORT SD CLIMATE SUMMARY FOR JANUARY 22 2018...

CLIMATE NORMAL PERIOD 1981 TO 2010
CLIMATE RECORD PERIOD 9999 TO 9999


WEATHER ITEM   OBSERVED TIME   NORMAL DEPARTURE LAST
                VALUE   (LST)  VALUE  FROM      YEAR
                                      NORMAL
......................................................
TEMPERATURE (F)
 YESTERDAY
  MAXIMUM         30   1224 AM  36     -6       40
  MINIMUM         23   1159 PM  14      9       23
  AVERAGE         27            25      2       32

PRECIPITATION (IN)
  YESTERDAY       MM             0.01  MM        0.00
  MONTH TO DATE    0.15          0.16  -0.01     0.01
  SINCE DEC 1      0.32          0.50  -0.18     0.56
  SINCE JAN 1      0.15          0.16  -0.01     0.01

DEGREE DAYS
 HEATING
  YESTERDAY       38            40     -2       33
  MONTH TO DATE  859           885    -26      956
  SINCE DEC 1   2049          2120    -71     2140
  SINCE JUL 1   3273          3591   -318     3010

 COOLING
  YESTERDAY        0             0      0        0
  MONTH TO DATE    0             0      0        0
  SINCE DEC 1      0             0      0        0
  SINCE JAN 1      0             0      0        0
......................................................


WIND (MPH)
  HIGHEST WIND SPEED    30   HIGHEST WIND DIRECTION    NW (330)
  HIGHEST GUST SPEED    35   HIGHEST GUST DIRECTION    NW (330)
  AVERAGE WIND SPEED    15.9


SKY COVER
  AVERAGE SKY COVER 1.0


WEATHER CONDITIONS
 THE FOLLOWING WEATHER WAS RECORDED YESTERDAY.
  LT FREEZING RAIN
  LIGHT SNOW
  FOG


RELATIVE HUMIDITY (PERCENT)
 HIGHEST    96          1000 PM
 LOWEST     81           200 PM
 AVERAGE    89

..........................................................




SUNRISE AND SUNSET
JANUARY 23 2018.......SUNRISE   804 AM CST   SUNSET   539 PM CST
JANUARY 24 2018.......SUNRISE   803 AM CST   SUNSET   541 PM CST


-  INDICATES NEGATIVE NUMBERS.
R  INDICATES RECORD WAS SET OR TIED.
MM INDICATES DATA IS MISSING.
T  INDICATES TRACE AMOUNT.




$$
