000
CDUS43 KUNR 270832
CLIICR


CLIMATE REPORT
NATIONAL WEATHER SERVICE RAPID CITY SD
231 AM MDT WED AUG 27 2014


...................................

...THE WINNER REGIONAL AIRPORT SD CLIMATE SUMMARY FOR AUGUST 26 2014...

CLIMATE NORMAL PERIOD 1981 TO 2010
CLIMATE RECORD PERIOD 9999 TO 9999


WEATHER ITEM   OBSERVED TIME   NORMAL DEPARTURE LAST
                VALUE   (LST)  VALUE  FROM      YEAR
                                      NORMAL
......................................................
TEMPERATURE (F)
 YESTERDAY
  MAXIMUM         78    520 PM  85     -7      103
  MINIMUM         51    418 AM  60     -9       78
  AVERAGE         65            72     -7       91

PRECIPITATION (IN)
  YESTERDAY        0.00          0.05  -0.05     0.00
  MONTH TO DATE    3.15          2.04   1.11     2.49
  SINCE JUN 1      7.56          8.65  -1.09     8.60
  SINCE JAN 1     12.35         16.72  -4.37    15.99

DEGREE DAYS
 HEATING
  YESTERDAY        0             0      0        0
  MONTH TO DATE    1             0      1        0
  SINCE JUN 1     50            59     -9       60
  SINCE JUL 1     13             5      8        7

 COOLING
  YESTERDAY        0             8     -8       26
  MONTH TO DATE  219           263    -44      243
  SINCE JUN 1    622           739   -117      663
  SINCE JAN 1    703           769    -66      702
......................................................


WIND (MPH)
  HIGHEST WIND SPEED    17   HIGHEST WIND DIRECTION    SE (130)
  HIGHEST GUST SPEED    23   HIGHEST GUST DIRECTION    SE (130)
  AVERAGE WIND SPEED     9.1


SKY COVER
  AVERAGE SKY COVER 0.1


WEATHER CONDITIONS
 THE FOLLOWING WEATHER WAS RECORDED YESTERDAY.
  NO SIGNIFICANT WEATHER WAS OBSERVED.


RELATIVE HUMIDITY (PERCENT)
 HIGHEST    89           100 AM
 LOWEST     45           400 PM
 AVERAGE    67

..........................................................




SUNRISE AND SUNSET
AUGUST 27 2014........SUNRISE   658 AM CDT   SUNSET   823 PM CDT
AUGUST 28 2014........SUNRISE   659 AM CDT   SUNSET   821 PM CDT


-  INDICATES NEGATIVE NUMBERS.
R  INDICATES RECORD WAS SET OR TIED.
MM INDICATES DATA IS MISSING.
T  INDICATES TRACE AMOUNT.




$$
