000
CDUS43 KUNR 230830
CLIICR


CLIMATE REPORT
NATIONAL WEATHER SERVICE RAPID CITY SD
230 AM MDT THU OCT 23 2014


...................................

...THE WINNER REGIONAL AIRPORT SD CLIMATE SUMMARY FOR OCTOBER 22 2014...

CLIMATE NORMAL PERIOD 1981 TO 2010
CLIMATE RECORD PERIOD 9999 TO 9999


WEATHER ITEM   OBSERVED TIME   NORMAL DEPARTURE LAST
                VALUE   (LST)  VALUE  FROM      YEAR
                                      NORMAL
......................................................
TEMPERATURE (F)
 YESTERDAY
  MAXIMUM         66   1228 AM  60      6       48
  MINIMUM         50   1008 PM  37     13       35
  AVERAGE         58            48     10       42

PRECIPITATION (IN)
  YESTERDAY        0.07          0.06   0.01     0.00
  MONTH TO DATE    0.24          1.26  -1.02     3.95
  SINCE SEP 1      1.28          3.25  -1.97     4.69
  SINCE JAN 1     14.35         20.25  -5.90    20.68

DEGREE DAYS
 HEATING
  YESTERDAY        7            17    -10       23
  MONTH TO DATE  194           285    -91      329
  SINCE SEP 1    301           413   -112      377
  SINCE JUL 1    314           427   -113      384

 COOLING
  YESTERDAY        0             0      0        0
  MONTH TO DATE    5             9     -4        2
  SINCE SEP 1    129           109     20      223
  SINCE JAN 1    859           915    -56     1014
......................................................


WIND (MPH)
  HIGHEST WIND SPEED    26   HIGHEST WIND DIRECTION     S (180)
  HIGHEST GUST SPEED    35   HIGHEST GUST DIRECTION     S (180)
  AVERAGE WIND SPEED    11.7


SKY COVER
  AVERAGE SKY COVER 0.2


WEATHER CONDITIONS
 THE FOLLOWING WEATHER WAS RECORDED YESTERDAY.
  RAIN
  LIGHT RAIN


RELATIVE HUMIDITY (PERCENT)
 HIGHEST    77           100 PM
 LOWEST     44           500 PM
 AVERAGE    61

..........................................................




SUNRISE AND SUNSET
OCTOBER 23 2014.......SUNRISE   803 AM CDT   SUNSET   644 PM CDT
OCTOBER 24 2014.......SUNRISE   804 AM CDT   SUNSET   642 PM CDT


-  INDICATES NEGATIVE NUMBERS.
R  INDICATES RECORD WAS SET OR TIED.
MM INDICATES DATA IS MISSING.
T  INDICATES TRACE AMOUNT.




$$
