000
CDUS43 KUNR 300830
CLIICR


CLIMATE REPORT
NATIONAL WEATHER SERVICE RAPID CITY SD
230 AM MDT SUN AUG 30 2015


...................................

...THE WINNER REGIONAL AIRPORT SD CLIMATE SUMMARY FOR AUGUST 29 2015...

CLIMATE NORMAL PERIOD 1981 TO 2010
CLIMATE RECORD PERIOD 9999 TO 9999


WEATHER ITEM   OBSERVED TIME   NORMAL DEPARTURE LAST
                VALUE   (LST)  VALUE  FROM      YEAR
                                      NORMAL
......................................................
TEMPERATURE (F)
 YESTERDAY
  MAXIMUM         91    256 PM  84      7       85
  MINIMUM         65    602 AM  59      6       59
  AVERAGE         78            72      6       72

PRECIPITATION (IN)
  YESTERDAY        0.00          0.05  -0.05      T
  MONTH TO DATE    3.09          2.20   0.89     3.44
  SINCE JUN 1      9.13          8.81   0.32     7.85
  SINCE JAN 1     12.80         16.88  -4.08    12.64

DEGREE DAYS
 HEATING
  YESTERDAY        0             1     -1        0
  MONTH TO DATE   14             3     11        1
  SINCE JUN 1     17            62    -45       50
  SINCE JUL 1     14             8      6       13

 COOLING
  YESTERDAY       13             7      6        7
  MONTH TO DATE  281           286     -5      240
  SINCE JUN 1    874           762    112      643
  SINCE JAN 1    909           792    117      724
......................................................


WIND (MPH)
  HIGHEST WIND SPEED    18   HIGHEST WIND DIRECTION     S (180)
  HIGHEST GUST SPEED    24   HIGHEST GUST DIRECTION     S (190)
  AVERAGE WIND SPEED     9.5


SKY COVER
  AVERAGE SKY COVER 0.0


WEATHER CONDITIONS
 THE FOLLOWING WEATHER WAS RECORDED YESTERDAY.
  NO SIGNIFICANT WEATHER WAS OBSERVED.


RELATIVE HUMIDITY (PERCENT)
 HIGHEST    87          1200 AM
 LOWEST     38           300 PM
 AVERAGE    63

..........................................................




SUNRISE AND SUNSET
AUGUST 30 2015........SUNRISE   701 AM CDT   SUNSET   818 PM CDT
AUGUST 31 2015........SUNRISE   702 AM CDT   SUNSET   817 PM CDT


-  INDICATES NEGATIVE NUMBERS.
R  INDICATES RECORD WAS SET OR TIED.
MM INDICATES DATA IS MISSING.
T  INDICATES TRACE AMOUNT.




$$
