000
CDUS43 KUNR 200835
CLIICR


CLIMATE REPORT
NATIONAL WEATHER SERVICE RAPID CITY SD
234 AM MDT SAT SEP 20 2014


...................................

...THE WINNER REGIONAL AIRPORT SD CLIMATE SUMMARY FOR SEPTEMBER 19 2014...

CLIMATE NORMAL PERIOD 1981 TO 2010
CLIMATE RECORD PERIOD 9999 TO 9999


WEATHER ITEM   OBSERVED TIME   NORMAL DEPARTURE LAST
                VALUE   (LST)  VALUE  FROM      YEAR
                                      NORMAL
......................................................
TEMPERATURE (F)
 YESTERDAY
  MAXIMUM         91    249 PM  76     15       68
  MINIMUM         64   1159 PM  49     15       47
  AVERAGE         78            62     16       58

PRECIPITATION (IN)
  YESTERDAY        0.07          0.08  -0.01     0.06
  MONTH TO DATE    0.90          1.28  -0.38     0.38
  SINCE SEP 1      0.90          1.28  -0.38     0.38
  SINCE JAN 1     13.97         18.28  -4.31    16.37

DEGREE DAYS
 HEATING
  YESTERDAY        0             5     -5        7
  MONTH TO DATE   98            55     43       21
  SINCE SEP 1     98            55     43       21
  SINCE JUL 1    111            69     42       28

 COOLING
  YESTERDAY       13             2     11        0
  MONTH TO DATE   66            85    -19      183
  SINCE SEP 1     66            85    -19      183
  SINCE JAN 1    796           891    -95      974
......................................................


WIND (MPH)
  HIGHEST WIND SPEED    30   HIGHEST WIND DIRECTION     S (190)
  HIGHEST GUST SPEED    38   HIGHEST GUST DIRECTION     S (200)
  AVERAGE WIND SPEED    11.3


SKY COVER
  AVERAGE SKY COVER 0.0


WEATHER CONDITIONS
 THE FOLLOWING WEATHER WAS RECORDED YESTERDAY.
  THUNDERSTORM
  HEAVY RAIN


RELATIVE HUMIDITY (PERCENT)
 HIGHEST    93           600 AM
 LOWEST     29           200 PM
 AVERAGE    61

..........................................................




SUNRISE AND SUNSET
SEPTEMBER 20 2014.....SUNRISE   724 AM CDT   SUNSET   740 PM CDT
SEPTEMBER 21 2014.....SUNRISE   725 AM CDT   SUNSET   738 PM CDT


-  INDICATES NEGATIVE NUMBERS.
R  INDICATES RECORD WAS SET OR TIED.
MM INDICATES DATA IS MISSING.
T  INDICATES TRACE AMOUNT.




$$
