000
CDUS43 KICT 300620
CLIICT


CLIMATE REPORT
NATIONAL WEATHER SERVICE WICHITA KS
119 AM CDT MON MAR 30 2015


...................................

...THE WICHITA EISENHOWER NATIONAL CLIMATE SUMMARY FOR MARCH 29 2015...

CLIMATE NORMAL PERIOD 1981 TO 2010
CLIMATE RECORD PERIOD 1888 TO 2015


WEATHER ITEM   OBSERVED TIME   RECORD YEAR NORMAL DEPARTURE LAST
                VALUE   (LST)  VALUE       VALUE  FROM      YEAR
                                                  NORMAL
..................................................................
TEMPERATURE (F)
 YESTERDAY
  MAXIMUM         76    220 PM  90    1895  62     14       66
  MINIMUM         47    629 AM  16    1894  39      8       31
  AVERAGE         62                        50     12       49

PRECIPITATION (IN)
  YESTERDAY        0.00          1.10 1983   0.10  -0.10     0.00
                                      1980
  MONTH TO DATE    0.28                      2.49  -2.21     0.49
  SINCE MAR 1      0.28                      2.49  -2.21     0.49
  SINCE JAN 1      2.05                      4.50  -2.45     1.48

SNOWFALL (IN)
  YESTERDAY        0.0           3.0  1926   0.1   -0.1      0.0
  MONTH TO DATE    1.1                       2.2   -1.1      3.2
  SINCE MAR 1      1.1                       2.2   -1.1      3.2
  SINCE JUL 1     18.0                      14.6    3.4     22.7
  SNOW DEPTH       0

DEGREE DAYS
 HEATING
  YESTERDAY        3                        15    -12       16
  MONTH TO DATE  463                       548    -85      668
  SINCE MAR 1    463                       548    -85      668
  SINCE JUL 1   4028                      4188   -160     4587

 COOLING
  YESTERDAY        0                         0      0        0
  MONTH TO DATE    0                         0      0        0
  SINCE MAR 1      0                         0      0        0
  SINCE JAN 1      0                         0      0        0
..................................................................


WIND (MPH)
  HIGHEST WIND SPEED    26   HIGHEST WIND DIRECTION     N (360)
  HIGHEST GUST SPEED    40   HIGHEST GUST DIRECTION     N (340)
  AVERAGE WIND SPEED    12.9


SKY COVER
  POSSIBLE SUNSHINE  MM
  AVERAGE SKY COVER 0.3


WEATHER CONDITIONS
 THE FOLLOWING WEATHER WAS RECORDED YESTERDAY.
  HAZE


RELATIVE HUMIDITY (PERCENT)
 HIGHEST    82           600 AM
 LOWEST     20           300 PM
 AVERAGE    51

..........................................................


THE WICHITA EISENHOWER NATIONAL CLIMATE NORMALS FOR TODAY
                         NORMAL    RECORD    YEAR
 MAXIMUM TEMPERATURE (F)   63        83      1917
 MINIMUM TEMPERATURE (F)   39        18      1964


SUNRISE AND SUNSET
MARCH 30 2015.........SUNRISE   718 AM CDT   SUNSET   751 PM CDT
MARCH 31 2015.........SUNRISE   717 AM CDT   SUNSET   751 PM CDT


-  INDICATES NEGATIVE NUMBERS.
R  INDICATES RECORD WAS SET OR TIED.
MM INDICATES DATA IS MISSING.
T  INDICATES TRACE AMOUNT.




$$
