000
CDUS43 KICT 292205
CLIICT

CLIMATE REPORT
NATIONAL WEATHER SERVICE WICHITA KS
505 PM CDT THU SEP 29 2016


...................................

...THE WICHITA EISENHOWER NATIONAL CLIMATE SUMMARY FOR SEPTEMBER 29 2016...
VALID TODAY AS OF 0500 PM LOCAL TIME.

CLIMATE NORMAL PERIOD 1981 TO 2010
CLIMATE RECORD PERIOD 1888 TO 2016


WEATHER ITEM   OBSERVED TIME   RECORD YEAR NORMAL DEPARTURE LAST
                VALUE   (LST)  VALUE       VALUE  FROM      YEAR
                                                  NORMAL
..................................................................
TEMPERATURE (F)
 TODAY
  MAXIMUM         72    359 PM  97    1998  76     -4       86
                                      1994
  MINIMUM         48    523 AM  37    1984  53     -5       60
                                      1972
                                      1908
  AVERAGE         60                        65     -5       73

PRECIPITATION (IN)
  TODAY            0.00          2.45 1941   0.10  -0.10      T
  MONTH TO DATE   11.30                      3.05   8.25     2.13
  SINCE SEP 1     11.30                      3.05   8.25     2.13
  SINCE JAN 1     47.64                     27.14  20.50    34.55

SNOWFALL (IN)
  TODAY            0.0           0.0  2007   0.0    0.0      0.0
  MONTH TO DATE    0.0                       0.0    0.0      0.0
  SINCE SEP 1      0.0                       0.0    0.0      0.0
  SINCE JUL 1      0.0                       0.0    0.0      0.0
  SNOW DEPTH       0

DEGREE DAYS
 HEATING
  TODAY            5                         4      1        0
  MONTH TO DATE   11                        37    -26        0
  SINCE SEP 1     11                        37    -26        0
  SINCE JUL 1     11                        38    -27        0

 COOLING
  TODAY            0                         3     -3        8
  MONTH TO DATE  280                       216     64      347
  SINCE SEP 1    280                       216     64      347
  SINCE JAN 1   1952                      1643    309     1838
..................................................................


WIND (MPH)
  HIGHEST WIND SPEED    15   HIGHEST WIND DIRECTION    NE (40)
  HIGHEST GUST SPEED    19   HIGHEST GUST DIRECTION    NE (40)
  AVERAGE WIND SPEED     7.4


SKY COVER
  POSSIBLE SUNSHINE  MM
  AVERAGE SKY COVER 0.2


WEATHER CONDITIONS
 THE FOLLOWING WEATHER WAS RECORDED TODAY.
  NO SIGNIFICANT WEATHER WAS OBSERVED.


RELATIVE HUMIDITY (PERCENT)
 HIGHEST    93           500 AM
 LOWEST     44           200 PM
 AVERAGE    69

..........................................................


THE WICHITA EISENHOWER NATIONAL CLIMATE NORMALS FOR TOMORROW
                         NORMAL    RECORD    YEAR
 MAXIMUM TEMPERATURE (F)   76        96      1938
 MINIMUM TEMPERATURE (F)   53        31      1984


SUNRISE AND SUNSET
SEPTEMBER 29 2016.....SUNRISE   724 AM CDT   SUNSET   715 PM CDT
SEPTEMBER 30 2016.....SUNRISE   725 AM CDT   SUNSET   713 PM CDT


-  INDICATES NEGATIVE NUMBERS.
R  INDICATES RECORD WAS SET OR TIED.
MM INDICATES DATA IS MISSING.
T  INDICATES TRACE AMOUNT.




$$
