000
CDUS43 KICT 220622
CLIICT


CLIMATE REPORT
NATIONAL WEATHER SERVICE WICHITA KS
122 AM CDT TUE JUL 22 2014


...................................

...THE WICHITA MID CONTINENT KS CLIMATE SUMMARY FOR JULY 21 2014...

CLIMATE NORMAL PERIOD 1981 TO 2010
CLIMATE RECORD PERIOD 1888 TO 2014


WEATHER ITEM   OBSERVED TIME   RECORD YEAR NORMAL DEPARTURE LAST
                VALUE   (LST)  VALUE       VALUE  FROM      YEAR
                                                  NORMAL
..................................................................
TEMPERATURE (F)
 YESTERDAY
  MAXIMUM         96    338 PM 107    1974  93      3       87
  MINIMUM         72    613 AM  53    1970  70      2       70
  AVERAGE         84                        81      3       79

PRECIPITATION (IN)
  YESTERDAY        0.00          1.82 1948   0.10  -0.10     0.51
  MONTH TO DATE    2.86                      2.38   0.48     2.40
  SINCE JUN 1     13.32                      7.58   5.74     4.23
  SINCE JAN 1     19.39                     19.44  -0.05    18.25

SNOWFALL (IN)
  YESTERDAY        0.0           0.0  2007   0.0    0.0      0.0
  MONTH TO DATE    0.0                       0.0    0.0      0.0
  SINCE JUN 1      0.0                       0.0    0.0      0.0
  SINCE JUL 1      0.0                       0.0    0.0      0.0
  SNOW DEPTH       0

DEGREE DAYS
 HEATING
  YESTERDAY        0                         0      0        0
  MONTH TO DATE    1                         0      1        0
  SINCE JUN 1      1                         6     -5        3
  SINCE JUL 1      1                         0      1        0

 COOLING
  YESTERDAY       19                        16      3       14
  MONTH TO DATE  228                       331   -103      342
  SINCE JUN 1    570                       660    -90      744
  SINCE JAN 1    837                       796     41      882
..................................................................


WIND (MPH)
  HIGHEST WIND SPEED    24   HIGHEST WIND DIRECTION     S (180)
  HIGHEST GUST SPEED    30   HIGHEST GUST DIRECTION     S (180)
  AVERAGE WIND SPEED    14.3


SKY COVER
  POSSIBLE SUNSHINE  MM
  AVERAGE SKY COVER 0.4


WEATHER CONDITIONS
 THE FOLLOWING WEATHER WAS RECORDED YESTERDAY.
  FOG
  HAZE


RELATIVE HUMIDITY (PERCENT)
 HIGHEST   100           600 AM
 LOWEST     43           400 PM
 AVERAGE    72

..........................................................


THE WICHITA MID CONTINENT KS CLIMATE NORMALS FOR TODAY
                         NORMAL    RECORD    YEAR
 MAXIMUM TEMPERATURE (F)   93       107      2001
                                             1981
                                             1954
 MINIMUM TEMPERATURE (F)   70        53      1970


SUNRISE AND SUNSET
JULY 22 2014..........SUNRISE   625 AM CDT   SUNSET   846 PM CDT
JULY 23 2014..........SUNRISE   626 AM CDT   SUNSET   846 PM CDT


-  INDICATES NEGATIVE NUMBERS.
R  INDICATES RECORD WAS SET OR TIED.
MM INDICATES DATA IS MISSING.
T  INDICATES TRACE AMOUNT.




$$
