000
CDUS45 KPIH 062325
CLIIDA


CLIMATE REPORT
NATIONAL WEATHER SERVICE POCATELLO ID
523 PM MDT FRI MAY 6 2016


...................................

...THE IDAHO FALLS ID CLIMATE SUMMARY FOR MAY 6 2016...
VALID TODAY AS OF 0500 PM LOCAL TIME.

CLIMATE NORMAL PERIOD 1981 TO 2010
CLIMATE RECORD PERIOD 1948 TO 2016


WEATHER ITEM   OBSERVED TIME   RECORD YEAR NORMAL DEPARTURE LAST
                VALUE   (LST)  VALUE       VALUE  FROM      YEAR
                                                  NORMAL
..................................................................
TEMPERATURE (F)
 TODAY
  MAXIMUM         66    936 AM  86    1992  64      2       65
  MINIMUM         49    606 AM  25    2001  36     13       42
  AVERAGE         58                        50      8       54

PRECIPITATION (IN)
  TODAY            0.17          1.73 1993   0.05   0.12     0.05
  MONTH TO DATE    0.17                      0.28  -0.11     0.17
  SINCE OCT 1      5.76                      6.20  -0.44     2.56
  SINCE JAN 1      3.44                      3.63  -0.19     1.10

SNOWFALL (IN)
  TODAY           MM
  MONTH TO DATE   MM
  SINCE MAR 1     MM
  SINCE JUL 1     MM
  SNOW DEPTH      MM

DEGREE DAYS
 HEATING
  TODAY            7                        15     -8       11
  MONTH TO DATE   61                        93    -32       46
  SINCE MAR 1   1353                      1604   -251     1313
  SINCE JUL 1   6935                      7406   -471     6131

 COOLING
  TODAY            0                         0      0        0
  MONTH TO DATE    0                         0      0        0
  SINCE MAR 1      0                         0      0        0
  SINCE JAN 1      0                         0      0        0
..................................................................


WIND (MPH)
  HIGHEST WIND SPEED    24   HIGHEST WIND DIRECTION    NE (60)
  HIGHEST GUST SPEED    31   HIGHEST GUST DIRECTION     E (70)
  AVERAGE WIND SPEED     7.8


SKY COVER
  POSSIBLE SUNSHINE  MM
  AVERAGE SKY COVER 0.6


WEATHER CONDITIONS
 THE FOLLOWING WEATHER WAS RECORDED TODAY.
  LIGHT RAIN
  FOG


RELATIVE HUMIDITY (PERCENT)
 HIGHEST    72           300 PM
 LOWEST     42           900 AM
 AVERAGE    57

..........................................................


THE IDAHO FALLS ID CLIMATE NORMALS FOR TOMORROW
                         NORMAL    RECORD    YEAR
 MAXIMUM TEMPERATURE (F)   65        86      1992
 MINIMUM TEMPERATURE (F)   37        22      2010


SUNRISE AND SUNSET
MAY  6 2016...........SUNRISE   613 AM MDT   SUNSET   837 PM MDT
MAY  7 2016...........SUNRISE   612 AM MDT   SUNSET   838 PM MDT


-  INDICATES NEGATIVE NUMBERS.
R  INDICATES RECORD WAS SET OR TIED.
MM INDICATES DATA IS MISSING.
T  INDICATES TRACE AMOUNT.




$$
