000
CDUS45 KPIH 240733
CLIIDA


CLIMATE REPORT
NATIONAL WEATHER SERVICE POCATELLO ID
1232 AM MST FRI NOV 24 2017


...................................

...THE IDAHO FALLS ID CLIMATE SUMMARY FOR NOVEMBER 23 2017...

CLIMATE NORMAL PERIOD 1981 TO 2010
CLIMATE RECORD PERIOD 1948 TO 2017


WEATHER ITEM   OBSERVED TIME   RECORD YEAR NORMAL DEPARTURE LAST
                VALUE   (LST)  VALUE       VALUE  FROM      YEAR
                                                  NORMAL
..................................................................
TEMPERATURE (F)
 YESTERDAY
  MAXIMUM         62R   132 PM  59    1959  38     24       46
  MINIMUM         32    351 AM  -6    1985  19     13       25
  AVERAGE         47                        28     19       36

PRECIPITATION (IN)
  YESTERDAY        0.00          0.82 1988   0.03  -0.03     0.01
  MONTH TO DATE    0.59                      0.66  -0.07     0.08
  SINCE OCT 1      1.47                      1.49  -0.02     2.85
  SINCE JAN 1     10.46                      9.31   1.15    10.07

SNOWFALL (IN)
  YESTERDAY       MM
  MONTH TO DATE   MM
  SINCE SEP 1     MM
  SINCE JUL 1     MM
  SNOW DEPTH      MM

DEGREE DAYS
 HEATING
  YESTERDAY       18                        37    -19       29
  MONTH TO DATE  625                       711    -86      531
  SINCE SEP 1   1615                      1568     47     1310
  SINCE JUL 1   1624                      1633     -9     1387

 COOLING
  YESTERDAY        0                         0      0        0
  MONTH TO DATE    0                         0      0        0
  SINCE SEP 1     40                        12     28       16
  SINCE JAN 1    362                       264     98      260
..................................................................


WIND (MPH)
  HIGHEST WIND SPEED    28   HIGHEST WIND DIRECTION    SW (220)
  HIGHEST GUST SPEED    38   HIGHEST GUST DIRECTION    SW (210)
  AVERAGE WIND SPEED    11.0


SKY COVER
  POSSIBLE SUNSHINE  MM
  AVERAGE SKY COVER 0.5


WEATHER CONDITIONS
 THE FOLLOWING WEATHER WAS RECORDED YESTERDAY.
  FOG
  FOG W/VISIBILITY <= 1/4 MILE


RELATIVE HUMIDITY (PERCENT)
 HIGHEST   100          1200 AM
 LOWEST     51           200 PM
 AVERAGE    76

..........................................................


THE IDAHO FALLS ID CLIMATE NORMALS FOR TODAY
                         NORMAL    RECORD    YEAR
 MAXIMUM TEMPERATURE (F)   37        56      1990
 MINIMUM TEMPERATURE (F)   19        -8      1993


SUNRISE AND SUNSET
NOVEMBER 24 2017......SUNRISE   734 AM MST   SUNSET   456 PM MST
NOVEMBER 25 2017......SUNRISE   735 AM MST   SUNSET   456 PM MST


-  INDICATES NEGATIVE NUMBERS.
R  INDICATES RECORD WAS SET OR TIED.
MM INDICATES DATA IS MISSING.
T  INDICATES TRACE AMOUNT.




$$
