000
CDUS45 KPIH 240730
CLIIDA


CLIMATE REPORT
NATIONAL WEATHER SERVICE POCATELLO ID
129 AM MDT TUE MAY 24 2016


...................................

...THE IDAHO FALLS ID CLIMATE SUMMARY FOR MAY 23 2016...

CLIMATE NORMAL PERIOD 1981 TO 2010
CLIMATE RECORD PERIOD 1948 TO 2016


WEATHER ITEM   OBSERVED TIME   RECORD YEAR NORMAL DEPARTURE LAST
                VALUE   (LST)  VALUE       VALUE  FROM      YEAR
                                                  NORMAL
..................................................................
TEMPERATURE (F)
 YESTERDAY
  MAXIMUM         63    514 PM  88    1979  69     -6       66
  MINIMUM         34    525 AM  25    1966  41     -7       43
  AVERAGE         49                        55     -6       55

PRECIPITATION (IN)
  YESTERDAY        0.00          0.45 1953   0.05  -0.05     0.37
  MONTH TO DATE    1.34                      1.10   0.24     2.88
  SINCE OCT 1      6.93                      7.02  -0.09     5.27
  SINCE JAN 1      4.61                      4.45   0.16     3.81

SNOWFALL (IN)
  YESTERDAY       MM
  MONTH TO DATE   MM
  SINCE MAR 1     MM
  SINCE JUL 1     MM
  SNOW DEPTH      MM

DEGREE DAYS
 HEATING
  YESTERDAY       16                        10      6       10
  MONTH TO DATE  270                       304    -34      243
  SINCE MAR 1   1562                      1815   -253     1510
  SINCE JUL 1   7144                      7617   -473     6328

 COOLING
  YESTERDAY        0                         0      0        0
  MONTH TO DATE    0                         0      0        0
  SINCE MAR 1      0                         0      0        0
  SINCE JAN 1      0                         0      0        0
..................................................................


WIND (MPH)
  HIGHEST WIND SPEED    22   HIGHEST WIND DIRECTION    SW (210)
  HIGHEST GUST SPEED    33   HIGHEST GUST DIRECTION    SW (210)
  AVERAGE WIND SPEED    11.5


SKY COVER
  POSSIBLE SUNSHINE  MM
  AVERAGE SKY COVER 0.3


WEATHER CONDITIONS
 THE FOLLOWING WEATHER WAS RECORDED YESTERDAY.
  NO SIGNIFICANT WEATHER WAS OBSERVED.


RELATIVE HUMIDITY (PERCENT)
 HIGHEST    89           400 AM
 LOWEST     25           500 PM
 AVERAGE    57

..........................................................


THE IDAHO FALLS ID CLIMATE NORMALS FOR TODAY
                         NORMAL    RECORD    YEAR
 MAXIMUM TEMPERATURE (F)   69        87      2003
                                             2001
 MINIMUM TEMPERATURE (F)   41        26      1960


SUNRISE AND SUNSET
MAY 24 2016...........SUNRISE   555 AM MDT   SUNSET   856 PM MDT
MAY 25 2016...........SUNRISE   554 AM MDT   SUNSET   857 PM MDT


-  INDICATES NEGATIVE NUMBERS.
R  INDICATES RECORD WAS SET OR TIED.
MM INDICATES DATA IS MISSING.
T  INDICATES TRACE AMOUNT.




$$
