000
CDUS45 KPIH 232338
CLIIDA


CLIMATE REPORT
NATIONAL WEATHER SERVICE POCATELLO ID
436 PM MST MON JAN 23 2017


...................................

...THE IDAHO FALLS ID CLIMATE SUMMARY FOR JANUARY 23 2017...
VALID TODAY AS OF 0400 PM LOCAL TIME.

CLIMATE NORMAL PERIOD 1981 TO 2010
CLIMATE RECORD PERIOD 1948 TO 2017


WEATHER ITEM   OBSERVED TIME   RECORD YEAR NORMAL DEPARTURE LAST
                VALUE   (LST)  VALUE       VALUE  FROM      YEAR
                                                  NORMAL
..................................................................
TEMPERATURE (F)
 TODAY
  MAXIMUM         31   1100 AM  52    1970  29      2       32
  MINIMUM         28    808 AM -29    1962  12     16       19
  AVERAGE         30                        20     10       26

PRECIPITATION (IN)
  TODAY            0.07          0.34 2009   0.02   0.05     0.11
  MONTH TO DATE    0.88                      0.54   0.34     0.57
  SINCE OCT 1      5.16                      3.11   2.05     2.89
  SINCE JAN 1      0.88                      0.54   0.34     0.57

SNOWFALL (IN)
  TODAY           MM
  MONTH TO DATE   MM
  SINCE DEC 1     MM
  SINCE JUL 1     MM
  SNOW DEPTH      MM

DEGREE DAYS
 HEATING
  TODAY           35                        45    -10       39
  MONTH TO DATE 1208                      1035    173     1011
  SINCE DEC 1   2737                      2405    332     2382
  SINCE JUL 1   4355                      4308     47     4082

 COOLING
  TODAY            0                         0      0        0
  MONTH TO DATE    0                         0      0        0
  SINCE DEC 1      0                         0      0        0
  SINCE JAN 1      0                         0      0        0
..................................................................


WIND (MPH)
  HIGHEST WIND SPEED    16   HIGHEST WIND DIRECTION     N (10)
  HIGHEST GUST SPEED    19   HIGHEST GUST DIRECTION     N (10)
  AVERAGE WIND SPEED     7.0


SKY COVER
  POSSIBLE SUNSHINE  MM
  AVERAGE SKY COVER 1.0


WEATHER CONDITIONS
 THE FOLLOWING WEATHER WAS RECORDED TODAY.
  SNOW
  LIGHT SNOW
  FOG


RELATIVE HUMIDITY (PERCENT)
 HIGHEST   100          1200 AM
 LOWEST     85           500 AM
 AVERAGE    93

..........................................................


THE IDAHO FALLS ID CLIMATE NORMALS FOR TOMORROW
                         NORMAL    RECORD    YEAR
 MAXIMUM TEMPERATURE (F)   29        46      1992
 MINIMUM TEMPERATURE (F)   12       -18      1949


SUNRISE AND SUNSET
JANUARY 23 2017.......SUNRISE   753 AM MST   SUNSET   528 PM MST
JANUARY 24 2017.......SUNRISE   752 AM MST   SUNSET   529 PM MST


-  INDICATES NEGATIVE NUMBERS.
R  INDICATES RECORD WAS SET OR TIED.
MM INDICATES DATA IS MISSING.
T  INDICATES TRACE AMOUNT.




$$
