000
CDUS45 KPIH 252324
CLIIDA


CLIMATE REPORT
NATIONAL WEATHER SERVICE POCATELLO ID
424 PM MST SUN FEB 25 2018


...................................

...THE IDAHO FALLS ID CLIMATE SUMMARY FOR FEBRUARY 25 2018...
VALID TODAY AS OF 0400 PM LOCAL TIME.

CLIMATE NORMAL PERIOD 1981 TO 2010
CLIMATE RECORD PERIOD 1948 TO 2018


WEATHER ITEM   OBSERVED TIME   RECORD YEAR NORMAL DEPARTURE LAST
                VALUE   (LST)  VALUE       VALUE  FROM      YEAR
                                                  NORMAL
..................................................................
TEMPERATURE (F)
 TODAY
  MAXIMUM         27    249 PM  60    1986  38    -11       20
  MINIMUM         16    831 AM -10    1964  18     -2        8
  AVERAGE         22                        28     -6       14

PRECIPITATION (IN)
  TODAY            T             0.43 1958   0.03  -0.03     0.00
  MONTH TO DATE    0.04                      0.58  -0.54     1.15
  SINCE OCT 1      2.45                      3.84  -1.39     6.32
  SINCE JAN 1      0.52                      1.27  -0.75     2.04

SNOWFALL (IN)
  TODAY           MM
  MONTH TO DATE   MM
  SINCE DEC 1     MM
  SINCE JUL 1     MM
  SNOW DEPTH      MM

DEGREE DAYS
 HEATING
  TODAY           43                        37      6       51
  MONTH TO DATE  869                      1031   -162      882
  SINCE DEC 1   3334                      3791   -457     4041
  SINCE JUL 1   5158                      5694   -536     5659

 COOLING
  TODAY            0                         0      0        0
  MONTH TO DATE    0                         0      0        0
  SINCE DEC 1      0                         0      0        0
  SINCE JAN 1      0                         0      0        0
..................................................................


WIND (MPH)
  HIGHEST WIND SPEED    36   HIGHEST WIND DIRECTION    SW (210)
  HIGHEST GUST SPEED    46   HIGHEST GUST DIRECTION    SW (220)
  AVERAGE WIND SPEED    20.4


SKY COVER
  POSSIBLE SUNSHINE  MM
  AVERAGE SKY COVER 0.9


WEATHER CONDITIONS
 THE FOLLOWING WEATHER WAS RECORDED TODAY.
  LIGHT SNOW
  FOG


RELATIVE HUMIDITY (PERCENT)
 HIGHEST    92          1200 AM
 LOWEST     63           100 PM
 AVERAGE    78

..........................................................


THE IDAHO FALLS ID CLIMATE NORMALS FOR TOMORROW
                         NORMAL    RECORD    YEAR
 MAXIMUM TEMPERATURE (F)   38        59      1950
 MINIMUM TEMPERATURE (F)   18       -14      1964


SUNRISE AND SUNSET
FEBRUARY 25 2018......SUNRISE   711 AM MST   SUNSET   612 PM MST
FEBRUARY 26 2018......SUNRISE   709 AM MST   SUNSET   613 PM MST


-  INDICATES NEGATIVE NUMBERS.
R  INDICATES RECORD WAS SET OR TIED.
MM INDICATES DATA IS MISSING.
T  INDICATES TRACE AMOUNT.




$$
