000
CDUS45 KPIH 030736
CLIIDA


CLIMATE REPORT
NATIONAL WEATHER SERVICE POCATELLO ID
135 AM MDT THU SEP 3 2015


...................................

...THE IDAHO FALLS ID CLIMATE SUMMARY FOR SEPTEMBER 2 2015...

CLIMATE NORMAL PERIOD 1981 TO 2010
CLIMATE RECORD PERIOD 1948 TO 2015


WEATHER ITEM   OBSERVED TIME   RECORD YEAR NORMAL DEPARTURE LAST
                VALUE   (LST)  VALUE       VALUE  FROM      YEAR
                                                  NORMAL
..................................................................
TEMPERATURE (F)
 YESTERDAY
  MAXIMUM         88    235 PM  96    1950  81      7       81
  MINIMUM         56   1159 PM  33    1975  45     11       40
  AVERAGE         72                        63      9       61

PRECIPITATION (IN)
  YESTERDAY        T             0.33 1985   0.03  -0.03     0.00
  MONTH TO DATE    T                         0.06  -0.06     0.00
  SINCE OCT 1      9.02                      9.61  -0.59     7.64
  SINCE JAN 1      7.56                      7.04   0.52     6.34

SNOWFALL (IN)
  YESTERDAY       MM
  MONTH TO DATE   MM
  SINCE SEP 1     MM
  SINCE JUL 1     MM
  SNOW DEPTH      MM

DEGREE DAYS
 HEATING
  YESTERDAY        0                         4     -4        4
  MONTH TO DATE    0                         7     -7       10
  SINCE SEP 1      0                         7     -7       10
  SINCE JUL 1     70                        72     -2       65

 COOLING
  YESTERDAY        7                         1      6        0
  MONTH TO DATE    7                         2      5        0
  SINCE SEP 1      7                         2      5        0
  SINCE JAN 1    309                       254     55      282
..................................................................


WIND (MPH)
  HIGHEST WIND SPEED    22   HIGHEST WIND DIRECTION    SW (230)
  HIGHEST GUST SPEED    32   HIGHEST GUST DIRECTION    SW (240)
  AVERAGE WIND SPEED    10.6


SKY COVER
  POSSIBLE SUNSHINE  MM
  AVERAGE SKY COVER 0.2


WEATHER CONDITIONS
 THE FOLLOWING WEATHER WAS RECORDED YESTERDAY.
  LIGHT RAIN


RELATIVE HUMIDITY (PERCENT)
 HIGHEST    57          1200 AM
 LOWEST     15           200 PM
 AVERAGE    36

..........................................................


THE IDAHO FALLS ID CLIMATE NORMALS FOR TODAY
                         NORMAL    RECORD    YEAR
 MAXIMUM TEMPERATURE (F)   80        97      1950
 MINIMUM TEMPERATURE (F)   45        30      1964


SUNRISE AND SUNSET
SEPTEMBER  3 2015.....SUNRISE   654 AM MDT   SUNSET   800 PM MDT
SEPTEMBER  4 2015.....SUNRISE   655 AM MDT   SUNSET   759 PM MDT


-  INDICATES NEGATIVE NUMBERS.
R  INDICATES RECORD WAS SET OR TIED.
MM INDICATES DATA IS MISSING.
T  INDICATES TRACE AMOUNT.




$$
