000
CDUS45 KPIH 210733
CLIIDA


CLIMATE REPORT
NATIONAL WEATHER SERVICE POCATELLO ID
131 AM MDT SUN SEP 21 2014


...................................

...THE IDAHO FALLS ID CLIMATE SUMMARY FOR SEPTEMBER 20 2014...

CLIMATE NORMAL PERIOD 1981 TO 2010
CLIMATE RECORD PERIOD 1948 TO 2014


WEATHER ITEM   OBSERVED TIME   RECORD YEAR NORMAL DEPARTURE LAST
                VALUE   (LST)  VALUE       VALUE  FROM      YEAR
                                                  NORMAL
..................................................................
TEMPERATURE (F)
 YESTERDAY
  MAXIMUM         82    448 PM  83    1966  72     10       76
  MINIMUM         43    619 AM  18    1983  39      4       34
  AVERAGE         63                        56      7       55

PRECIPITATION (IN)
  YESTERDAY        0.00          0.54 1963   0.03  -0.03     0.00
  MONTH TO DATE    0.02                      0.54  -0.52     2.05
  SINCE OCT 1      7.66                     10.09  -2.43     7.44
  SINCE JAN 1      6.36                      7.52  -1.16     4.75

SNOWFALL (IN)
  YESTERDAY       MM
  MONTH TO DATE   MM
  SINCE SEP 1     MM
  SINCE JUL 1     MM
  SNOW DEPTH      MM

DEGREE DAYS
 HEATING
  YESTERDAY        2                        10     -8       10
  MONTH TO DATE  105                       123    -18       43
  SINCE SEP 1    105                       123    -18       43
  SINCE JUL 1    160                       188    -28       43

 COOLING
  YESTERDAY        0                         0      0        0
  MONTH TO DATE   14                        10      4       50
  SINCE SEP 1     14                        10      4       50
  SINCE JAN 1    296                       262     34      510
..................................................................


WIND (MPH)
  HIGHEST WIND SPEED    10   HIGHEST WIND DIRECTION     N (360)
  HIGHEST GUST SPEED    14   HIGHEST GUST DIRECTION     N (10)
  AVERAGE WIND SPEED     3.8


SKY COVER
  POSSIBLE SUNSHINE  MM
  AVERAGE SKY COVER 0.0


WEATHER CONDITIONS
 THE FOLLOWING WEATHER WAS RECORDED YESTERDAY.
  NO SIGNIFICANT WEATHER WAS OBSERVED.


RELATIVE HUMIDITY (PERCENT)
 HIGHEST    89           600 AM
 LOWEST     24           400 PM
 AVERAGE    57

..........................................................


THE IDAHO FALLS ID CLIMATE NORMALS FOR TODAY
                         NORMAL    RECORD    YEAR
 MAXIMUM TEMPERATURE (F)   72        86      1966
 MINIMUM TEMPERATURE (F)   39        22      1983


SUNRISE AND SUNSET
SEPTEMBER 21 2014.....SUNRISE   714 AM MDT   SUNSET   727 PM MDT
SEPTEMBER 22 2014.....SUNRISE   716 AM MDT   SUNSET   725 PM MDT


-  INDICATES NEGATIVE NUMBERS.
R  INDICATES RECORD WAS SET OR TIED.
MM INDICATES DATA IS MISSING.
T  INDICATES TRACE AMOUNT.




$$
