000
CDUS43 KUNR 310833
CLIIEN


CLIMATE REPORT
NATIONAL WEATHER SERVICE RAPID CITY SD
231 AM MDT THU JUL 31 2014


...................................

...THE PINE RIDGE SD CLIMATE SUMMARY FOR JULY 30 2014...

CLIMATE NORMAL PERIOD 1981 TO 2010
CLIMATE RECORD PERIOD 9999 TO 9999


WEATHER ITEM   OBSERVED TIME   NORMAL DEPARTURE LAST
                VALUE   (LST)  VALUE  FROM      YEAR
                                      NORMAL
......................................................
TEMPERATURE (F)
 YESTERDAY
  MAXIMUM         83    259 PM  91     -8       93
  MINIMUM         46    514 AM  59    -13       60
  AVERAGE         65            75    -10       77

PRECIPITATION (IN)
  YESTERDAY        0.00          0.09  -0.09     0.20
  MONTH TO DATE    2.56          2.17   0.39     1.82
  SINCE JUN 1      7.10          5.60   1.50     3.93
  SINCE JAN 1     14.70         11.84   2.86    11.69

DEGREE DAYS
 HEATING
  YESTERDAY        0             0      0        0
  MONTH TO DATE   28             4     24        2
  SINCE JUN 1    136            91     45       80
  SINCE JUL 1     28             4     24        2

 COOLING
  YESTERDAY        0            10    -10       12
  MONTH TO DATE  174           269    -95      278
  SINCE JUN 1    231           379   -148      361
  SINCE JAN 1    256           396   -140      378
......................................................


WIND (MPH)
  HIGHEST WIND SPEED    10   HIGHEST WIND DIRECTION    SW (210)
  HIGHEST GUST SPEED    15   HIGHEST GUST DIRECTION    SW (210)
  AVERAGE WIND SPEED     2.7


SKY COVER
  AVERAGE SKY COVER 0.1


WEATHER CONDITIONS
 THE FOLLOWING WEATHER WAS RECORDED YESTERDAY.
  NO SIGNIFICANT WEATHER WAS OBSERVED.


RELATIVE HUMIDITY (PERCENT)
 HIGHEST   100           100 AM
 LOWEST     31           300 PM
 AVERAGE    66

..........................................................




SUNRISE AND SUNSET
JULY 31 2014..........SUNRISE   540 AM MDT   SUNSET   812 PM MDT
AUGUST  1 2014........SUNRISE   541 AM MDT   SUNSET   811 PM MDT


-  INDICATES NEGATIVE NUMBERS.
R  INDICATES RECORD WAS SET OR TIED.
MM INDICATES DATA IS MISSING.
T  INDICATES TRACE AMOUNT.




$$
