000
CDUS43 KUNR 170921
CLIIEN


CLIMATE REPORT
NATIONAL WEATHER SERVICE RAPID CITY SD
221 AM MST WED JAN 17 2018


...................................

...THE PINE RIDGE SD CLIMATE SUMMARY FOR JANUARY 16 2018...

CLIMATE NORMAL PERIOD 1981 TO 2010
CLIMATE RECORD PERIOD 9999 TO 9999


WEATHER ITEM   OBSERVED TIME   NORMAL DEPARTURE LAST
                VALUE   (LST)  VALUE  FROM      YEAR
                                      NORMAL
......................................................
TEMPERATURE (F)
 YESTERDAY
  MAXIMUM         27    238 PM  37    -10       32
  MINIMUM        -20    724 AM  10    -30        4
  AVERAGE          4            24    -20       18

PRECIPITATION (IN)
  YESTERDAY        0.00          0.01  -0.01     0.00
  MONTH TO DATE    0.07          0.13  -0.06     0.05
  SINCE DEC 1      0.39          0.48  -0.09     0.88
  SINCE JAN 1      0.07          0.13  -0.06     0.05

DEGREE DAYS
 HEATING
  YESTERDAY       61            41     20       47
  MONTH TO DATE  734           671     63      865
  SINCE DEC 1   1908          1971    -63     2438
  SINCE JUL 1   3405          3661   -256     3611

 COOLING
  YESTERDAY        0             0      0        0
  MONTH TO DATE    0             0      0        0
  SINCE DEC 1      0             0      0        0
  SINCE JAN 1      0             0      0        0
......................................................


WIND (MPH)
  HIGHEST WIND SPEED    15   HIGHEST WIND DIRECTION     S (200)
  HIGHEST GUST SPEED    21   HIGHEST GUST DIRECTION    SW (210)
  AVERAGE WIND SPEED     5.8


SKY COVER
  AVERAGE SKY COVER 0.0


WEATHER CONDITIONS
 THE FOLLOWING WEATHER WAS RECORDED YESTERDAY.
  NO SIGNIFICANT WEATHER WAS OBSERVED.


RELATIVE HUMIDITY (PERCENT)
 HIGHEST    83           900 AM
 LOWEST     37           300 PM
 AVERAGE    60

..........................................................




SUNRISE AND SUNSET
JANUARY 17 2018.......SUNRISE   717 AM MST   SUNSET   443 PM MST
JANUARY 18 2018.......SUNRISE   717 AM MST   SUNSET   445 PM MST


-  INDICATES NEGATIVE NUMBERS.
R  INDICATES RECORD WAS SET OR TIED.
MM INDICATES DATA IS MISSING.
T  INDICATES TRACE AMOUNT.




$$
