000
CDUS43 KUNR 160835
CLIIEN


CLIMATE REPORT
NATIONAL WEATHER SERVICE RAPID CITY SD
234 AM MDT TUE SEP 16 2014


...................................

...THE PINE RIDGE SD CLIMATE SUMMARY FOR SEPTEMBER 15 2014...

CLIMATE NORMAL PERIOD 1981 TO 2010
CLIMATE RECORD PERIOD 9999 TO 9999


WEATHER ITEM   OBSERVED TIME   NORMAL DEPARTURE LAST
                VALUE   (LST)  VALUE  FROM      YEAR
                                      NORMAL
......................................................
TEMPERATURE (F)
 YESTERDAY
  MAXIMUM         69    405 PM  78     -9       67
  MINIMUM         28    536 AM  45    -17       49
  AVERAGE         49            61    -12       58

PRECIPITATION (IN)
  YESTERDAY        0.00          0.05  -0.05     0.01
  MONTH TO DATE    0.41          0.84  -0.43     0.06
  SINCE SEP 1      0.41          0.84  -0.43     0.06
  SINCE JAN 1     18.64         14.63   4.01    14.33

DEGREE DAYS
 HEATING
  YESTERDAY       16             6     10        7
  MONTH TO DATE  139            59     80        9
  SINCE SEP 1    139            59     80        9
  SINCE JUL 1    183            96     87       11

 COOLING
  YESTERDAY        0             2     -2        0
  MONTH TO DATE   19            51    -32      111
  SINCE SEP 1     19            51    -32      111
  SINCE JAN 1    437           699   -262      763
......................................................


WIND (MPH)
  HIGHEST WIND SPEED    25   HIGHEST WIND DIRECTION     S (180)
  HIGHEST GUST SPEED    32   HIGHEST GUST DIRECTION     S (170)
  AVERAGE WIND SPEED     7.8


SKY COVER
  AVERAGE SKY COVER 0.0


WEATHER CONDITIONS
 THE FOLLOWING WEATHER WAS RECORDED YESTERDAY.
  FOG


RELATIVE HUMIDITY (PERCENT)
 HIGHEST   100          1200 AM
 LOWEST     37           300 PM
 AVERAGE    69

..........................................................




SUNRISE AND SUNSET
SEPTEMBER 16 2014.....SUNRISE   631 AM MDT   SUNSET   658 PM MDT
SEPTEMBER 17 2014.....SUNRISE   632 AM MDT   SUNSET   656 PM MDT


-  INDICATES NEGATIVE NUMBERS.
R  INDICATES RECORD WAS SET OR TIED.
MM INDICATES DATA IS MISSING.
T  INDICATES TRACE AMOUNT.




$$
