000
CDUS43 KUNR 270839
CLIIEN


CLIMATE REPORT
NATIONAL WEATHER SERVICE RAPID CITY SD
239 AM MDT THU JUL 27 2017


...................................

...THE PINE RIDGE SD CLIMATE SUMMARY FOR JULY 26 2017...

CLIMATE NORMAL PERIOD 1981 TO 2010
CLIMATE RECORD PERIOD 9999 TO 9999


WEATHER ITEM   OBSERVED TIME   NORMAL DEPARTURE LAST
                VALUE   (LST)  VALUE  FROM      YEAR
                                      NORMAL
......................................................
TEMPERATURE (F)
 YESTERDAY
  MAXIMUM         85    228 PM  91     -6       96
  MINIMUM         68   1106 PM  59      9       61
  AVERAGE         77            75      2       79

PRECIPITATION (IN)
  YESTERDAY        T             0.07  -0.07     0.19
  MONTH TO DATE    0.96          1.83  -0.87     2.41
  SINCE JUN 1      2.47          5.26  -2.79     3.91
  SINCE JAN 1     11.93         11.50   0.43     9.99

DEGREE DAYS
 HEATING
  YESTERDAY        0             0      0        0
  MONTH TO DATE    0             4     -4        2
  SINCE JUN 1     35            91    -56       28
  SINCE JUL 1      0             4     -4        2

 COOLING
  YESTERDAY       12            10      2       14
  MONTH TO DATE  340           229    111      255
  SINCE JUN 1    438           339     99      472
  SINCE JAN 1    454           356     98      480
......................................................


WIND (MPH)
  HIGHEST WIND SPEED    17   HIGHEST WIND DIRECTION     E (80)
  HIGHEST GUST SPEED    23   HIGHEST GUST DIRECTION     E (70)
  AVERAGE WIND SPEED     8.5


SKY COVER
  AVERAGE SKY COVER 0.4


WEATHER CONDITIONS
 THE FOLLOWING WEATHER WAS RECORDED YESTERDAY.
  LIGHT RAIN


RELATIVE HUMIDITY (PERCENT)
 HIGHEST    84           100 AM
 LOWEST     37           200 PM
 AVERAGE    61

..........................................................




SUNRISE AND SUNSET
JULY 27 2017..........SUNRISE   536 AM MDT   SUNSET   817 PM MDT
JULY 28 2017..........SUNRISE   537 AM MDT   SUNSET   815 PM MDT


-  INDICATES NEGATIVE NUMBERS.
R  INDICATES RECORD WAS SET OR TIED.
MM INDICATES DATA IS MISSING.
T  INDICATES TRACE AMOUNT.




$$
