000
CDUS43 KUNR 050838
CLIIEN


CLIMATE REPORT
NATIONAL WEATHER SERVICE RAPID CITY SD
238 AM MDT SUN JUL 5 2015


...................................

...THE PINE RIDGE SD CLIMATE SUMMARY FOR JULY 4 2015...

CLIMATE NORMAL PERIOD 1981 TO 2010
CLIMATE RECORD PERIOD 9999 TO 9999


WEATHER ITEM   OBSERVED TIME   NORMAL DEPARTURE LAST
                VALUE   (LST)  VALUE  FROM      YEAR
                                      NORMAL
......................................................
TEMPERATURE (F)
 YESTERDAY
  MAXIMUM         91    347 PM  87      4       90
  MINIMUM         68    459 AM  57     11       65
  AVERAGE         80            72      8       78

PRECIPITATION (IN)
  YESTERDAY        0.00          0.09  -0.09      T
  MONTH TO DATE    1.10          0.36   0.74      T
  SINCE JUN 1      4.87          3.79   1.08     4.54
  SINCE JAN 1     14.55         10.03   4.52    12.14

DEGREE DAYS
 HEATING
  YESTERDAY        0             1     -1        0
  MONTH TO DATE    0             4     -4       11
  SINCE JUN 1     10            91    -81      119
  SINCE JUL 1      0             4     -4       11

 COOLING
  YESTERDAY       15             7      8       13
  MONTH TO DATE   32            28      4       17
  SINCE JUN 1    153           138     15       74
  SINCE JAN 1    153           155     -2       99
......................................................


WIND (MPH)
  HIGHEST WIND SPEED    23   HIGHEST WIND DIRECTION     S (190)
  HIGHEST GUST SPEED    31   HIGHEST GUST DIRECTION     S (180)
  AVERAGE WIND SPEED    13.4


SKY COVER
  AVERAGE SKY COVER 0.1


WEATHER CONDITIONS
 THE FOLLOWING WEATHER WAS RECORDED YESTERDAY.
  NO SIGNIFICANT WEATHER WAS OBSERVED.


RELATIVE HUMIDITY (PERCENT)
 HIGHEST    73           400 AM
 LOWEST     41           400 PM
 AVERAGE    57

..........................................................




SUNRISE AND SUNSET
JULY  5 2015..........SUNRISE   517 AM MDT   SUNSET   832 PM MDT
JULY  6 2015..........SUNRISE   517 AM MDT   SUNSET   832 PM MDT


-  INDICATES NEGATIVE NUMBERS.
R  INDICATES RECORD WAS SET OR TIED.
MM INDICATES DATA IS MISSING.
T  INDICATES TRACE AMOUNT.




$$
