000
CDUS43 KUNR 290833
CLIIEN


CLIMATE REPORT
NATIONAL WEATHER SERVICE RAPID CITY SD
233 AM MDT MON MAY 29 2017


...................................

...THE PINE RIDGE SD CLIMATE SUMMARY FOR MAY 28 2017...

CLIMATE NORMAL PERIOD 1981 TO 2010
CLIMATE RECORD PERIOD 9999 TO 9999


WEATHER ITEM   OBSERVED TIME   NORMAL DEPARTURE LAST
                VALUE   (LST)  VALUE  FROM      YEAR
                                      NORMAL
......................................................
TEMPERATURE (F)
 YESTERDAY
  MAXIMUM         72   1209 PM  74     -2       75
  MINIMUM         45    305 AM  46     -1       36
  AVERAGE         59            60     -1       56

PRECIPITATION (IN)
  YESTERDAY        0.05          0.09  -0.04     0.06
  MONTH TO DATE    4.01          2.29   1.72     0.62
  SINCE MAR 1      8.27          5.07   3.20     5.47
  SINCE JAN 1      9.41          5.86   3.55     5.97

DEGREE DAYS
 HEATING
  YESTERDAY        6             6      0        9
  MONTH TO DATE  287           287      0      333
  SINCE MAR 1   1490          1757   -267     1596
  SINCE JUL 1   6656          7107   -451     6465

 COOLING
  YESTERDAY        0             1     -1        0
  MONTH TO DATE   15            11      4        6
  SINCE MAR 1     16            11      5        7
  SINCE JAN 1     16            11      5        7
......................................................


WIND (MPH)
  HIGHEST WIND SPEED    28   HIGHEST WIND DIRECTION     N (350)
  HIGHEST GUST SPEED    35   HIGHEST GUST DIRECTION     N (350)
  AVERAGE WIND SPEED     8.1


SKY COVER
  AVERAGE SKY COVER 0.5


WEATHER CONDITIONS
 THE FOLLOWING WEATHER WAS RECORDED YESTERDAY.
  THUNDERSTORM
  LIGHT RAIN
  FOG


RELATIVE HUMIDITY (PERCENT)
 HIGHEST    96           800 PM
 LOWEST     35          1200 PM
 AVERAGE    66

..........................................................




SUNRISE AND SUNSET
MAY 29 2017...........SUNRISE   515 AM MDT   SUNSET   820 PM MDT
MAY 30 2017...........SUNRISE   515 AM MDT   SUNSET   821 PM MDT


-  INDICATES NEGATIVE NUMBERS.
R  INDICATES RECORD WAS SET OR TIED.
MM INDICATES DATA IS MISSING.
T  INDICATES TRACE AMOUNT.




$$
