000
CDUS43 KUNR 200849
CLIIEN


CLIMATE REPORT
NATIONAL WEATHER SERVICE RAPID CITY SD
248 AM MDT WED SEP 20 2017


...................................

...THE PINE RIDGE SD CLIMATE SUMMARY FOR SEPTEMBER 19 2017...

CLIMATE NORMAL PERIOD 1981 TO 2010
CLIMATE RECORD PERIOD 9999 TO 9999


WEATHER ITEM   OBSERVED TIME   NORMAL DEPARTURE LAST
                VALUE   (LST)  VALUE  FROM      YEAR
                                      NORMAL
......................................................
TEMPERATURE (F)
 YESTERDAY
  MAXIMUM         83    205 PM  76      7       86
  MINIMUM         47   1136 PM  43      4       39
  AVERAGE         65            60      5       63

PRECIPITATION (IN)
  YESTERDAY        T             0.06  -0.06     0.00
  MONTH TO DATE    0.49          1.06  -0.57     0.67
  SINCE SEP 1      0.49          1.06  -0.57     0.67
  SINCE JAN 1     13.66         14.85  -1.19    13.59

DEGREE DAYS
 HEATING
  YESTERDAY        0             7     -7        2
  MONTH TO DATE   58            85    -27       80
  SINCE SEP 1     58            85    -27       80
  SINCE JUL 1     70           122    -52      113

 COOLING
  YESTERDAY        0             1     -1        0
  MONTH TO DATE   88            58     30       40
  SINCE SEP 1     88            58     30       40
  SINCE JAN 1    761           706     55      752
......................................................


WIND (MPH)
  HIGHEST WIND SPEED    35   HIGHEST WIND DIRECTION     W (280)
  HIGHEST GUST SPEED    47   HIGHEST GUST DIRECTION     W (270)
  AVERAGE WIND SPEED    13.1


SKY COVER
  AVERAGE SKY COVER 0.0


WEATHER CONDITIONS
 THE FOLLOWING WEATHER WAS RECORDED YESTERDAY.
  LIGHT RAIN
  HAZE


RELATIVE HUMIDITY (PERCENT)
 HIGHEST    MM
 LOWEST     MM
 AVERAGE    MM

..........................................................




SUNRISE AND SUNSET
SEPTEMBER 20 2017.....SUNRISE   635 AM MDT   SUNSET   650 PM MDT
SEPTEMBER 21 2017.....SUNRISE   637 AM MDT   SUNSET   649 PM MDT


-  INDICATES NEGATIVE NUMBERS.
R  INDICATES RECORD WAS SET OR TIED.
MM INDICATES DATA IS MISSING.
T  INDICATES TRACE AMOUNT.




$$
