000
CDUS45 KVEF 060830
CLIIGM


CLIMATE REPORT
NATIONAL WEATHER SERVICE LAS VEGAS, NV
130 AM PDT FRI MAY 6 2016


...................................

...THE KINGMAN AZ CLIMATE SUMMARY FOR MAY 5 2016...

CLIMATE NORMAL PERIOD 1981 TO 2010
CLIMATE RECORD PERIOD 1901 TO 2016


WEATHER ITEM   OBSERVED TIME   RECORD YEAR NORMAL DEPARTURE LAST
                VALUE   (LST)  VALUE       VALUE  FROM      YEAR
                                                  NORMAL
..................................................................
TEMPERATURE (F)
 YESTERDAY
  MAXIMUM         85    121 PM 100    1947  81      4       76
  MINIMUM         56    423 AM  33    1915  50      6       55
  AVERAGE         71                        65      6       66

PRECIPITATION (IN)
  YESTERDAY        0.00          0.77 1969   0.02  -0.02     0.05
  MONTH TO DATE    0.00                      0.06  -0.06     0.08
  SINCE OCT 1      4.23                      5.49  -1.26     5.02
  SINCE JAN 1      2.71                      3.39  -0.68     2.89

DEGREE DAYS
 HEATING
  YESTERDAY        0                         3     -3        0
  MONTH TO DATE    9                        16     -7        2
  SINCE MAR 1    438                       649   -211      464
  SINCE JUL 1   2790                      3062   -272     2444

 COOLING
  YESTERDAY        6                         3      3        1
  MONTH TO DATE   17                        14      3       21
  SINCE MAR 1     37                        45     -8       39
  SINCE JAN 1     37                        45     -8       39
..................................................................


WIND (MPH)
  RESULTANT WIND SPEED  15   RESULTANT WIND DIRECTION  SE (150)
  HIGHEST WIND SPEED    36   HIGHEST WIND DIRECTION     S (170)
  HIGHEST GUST SPEED    47   HIGHEST GUST DIRECTION     S (170)
  AVERAGE WIND SPEED    16.6


SKY COVER
  POSSIBLE SUNSHINE  MM
  AVERAGE SKY COVER 0.0


WEATHER CONDITIONS
 THE FOLLOWING WEATHER WAS RECORDED YESTERDAY.
  NO SIGNIFICANT WEATHER WAS OBSERVED.


RELATIVE HUMIDITY (PERCENT)
 HIGHEST    31          1200 AM
 LOWEST     10          1200 PM
 AVERAGE    21

..........................................................


THE KINGMAN AZ CLIMATE NORMALS FOR TODAY
                         NORMAL    RECORD    YEAR
 MAXIMUM TEMPERATURE (F)   81        98      1947
 MINIMUM TEMPERATURE (F)   50        32      1978


SUNRISE AND SUNSET
MAY  6 2016...........SUNRISE   539 AM MST   SUNSET   726 PM MST
MAY  7 2016...........SUNRISE   538 AM MST   SUNSET   727 PM MST


-  INDICATES NEGATIVE NUMBERS.
R  INDICATES RECORD WAS SET OR TIED.
MM INDICATES DATA IS MISSING.
T  INDICATES TRACE AMOUNT.




$$
