000
CDUS45 KVEF 050826
CLIIGM


CLIMATE REPORT
NATIONAL WEATHER SERVICE LAS VEGAS, NV
1225 AM PST MON DEC 5 2016


...................................

...THE KINGMAN AZ CLIMATE SUMMARY FOR DECEMBER 4 2016...

CLIMATE NORMAL PERIOD 1981 TO 2010
CLIMATE RECORD PERIOD 1901 TO 2016


WEATHER ITEM   OBSERVED TIME   RECORD YEAR NORMAL DEPARTURE LAST
                VALUE   (LST)  VALUE       VALUE  FROM      YEAR
                                                  NORMAL
..................................................................
TEMPERATURE (F)
 YESTERDAY
  MAXIMUM         62    347 PM  75    1965  56      6       62
  MINIMUM         27    733 AM  14    1909  33     -6       33
  AVERAGE         45                        44      1       48

PRECIPITATION (IN)
  YESTERDAY        0.00          0.56 1919   0.02  -0.02     0.00
  MONTH TO DATE    0.00                      0.09  -0.09     0.00
  SINCE OCT 1      0.93                      1.45  -0.52     1.28
  SINCE JAN 1      8.36                      7.74   0.62     7.96

DEGREE DAYS
 HEATING
  YESTERDAY       20                        20      0       17
  MONTH TO DATE   92                        80     12       81
  SINCE DEC 1     92                        80     12       81
  SINCE JUL 1    414                       646   -232      657

 COOLING
  YESTERDAY        0                         0      0        0
  MONTH TO DATE    0                         0      0        0
  SINCE DEC 1      0                         0      0        0
  SINCE JAN 1   2244                      2093    151     2235
..................................................................


WIND (MPH)
  RESULTANT WIND SPEED   3   RESULTANT WIND DIRECTION   E (70)
  HIGHEST WIND SPEED    13   HIGHEST WIND DIRECTION     E (90)
  HIGHEST GUST SPEED    15   HIGHEST GUST DIRECTION     W (290)
  AVERAGE WIND SPEED     5.0


SKY COVER
  POSSIBLE SUNSHINE  MM
  AVERAGE SKY COVER 0.0


WEATHER CONDITIONS
 THE FOLLOWING WEATHER WAS RECORDED YESTERDAY.
  NO SIGNIFICANT WEATHER WAS OBSERVED.


RELATIVE HUMIDITY (PERCENT)
 HIGHEST    46           600 AM
 LOWEST      9           400 PM
 AVERAGE    28

..........................................................


THE KINGMAN AZ CLIMATE NORMALS FOR TODAY
                         NORMAL    RECORD    YEAR
 MAXIMUM TEMPERATURE (F)   56        73      2012
                                             1939
 MINIMUM TEMPERATURE (F)   33        18      2013
                                             1948


SUNRISE AND SUNSET
DECEMBER  5 2016......SUNRISE   730 AM MST   SUNSET   523 PM MST
DECEMBER  6 2016......SUNRISE   731 AM MST   SUNSET   523 PM MST


-  INDICATES NEGATIVE NUMBERS.
R  INDICATES RECORD WAS SET OR TIED.
MM INDICATES DATA IS MISSING.
T  INDICATES TRACE AMOUNT.




$$
