000
CDUS45 KVEF 210026
CLIIGM


CLIMATE REPORT
NATIONAL WEATHER SERVICE LAS VEGAS, NV
425 PM PST MON NOV 20 2017


...................................

...THE KINGMAN AZ CLIMATE SUMMARY FOR NOVEMBER 20 2017...
VALID TODAY AS OF 0400 PM LOCAL TIME.

CLIMATE NORMAL PERIOD 1981 TO 2010
CLIMATE RECORD PERIOD 1901 TO 2017


WEATHER ITEM   OBSERVED TIME   RECORD YEAR NORMAL DEPARTURE LAST
                VALUE   (LST)  VALUE       VALUE  FROM      YEAR
                                                  NORMAL
..................................................................
TEMPERATURE (F)
 TODAY
  MAXIMUM         70    128 PM  82    1924  62      8       73
  MINIMUM         32    204 AM  18    1956  36     -4       53
  AVERAGE         51                        49      2       63

PRECIPITATION (IN)
  TODAY            0.00          0.52 1990   0.03  -0.03      T
  MONTH TO DATE    T                         0.45  -0.45      T
  SINCE OCT 1      T                         1.16  -1.16     0.50
  SINCE JAN 1      7.97                      7.45   0.52     7.93

DEGREE DAYS
 HEATING
  TODAY           14                        16     -2        2
  MONTH TO DATE  158                       248    -90      101
  SINCE SEP 1    226                       387   -161      131
  SINCE JUL 1    226                       387   -161      131

 COOLING
  TODAY            0                         0      0        0
  MONTH TO DATE    0                         0      0        2
  SINCE SEP 1    313                       391    -78      368
  SINCE JAN 1   2183                      2092     91     2244
..................................................................


WIND (MPH)
  RESULTANT WIND SPEED   5   RESULTANT WIND DIRECTION  SW (220)
  HIGHEST WIND SPEED    21   HIGHEST WIND DIRECTION     W (250)
  HIGHEST GUST SPEED    30   HIGHEST GUST DIRECTION     W (260)
  AVERAGE WIND SPEED     6.6


SKY COVER
  POSSIBLE SUNSHINE  MM
  AVERAGE SKY COVER 0.0


WEATHER CONDITIONS
 THE FOLLOWING WEATHER WAS RECORDED TODAY.
  NO SIGNIFICANT WEATHER WAS OBSERVED.


RELATIVE HUMIDITY (PERCENT)
 HIGHEST    35           600 AM
 LOWEST     16           200 PM
 AVERAGE    26

..........................................................


THE KINGMAN AZ CLIMATE NORMALS FOR TOMORROW
                         NORMAL    RECORD    YEAR
 MAXIMUM TEMPERATURE (F)   62        78      2006
 MINIMUM TEMPERATURE (F)   36        16      1906


SUNRISE AND SUNSET
NOVEMBER 20 2017......SUNRISE   716 AM MST   SUNSET   527 PM MST
NOVEMBER 21 2017......SUNRISE   717 AM MST   SUNSET   526 PM MST


-  INDICATES NEGATIVE NUMBERS.
R  INDICATES RECORD WAS SET OR TIED.
MM INDICATES DATA IS MISSING.
T  INDICATES TRACE AMOUNT.




$$
