000
CDUS45 KVEF 230831
CLIIGM


CLIMATE REPORT
NATIONAL WEATHER SERVICE LAS VEGAS, NV
128 AM PDT SAT MAY 23 2015


...................................

...THE KINGMAN AZ CLIMATE SUMMARY FOR MAY 22 2015...

CLIMATE NORMAL PERIOD 1981 TO 2010
CLIMATE RECORD PERIOD 1901 TO 2015


WEATHER ITEM   OBSERVED TIME   RECORD YEAR NORMAL DEPARTURE LAST
                VALUE   (LST)  VALUE       VALUE  FROM      YEAR
                                                  NORMAL
..................................................................
TEMPERATURE (F)
 YESTERDAY
  MAXIMUM         69    326 PM 103    1967  87    -18       79
  MINIMUM         49   1159 PM  38    1975  54     -5       47
  AVERAGE         59                        71    -12       63

PRECIPITATION (IN)
  YESTERDAY        0.10R         0.10 1980   0.00   0.10     0.00
  MONTH TO DATE    0.18                      0.10   0.08      T
  SINCE OCT 1      5.12                      5.53  -0.41     1.67
  SINCE JAN 1      2.99                      3.43  -0.44     0.79

DEGREE DAYS
 HEATING
  YESTERDAY        6                         1      5        2
  MONTH TO DATE   82                        47     35       42
  SINCE MAR 1    544                       680   -136      512
  SINCE JUL 1   2524                      3093   -569     2834

 COOLING
  YESTERDAY        0                         7     -7        0
  MONTH TO DATE   27                        98    -71       84
  SINCE MAR 1     45                       129    -84      117
  SINCE JAN 1     45                       129    -84      117
..................................................................


WIND (MPH)
  RESULTANT WIND SPEED   6   RESULTANT WIND DIRECTION   S (190)
  HIGHEST WIND SPEED    28   HIGHEST WIND DIRECTION     S (200)
  HIGHEST GUST SPEED    33   HIGHEST GUST DIRECTION    SW (210)
  AVERAGE WIND SPEED    11.2


SKY COVER
  POSSIBLE SUNSHINE  MM
  AVERAGE SKY COVER 0.4


WEATHER CONDITIONS
 THE FOLLOWING WEATHER WAS RECORDED YESTERDAY.
  THUNDERSTORM
  LIGHT RAIN


RELATIVE HUMIDITY (PERCENT)
 HIGHEST    66           900 PM
 LOWEST     27           900 AM
 AVERAGE    47

..........................................................


THE KINGMAN AZ CLIMATE NORMALS FOR TODAY
                         NORMAL    RECORD    YEAR
 MAXIMUM TEMPERATURE (F)   87       100      2005
 MINIMUM TEMPERATURE (F)   55        38      1932


SUNRISE AND SUNSET
MAY 23 2015...........SUNRISE   526 AM MST   SUNSET   739 PM MST
MAY 24 2015...........SUNRISE   526 AM MST   SUNSET   740 PM MST


-  INDICATES NEGATIVE NUMBERS.
R  INDICATES RECORD WAS SET OR TIED.
MM INDICATES DATA IS MISSING.
T  INDICATES TRACE AMOUNT.




$$
