283
CDUS45 KVEF 250826
CLIIGM


CLIMATE REPORT
NATIONAL WEATHER SERVICE LAS VEGAS, NV
126 AM PDT SUN SEP 25 2016


...................................

...THE KINGMAN AZ CLIMATE SUMMARY FOR SEPTEMBER 24 2016...

CLIMATE NORMAL PERIOD 1981 TO 2010
CLIMATE RECORD PERIOD 1901 TO 2016


WEATHER ITEM   OBSERVED TIME   RECORD YEAR NORMAL DEPARTURE LAST
                VALUE   (LST)  VALUE       VALUE  FROM      YEAR
                                                  NORMAL
..................................................................
TEMPERATURE (F)
 YESTERDAY
  MAXIMUM         81    342 PM 105    1922  87     -6      100
  MINIMUM         43    644 AM  31    1920  58    -15       62
  AVERAGE         62                        72    -10       81

PRECIPITATION (IN)
  YESTERDAY        0.00          1.85 1976   0.02  -0.02     0.00
  MONTH TO DATE    0.22                      0.94  -0.72     0.20
  SINCE OCT 1      8.88                      8.31   0.57     8.81
  SINCE JAN 1      7.36                      6.21   1.15     6.68

DEGREE DAYS
 HEATING
  YESTERDAY        3                         0      3        0
  MONTH TO DATE   10                         0     10        0
  SINCE SEP 1     10                         0     10        0
  SINCE JUL 1     10                         0     10        0

 COOLING
  YESTERDAY        0                         8     -8       16
  MONTH TO DATE  221                       286    -65      332
  SINCE SEP 1    221                       286    -65      332
  SINCE JAN 1   2097                      1987    110     2019
..................................................................


WIND (MPH)
  RESULTANT WIND SPEED   5   RESULTANT WIND DIRECTION   N (0)
  HIGHEST WIND SPEED    21   HIGHEST WIND DIRECTION     N (340)
  HIGHEST GUST SPEED    25   HIGHEST GUST DIRECTION     N (340)
  AVERAGE WIND SPEED     6.4


SKY COVER
  POSSIBLE SUNSHINE  MM
  AVERAGE SKY COVER 0.0


WEATHER CONDITIONS
 THE FOLLOWING WEATHER WAS RECORDED YESTERDAY.
  NO SIGNIFICANT WEATHER WAS OBSERVED.


RELATIVE HUMIDITY (PERCENT)
 HIGHEST    MM
 LOWEST     MM
 AVERAGE    MM

..........................................................


THE KINGMAN AZ CLIMATE NORMALS FOR TODAY
                         NORMAL    RECORD    YEAR
 MAXIMUM TEMPERATURE (F)   86       100      1947
 MINIMUM TEMPERATURE (F)   58        44      1959


SUNRISE AND SUNSET
SEPTEMBER 25 2016.....SUNRISE   626 AM MST   SUNSET   627 PM MST
SEPTEMBER 26 2016.....SUNRISE   627 AM MST   SUNSET   626 PM MST


-  INDICATES NEGATIVE NUMBERS.
R  INDICATES RECORD WAS SET OR TIED.
MM INDICATES DATA IS MISSING.
T  INDICATES TRACE AMOUNT.




$$
