395
CDUS45 KVEF 310827
CLIIGM


CLIMATE REPORT
NATIONAL WEATHER SERVICE LAS VEGAS, NV
126 AM PDT SUN JUL 31 2016


...................................

...THE KINGMAN AZ CLIMATE SUMMARY FOR JULY 30 2016...

CLIMATE NORMAL PERIOD 1981 TO 2010
CLIMATE RECORD PERIOD 1901 TO 2016


WEATHER ITEM   OBSERVED TIME   RECORD YEAR NORMAL DEPARTURE LAST
                VALUE   (LST)  VALUE       VALUE  FROM      YEAR
                                                  NORMAL
..................................................................
TEMPERATURE (F)
 YESTERDAY
  MAXIMUM         95    327 PM 106    1938  97     -2       97
  MINIMUM         72    238 AM  57    1913  71      1       75
  AVERAGE         84                        84      0       86

PRECIPITATION (IN)
  YESTERDAY        0.11          0.71 1931   0.03   0.08      T
  MONTH TO DATE    0.44                      0.72  -0.28     0.92
  SINCE OCT 1      5.60                      6.37  -0.77     7.53
  SINCE JAN 1      4.08                      4.27  -0.19     5.40

DEGREE DAYS
 HEATING
  YESTERDAY        0                         0      0        0
  MONTH TO DATE    0                         0      0        0
  SINCE JUN 1      0                         3     -3        0
  SINCE JUL 1      0                         0      0        0

 COOLING
  YESTERDAY       19                        19      0       21
  MONTH TO DATE  646                       556     90      493
  SINCE JUN 1   1208                       941    267      970
  SINCE JAN 1   1348                      1139    209     1076
..................................................................


WIND (MPH)
  RESULTANT WIND SPEED  13   RESULTANT WIND DIRECTION  SW (220)
  HIGHEST WIND SPEED    33   HIGHEST WIND DIRECTION     E (80)
  HIGHEST GUST SPEED    45   HIGHEST GUST DIRECTION     E (80)
  AVERAGE WIND SPEED    13.9


SKY COVER
  POSSIBLE SUNSHINE  MM
  AVERAGE SKY COVER 0.1


WEATHER CONDITIONS
 THE FOLLOWING WEATHER WAS RECORDED YESTERDAY.
  THUNDERSTORM
  LIGHT RAIN
  HAZE


RELATIVE HUMIDITY (PERCENT)
 HIGHEST    73           600 AM
 LOWEST     24          1200 AM
 AVERAGE    49

..........................................................


THE KINGMAN AZ CLIMATE NORMALS FOR TODAY
                         NORMAL    RECORD    YEAR
 MAXIMUM TEMPERATURE (F)   97       108      1938
 MINIMUM TEMPERATURE (F)   71        58      1924


SUNRISE AND SUNSET
JULY 31 2016..........SUNRISE   544 AM MST   SUNSET   739 PM MST
AUGUST  1 2016........SUNRISE   545 AM MST   SUNSET   739 PM MST


-  INDICATES NEGATIVE NUMBERS.
R  INDICATES RECORD WAS SET OR TIED.
MM INDICATES DATA IS MISSING.
T  INDICATES TRACE AMOUNT.




$$
