000
CDUS45 KVEF 220027
CLIIGM


CLIMATE REPORT
NATIONAL WEATHER SERVICE LAS VEGAS, NV
427 PM PST SUN DEC 21 2014


...................................

...THE KINGMAN AZ CLIMATE SUMMARY FOR DECEMBER 21 2014...
VALID TODAY AS OF 0400 PM LOCAL TIME.

CLIMATE NORMAL PERIOD 1981 TO 2010
CLIMATE RECORD PERIOD 1901 TO 2014


WEATHER ITEM   OBSERVED TIME   RECORD YEAR NORMAL DEPARTURE LAST
                VALUE   (LST)  VALUE       VALUE  FROM      YEAR
                                                  NORMAL
..................................................................
TEMPERATURE (F)
 TODAY
  MAXIMUM         56    408 PM  73    1917  53      3       56
  MINIMUM         31    159 AM   9    1968  31      0       25
  AVERAGE         44                        42      2       41

PRECIPITATION (IN)
  TODAY            0.00          0.83 1943   0.02  -0.02     0.00
  MONTH TO DATE    0.89                      0.48   0.41     0.04
  SINCE OCT 1      1.65                      1.84  -0.19     0.88
  SINCE JAN 1      8.14                      8.13   0.01     6.72

DEGREE DAYS
 HEATING
  TODAY           21                        23     -2       24
  MONTH TO DATE  359                       456    -97      529
  SINCE DEC 1    359                       456    -97      529
  SINCE JUL 1    773                      1022   -249     1162

 COOLING
  TODAY            0                         0      0        0
  MONTH TO DATE    0                         0      0        0
  SINCE DEC 1      0                         0      0        0
  SINCE JAN 1   2070                      2093    -23     2106
..................................................................


WIND (MPH)
  RESULTANT WIND SPEED   1   RESULTANT WIND DIRECTION   E (90)
  HIGHEST WIND SPEED     8   HIGHEST WIND DIRECTION     E (110)
  HIGHEST GUST SPEED     8   HIGHEST GUST DIRECTION     N (20)
  AVERAGE WIND SPEED     2.2


SKY COVER
  POSSIBLE SUNSHINE  MM
  AVERAGE SKY COVER 0.0


WEATHER CONDITIONS
 THE FOLLOWING WEATHER WAS RECORDED TODAY.
  NO SIGNIFICANT WEATHER WAS OBSERVED.


RELATIVE HUMIDITY (PERCENT)
 HIGHEST    92           600 AM
 LOWEST     47           400 PM
 AVERAGE    70

..........................................................


THE KINGMAN AZ CLIMATE NORMALS FOR TOMORROW
                         NORMAL    RECORD    YEAR
 MAXIMUM TEMPERATURE (F)   53        72      1906
 MINIMUM TEMPERATURE (F)   31         8      1968


SUNRISE AND SUNSET
DECEMBER 21 2014......SUNRISE   741 AM MST   SUNSET   527 PM MST
DECEMBER 22 2014......SUNRISE   741 AM MST   SUNSET   528 PM MST


-  INDICATES NEGATIVE NUMBERS.
R  INDICATES RECORD WAS SET OR TIED.
MM INDICATES DATA IS MISSING.
T  INDICATES TRACE AMOUNT.




$$
