000
CDUS41 KPHI 050637
CLIILG


CLIMATE REPORT
NATIONAL WEATHER SERVICE MOUNT HOLLY NJ
236 AM EDT THU MAY 5 2016


...................................

...THE WILMINGTON DE CLIMATE SUMMARY FOR MAY 4 2016...

CLIMATE NORMAL PERIOD 1981 TO 2010
CLIMATE RECORD PERIOD 1894 TO 2016


WEATHER ITEM   OBSERVED TIME   RECORD YEAR NORMAL DEPARTURE LAST
                VALUE   (LST)  VALUE       VALUE  FROM      YEAR
                                                  NORMAL
..................................................................
TEMPERATURE (F)
 YESTERDAY
  MAXIMUM         54   1056 AM  88    1965  70    -16       84
  MINIMUM         50   1159 PM  34    1957  49      1       51
  AVERAGE         52                        59     -7       68

PRECIPITATION (IN)
  YESTERDAY        0.01          1.13 1936   0.12  -0.11     0.00
  MONTH TO DATE    0.95                      0.45   0.50     0.00
  SINCE MAR 1      4.59                      7.87  -3.28     9.68
  SINCE JAN 1     11.32                     13.56  -2.24    16.29

SNOWFALL (IN)
  YESTERDAY        0.0           0.0  1894   0.0    0.0      0.0
  MONTH TO DATE    0.0                       0.0    0.0      0.0
  SINCE MAR 1      2.7                       2.2    0.5      8.6
  SINCE JUL 1     25.4                      20.2    5.2     23.4
  SNOW DEPTH       0

DEGREE DAYS
 HEATING
  YESTERDAY       13                         7      6        0
  MONTH TO DATE   45                        28     17       17
  SINCE MAR 1    926                      1074   -148     1179
  SINCE JUL 1   3934                      4697   -763     5018

 COOLING
  YESTERDAY        0                         1     -1        3
  MONTH TO DATE    0                         4     -4        4
  SINCE MAR 1     14                        16     -2        8
  SINCE JAN 1     14                        16     -2        8
..................................................................


WIND (MPH)
  HIGHEST WIND SPEED    16   HIGHEST WIND DIRECTION     E (70)
  HIGHEST GUST SPEED    20   HIGHEST GUST DIRECTION     E (80)
  AVERAGE WIND SPEED     9.6


SKY COVER
  POSSIBLE SUNSHINE  MM
  AVERAGE SKY COVER 1.0


WEATHER CONDITIONS
 THE FOLLOWING WEATHER WAS RECORDED YESTERDAY.
  LIGHT RAIN
  FOG


RELATIVE HUMIDITY (PERCENT)
 HIGHEST    89           100 AM
 LOWEST     77           500 PM
 AVERAGE    83

..........................................................


THE WILMINGTON DE CLIMATE NORMALS FOR TODAY
                         NORMAL    RECORD    YEAR
 MAXIMUM TEMPERATURE (F)   70        88      1955
 MINIMUM TEMPERATURE (F)   49        35      1920


SUNRISE AND SUNSET
MAY  5 2016...........SUNRISE   558 AM EDT   SUNSET   801 PM EDT
MAY  6 2016...........SUNRISE   557 AM EDT   SUNSET   802 PM EDT


-  INDICATES NEGATIVE NUMBERS.
R  INDICATES RECORD WAS SET OR TIED.
MM INDICATES DATA IS MISSING.
T  INDICATES TRACE AMOUNT.




$$
