000
CDUS41 KPHI 242128
CLIILG


CLIMATE REPORT
NATIONAL WEATHER SERVICE MOUNT HOLLY NJ
427 PM EST FRI FEB 24 2017


...................................

...THE WILMINGTON DE CLIMATE SUMMARY FOR FEBRUARY 24 2017...
VALID TODAY AS OF 0400 PM LOCAL TIME.

CLIMATE NORMAL PERIOD 1981 TO 2010
CLIMATE RECORD PERIOD 1894 TO 2017


WEATHER ITEM   OBSERVED TIME   RECORD YEAR NORMAL DEPARTURE LAST
                VALUE   (LST)  VALUE       VALUE  FROM      YEAR
                                                  NORMAL
..................................................................
TEMPERATURE (F)
 TODAY
  MAXIMUM         73    121 PM  78    1985  46     27       62
  MINIMUM         48    706 AM   6    2015  28     20       39
                                      1923
  AVERAGE         61                        37     24       51

PRECIPITATION (IN)
  TODAY            0.00          2.17 1979   0.10  -0.10     1.39
  MONTH TO DATE    0.86                      2.29  -1.43     4.43
  SINCE DEC 1      6.12                      8.78  -2.66    11.94
  SINCE JAN 1      3.53                      5.30  -1.77     6.73

SNOWFALL (IN)
  TODAY            0.0           5.9  2005   0.3   -0.3      0.0
  MONTH TO DATE    1.1                       7.5   -6.4      5.8
  SINCE DEC 1      5.6                      16.8  -11.2     22.7
  SINCE JUL 1      5.6                      17.2  -11.6     22.7
  SNOW DEPTH       0

DEGREE DAYS
 HEATING
  TODAY            4                        28    -24       14
  MONTH TO DATE  537                       727   -190      712
  SINCE DEC 1   2209                      2616   -407     2198
  SINCE JUL 1   2933                      3514   -581     2902

 COOLING
  TODAY            0                         0      0        0
  MONTH TO DATE    0                         0      0        0
  SINCE DEC 1      0                         0      0        1
  SINCE JAN 1      0                         0      0        0
..................................................................


WIND (MPH)
  HIGHEST WIND SPEED    17   HIGHEST WIND DIRECTION     S (170)
  HIGHEST GUST SPEED    21   HIGHEST GUST DIRECTION     S (170)
  AVERAGE WIND SPEED     7.8


SKY COVER
  POSSIBLE SUNSHINE  MM
  AVERAGE SKY COVER 0.3


WEATHER CONDITIONS
 THE FOLLOWING WEATHER WAS RECORDED TODAY.
  FOG


RELATIVE HUMIDITY (PERCENT)
 HIGHEST   100           500 AM
 LOWEST     57           200 PM
 AVERAGE    79

..........................................................


THE WILMINGTON DE CLIMATE NORMALS FOR TOMORROW
                         NORMAL    RECORD    YEAR
 MAXIMUM TEMPERATURE (F)   46        78      1930
 MINIMUM TEMPERATURE (F)   29         5      1914


SUNRISE AND SUNSET
FEBRUARY 24 2017......SUNRISE   642 AM EST   SUNSET   549 PM EST
FEBRUARY 25 2017......SUNRISE   641 AM EST   SUNSET   550 PM EST


-  INDICATES NEGATIVE NUMBERS.
R  INDICATES RECORD WAS SET OR TIED.
MM INDICATES DATA IS MISSING.
T  INDICATES TRACE AMOUNT.




$$
