000
CDUS41 KPHI 280632
CLIILG


CLIMATE REPORT
NATIONAL WEATHER SERVICE MOUNT HOLLY NJ
231 AM EDT TUE JUL 28 2015


...................................

...THE WILMINGTON DE CLIMATE SUMMARY FOR JULY 27 2015...

CLIMATE NORMAL PERIOD 1981 TO 2010
CLIMATE RECORD PERIOD 1894 TO 2015


WEATHER ITEM   OBSERVED TIME   RECORD YEAR NORMAL DEPARTURE LAST
                VALUE   (LST)  VALUE       VALUE  FROM      YEAR
                                                  NORMAL
..................................................................
TEMPERATURE (F)
 YESTERDAY
  MAXIMUM         82    409 PM 100    1894  86     -4       89
  MINIMUM         70    451 AM  51    1962  68      2       70
  AVERAGE         76                        77     -1       80

PRECIPITATION (IN)
  YESTERDAY        0.26          3.02 1897   0.15   0.11     1.64
  MONTH TO DATE    1.87                      4.01  -2.14     5.62
  SINCE JUN 1     14.39                      7.89   6.50    10.65
  SINCE JAN 1     33.07                     24.95   8.12    32.98

SNOWFALL (IN)
  YESTERDAY        0.0           0.0  1894   0.0    0.0      0.0
  MONTH TO DATE    0.0                       0.0    0.0      0.0
  SINCE JUN 1      0.0                       0.0    0.0      0.0
  SINCE JUL 1      0.0                       0.0    0.0      0.0
  SNOW DEPTH       0

DEGREE DAYS
 HEATING
  YESTERDAY        0                         0      0        0
  MONTH TO DATE    0                         0      0        0
  SINCE JUN 1     18                        15      3        2
  SINCE JUL 1      0                         0      0        0

 COOLING
  YESTERDAY       11                        12     -1       15
  MONTH TO DATE  312                       320     -8      328
  SINCE JUN 1    580                       551     29      568
  SINCE JAN 1    748                       630    118      635
..................................................................


WIND (MPH)
  HIGHEST WIND SPEED    13   HIGHEST WIND DIRECTION     S (170)
  HIGHEST GUST SPEED    16   HIGHEST GUST DIRECTION     S (160)
  AVERAGE WIND SPEED     6.1


SKY COVER
  POSSIBLE SUNSHINE  MM
  AVERAGE SKY COVER 0.6


WEATHER CONDITIONS
 THE FOLLOWING WEATHER WAS RECORDED YESTERDAY.
  THUNDERSTORM
  HEAVY RAIN
  RAIN
  LIGHT RAIN
  FOG


RELATIVE HUMIDITY (PERCENT)
 HIGHEST    97           400 AM
 LOWEST     69          1200 AM
 AVERAGE    83

..........................................................


THE WILMINGTON DE CLIMATE NORMALS FOR TODAY
                         NORMAL    RECORD    YEAR
 MAXIMUM TEMPERATURE (F)   86       101      1894
 MINIMUM TEMPERATURE (F)   68        53      1962


SUNRISE AND SUNSET
JULY 28 2015..........SUNRISE   558 AM EDT   SUNSET   820 PM EDT
JULY 29 2015..........SUNRISE   559 AM EDT   SUNSET   819 PM EDT


-  INDICATES NEGATIVE NUMBERS.
R  INDICATES RECORD WAS SET OR TIED.
MM INDICATES DATA IS MISSING.
T  INDICATES TRACE AMOUNT.




$$
