000
CDUS41 KPHI 090630
CLIILG


CLIMATE REPORT
NATIONAL WEATHER SERVICE MOUNT HOLLY NJ
129 AM EST FRI DEC 9 2016


...................................

...THE WILMINGTON DE CLIMATE SUMMARY FOR DECEMBER 8 2016...

CLIMATE NORMAL PERIOD 1981 TO 2010
CLIMATE RECORD PERIOD 1894 TO 2016


WEATHER ITEM   OBSERVED TIME   RECORD YEAR NORMAL DEPARTURE LAST
                VALUE   (LST)  VALUE       VALUE  FROM      YEAR
                                                  NORMAL
..................................................................
TEMPERATURE (F)
 YESTERDAY
  MAXIMUM         46    259 PM  69    1980  47     -1       51
  MINIMUM         30   1158 PM  15    1970  31     -1       31
  AVERAGE         38                        39     -1       41

PRECIPITATION (IN)
  YESTERDAY        0.00          1.44 1972   0.12  -0.12     0.00
  MONTH TO DATE    0.81                      0.99  -0.18     1.26
  SINCE DEC 1      0.81                      0.99  -0.18     1.26
  SINCE JAN 1     39.00                     40.59  -1.59    44.79

SNOWFALL (IN)
  YESTERDAY        0.0           8.5  2013   0.1   -0.1      0.0
  MONTH TO DATE    0.0                       0.7   -0.7      0.0
  SINCE DEC 1      0.0                       0.7   -0.7      0.0
  SINCE JUL 1      0.0                       1.1   -1.1      0.0
  SNOW DEPTH       0

DEGREE DAYS
 HEATING
  YESTERDAY       27                        26      1       24
  MONTH TO DATE  170                       200    -30      162
  SINCE DEC 1    170                       200    -30      162
  SINCE JUL 1    894                      1098   -204      866

 COOLING
  YESTERDAY        0                         0      0        0
  MONTH TO DATE    0                         0      0        0
  SINCE DEC 1      0                         0      0        0
  SINCE JAN 1   1489                      1145    344     1388
..................................................................


WIND (MPH)
  HIGHEST WIND SPEED    26   HIGHEST WIND DIRECTION    NW (300)
  HIGHEST GUST SPEED    35   HIGHEST GUST DIRECTION    NW (300)
  AVERAGE WIND SPEED     9.8


SKY COVER
  POSSIBLE SUNSHINE  MM
  AVERAGE SKY COVER 0.4


WEATHER CONDITIONS
 THE FOLLOWING WEATHER WAS RECORDED YESTERDAY.
  NO SIGNIFICANT WEATHER WAS OBSERVED.


RELATIVE HUMIDITY (PERCENT)
 HIGHEST    96          1200 AM
 LOWEST     37           300 PM
 AVERAGE    67

..........................................................


THE WILMINGTON DE CLIMATE NORMALS FOR TODAY
                         NORMAL    RECORD    YEAR
 MAXIMUM TEMPERATURE (F)   47        72      1966
 MINIMUM TEMPERATURE (F)   30        13      1960


SUNRISE AND SUNSET
DECEMBER  9 2016......SUNRISE   712 AM EST   SUNSET   438 PM EST
DECEMBER 10 2016......SUNRISE   713 AM EST   SUNSET   438 PM EST


-  INDICATES NEGATIVE NUMBERS.
R  INDICATES RECORD WAS SET OR TIED.
MM INDICATES DATA IS MISSING.
T  INDICATES TRACE AMOUNT.




$$
