000
CDUS41 KPHI 240548
CLIILG


CLIMATE REPORT
NATIONAL WEATHER SERVICE MOUNT HOLLY NJ
146 AM EDT MON JUL 24 2017


...................................

...THE WILMINGTON DE CLIMATE SUMMARY FOR JULY 23 2017...

CLIMATE NORMAL PERIOD 1981 TO 2010
CLIMATE RECORD PERIOD 1894 TO 2017


WEATHER ITEM   OBSERVED TIME   RECORD YEAR NORMAL DEPARTURE LAST
                VALUE   (LST)  VALUE       VALUE  FROM      YEAR
                                                  NORMAL
..................................................................
TEMPERATURE (F)
 YESTERDAY
  MAXIMUM         88    200 PM 100    2011  86      2       95
  MINIMUM         73   1159 PM  54    1977  68      5       72
                                      1939
  AVERAGE         81                        77      4       84

PRECIPITATION (IN)
  YESTERDAY        1.35          2.80 1924   0.14   1.21      T
  MONTH TO DATE    4.14                      3.42   0.72     3.08
  SINCE JUN 1      8.13                      7.30   0.83     6.77
  SINCE JAN 1     25.31                     24.36   0.95    24.44

SNOWFALL (IN)
  YESTERDAY        0.0           0.0  1894   0.0    0.0      0.0
  MONTH TO DATE    0.0                       0.0    0.0      0.0
  SINCE JUN 1      0.0                       0.0    0.0      0.0
  SINCE JUL 1      0.0                       0.0    0.0      0.0
  SNOW DEPTH       0

DEGREE DAYS
 HEATING
  YESTERDAY        0                         0      0        0
  MONTH TO DATE    0                         0      0        0
  SINCE JUN 1     10                        15     -5        5
  SINCE JUL 1      0                         0      0        0

 COOLING
  YESTERDAY       16                        12      4       19
  MONTH TO DATE  342                       272     70      317
  SINCE JUN 1    603                       503    100      545
  SINCE JAN 1    694                       582    112      637
..................................................................


WIND (MPH)
  HIGHEST WIND SPEED    17   HIGHEST WIND DIRECTION     S (160)
  HIGHEST GUST SPEED    23   HIGHEST GUST DIRECTION     S (170)
  AVERAGE WIND SPEED     6.8


SKY COVER
  POSSIBLE SUNSHINE  MM
  AVERAGE SKY COVER 0.8


WEATHER CONDITIONS
 THE FOLLOWING WEATHER WAS RECORDED YESTERDAY.
  THUNDERSTORM
  HEAVY RAIN
  RAIN
  LIGHT RAIN
  FOG


RELATIVE HUMIDITY (PERCENT)
 HIGHEST   100           700 PM
 LOWEST     59          1100 AM
 AVERAGE    80

..........................................................


THE WILMINGTON DE CLIMATE NORMALS FOR TODAY
                         NORMAL    RECORD    YEAR
 MAXIMUM TEMPERATURE (F)   86        98      2011
 MINIMUM TEMPERATURE (F)   68        56      1985


SUNRISE AND SUNSET
JULY 24 2017..........SUNRISE   555 AM EDT   SUNSET   823 PM EDT
JULY 25 2017..........SUNRISE   556 AM EDT   SUNSET   822 PM EDT


-  INDICATES NEGATIVE NUMBERS.
R  INDICATES RECORD WAS SET OR TIED.
MM INDICATES DATA IS MISSING.
T  INDICATES TRACE AMOUNT.




$$
