000
CDUS41 KPHI 140556
CLIILG


CLIMATE REPORT
NATIONAL WEATHER SERVICE MOUNT HOLLY NJ
1255 AM EST THU DEC 14 2017


...................................

...THE WILMINGTON DE CLIMATE SUMMARY FOR DECEMBER 13 2017...

CLIMATE NORMAL PERIOD 1981 TO 2010
CLIMATE RECORD PERIOD 1894 TO 2017


WEATHER ITEM   OBSERVED TIME   RECORD YEAR NORMAL DEPARTURE LAST
                VALUE   (LST)  VALUE       VALUE  FROM      YEAR
                                                  NORMAL
..................................................................
TEMPERATURE (F)
 YESTERDAY
  MAXIMUM         32    235 PM  67    2015  45    -13       44
  MINIMUM         20    608 AM   7    1960  29     -9       31
  AVERAGE         26                        37    -11       38

PRECIPITATION (IN)
  YESTERDAY        0.07          2.09 1996   0.12  -0.05      T
  MONTH TO DATE    0.59                      1.61  -1.02     1.12
  SINCE DEC 1      0.59                      1.61  -1.02     1.12
  SINCE JAN 1     39.26                     41.21  -1.95    39.31

SNOWFALL (IN)
  YESTERDAY        0.8           5.0  1915   0.2    0.6     MM
  MONTH TO DATE    4.9                       1.3    3.6       T
  SINCE DEC 1      4.9                       1.3    3.6       T
  SINCE JUL 1      4.9                       1.7    3.2       T
  SNOW DEPTH       0

DEGREE DAYS
 HEATING
  YESTERDAY       39                        28     11       27
  MONTH TO DATE  333                       336     -3      319
  SINCE DEC 1    333                       336     -3      319
  SINCE JUL 1   1061                      1234   -173     1043

 COOLING
  YESTERDAY        0                         0      0        0
  MONTH TO DATE    0                         0      0        0
  SINCE DEC 1      0                         0      0        0
  SINCE JAN 1   1304                      1145    159     1489
..................................................................


WIND (MPH)
  HIGHEST WIND SPEED    31   HIGHEST WIND DIRECTION     W (290)
  HIGHEST GUST SPEED    39   HIGHEST GUST DIRECTION     W (280)
  AVERAGE WIND SPEED    15.3


SKY COVER
  POSSIBLE SUNSHINE  MM
  AVERAGE SKY COVER 0.2


WEATHER CONDITIONS
 THE FOLLOWING WEATHER WAS RECORDED YESTERDAY.
  LIGHT SNOW
  FOG


RELATIVE HUMIDITY (PERCENT)
 HIGHEST    92          1100 PM
 LOWEST     31           200 PM
 AVERAGE    62

..........................................................


THE WILMINGTON DE CLIMATE NORMALS FOR TODAY
                         NORMAL    RECORD    YEAR
 MAXIMUM TEMPERATURE (F)   45        69      2015
 MINIMUM TEMPERATURE (F)   29        10      1982


SUNRISE AND SUNSET
DECEMBER 14 2017......SUNRISE   716 AM EST   SUNSET   439 PM EST
DECEMBER 15 2017......SUNRISE   716 AM EST   SUNSET   439 PM EST


-  INDICATES NEGATIVE NUMBERS.
R  INDICATES RECORD WAS SET OR TIED.
MM INDICATES DATA IS MISSING.
T  INDICATES TRACE AMOUNT.




$$
