000
CDUS41 KPHI 270634
CLIILG


CLIMATE REPORT
NATIONAL WEATHER SERVICE MOUNT HOLLY NJ
229 AM EDT TUE SEP 27 2016


...................................

...THE WILMINGTON DE CLIMATE SUMMARY FOR SEPTEMBER 26 2016...

CLIMATE NORMAL PERIOD 1981 TO 2010
CLIMATE RECORD PERIOD 1894 TO 2016


WEATHER ITEM   OBSERVED TIME   RECORD YEAR NORMAL DEPARTURE LAST
                VALUE   (LST)  VALUE       VALUE  FROM      YEAR
                                                  NORMAL
..................................................................
TEMPERATURE (F)
 YESTERDAY
  MAXIMUM         72    125 PM  92    2007  74     -2       74
                                      1895
  MINIMUM         48    606 AM  35    1940  54     -6       57
  AVERAGE         60                        64     -4       66

PRECIPITATION (IN)
  YESTERDAY        0.00          1.97 1902   0.15  -0.15     0.00
  MONTH TO DATE    1.19                      3.68  -2.49     0.95
  SINCE SEP 1      1.19                      3.68  -2.49     0.95
  SINCE JAN 1     30.45                     32.44  -1.99    35.99

SNOWFALL (IN)
  YESTERDAY        0.0           0.0  1894   0.0    0.0      0.0
  MONTH TO DATE    0.0                       0.0    0.0      0.0
  SINCE SEP 1      0.0                       0.0    0.0      0.0
  SINCE JUL 1      0.0                       0.0    0.0      0.0
  SNOW DEPTH       0

DEGREE DAYS
 HEATING
  YESTERDAY        5                         3      2        0
  MONTH TO DATE   10                        33    -23        0
  SINCE SEP 1     10                        33    -23        0
  SINCE JUL 1     10                        35    -25        0

 COOLING
  YESTERDAY        0                         2     -2        1
  MONTH TO DATE  232                       126    106      206
  SINCE SEP 1    232                       126    106      206
  SINCE JAN 1   1453                      1119    334     1353
..................................................................


WIND (MPH)
  HIGHEST WIND SPEED    21   HIGHEST WIND DIRECTION     S (160)
  HIGHEST GUST SPEED    26   HIGHEST GUST DIRECTION    SE (140)
  AVERAGE WIND SPEED     9.3


SKY COVER
  POSSIBLE SUNSHINE  MM
  AVERAGE SKY COVER 0.6


WEATHER CONDITIONS
 THE FOLLOWING WEATHER WAS RECORDED YESTERDAY.
  NO SIGNIFICANT WEATHER WAS OBSERVED.


RELATIVE HUMIDITY (PERCENT)
 HIGHEST    93           600 AM
 LOWEST     49          1100 AM
 AVERAGE    71

..........................................................


THE WILMINGTON DE CLIMATE NORMALS FOR TODAY
                         NORMAL    RECORD    YEAR
 MAXIMUM TEMPERATURE (F)   73        91      1998
 MINIMUM TEMPERATURE (F)   54        32      1940


SUNRISE AND SUNSET
SEPTEMBER 27 2016.....SUNRISE   655 AM EDT   SUNSET   650 PM EDT
SEPTEMBER 28 2016.....SUNRISE   656 AM EDT   SUNSET   649 PM EDT


-  INDICATES NEGATIVE NUMBERS.
R  INDICATES RECORD WAS SET OR TIED.
MM INDICATES DATA IS MISSING.
T  INDICATES TRACE AMOUNT.




$$
