000
CDUS41 KPHI 290641
CLIILG


CLIMATE REPORT
NATIONAL WEATHER SERVICE MOUNT HOLLY NJ
240 AM EDT SUN MAY 29 2016


...................................

...THE WILMINGTON DE CLIMATE SUMMARY FOR MAY 28 2016...

CLIMATE NORMAL PERIOD 1981 TO 2010
CLIMATE RECORD PERIOD 1894 TO 2016


WEATHER ITEM   OBSERVED TIME   RECORD YEAR NORMAL DEPARTURE LAST
                VALUE   (LST)  VALUE       VALUE  FROM      YEAR
                                                  NORMAL
..................................................................
TEMPERATURE (F)
 YESTERDAY
  MAXIMUM         87    227 PM  93    1941  76     11       87
  MINIMUM         67    444 AM  41    1997  57     10       69
  AVERAGE         77                        66     11       78

PRECIPITATION (IN)
  YESTERDAY        0.00          2.14 1982   0.13  -0.13     0.55
  MONTH TO DATE    5.55                      3.54   2.01     2.39
  SINCE MAR 1      9.19                     10.96  -1.77    12.07
  SINCE JAN 1     15.92                     16.65  -0.73    18.68

SNOWFALL (IN)
  YESTERDAY        0.0           0.0  1894   0.0    0.0      0.0
  MONTH TO DATE    0.0                       0.0    0.0      0.0
  SINCE MAR 1      2.7                       2.2    0.5      8.6
  SINCE JUL 1     25.4                      20.2    5.2     23.4
  SNOW DEPTH       0

DEGREE DAYS
 HEATING
  YESTERDAY        0                         2     -2        0
  MONTH TO DATE  171                       128     43       56
  SINCE MAR 1   1052                      1174   -122     1218
  SINCE JUL 1   4060                      4797   -737     5057

 COOLING
  YESTERDAY       12                         4      8       13
  MONTH TO DATE   45                        55    -10      129
  SINCE MAR 1     59                        67     -8      133
  SINCE JAN 1     59                        67     -8      133
..................................................................


WIND (MPH)
  HIGHEST WIND SPEED    17   HIGHEST WIND DIRECTION     S (170)
  HIGHEST GUST SPEED    20   HIGHEST GUST DIRECTION     S (170)
  AVERAGE WIND SPEED     7.6


SKY COVER
  POSSIBLE SUNSHINE  MM
  AVERAGE SKY COVER 0.0


WEATHER CONDITIONS
 THE FOLLOWING WEATHER WAS RECORDED YESTERDAY.
  NO SIGNIFICANT WEATHER WAS OBSERVED.


RELATIVE HUMIDITY (PERCENT)
 HIGHEST    81           400 AM
 LOWEST     55           300 PM
 AVERAGE    68

..........................................................


THE WILMINGTON DE CLIMATE NORMALS FOR TODAY
                         NORMAL    RECORD    YEAR
 MAXIMUM TEMPERATURE (F)   77        93      1991
                                             1955
                                             1941
 MINIMUM TEMPERATURE (F)   57        40      1936


SUNRISE AND SUNSET
MAY 29 2016...........SUNRISE   538 AM EDT   SUNSET   822 PM EDT
MAY 30 2016...........SUNRISE   537 AM EDT   SUNSET   823 PM EDT


-  INDICATES NEGATIVE NUMBERS.
R  INDICATES RECORD WAS SET OR TIED.
MM INDICATES DATA IS MISSING.
T  INDICATES TRACE AMOUNT.




$$
