000
CDUS42 KILM 200841
CLIILM


CLIMATE REPORT
NATIONAL WEATHER SERVICE WILMINGTON NC
441 AM EDT WED AUG 20 2014


...................................

...THE WILMINGTON NC CLIMATE SUMMARY FOR AUGUST 19 2014...

CLIMATE NORMAL PERIOD 1981 TO 2010
CLIMATE RECORD PERIOD 1871 TO 2014


WEATHER ITEM   OBSERVED TIME   RECORD YEAR NORMAL DEPARTURE LAST
                VALUE   (LST)  VALUE       VALUE  FROM      YEAR
                                                  NORMAL
..................................................................
TEMPERATURE (F)
 YESTERDAY
  MAXIMUM         93    255 PM  97    1876  88      5       83
  MINIMUM         74    158 AM  63    1976  71      3       73
                                      1958
  AVERAGE         84                        80      4       78

PRECIPITATION (IN)
  YESTERDAY        0.52          4.81 1981   0.22   0.30     1.78
  MONTH TO DATE    6.38                      4.55   1.83     7.38
  SINCE JUN 1     20.86                     17.21   3.65    24.48
  SINCE JAN 1     40.10                     36.11   3.99    41.19

DEGREE DAYS
 HEATING
  YESTERDAY        0                         0      0        0
  MONTH TO DATE    0                         0      0        0
  SINCE JUN 1      0                         2     -2        0
  SINCE JUL 1      0                         0      0        0

 COOLING
  YESTERDAY       19                        15      4       13
  MONTH TO DATE  274                       291    -17      262
  SINCE JUN 1   1182                      1177      5     1109
  SINCE JAN 1   1589                      1458    131     1335
..................................................................


WIND (MPH)
  HIGHEST WIND SPEED    15   HIGHEST WIND DIRECTION     N (10)
  HIGHEST GUST SPEED    19   HIGHEST GUST DIRECTION    NW (330)
  AVERAGE WIND SPEED     6.4


SKY COVER
  POSSIBLE SUNSHINE  MM
  AVERAGE SKY COVER 0.4


WEATHER CONDITIONS
 THE FOLLOWING WEATHER WAS RECORDED YESTERDAY.
  THUNDERSTORM
  HEAVY RAIN
  RAIN
  LIGHT RAIN
  FOG
  HAZE


RELATIVE HUMIDITY (PERCENT)
 HIGHEST    94           300 AM
 LOWEST     49           300 PM
 AVERAGE    72

..........................................................


THE WILMINGTON NC CLIMATE NORMALS FOR TODAY
                         NORMAL    RECORD    YEAR
 MAXIMUM TEMPERATURE (F)   88        98      1983
 MINIMUM TEMPERATURE (F)   71        61      1998
                                             1886


SUNRISE AND SUNSET
AUGUST 20 2014........SUNRISE   636 AM EDT   SUNSET   753 PM EDT
AUGUST 21 2014........SUNRISE   637 AM EDT   SUNSET   752 PM EDT


-  INDICATES NEGATIVE NUMBERS.
R  INDICATES RECORD WAS SET OR TIED.
MM INDICATES DATA IS MISSING.
T  INDICATES TRACE AMOUNT.




$$
