000
CDUS42 KILM 181006
CLIILM


CLIMATE REPORT
NATIONAL WEATHER SERVICE WILMINGTON NC
506 AM EST THU DEC 18 2014


...................................

...THE WILMINGTON NC CLIMATE SUMMARY FOR DECEMBER 17 2014...

CLIMATE NORMAL PERIOD 1981 TO 2010
CLIMATE RECORD PERIOD 1871 TO 2014


WEATHER ITEM   OBSERVED TIME   RECORD YEAR NORMAL DEPARTURE LAST
                VALUE   (LST)  VALUE       VALUE  FROM      YEAR
                                                  NORMAL
..................................................................
TEMPERATURE (F)
 YESTERDAY
  MAXIMUM         62    346 PM  79    1924  59      3       65
  MINIMUM         40   1159 PM  18    1955  37      3       41
                                      1943
  AVERAGE         51                        48      3       53

PRECIPITATION (IN)
  YESTERDAY        0.00          0.88 1887   0.12  -0.12     0.00
  MONTH TO DATE    0.34                      1.99  -1.65     1.20
  SINCE DEC 1      0.34                      1.99  -1.65     1.20
  SINCE JAN 1     55.12                     55.98  -0.86    50.61

SNOWFALL (IN)
  YESTERDAY        0.0           0.4  1972   0.0    0.0      0.0
  MONTH TO DATE    0.0                       0.3   -0.3      0.0
  SINCE DEC 1      0.0                       0.3   -0.3      0.0
  SINCE JUL 1      0.0                       0.3   -0.3       T
  SNOW DEPTH       0

DEGREE DAYS
 HEATING
  YESTERDAY       14                        17     -3       12
  MONTH TO DATE  243                       257    -14      212
  SINCE DEC 1    243                       257    -14      212
  SINCE JUL 1    696                       626     70      614

 COOLING
  YESTERDAY        0                         0      0        0
  MONTH TO DATE    0                         0      0        9
  SINCE DEC 1      0                         0      0        9
  SINCE JAN 1   2190                      2037    153     1901
..................................................................


WIND (MPH)
  HIGHEST WIND SPEED    13   HIGHEST WIND DIRECTION     W (270)
  HIGHEST GUST SPEED    16   HIGHEST GUST DIRECTION     W (270)
  AVERAGE WIND SPEED     5.3


SKY COVER
  POSSIBLE SUNSHINE  MM
  AVERAGE SKY COVER 0.0


WEATHER CONDITIONS
 THE FOLLOWING WEATHER WAS RECORDED YESTERDAY.
  FOG


RELATIVE HUMIDITY (PERCENT)
 HIGHEST   100           600 AM
 LOWEST     43           200 PM
 AVERAGE    72

..........................................................


THE WILMINGTON NC CLIMATE NORMALS FOR TODAY
                         NORMAL    RECORD    YEAR
 MAXIMUM TEMPERATURE (F)   59        79      1984
                                             1924
 MINIMUM TEMPERATURE (F)   37        18      1875


SUNRISE AND SUNSET
DECEMBER 18 2014......SUNRISE   712 AM EST   SUNSET   504 PM EST
DECEMBER 19 2014......SUNRISE   713 AM EST   SUNSET   505 PM EST


-  INDICATES NEGATIVE NUMBERS.
R  INDICATES RECORD WAS SET OR TIED.
MM INDICATES DATA IS MISSING.
T  INDICATES TRACE AMOUNT.




$$
