057
CDUS42 KILM 300900
CLIILM


CLIMATE REPORT
NATIONAL WEATHER SERVICE WILMINGTON NC
500 AM EDT SAT APR 30 2016


...................................

...THE WILMINGTON NC CLIMATE SUMMARY FOR APRIL 29 2016...

CLIMATE NORMAL PERIOD 1981 TO 2010
CLIMATE RECORD PERIOD 1871 TO 2016


WEATHER ITEM   OBSERVED TIME   RECORD YEAR NORMAL DEPARTURE LAST
                VALUE   (LST)  VALUE       VALUE  FROM      YEAR
                                                  NORMAL
..................................................................
TEMPERATURE (F)
 YESTERDAY
  MAXIMUM         80   1217 PM  92    1975  77      3       67
  MINIMUM         65   1159 PM  40    1993  55     10       48
  AVERAGE         73                        66      7       58

PRECIPITATION (IN)
  YESTERDAY        0.00          2.19 1895   0.10  -0.10     0.25
  MONTH TO DATE    1.91                      2.73  -0.82     2.08
  SINCE MAR 1      4.74                      6.94  -2.20     5.51
  SINCE JAN 1     16.81                     14.32   2.49    14.83

SNOWFALL (IN)
  YESTERDAY        0.0          MM      MM   0.0    0.0      0.0
  MONTH TO DATE    0.0                       0.0    0.0      0.0
  SINCE MAR 1      0.0                       0.2   -0.2      0.0
  SINCE JUL 1      T                         1.7   -1.7      0.3
  SNOW DEPTH       0

DEGREE DAYS
 HEATING
  YESTERDAY        0                         2     -2        7
  MONTH TO DATE  126                       129     -3       86
  SINCE MAR 1    299                       452   -153      399
  SINCE JUL 1   1786                      2381   -595     2582

 COOLING
  YESTERDAY        8                         3      5        0
  MONTH TO DATE   71                        62      9       63
  SINCE MAR 1    143                        78     65       83
  SINCE JAN 1    146                        83     63       89
..................................................................


WIND (MPH)
  HIGHEST WIND SPEED    17   HIGHEST WIND DIRECTION    NW (330)
  HIGHEST GUST SPEED    21   HIGHEST GUST DIRECTION    NW (320)
  AVERAGE WIND SPEED     7.4


SKY COVER
  POSSIBLE SUNSHINE  MM
  AVERAGE SKY COVER 0.2


WEATHER CONDITIONS
 THE FOLLOWING WEATHER WAS RECORDED YESTERDAY.
  FOG


RELATIVE HUMIDITY (PERCENT)
 HIGHEST    93           500 AM
 LOWEST     58          1100 AM
 AVERAGE    76

..........................................................


THE WILMINGTON NC CLIMATE NORMALS FOR TODAY
                         NORMAL    RECORD    YEAR
 MAXIMUM TEMPERATURE (F)   78        92      1974
 MINIMUM TEMPERATURE (F)   55        41      2006
                                             1982
                                             1939


SUNRISE AND SUNSET
APRIL 30 2016.........SUNRISE   623 AM EDT   SUNSET   755 PM EDT
MAY  1 2016...........SUNRISE   622 AM EDT   SUNSET   756 PM EDT


-  INDICATES NEGATIVE NUMBERS.
R  INDICATES RECORD WAS SET OR TIED.
MM INDICATES DATA IS MISSING.
T  INDICATES TRACE AMOUNT.




$$
