000
CDUS42 KILM 120842
CLIILM


CLIMATE REPORT
NATIONAL WEATHER SERVICE WILMINGTON NC
442 AM EDT SAT JUL 12 2014


...................................

...THE WILMINGTON NC CLIMATE SUMMARY FOR JULY 11 2014...

CLIMATE NORMAL PERIOD 1981 TO 2010
CLIMATE RECORD PERIOD 1871 TO 2014


WEATHER ITEM   OBSERVED TIME   RECORD YEAR NORMAL DEPARTURE LAST
                VALUE   (LST)  VALUE       VALUE  FROM      YEAR
                                                  NORMAL
..................................................................
TEMPERATURE (F)
 YESTERDAY
  MAXIMUM         81    627 PM  99    1993  90     -9       88
                                      1992
  MINIMUM         72    455 AM  58    1890  73     -1       74
  AVERAGE         77                        81     -4       81

PRECIPITATION (IN)
  YESTERDAY        0.03          4.83 1972   0.24  -0.21     0.26
  MONTH TO DATE    4.69                      2.36   2.33     1.13
  SINCE JUN 1      7.17                      7.54  -0.37    12.59
  SINCE JAN 1     26.41                     26.44  -0.03    29.30

DEGREE DAYS
 HEATING
  YESTERDAY        0                         0      0        0
  MONTH TO DATE    0                         0      0        0
  SINCE JUN 1      0                         2     -2        0
  SINCE JUL 1      0                         0      0        0

 COOLING
  YESTERDAY       12                        16     -4       16
  MONTH TO DATE  170                       176     -6      165
  SINCE JUN 1    610                       561     49      545
  SINCE JAN 1   1017                       842    175      771
..................................................................


WIND (MPH)
  HIGHEST WIND SPEED     6   HIGHEST WIND DIRECTION     N (340)
  HIGHEST GUST SPEED     9   HIGHEST GUST DIRECTION     N (340)
  AVERAGE WIND SPEED     1.8


SKY COVER
  POSSIBLE SUNSHINE  MM
  AVERAGE SKY COVER 0.5


WEATHER CONDITIONS
 THE FOLLOWING WEATHER WAS RECORDED YESTERDAY.
  LIGHT RAIN
  FOG


RELATIVE HUMIDITY (PERCENT)
 HIGHEST   100           500 AM
 LOWEST     74           200 PM
 AVERAGE    87

..........................................................


THE WILMINGTON NC CLIMATE NORMALS FOR TODAY
                         NORMAL    RECORD    YEAR
 MAXIMUM TEMPERATURE (F)   90       103      1879
 MINIMUM TEMPERATURE (F)   73        62      1963
                                             1898


SUNRISE AND SUNSET
JULY 12 2014..........SUNRISE   609 AM EDT   SUNSET   825 PM EDT
JULY 13 2014..........SUNRISE   610 AM EDT   SUNSET   825 PM EDT


-  INDICATES NEGATIVE NUMBERS.
R  INDICATES RECORD WAS SET OR TIED.
MM INDICATES DATA IS MISSING.
T  INDICATES TRACE AMOUNT.




$$
