000
CDUS42 KILM 170950
CLIILM


CLIMATE REPORT
NATIONAL WEATHER SERVICE WILMINGTON NC
450 AM EST TUE JAN 17 2017


...................................

...THE WILMINGTON NC CLIMATE SUMMARY FOR JANUARY 16 2017...

CLIMATE NORMAL PERIOD 1981 TO 2010
CLIMATE RECORD PERIOD 1871 TO 2017


WEATHER ITEM   OBSERVED TIME   RECORD YEAR NORMAL DEPARTURE LAST
                VALUE   (LST)  VALUE       VALUE  FROM      YEAR
                                                  NORMAL
..................................................................
TEMPERATURE (F)
 YESTERDAY
  MAXIMUM         58    351 PM  81    1950  56      2       65
  MINIMUM         47    845 AM  10    1994  35     12       45
  AVERAGE         53                        46      7       55

PRECIPITATION (IN)
  YESTERDAY        0.00          1.85 1991   0.12  -0.12     0.00
  MONTH TO DATE    1.74                      1.93  -0.19     2.11
  SINCE DEC 1      7.10                      5.55   1.55     7.61
  SINCE JAN 1      1.74                      1.93  -0.19     2.11

SNOWFALL (IN)
  YESTERDAY        0.0           0.1  1965   0.0    0.0      0.0
  MONTH TO DATE    T                         0.2   -0.2      0.0
  SINCE DEC 1      T                         1.0   -1.0      0.0
  SINCE JUL 1      T                         1.0   -1.0      0.0
  SNOW DEPTH       0

DEGREE DAYS
 HEATING
  YESTERDAY       12                        19     -7       10
  MONTH TO DATE  247                       304    -57      290
  SINCE DEC 1    717                       819   -102      466
  SINCE JUL 1   1076                      1188   -112      696

 COOLING
  YESTERDAY        0                         0      0        0
  MONTH TO DATE    0                         0      0        0
  SINCE DEC 1      3                         5     -2       76
  SINCE JAN 1      0                         0      0        0
..................................................................


WIND (MPH)
  HIGHEST WIND SPEED    12   HIGHEST WIND DIRECTION    NE (30)
  HIGHEST GUST SPEED    13   HIGHEST GUST DIRECTION    NE (30)
  AVERAGE WIND SPEED     5.3


SKY COVER
  POSSIBLE SUNSHINE  MM
  AVERAGE SKY COVER 1.0


WEATHER CONDITIONS
 THE FOLLOWING WEATHER WAS RECORDED YESTERDAY.
  NO SIGNIFICANT WEATHER WAS OBSERVED.


RELATIVE HUMIDITY (PERCENT)
 HIGHEST    86           100 AM
 LOWEST     66           900 AM
 AVERAGE    76

..........................................................


THE WILMINGTON NC CLIMATE NORMALS FOR TODAY
                         NORMAL    RECORD    YEAR
 MAXIMUM TEMPERATURE (F)   56        78      2013
 MINIMUM TEMPERATURE (F)   36        11      1977


SUNRISE AND SUNSET
JANUARY 17 2017.......SUNRISE   717 AM EST   SUNSET   527 PM EST
JANUARY 18 2017.......SUNRISE   717 AM EST   SUNSET   528 PM EST


-  INDICATES NEGATIVE NUMBERS.
R  INDICATES RECORD WAS SET OR TIED.
MM INDICATES DATA IS MISSING.
T  INDICATES TRACE AMOUNT.




$$
