678
CDUS42 KILM 270843
CLIILM


CLIMATE REPORT
NATIONAL WEATHER SERVICE WILMINGTON NC
443 AM EDT FRI MAY 27 2016


...................................

...THE WILMINGTON NC CLIMATE SUMMARY FOR MAY 26 2016...

CLIMATE NORMAL PERIOD 1981 TO 2010
CLIMATE RECORD PERIOD 1871 TO 2016


WEATHER ITEM   OBSERVED TIME   RECORD YEAR NORMAL DEPARTURE LAST
                VALUE   (LST)  VALUE       VALUE  FROM      YEAR
                                                  NORMAL
..................................................................
TEMPERATURE (F)
 YESTERDAY
  MAXIMUM         85    225 PM  98    1953  83      2       83
  MINIMUM         65    503 AM  48    1877  63      2       64
  AVERAGE         75                        73      2       74

PRECIPITATION (IN)
  YESTERDAY        0.00          2.17 2009   0.17  -0.17     0.00
  MONTH TO DATE    4.50                      3.64   0.86     5.66
  SINCE MAR 1      9.24                     10.67  -1.43    11.25
  SINCE JAN 1     21.31                     18.05   3.26    20.57

DEGREE DAYS
 HEATING
  YESTERDAY        0                         0      0        0
  MONTH TO DATE   19                        25     -6       10
  SINCE MAR 1    319                       478   -159      414
  SINCE JUL 1   1806                      2407   -601     2597

 COOLING
  YESTERDAY       10                         8      2        9
  MONTH TO DATE  142                       149     -7      157
  SINCE MAR 1    285                       232     53      240
  SINCE JAN 1    288                       237     51      246
..................................................................


WIND (MPH)
  HIGHEST WIND SPEED    16   HIGHEST WIND DIRECTION     S (190)
  HIGHEST GUST SPEED    21   HIGHEST GUST DIRECTION     S (170)
  AVERAGE WIND SPEED     6.7


SKY COVER
  POSSIBLE SUNSHINE  MM
  AVERAGE SKY COVER 0.4


WEATHER CONDITIONS
 THE FOLLOWING WEATHER WAS RECORDED YESTERDAY.
  NO SIGNIFICANT WEATHER WAS OBSERVED.


RELATIVE HUMIDITY (PERCENT)
 HIGHEST    93           300 AM
 LOWEST     51           200 PM
 AVERAGE    72

..........................................................


THE WILMINGTON NC CLIMATE NORMALS FOR TODAY
                         NORMAL    RECORD    YEAR
 MAXIMUM TEMPERATURE (F)   83        96      1989
 MINIMUM TEMPERATURE (F)   63        46      1925


SUNRISE AND SUNSET
MAY 27 2016...........SUNRISE   602 AM EDT   SUNSET   816 PM EDT
MAY 28 2016...........SUNRISE   602 AM EDT   SUNSET   816 PM EDT


-  INDICATES NEGATIVE NUMBERS.
R  INDICATES RECORD WAS SET OR TIED.
MM INDICATES DATA IS MISSING.
T  INDICATES TRACE AMOUNT.




$$
