000
CDUS42 KILM 012141
CLIILM


CLIMATE REPORT
NATIONAL WEATHER SERVICE WILMINGTON NC
441 PM EST SUN FEB 1 2015


...................................

...THE WILMINGTON NC CLIMATE SUMMARY FOR FEBRUARY 1 2015...
VALID TODAY AS OF 0400 PM LOCAL TIME.

CLIMATE NORMAL PERIOD 1981 TO 2010
CLIMATE RECORD PERIOD 1871 TO 2015


WEATHER ITEM   OBSERVED TIME   RECORD YEAR NORMAL DEPARTURE LAST
                VALUE   (LST)  VALUE       VALUE  FROM      YEAR
                                                  NORMAL
..................................................................
TEMPERATURE (F)
 TODAY
  MAXIMUM         61    306 PM  79    2002  58      3       56
                                      1950
  MINIMUM         30    202 AM  14    1936  36     -6       29
  AVERAGE         46                        47     -1       43

PRECIPITATION (IN)
  TODAY            0.00          1.40 1934   0.12  -0.12     0.01
  MONTH TO DATE    0.00                      0.12  -0.12     0.01
  SINCE DEC 1      9.97                      7.50   2.47     4.51
  SINCE JAN 1      4.98                      3.88   1.10     2.78

SNOWFALL (IN)
  TODAY            0.0           0.2  1948   0.0    0.0      0.0
  MONTH TO DATE    0.0                       0.0    0.0      0.0
  SINCE DEC 1      0.0                       1.2   -1.2      1.0
  SINCE JUL 1      0.0                       1.2   -1.2      1.0
  SNOW DEPTH       0

DEGREE DAYS
 HEATING
  TODAY           19                        18      1       22
  MONTH TO DATE   19                        18      1       22
  SINCE DEC 1   1077                      1124    -47     1094
  SINCE JUL 1   1530                      1493     37     1496

 COOLING
  TODAY            0                         0      0        0
  MONTH TO DATE    0                         0      0        0
  SINCE DEC 1      6                         7     -1       25
  SINCE JAN 1      6                         2      4        3
..................................................................


WIND (MPH)
  HIGHEST WIND SPEED    20   HIGHEST WIND DIRECTION     S (190)
  HIGHEST GUST SPEED    28   HIGHEST GUST DIRECTION    SW (210)
  AVERAGE WIND SPEED     4.5


SKY COVER
  POSSIBLE SUNSHINE  MM
  AVERAGE SKY COVER 0.1


WEATHER CONDITIONS
 THE FOLLOWING WEATHER WAS RECORDED TODAY.
  NO SIGNIFICANT WEATHER WAS OBSERVED.


RELATIVE HUMIDITY (PERCENT)
 HIGHEST    92           200 AM
 LOWEST     29           100 PM
 AVERAGE    61

..........................................................


THE WILMINGTON NC CLIMATE NORMALS FOR TOMORROW
                         NORMAL    RECORD    YEAR
 MAXIMUM TEMPERATURE (F)   58        80      1989
 MINIMUM TEMPERATURE (F)   37        17      1980


SUNRISE AND SUNSET
FEBRUARY  1 2015......SUNRISE   709 AM EST   SUNSET   542 PM EST
FEBRUARY  2 2015......SUNRISE   709 AM EST   SUNSET   543 PM EST


-  INDICATES NEGATIVE NUMBERS.
R  INDICATES RECORD WAS SET OR TIED.
MM INDICATES DATA IS MISSING.
T  INDICATES TRACE AMOUNT.




$$
