000
CDUS43 KILX 252244
CLIILX


CLIMATE REPORT
NATIONAL WEATHER SERVICE LINCOLN IL
433 PM CST THU DEC 25 2014


...................................

...THE LINCOLN IL CLIMATE SUMMARY FOR DECEMBER 25 2014...
VALID TODAY AS OF 0400 PM LOCAL TIME.

CLIMATE NORMAL PERIOD 1981 TO 2010
CLIMATE RECORD PERIOD 1905 TO 2014


WEATHER ITEM   OBSERVED TIME   RECORD YEAR NORMAL DEPARTURE LAST
                VALUE   (LST)  VALUE       VALUE  FROM      YEAR
                                                  NORMAL
..................................................................
TEMPERATURE (F)
 TODAY
  MAXIMUM         48        MM  62    1982  35     13       31
  MINIMUM         34        MM -18    1983  20     14       21
  AVERAGE         41                        27     14       26

PRECIPITATION (IN)
  TODAY            T             2.06 1982   0.09  -0.09      T
  MONTH TO DATE    1.41                      2.17  -0.76     1.51
  SINCE DEC 1      1.41                      2.17  -0.76     1.51
  SINCE JAN 1     44.34                     39.13   5.21    36.30

SNOWFALL (IN)
  TODAY            0.0          10.0  1909   0.2   -0.2       T
  MONTH TO DATE    0.4                       4.7   -4.3      6.4
  SINCE DEC 1      0.4                       4.7   -4.3      6.4
  SINCE JUL 1      1.4                       5.3   -3.9      6.9
  SNOW DEPTH       0

DEGREE DAYS
 HEATING
  TODAY           24                        38    -14       39
  MONTH TO DATE  791                       868    -77      983
  SINCE DEC 1    791                       868    -77      983
  SINCE JUL 1   2189                      2011    178     2261

 COOLING
  TODAY            0                         0      0        0
  MONTH TO DATE    0                         0      0        0
  SINCE DEC 1      0                         0      0        0
  SINCE JAN 1    838                      1017   -179      947
..................................................................







THE LINCOLN IL CLIMATE NORMALS FOR TOMORROW
                         NORMAL    RECORD    YEAR
 MAXIMUM TEMPERATURE (F)   35        62      1942
 MINIMUM TEMPERATURE (F)   19       -29      1914


SUNRISE AND SUNSET
DECEMBER 25 2014......SUNRISE   718 AM CST   SUNSET   437 PM CST
DECEMBER 26 2014......SUNRISE   718 AM CST   SUNSET   438 PM CST


-  INDICATES NEGATIVE NUMBERS.
R  INDICATES RECORD WAS SET OR TIED.
MM INDICATES DATA IS MISSING.
T  INDICATES TRACE AMOUNT.




$$
