000
CDUS43 KILX 020627
CLIILX


CLIMATE REPORT
NATIONAL WEATHER SERVICE LINCOLN IL
127 AM CDT SUN AUG 2 2015


...................................

...THE LINCOLN IL CLIMATE SUMMARY FOR AUGUST 1 2015...

CLIMATE NORMAL PERIOD 1981 TO 2010
CLIMATE RECORD PERIOD 1905 TO 2015


WEATHER ITEM   OBSERVED TIME   RECORD YEAR NORMAL DEPARTURE LAST
                VALUE   (LST)  VALUE       VALUE  FROM      YEAR
                                                  NORMAL
..................................................................
TEMPERATURE (F)
 YESTERDAY
  MAXIMUM         87        MM 100    1935  84      3       81
  MINIMUM         58        MM  45    1918  63     -5       58
  AVERAGE         73                        74     -1       70

PRECIPITATION (IN)
  YESTERDAY        0.00          2.00 1956   0.13  -0.13     0.46
  MONTH TO DATE    0.00                      0.13  -0.13     0.46
  SINCE JUN 1     15.60                      9.51   6.09    11.66
  SINCE JAN 1     29.99                     23.63   6.36    22.98

SNOWFALL (IN)
  YESTERDAY        0.0           0.0    MM   0.0    0.0      0.0
  MONTH TO DATE    0.0                       0.0    0.0      0.0
  SINCE JUN 1      0.0                       0.0    0.0      0.0
  SINCE JUL 1      0.0                       0.0    0.0      0.0
  SNOW DEPTH       0

DEGREE DAYS
 HEATING
  YESTERDAY        0                         0      0        0
  MONTH TO DATE    0                         0      0        0
  SINCE JUN 1     14                        19     -5       16
  SINCE JUL 1      6                         2      4        9

 COOLING
  YESTERDAY        8                         9     -1        5
  MONTH TO DATE    8                         9     -1        5
  SINCE JUN 1    494                       552    -58      371
  SINCE JAN 1    605                       643    -38      500
..................................................................


WIND (MPH)
  HIGHEST WIND SPEED    MM   HIGHEST WIND DIRECTION    MM
  HIGHEST GUST SPEED    MM   HIGHEST GUST DIRECTION    MM
  AVERAGE WIND SPEED    MM


SKY COVER
  POSSIBLE SUNSHINE  MM


WEATHER CONDITIONS
 THE FOLLOWING WEATHER WAS RECORDED YESTERDAY.
  NO SIGNIFICANT WEATHER WAS OBSERVED.


..........................................................


THE LINCOLN IL CLIMATE NORMALS FOR TODAY
                         NORMAL    RECORD    YEAR
 MAXIMUM TEMPERATURE (F)   84       101      1964
 MINIMUM TEMPERATURE (F)   63        47      1920


SUNRISE AND SUNSET
AUGUST  2 2015........SUNRISE   556 AM CDT   SUNSET   811 PM CDT
AUGUST  3 2015........SUNRISE   557 AM CDT   SUNSET   809 PM CDT


-  INDICATES NEGATIVE NUMBERS.
R  INDICATES RECORD WAS SET OR TIED.
MM INDICATES DATA IS MISSING.
T  INDICATES TRACE AMOUNT.




$$
