000
CDUS43 KILX 142143
CLIILX


CLIMATE REPORT
NATIONAL WEATHER SERVICE LINCOLN IL
432 PM CDT SUN SEP 14 2014


...................................

...THE LINCOLN IL CLIMATE SUMMARY FOR SEPTEMBER 14 2014...
VALID TODAY AS OF 0400 PM LOCAL TIME.

CLIMATE NORMAL PERIOD 1981 TO 2010
CLIMATE RECORD PERIOD 1905 TO 2014


WEATHER ITEM   OBSERVED TIME   RECORD YEAR NORMAL DEPARTURE LAST
                VALUE   (LST)  VALUE       VALUE  FROM      YEAR
                                                  NORMAL
..................................................................
TEMPERATURE (F)
 TODAY
  MAXIMUM         69        MM 100    1939  79    -10       73
  MINIMUM         37        MM  31    1923  55    -18       39
  AVERAGE         53                        67    -14       56

PRECIPITATION (IN)
  TODAY            0.00          2.82 2008   0.10  -0.10     0.00
  MONTH TO DATE    5.97                      1.57   4.40     0.14
  SINCE SEP 1      5.97                      1.57   4.40     0.14
  SINCE JAN 1     34.62                     28.99   5.63    29.28

SNOWFALL (IN)
  TODAY            0.0           0.0    MM   0.0    0.0      0.0
  MONTH TO DATE    0.0                       0.0    0.0      0.0
  SINCE SEP 1      0.0                       0.0    0.0      0.0
  SINCE JUL 1      0.0                       0.0    0.0       T
  SNOW DEPTH       0

DEGREE DAYS
 HEATING
  TODAY           12                         2     10        9
  MONTH TO DATE   54                        17     37       16
  SINCE SEP 1     54                        17     37       16
  SINCE JUL 1     64                        26     38       38

 COOLING
  TODAY            0                         4     -4        0
  MONTH TO DATE   59                        75    -16      105
  SINCE SEP 1     59                        75    -16      105
  SINCE JAN 1    813                       964   -151      876
..................................................................







THE LINCOLN IL CLIMATE NORMALS FOR TOMORROW
                         NORMAL    RECORD    YEAR
 MAXIMUM TEMPERATURE (F)   79       100      1939
 MINIMUM TEMPERATURE (F)   54        37      2011
                                             2007


SUNRISE AND SUNSET
SEPTEMBER 14 2014.....SUNRISE   637 AM CDT   SUNSET   708 PM CDT
SEPTEMBER 15 2014.....SUNRISE   638 AM CDT   SUNSET   706 PM CDT


-  INDICATES NEGATIVE NUMBERS.
R  INDICATES RECORD WAS SET OR TIED.
MM INDICATES DATA IS MISSING.
T  INDICATES TRACE AMOUNT.




$$
