000
CDUS43 KILX 270657
CLIILX


CLIMATE REPORT
NATIONAL WEATHER SERVICE LINCOLN IL
151 AM CDT SAT AUG 27 2016


...................................

...THE LINCOLN IL CLIMATE SUMMARY FOR AUGUST 26 2016...

CLIMATE NORMAL PERIOD 1981 TO 2010
CLIMATE RECORD PERIOD 1905 TO 2016


WEATHER ITEM   OBSERVED TIME   RECORD YEAR NORMAL DEPARTURE LAST
                VALUE   (LST)  VALUE       VALUE  FROM      YEAR
                                                  NORMAL
..................................................................
TEMPERATURE (F)
 YESTERDAY
  MAXIMUM         81        MM 101    1936  84     -3       74
  MINIMUM         68        MM  37    1910  61      7       50
  AVERAGE         75                        72      3       62

PRECIPITATION (IN)
  YESTERDAY        0.60          3.30 1965   0.12   0.48     0.00
  MONTH TO DATE    5.81                      3.33   2.48     1.04
  SINCE JUN 1     16.86                     12.71   4.15    16.64
  SINCE JAN 1     28.81                     26.83   1.98    31.03

SNOWFALL (IN)
  YESTERDAY        0.0           0.0    MM   0.0    0.0      0.0
  MONTH TO DATE    0.0                       0.0    0.0      0.0
  SINCE JUN 1      0.0                       0.0    0.0      0.0
  SINCE JUL 1      0.0                       0.0    0.0      0.0
  SNOW DEPTH       0

DEGREE DAYS
 HEATING
  YESTERDAY        0                         0      0        3
  MONTH TO DATE    0                         0      0        3
  SINCE JUN 1     11                        19     -8       17
  SINCE JUL 1      9                         2      7        9

 COOLING
  YESTERDAY       10                         8      2        0
  MONTH TO DATE  252                       221     31      176
  SINCE JUN 1    846                       764     82      662
  SINCE JAN 1    933                       855     78      773
..................................................................


WIND (MPH)
  HIGHEST WIND SPEED    MM   HIGHEST WIND DIRECTION    MM
  HIGHEST GUST SPEED    MM   HIGHEST GUST DIRECTION    MM
  AVERAGE WIND SPEED    MM


SKY COVER
  POSSIBLE SUNSHINE  MM


WEATHER CONDITIONS
 THE FOLLOWING WEATHER WAS RECORDED YESTERDAY.
  THUNDERSTORM
  HEAVY RAIN
  RAIN
  LIGHT RAIN


..........................................................


THE LINCOLN IL CLIMATE NORMALS FOR TODAY
                         NORMAL    RECORD    YEAR
 MAXIMUM TEMPERATURE (F)   84        98      1953
 MINIMUM TEMPERATURE (F)   61        39      1910


SUNRISE AND SUNSET
AUGUST 27 2016........SUNRISE   621 AM CDT   SUNSET   736 PM CDT
AUGUST 28 2016........SUNRISE   622 AM CDT   SUNSET   734 PM CDT


-  INDICATES NEGATIVE NUMBERS.
R  INDICATES RECORD WAS SET OR TIED.
MM INDICATES DATA IS MISSING.
T  INDICATES TRACE AMOUNT.




$$
