000
CDUS43 KILX 010640
CLIILX


CLIMATE REPORT
NATIONAL WEATHER SERVICE LINCOLN IL
140 AM CDT WED OCT 1 2014


...................................

...THE LINCOLN IL CLIMATE SUMMARY FOR SEPTEMBER 30 2014...

CLIMATE NORMAL PERIOD 1981 TO 2010
CLIMATE RECORD PERIOD 1905 TO 2014


WEATHER ITEM   OBSERVED TIME   RECORD YEAR NORMAL DEPARTURE LAST
                VALUE   (LST)  VALUE       VALUE  FROM      YEAR
                                                  NORMAL
..................................................................
TEMPERATURE (F)
 YESTERDAY
  MAXIMUM         74        MM  93    1952  72      2       77
  MINIMUM         52        MM  27    1912  47      5       42
  AVERAGE         63                        60      3       60

PRECIPITATION (IN)
  YESTERDAY        0.00          1.18 1955   0.10  -0.10     0.00
  MONTH TO DATE    7.62                      3.21   4.41     0.93
  SINCE SEP 1      7.62                      3.21   4.41     0.93
  SINCE JAN 1     36.27                     30.63   5.64    30.07

SNOWFALL (IN)
  YESTERDAY        0.0           0.0    MM   0.0    0.0      0.0
  MONTH TO DATE    0.0                       0.0    0.0      0.0
  SINCE SEP 1      0.0                       0.0    0.0      0.0
  SINCE JUL 1      0.0                       0.0    0.0       T
  SNOW DEPTH       0

DEGREE DAYS
 HEATING
  YESTERDAY        2                         7     -5        5
  MONTH TO DATE  113                        85     28       60
  SINCE SEP 1    113                        86     27       60
  SINCE JUL 1    123                        95     28       82

 COOLING
  YESTERDAY        0                         1     -1        0
  MONTH TO DATE   79                       114    -35      137
  SINCE SEP 1     79                       114    -35      137
  SINCE JAN 1    833                      1003   -170      908
..................................................................


WIND (MPH)
  HIGHEST WIND SPEED    MM   HIGHEST WIND DIRECTION    MM
  HIGHEST GUST SPEED    MM   HIGHEST GUST DIRECTION    MM
  AVERAGE WIND SPEED    MM


SKY COVER
  POSSIBLE SUNSHINE  MM


WEATHER CONDITIONS
 THE FOLLOWING WEATHER WAS RECORDED YESTERDAY.
  FOG


..........................................................


THE LINCOLN IL CLIMATE NORMALS FOR TODAY
                         NORMAL    RECORD    YEAR
 MAXIMUM TEMPERATURE (F)   72        91      1922
 MINIMUM TEMPERATURE (F)   47        29      1912


SUNRISE AND SUNSET
OCTOBER  1 2014.......SUNRISE   654 AM CDT   SUNSET   640 PM CDT
OCTOBER  2 2014.......SUNRISE   655 AM CDT   SUNSET   638 PM CDT


-  INDICATES NEGATIVE NUMBERS.
R  INDICATES RECORD WAS SET OR TIED.
MM INDICATES DATA IS MISSING.
T  INDICATES TRACE AMOUNT.




$$
