000
CDUS43 KILX 230645
CLIILX


CLIMATE REPORT
NATIONAL WEATHER SERVICE LINCOLN IL
145 AM CDT THU OCT 23 2014


...................................

...THE LINCOLN IL CLIMATE SUMMARY FOR OCTOBER 22 2014...

CLIMATE NORMAL PERIOD 1981 TO 2010
CLIMATE RECORD PERIOD 1905 TO 2014


WEATHER ITEM   OBSERVED TIME   RECORD YEAR NORMAL DEPARTURE LAST
                VALUE   (LST)  VALUE       VALUE  FROM      YEAR
                                                  NORMAL
..................................................................
TEMPERATURE (F)
 YESTERDAY
  MAXIMUM         61        MM  86    1953  63     -2       45
  MINIMUM         31        MM  21    1930  40     -9       25
  AVERAGE         46                        52     -6       35

PRECIPITATION (IN)
  YESTERDAY        0.00          1.73 2009   0.10  -0.10     0.30
  MONTH TO DATE    3.82                      2.16   1.66     1.76
  SINCE SEP 1     11.44                      5.37   6.07     2.69
  SINCE JAN 1     40.09                     32.79   7.30    31.83

SNOWFALL (IN)
  YESTERDAY        0.0           T    1909   0.0    0.0      0.0
  MONTH TO DATE    0.0                       0.0    0.0      0.0
  SINCE SEP 1      0.0                       0.0    0.0      0.0
  SINCE JUL 1      0.0                       0.0    0.0       T
  SNOW DEPTH       0

DEGREE DAYS
 HEATING
  YESTERDAY       19                        13      6       30
  MONTH TO DATE  238                       225     13      202
  SINCE SEP 1    351                       311     40      262
  SINCE JUL 1    361                       320     41      284

 COOLING
  YESTERDAY        0                         0      0        0
  MONTH TO DATE    4                        11     -7       39
  SINCE SEP 1     83                       125    -42      176
  SINCE JAN 1    837                      1014   -177      947
..................................................................


WIND (MPH)
  HIGHEST WIND SPEED    MM   HIGHEST WIND DIRECTION    MM
  HIGHEST GUST SPEED    MM   HIGHEST GUST DIRECTION    MM
  AVERAGE WIND SPEED    MM


SKY COVER
  POSSIBLE SUNSHINE  MM


WEATHER CONDITIONS
 THE FOLLOWING WEATHER WAS RECORDED YESTERDAY.
  NO SIGNIFICANT WEATHER WAS OBSERVED.


..........................................................


THE LINCOLN IL CLIMATE NORMALS FOR TODAY
                         NORMAL    RECORD    YEAR
 MAXIMUM TEMPERATURE (F)   63        84      1963
 MINIMUM TEMPERATURE (F)   40        21      1924


SUNRISE AND SUNSET
OCTOBER 23 2014.......SUNRISE   717 AM CDT   SUNSET   606 PM CDT
OCTOBER 24 2014.......SUNRISE   718 AM CDT   SUNSET   605 PM CDT


-  INDICATES NEGATIVE NUMBERS.
R  INDICATES RECORD WAS SET OR TIED.
MM INDICATES DATA IS MISSING.
T  INDICATES TRACE AMOUNT.




$$
