000
CDUS43 KILX 282157
CLIILX


CLIMATE REPORT
NATIONAL WEATHER SERVICE LINCOLN IL
456 PM CDT WED JUN 28 2017


...................................

...THE LINCOLN IL CLIMATE SUMMARY FOR JUNE 28 2017...
VALID TODAY AS OF 0400 PM LOCAL TIME.

CLIMATE NORMAL PERIOD 1981 TO 2010
CLIMATE RECORD PERIOD 1905 TO 2017


WEATHER ITEM   OBSERVED TIME   RECORD YEAR NORMAL DEPARTURE LAST
                VALUE   (LST)  VALUE       VALUE  FROM      YEAR
                                                  NORMAL
..................................................................
TEMPERATURE (F)
 TODAY
  MAXIMUM         85        MM 104    1934  86     -1       79
  MINIMUM         56        MM  50    1925  64     -8       55
  AVERAGE         71                        75     -4       67

PRECIPITATION (IN)
  TODAY            0.00          4.71 1951   0.16  -0.16     0.00
  MONTH TO DATE    0.95                      4.00  -3.05     2.35
  SINCE JUN 1      0.95                      4.00  -3.05     2.35
  SINCE JAN 1     17.08                     18.12  -1.04    14.30

SNOWFALL (IN)
  TODAY            0.0           0.0    MM   0.0    0.0      0.0
  MONTH TO DATE    0.0                       0.0    0.0      0.0
  SINCE JUN 1      0.0                       0.0    0.0      0.0
  SINCE JUL 1     10.9                      20.5   -9.6     12.3
  SNOW DEPTH       0

DEGREE DAYS
 HEATING
  TODAY            0                         0      0        0
  MONTH TO DATE    7                        15     -8        1
  SINCE JUN 1      7                        15     -8        1
  SINCE JUL 1   4720                      5706   -986     4874

 COOLING
  TODAY            6                        10     -4        2
  MONTH TO DATE  248                       213     35      280
  SINCE JUN 1    248                       213     35      280
  SINCE JAN 1    338                       304     34      367
..................................................................







THE LINCOLN IL CLIMATE NORMALS FOR TOMORROW
                         NORMAL    RECORD    YEAR
 MAXIMUM TEMPERATURE (F)   86       103      1936
 MINIMUM TEMPERATURE (F)   64        42      1923


SUNRISE AND SUNSET
JUNE 28 2017..........SUNRISE   531 AM CDT   SUNSET   831 PM CDT
JUNE 29 2017..........SUNRISE   531 AM CDT   SUNSET   831 PM CDT


-  INDICATES NEGATIVE NUMBERS.
R  INDICATES RECORD WAS SET OR TIED.
MM INDICATES DATA IS MISSING.
T  INDICATES TRACE AMOUNT.




$$
