000
CDUS43 KILX 210648
CLIILX


CLIMATE REPORT
NATIONAL WEATHER SERVICE LINCOLN IL
139 AM CDT MON APR 21 2014


...................................

...THE LINCOLN IL CLIMATE SUMMARY FOR APRIL 20 2014...

CLIMATE NORMAL PERIOD 1981 TO 2010
CLIMATE RECORD PERIOD 1905 TO 2014


WEATHER ITEM   OBSERVED TIME   RECORD YEAR NORMAL DEPARTURE LAST
                VALUE   (LST)  VALUE       VALUE  FROM      YEAR
                                                  NORMAL
..................................................................
TEMPERATURE (F)
 YESTERDAY
  MAXIMUM         80        MM  89    1936  66     14       49
  MINIMUM         44        MM  22    1983  43      1       31
  AVERAGE         62                        54      8       40

PRECIPITATION (IN)
  YESTERDAY        0.00          2.21 1964   0.13  -0.13     0.00
  MONTH TO DATE    2.02                      2.30  -0.28     4.64
  SINCE MAR 1      3.91                      4.90  -0.99     7.37
  SINCE JAN 1      8.57                      8.65  -0.08    12.23

SNOWFALL (IN)
  YESTERDAY        0.0           0.0    MM   0.0    0.0      0.0
  MONTH TO DATE    T                         0.3   -0.3       T
  SINCE MAR 1      4.7                       2.0    2.7     12.7
  SINCE JUL 1     46.3                      20.5   25.8     23.0
  SNOW DEPTH       0

DEGREE DAYS
 HEATING
  YESTERDAY        3                        11     -8       25
  MONTH TO DATE  293                       296     -3      319
  SINCE MAR 1   1225                      1037    188     1261
  SINCE JUL 1   6469                      5460   1009     5523

 COOLING
  YESTERDAY        0                         1     -1        0
  MONTH TO DATE    1                         3     -2        3
  SINCE MAR 1      1                         5     -4        3
  SINCE JAN 1      1                         5     -4        3
..................................................................


WIND (MPH)
  HIGHEST WIND SPEED    MM   HIGHEST WIND DIRECTION    MM
  HIGHEST GUST SPEED    MM   HIGHEST GUST DIRECTION    MM
  AVERAGE WIND SPEED    MM


SKY COVER
  POSSIBLE SUNSHINE  MM


WEATHER CONDITIONS
 THE FOLLOWING WEATHER WAS RECORDED YESTERDAY.
  NO SIGNIFICANT WEATHER WAS OBSERVED.


..........................................................


THE LINCOLN IL CLIMATE NORMALS FOR TODAY
                         NORMAL    RECORD    YEAR
 MAXIMUM TEMPERATURE (F)   66        87      1987
 MINIMUM TEMPERATURE (F)   43        28      1982


SUNRISE AND SUNSET
APRIL 21 2014.........SUNRISE   611 AM CDT   SUNSET   742 PM CDT
APRIL 22 2014.........SUNRISE   609 AM CDT   SUNSET   743 PM CDT


-  INDICATES NEGATIVE NUMBERS.
R  INDICATES RECORD WAS SET OR TIED.
MM INDICATES DATA IS MISSING.
T  INDICATES TRACE AMOUNT.




$$
