000
CDUS43 KILX 230709
CLIILX


CLIMATE REPORT
NATIONAL WEATHER SERVICE LINCOLN IL
101 AM CST THU FEB 23 2017


...................................

...THE LINCOLN IL CLIMATE SUMMARY FOR FEBRUARY 22 2017...

CLIMATE NORMAL PERIOD 1981 TO 2010
CLIMATE RECORD PERIOD 1905 TO 2017


WEATHER ITEM   OBSERVED TIME   RECORD YEAR NORMAL DEPARTURE LAST
                VALUE   (LST)  VALUE       VALUE  FROM      YEAR
                                                  NORMAL
..................................................................
TEMPERATURE (F)
 YESTERDAY
  MAXIMUM         67        MM  71    1922  41     26       48
  MINIMUM         42        MM  -2    1978  24     18       27
  AVERAGE         55                        33     22       38

PRECIPITATION (IN)
  YESTERDAY        0.00          1.06 1974   0.07  -0.07     0.00
  MONTH TO DATE    0.45                      1.38  -0.93     1.12
  SINCE DEC 1      3.57                      5.95  -2.38     8.92
  SINCE JAN 1      2.21                      3.31  -1.10     2.11

SNOWFALL (IN)
  YESTERDAY        0.0           4.0  1919   0.2   -0.2      0.0
  MONTH TO DATE    3.4                       4.8   -1.4      4.8
  SINCE DEC 1      7.2                      16.9   -9.7     10.4
  SINCE JUL 1      7.2                      17.5  -10.3     11.4
  SNOW DEPTH       0

DEGREE DAYS
 HEATING
  YESTERDAY       10                        32    -22       27
  MONTH TO DATE  561                       782   -221      734
  SINCE DEC 1   2699                      3093   -394     2694
  SINCE JUL 1   3476                      4236   -760     3621

 COOLING
  YESTERDAY        0                         0      0        0
  MONTH TO DATE    0                         0      0        0
  SINCE DEC 1      0                         0      0        0
  SINCE JAN 1      0                         0      0        0
..................................................................


WIND (MPH)
  HIGHEST WIND SPEED    MM   HIGHEST WIND DIRECTION    MM
  HIGHEST GUST SPEED    MM   HIGHEST GUST DIRECTION    MM
  AVERAGE WIND SPEED    MM


SKY COVER
  POSSIBLE SUNSHINE  MM


WEATHER CONDITIONS
 THE FOLLOWING WEATHER WAS RECORDED YESTERDAY.
  FOG
  FOG W/VISIBILITY <= 1/4 MILE


..........................................................


THE LINCOLN IL CLIMATE NORMALS FOR TODAY
                         NORMAL    RECORD    YEAR
 MAXIMUM TEMPERATURE (F)   42        68      1983
 MINIMUM TEMPERATURE (F)   25        -7      2015


SUNRISE AND SUNSET
FEBRUARY 23 2017......SUNRISE   639 AM CST   SUNSET   543 PM CST
FEBRUARY 24 2017......SUNRISE   638 AM CST   SUNSET   544 PM CST


-  INDICATES NEGATIVE NUMBERS.
R  INDICATES RECORD WAS SET OR TIED.
MM INDICATES DATA IS MISSING.
T  INDICATES TRACE AMOUNT.




$$
