000
CDUS43 KILX 010644
CLIILX


CLIMATE REPORT
NATIONAL WEATHER SERVICE LINCOLN IL
143 AM CDT SUN MAY 1 2016


...................................

...THE LINCOLN IL CLIMATE SUMMARY FOR APRIL 30 2016...

CLIMATE NORMAL PERIOD 1981 TO 2010
CLIMATE RECORD PERIOD 1905 TO 2016


WEATHER ITEM   OBSERVED TIME   RECORD YEAR NORMAL DEPARTURE LAST
                VALUE   (LST)  VALUE       VALUE  FROM      YEAR
                                                  NORMAL
..................................................................
TEMPERATURE (F)
 YESTERDAY
  MAXIMUM         64        MM  89    1987  69     -5       62
  MINIMUM         48        MM  31    1908  46      2       38
  AVERAGE         56                        58     -2       50

PRECIPITATION (IN)
  YESTERDAY        0.64          3.96 1998   0.14   0.50      T
  MONTH TO DATE    2.59                      3.61  -1.02     2.24
  SINCE MAR 1      6.46                      6.21   0.25     3.79
  SINCE JAN 1      8.70                      9.96  -1.26     6.55

SNOWFALL (IN)
  YESTERDAY        0.0           T    2006   0.0    0.0      0.0
  MONTH TO DATE    T                         0.3   -0.3      0.0
  SINCE MAR 1      T                         2.0   -2.0      3.7
  SINCE JUL 1     12.3                      20.5   -8.2     21.9
  SNOW DEPTH       0

DEGREE DAYS
 HEATING
  YESTERDAY        9                         8      1       15
  MONTH TO DATE  372                       391    -19      327
  SINCE MAR 1    923                      1132   -209     1152
  SINCE JUL 1   4718                      5555   -837     6089

 COOLING
  YESTERDAY        0                         1     -1        0
  MONTH TO DATE    8                        13     -5        1
  SINCE MAR 1      8                        15     -7        1
  SINCE JAN 1      8                        15     -7        1
..................................................................


WIND (MPH)
  HIGHEST WIND SPEED    MM   HIGHEST WIND DIRECTION    MM
  HIGHEST GUST SPEED    MM   HIGHEST GUST DIRECTION    MM
  AVERAGE WIND SPEED    MM


SKY COVER
  POSSIBLE SUNSHINE  MM


WEATHER CONDITIONS
 THE FOLLOWING WEATHER WAS RECORDED YESTERDAY.
  HEAVY RAIN
  RAIN
  LIGHT RAIN
  FOG


..........................................................


THE LINCOLN IL CLIMATE NORMALS FOR TODAY
                         NORMAL    RECORD    YEAR
 MAXIMUM TEMPERATURE (F)   70        90      1952
 MINIMUM TEMPERATURE (F)   47        27      1918


SUNRISE AND SUNSET
MAY  1 2016...........SUNRISE   556 AM CDT   SUNSET   753 PM CDT
MAY  2 2016...........SUNRISE   555 AM CDT   SUNSET   754 PM CDT


-  INDICATES NEGATIVE NUMBERS.
R  INDICATES RECORD WAS SET OR TIED.
MM INDICATES DATA IS MISSING.
T  INDICATES TRACE AMOUNT.




$$
