921
CDUS43 KILX 212138
CLIILX


CLIMATE REPORT
NATIONAL WEATHER SERVICE LINCOLN IL
437 PM CDT SAT OCT 21 2017


...................................

...THE LINCOLN IL CLIMATE SUMMARY FOR OCTOBER 21 2017...
VALID TODAY AS OF 0400 PM LOCAL TIME.

CLIMATE NORMAL PERIOD 1981 TO 2010
CLIMATE RECORD PERIOD 1905 TO 2017


WEATHER ITEM   OBSERVED TIME   RECORD YEAR NORMAL DEPARTURE LAST
                VALUE   (LST)  VALUE       VALUE  FROM      YEAR
                                                  NORMAL
..................................................................
TEMPERATURE (F)
 TODAY
  MAXIMUM         78        MM  87    1979  64     14       57
  MINIMUM         57        MM  16    1930  41     16       36
  AVERAGE         68                        52     16       47

PRECIPITATION (IN)
  TODAY            0.00          0.98 1943   0.10  -0.10     0.00
  MONTH TO DATE    3.80                      2.06   1.74     1.40
  SINCE SEP 1      4.51                      5.27  -0.76     5.83
  SINCE JAN 1     29.63                     32.69  -3.06    35.27

SNOWFALL (IN)
  TODAY            0.0           0.0    MM   0.0    0.0      0.0
  MONTH TO DATE    0.0                       0.0    0.0      0.0
  SINCE SEP 1      0.0                       0.0    0.0      0.0
  SINCE JUL 1      T                         0.0    0.0      0.0
  SNOW DEPTH       0

DEGREE DAYS
 HEATING
  TODAY            0                        13    -13       18
  MONTH TO DATE   69                       212   -143      105
  SINCE SEP 1    141                       298   -157      120
  SINCE JUL 1    147                       307   -160      129

 COOLING
  TODAY            3                         0      3        0
  MONTH TO DATE   44                        11     33       41
  SINCE SEP 1    185                       125     60      235
  SINCE JAN 1    984                      1014    -30     1226
..................................................................







THE LINCOLN IL CLIMATE NORMALS FOR TOMORROW
                         NORMAL    RECORD    YEAR
 MAXIMUM TEMPERATURE (F)   63        86      1953
 MINIMUM TEMPERATURE (F)   40        21      1930


SUNRISE AND SUNSET
OCTOBER 21 2017.......SUNRISE   715 AM CDT   SUNSET   609 PM CDT
OCTOBER 22 2017.......SUNRISE   716 AM CDT   SUNSET   607 PM CDT


-  INDICATES NEGATIVE NUMBERS.
R  INDICATES RECORD WAS SET OR TIED.
MM INDICATES DATA IS MISSING.
T  INDICATES TRACE AMOUNT.




$$
