000
CDUS43 KILX 012142
CLIILX


CLIMATE REPORT
NATIONAL WEATHER SERVICE LINCOLN IL
432 PM CDT FRI AUG 1 2014


...................................

...THE LINCOLN IL CLIMATE SUMMARY FOR AUGUST 1 2014...
VALID TODAY AS OF 0400 PM LOCAL TIME.

CLIMATE NORMAL PERIOD 1981 TO 2010
CLIMATE RECORD PERIOD 1905 TO 2014


WEATHER ITEM   OBSERVED TIME   RECORD YEAR NORMAL DEPARTURE LAST
                VALUE   (LST)  VALUE       VALUE  FROM      YEAR
                                                  NORMAL
..................................................................
TEMPERATURE (F)
 TODAY
  MAXIMUM         81        MM 100    1935  84     -3       82
  MINIMUM         58        MM  45    1918  63     -5       61
  AVERAGE         70                        74     -4       72

PRECIPITATION (IN)
  TODAY            0.45          2.00 1956   0.13   0.32     0.00
  MONTH TO DATE    0.45                      0.13   0.32     0.00
  SINCE JUN 1     11.65                      9.51   2.14     6.11
  SINCE JAN 1     22.97                     23.63  -0.66    27.27

SNOWFALL (IN)
  TODAY            0.0           0.0    MM   0.0    0.0      0.0
  MONTH TO DATE    0.0                       0.0    0.0      0.0
  SINCE JUN 1      0.0                       0.0    0.0       T
  SINCE JUL 1      0.0                       0.0    0.0       T
  SNOW DEPTH       0

DEGREE DAYS
 HEATING
  TODAY            0                         0      0        0
  MONTH TO DATE    0                         0      0        0
  SINCE JUN 1     16                        19     -3       28
  SINCE JUL 1      9                         2      7       11

 COOLING
  TODAY            5                         9     -4        7
  MONTH TO DATE    5                         9     -4        7
  SINCE JUN 1    371                       552   -181      469
  SINCE JAN 1    500                       643   -143      571
..................................................................







THE LINCOLN IL CLIMATE NORMALS FOR TOMORROW
                         NORMAL    RECORD    YEAR
 MAXIMUM TEMPERATURE (F)   84       101      1964
 MINIMUM TEMPERATURE (F)   63        47      1920


SUNRISE AND SUNSET
AUGUST  1 2014........SUNRISE   555 AM CDT   SUNSET   811 PM CDT
AUGUST  2 2014........SUNRISE   556 AM CDT   SUNSET   810 PM CDT


-  INDICATES NEGATIVE NUMBERS.
R  INDICATES RECORD WAS SET OR TIED.
MM INDICATES DATA IS MISSING.
T  INDICATES TRACE AMOUNT.




$$
