000
CDUS43 KILX 260631
CLIILX


CLIMATE REPORT
NATIONAL WEATHER SERVICE LINCOLN IL
131 AM CDT TUE MAY 26 2015


...................................

...THE LINCOLN IL CLIMATE SUMMARY FOR MAY 25 2015...

CLIMATE NORMAL PERIOD 1981 TO 2010
CLIMATE RECORD PERIOD 1905 TO 2015


WEATHER ITEM   OBSERVED TIME   RECORD YEAR NORMAL DEPARTURE LAST
                VALUE   (LST)  VALUE       VALUE  FROM      YEAR
                                                  NORMAL
..................................................................
TEMPERATURE (F)
 YESTERDAY
  MAXIMUM         81        MM  93    1921  77      4       80
  MINIMUM         66        MM  28    1925  55     11       62
  AVERAGE         74                        66      8       71

PRECIPITATION (IN)
  YESTERDAY        0.26          1.71 1989   0.15   0.11      T
  MONTH TO DATE    5.35                      3.36   1.99     1.48
  SINCE MAR 1      9.14                      9.57  -0.43     6.36
  SINCE JAN 1     11.90                     13.32  -1.42    11.02

SNOWFALL (IN)
  YESTERDAY        0.0           0.0    MM   0.0    0.0      0.0
  MONTH TO DATE    0.0                       0.0    0.0      0.0
  SINCE MAR 1      3.7                       2.0    1.7      4.7
  SINCE JUL 1     21.9                      20.5    1.4     46.3
  SNOW DEPTH       0

DEGREE DAYS
 HEATING
  YESTERDAY        0                         3     -3        0
  MONTH TO DATE   91                       124    -33      136
  SINCE MAR 1   1243                      1256    -13     1425
  SINCE JUL 1   6180                      5679    501     6669

 COOLING
  YESTERDAY        9                         4      5        6
  MONTH TO DATE   86                        50     36       70
  SINCE MAR 1     87                        65     22       71
  SINCE JAN 1     87                        65     22       71
..................................................................


WIND (MPH)
  HIGHEST WIND SPEED    MM   HIGHEST WIND DIRECTION    MM
  HIGHEST GUST SPEED    MM   HIGHEST GUST DIRECTION    MM
  AVERAGE WIND SPEED    MM


SKY COVER
  POSSIBLE SUNSHINE  MM


WEATHER CONDITIONS
 THE FOLLOWING WEATHER WAS RECORDED YESTERDAY.
  HEAVY RAIN
  RAIN
  LIGHT RAIN


..........................................................


THE LINCOLN IL CLIMATE NORMALS FOR TODAY
                         NORMAL    RECORD    YEAR
 MAXIMUM TEMPERATURE (F)   77        94      1926
 MINIMUM TEMPERATURE (F)   55        29      1925


SUNRISE AND SUNSET
MAY 26 2015...........SUNRISE   533 AM CDT   SUNSET   816 PM CDT
MAY 27 2015...........SUNRISE   533 AM CDT   SUNSET   817 PM CDT


-  INDICATES NEGATIVE NUMBERS.
R  INDICATES RECORD WAS SET OR TIED.
MM INDICATES DATA IS MISSING.
T  INDICATES TRACE AMOUNT.




$$
