000
CDUS43 KILX 232138
CLIILX


CLIMATE REPORT
NATIONAL WEATHER SERVICE LINCOLN IL
437 PM CDT WED AUG 23 2017


...................................

...THE LINCOLN IL CLIMATE SUMMARY FOR AUGUST 23 2017...
VALID TODAY AS OF 0400 PM LOCAL TIME.

CLIMATE NORMAL PERIOD 1981 TO 2010
CLIMATE RECORD PERIOD 1905 TO 2017


WEATHER ITEM   OBSERVED TIME   RECORD YEAR NORMAL DEPARTURE LAST
                VALUE   (LST)  VALUE       VALUE  FROM      YEAR
                                                  NORMAL
..................................................................
TEMPERATURE (F)
 TODAY
  MAXIMUM         76        MM 100    1936  84     -8       81
  MINIMUM         55        MM  43    1923  61     -6       57
  AVERAGE         66                        73     -7       69

PRECIPITATION (IN)
  TODAY            0.00          3.41 1983   0.12  -0.12     0.00
  MONTH TO DATE    1.68                      2.97  -1.29     4.07
  SINCE JUN 1      8.48                     12.35  -3.87    15.12
  SINCE JAN 1     24.61                     26.47  -1.86    27.07

SNOWFALL (IN)
  TODAY            0.0           0.0    MM   0.0    0.0      0.0
  MONTH TO DATE    0.0                       0.0    0.0      0.0
  SINCE JUN 1      T                         0.0    0.0      0.0
  SINCE JUL 1      T                         0.0    0.0      0.0
  SNOW DEPTH       0

DEGREE DAYS
 HEATING
  TODAY            0                         0      0        0
  MONTH TO DATE    4                         0      4        0
  SINCE JUN 1     11                        19     -8       11
  SINCE JUL 1      4                         2      2        9

 COOLING
  TODAY            1                         8     -7        4
  MONTH TO DATE  112                       197    -85      218
  SINCE JUN 1    698                       740    -42      812
  SINCE JAN 1    788                       831    -43      899
..................................................................







THE LINCOLN IL CLIMATE NORMALS FOR TOMORROW
                         NORMAL    RECORD    YEAR
 MAXIMUM TEMPERATURE (F)   84       101      1936
 MINIMUM TEMPERATURE (F)   61        41      1920


SUNRISE AND SUNSET
AUGUST 23 2017........SUNRISE   617 AM CDT   SUNSET   742 PM CDT
AUGUST 24 2017........SUNRISE   618 AM CDT   SUNSET   741 PM CDT


-  INDICATES NEGATIVE NUMBERS.
R  INDICATES RECORD WAS SET OR TIED.
MM INDICATES DATA IS MISSING.
T  INDICATES TRACE AMOUNT.




$$
