000
CDUS43 KILX 280646
CLIILX


CLIMATE REPORT
NATIONAL WEATHER SERVICE LINCOLN IL
143 AM CDT FRI APR 28 2017


...................................

...THE LINCOLN IL CLIMATE SUMMARY FOR APRIL 27 2017...

CLIMATE NORMAL PERIOD 1981 TO 2010
CLIMATE RECORD PERIOD 1905 TO 2017


WEATHER ITEM   OBSERVED TIME   RECORD YEAR NORMAL DEPARTURE LAST
                VALUE   (LST)  VALUE       VALUE  FROM      YEAR
                                                  NORMAL
..................................................................
TEMPERATURE (F)
 YESTERDAY
  MAXIMUM         59        MM  90    1986  68     -9       60
  MINIMUM         43        MM  24    1928  45     -2       49
  AVERAGE         51                        57     -6       55

PRECIPITATION (IN)
  YESTERDAY        0.35          2.14 2002   0.13   0.22     0.19
  MONTH TO DATE    3.61                      3.21   0.40     1.72
  SINCE MAR 1      7.60                      5.81   1.79     5.59
  SINCE JAN 1     10.25                      9.56   0.69     7.83

SNOWFALL (IN)
  YESTERDAY       MM             T    1908   0.0   MM        0.0
  MONTH TO DATE    0.0                       0.3   -0.3       T
  SINCE MAR 1      3.7                       2.0    1.7       T
  SINCE JUL 1     10.9                      20.5   -9.6     12.3
  SNOW DEPTH      MM

DEGREE DAYS
 HEATING
  YESTERDAY       14                         9      5       10
  MONTH TO DATE  221                       366   -145      346
  SINCE MAR 1    918                      1107   -189      897
  SINCE JUL 1   4526                      5530  -1004     4692

 COOLING
  YESTERDAY        0                         1     -1        0
  MONTH TO DATE   14                        10      4        8
  SINCE MAR 1     14                        12      2        8
  SINCE JAN 1     14                        12      2        8
..................................................................


WIND (MPH)
  HIGHEST WIND SPEED    MM   HIGHEST WIND DIRECTION    MM
  HIGHEST GUST SPEED    MM   HIGHEST GUST DIRECTION    MM
  AVERAGE WIND SPEED    MM


SKY COVER
  POSSIBLE SUNSHINE  MM


WEATHER CONDITIONS
 THE FOLLOWING WEATHER WAS RECORDED YESTERDAY.
  NO SIGNIFICANT WEATHER WAS OBSERVED.


..........................................................


THE LINCOLN IL CLIMATE NORMALS FOR TODAY
                         NORMAL    RECORD    YEAR
 MAXIMUM TEMPERATURE (F)   69        87      1986
 MINIMUM TEMPERATURE (F)   46        23      1928


SUNRISE AND SUNSET
APRIL 28 2017.........SUNRISE   601 AM CDT   SUNSET   750 PM CDT
APRIL 29 2017.........SUNRISE   559 AM CDT   SUNSET   751 PM CDT


-  INDICATES NEGATIVE NUMBERS.
R  INDICATES RECORD WAS SET OR TIED.
MM INDICATES DATA IS MISSING.
T  INDICATES TRACE AMOUNT.




$$
