957
CDUS43 KIND 240534
CLIIND


CLIMATE REPORT
NATIONAL WEATHER SERVICE INDIANAPOLIS IN
133 AM EDT TUE MAY 24 2016


...................................

...THE INDIANAPOLIS IN CLIMATE SUMMARY FOR MAY 23 2016...

CLIMATE NORMAL PERIOD 1981 TO 2010
CLIMATE RECORD PERIOD 1871 TO 2016


WEATHER ITEM   OBSERVED TIME   RECORD YEAR NORMAL DEPARTURE LAST
                VALUE   (LST)  VALUE       VALUE  FROM      YEAR
                                                  NORMAL
..................................................................
TEMPERATURE (F)
 YESTERDAY
  MAXIMUM         78    515 PM  92    1939  75      3       79
  MINIMUM         50    551 AM  37    1963  55     -5       55
  AVERAGE         64                        65     -1       67

PRECIPITATION (IN)
  YESTERDAY        0.00          3.13 1968   0.16  -0.16     0.00
  MONTH TO DATE    3.51                      3.78  -0.27     0.94
  SINCE MAR 1     13.57                     11.15   2.42     8.47
  SINCE JAN 1     17.28                     16.13   1.15    11.62

SNOWFALL (IN)
  YESTERDAY        0.0           0.0    MM   0.0    0.0      0.0
  MONTH TO DATE    T                         0.0    0.0      0.0
  SINCE MAR 1      1.2                       2.8   -1.6      5.9
  SINCE JUL 1     13.3                      25.9  -12.6     25.6
  SNOW DEPTH       0

DEGREE DAYS
 HEATING
  YESTERDAY        1                         3     -2        0
  MONTH TO DATE  159                       121     38       75
  SINCE MAR 1    991                      1200   -209     1178
  SINCE JUL 1   4444                      5343   -899     5904

 COOLING
  YESTERDAY        0                         3     -3        2
  MONTH TO DATE   10                        40    -30       85
  SINCE MAR 1     28                        55    -27       91
  SINCE JAN 1     28                        55    -27       91
..................................................................


WIND (MPH)
  HIGHEST WIND SPEED    13   HIGHEST WIND DIRECTION     S (170)
  HIGHEST GUST SPEED    17   HIGHEST GUST DIRECTION     E (80)
  AVERAGE WIND SPEED     5.8


SKY COVER
  AVERAGE SKY COVER 0.1


WEATHER CONDITIONS
 THE FOLLOWING WEATHER WAS RECORDED YESTERDAY.
  NO SIGNIFICANT WEATHER WAS OBSERVED.


RELATIVE HUMIDITY (PERCENT)
 HIGHEST    77           600 AM
 LOWEST     24           400 PM
 AVERAGE    51

..........................................................


THE INDIANAPOLIS IN CLIMATE NORMALS FOR TODAY
                         NORMAL    RECORD    YEAR
 MAXIMUM TEMPERATURE (F)   75        90      1965
                                             1921
 MINIMUM TEMPERATURE (F)   55        37      1925


SUNRISE AND SUNSET
MAY 24 2016...........SUNRISE   623 AM EDT   SUNSET   901 PM EDT
MAY 25 2016...........SUNRISE   623 AM EDT   SUNSET   902 PM EDT


-  INDICATES NEGATIVE NUMBERS.
R  INDICATES RECORD WAS SET OR TIED.
MM INDICATES DATA IS MISSING.
T  INDICATES TRACE AMOUNT.




$$
