000
CDUS43 KIND 190535
CLIIND


CLIMATE REPORT
NATIONAL WEATHER SERVICE INDIANAPOLIS IN
1234 AM EST MON FEB 19 2018


...................................

...THE INDIANAPOLIS IN CLIMATE SUMMARY FOR FEBRUARY 18 2018...

CLIMATE NORMAL PERIOD 1981 TO 2010
CLIMATE RECORD PERIOD 1871 TO 2018


WEATHER ITEM   OBSERVED TIME   RECORD YEAR NORMAL DEPARTURE LAST
                VALUE   (LST)  VALUE       VALUE  FROM      YEAR
                                                  NORMAL
..................................................................
TEMPERATURE (F)
 YESTERDAY
  MAXIMUM         46    450 PM  66    2017  41      5       66
                                      1961
                                      1948
  MINIMUM         25    447 AM -11    1936  25      0       43
  AVERAGE         36                        33      3       55

PRECIPITATION (IN)
  YESTERDAY        0.00          1.58 1871   0.08  -0.08     0.00
  MONTH TO DATE    1.24                      1.47  -0.23     0.41
  SINCE DEC 1      4.36                      7.30  -2.94     6.28
  SINCE JAN 1      3.24                      4.13  -0.89     4.76

SNOWFALL (IN)
  YESTERDAY        0.0           4.4  1979   0.2   -0.2      0.0
  MONTH TO DATE    1.4                       4.6   -3.2      2.1
  SINCE DEC 1      9.0                      20.1  -11.1      8.7
  SINCE JUL 1      9.0                      21.2  -12.2      8.7
  SNOW DEPTH       0

DEGREE DAYS
 HEATING
  YESTERDAY       29                        32     -3       10
  MONTH TO DATE  617                       618     -1      467
  SINCE DEC 1   2917                      2797    120     2459
  SINCE JUL 1   3821                      3839    -18     3152

 COOLING
  YESTERDAY        0                         0      0        0
  MONTH TO DATE    0                         0      0        0
  SINCE DEC 1      0                         0      0        0
  SINCE JAN 1      0                         0      0        0
..................................................................


WIND (MPH)
  HIGHEST WIND SPEED    17   HIGHEST WIND DIRECTION    SE (150)
  HIGHEST GUST SPEED    23   HIGHEST GUST DIRECTION     S (170)
  AVERAGE WIND SPEED    11.3


SKY COVER
  AVERAGE SKY COVER 0.8


WEATHER CONDITIONS
 THE FOLLOWING WEATHER WAS RECORDED YESTERDAY.
  FOG


RELATIVE HUMIDITY (PERCENT)
 HIGHEST    92           600 AM
 LOWEST     53           400 PM
 AVERAGE    73

..........................................................


THE INDIANAPOLIS IN CLIMATE NORMALS FOR TODAY
                         NORMAL    RECORD    YEAR
 MAXIMUM TEMPERATURE (F)   41        69      1930
 MINIMUM TEMPERATURE (F)   25        -8      1979


SUNRISE AND SUNSET
FEBRUARY 19 2018......SUNRISE   732 AM EST   SUNSET   626 PM EST
FEBRUARY 20 2018......SUNRISE   731 AM EST   SUNSET   627 PM EST


-  INDICATES NEGATIVE NUMBERS.
R  INDICATES RECORD WAS SET OR TIED.
MM INDICATES DATA IS MISSING.
T  INDICATES TRACE AMOUNT.




$$
