627
CDUS43 KIND 300532
CLIIND


CLIMATE REPORT
NATIONAL WEATHER SERVICE INDIANAPOLIS IN
131 AM EDT THU MAR 30 2017


...................................

...THE INDIANAPOLIS IN CLIMATE SUMMARY FOR MARCH 29 2017...

CLIMATE NORMAL PERIOD 1981 TO 2010
CLIMATE RECORD PERIOD 1871 TO 2017


WEATHER ITEM   OBSERVED TIME   RECORD YEAR NORMAL DEPARTURE LAST
                VALUE   (LST)  VALUE       VALUE  FROM      YEAR
                                                  NORMAL
..................................................................
TEMPERATURE (F)
 YESTERDAY
  MAXIMUM         60    530 PM  82    1895  57      3       57
  MINIMUM         46    749 AM  16    1887  37      9       33
  AVERAGE         53                        47      6       45

PRECIPITATION (IN)
  YESTERDAY        T             1.46 1928   0.13  -0.13     0.00
  MONTH TO DATE    3.77                      3.30   0.47     3.03
  SINCE MAR 1      3.77                      3.30   0.47     3.03
  SINCE JAN 1      9.22                      8.28   0.94     6.74

SNOWFALL (IN)
  YESTERDAY        0.0           0.5  1885   0.0    0.0      0.0
  MONTH TO DATE    1.0                       2.5   -1.5      1.2
  SINCE MAR 1      1.0                       2.5   -1.5      1.2
  SINCE JUL 1      9.7                      25.6  -15.9     13.3
  SNOW DEPTH       0

DEGREE DAYS
 HEATING
  YESTERDAY       12                        18     -6       20
  MONTH TO DATE  632                       671    -39      467
  SINCE MAR 1    632                       671    -39      467
  SINCE JUL 1   3916                      4814   -898     3920

 COOLING
  YESTERDAY        0                         0      0        0
  MONTH TO DATE    2                         0      2        0
  SINCE MAR 1      2                         0      2        0
  SINCE JAN 1      2                         0      2        0
..................................................................


WIND (MPH)
  HIGHEST WIND SPEED    21   HIGHEST WIND DIRECTION     E (110)
  HIGHEST GUST SPEED    29   HIGHEST GUST DIRECTION    SE (130)
  AVERAGE WIND SPEED    14.1


SKY COVER
  AVERAGE SKY COVER 0.8


WEATHER CONDITIONS
 THE FOLLOWING WEATHER WAS RECORDED YESTERDAY.
  LIGHT RAIN
  FOG


RELATIVE HUMIDITY (PERCENT)
 HIGHEST    93           200 AM
 LOWEST     51           500 PM
 AVERAGE    72

..........................................................


THE INDIANAPOLIS IN CLIMATE NORMALS FOR TODAY
                         NORMAL    RECORD    YEAR
 MAXIMUM TEMPERATURE (F)   58        82      1986
 MINIMUM TEMPERATURE (F)   37        17      1923


SUNRISE AND SUNSET
MARCH 30 2017.........SUNRISE   732 AM EDT   SUNSET   808 PM EDT
MARCH 31 2017.........SUNRISE   730 AM EDT   SUNSET   809 PM EDT


-  INDICATES NEGATIVE NUMBERS.
R  INDICATES RECORD WAS SET OR TIED.
MM INDICATES DATA IS MISSING.
T  INDICATES TRACE AMOUNT.




$$
