000
CDUS43 KIND 250531
CLIIND


CLIMATE REPORT
NATIONAL WEATHER SERVICE INDIANAPOLIS IN
131 AM EDT MON MAY 25 2015


...................................

...THE INDIANAPOLIS IN CLIMATE SUMMARY FOR MAY 24 2015...

CLIMATE NORMAL PERIOD 1981 TO 2010
CLIMATE RECORD PERIOD 1871 TO 2015


WEATHER ITEM   OBSERVED TIME   RECORD YEAR NORMAL DEPARTURE LAST
                VALUE   (LST)  VALUE       VALUE  FROM      YEAR
                                                  NORMAL
..................................................................
TEMPERATURE (F)
 YESTERDAY
  MAXIMUM         85    407 PM  90    1965  75     10       74
                                      1921
  MINIMUM         59    152 AM  37    1925  55      4       51
  AVERAGE         72                        65      7       63

PRECIPITATION (IN)
  YESTERDAY        0.00          1.55 1981   0.17  -0.17     0.00
  MONTH TO DATE    0.94                      3.95  -3.01     4.85
  SINCE MAR 1      8.47                     11.32  -2.85    12.62
  SINCE JAN 1     11.62                     16.30  -4.68    17.41

SNOWFALL (IN)
  YESTERDAY        0.0           0.0    MM   0.0    0.0      0.0
  MONTH TO DATE    0.0                       0.0    0.0       T
  SINCE MAR 1      5.9                       2.8    3.1      3.4
  SINCE JUL 1     25.6                      25.9   -0.3     55.7
  SNOW DEPTH       0

DEGREE DAYS
 HEATING
  YESTERDAY        0                         3     -3        2
  MONTH TO DATE   75                       124    -49      153
  SINCE MAR 1   1178                      1203    -25     1409
  SINCE JUL 1   5904                      5346    558     6206

 COOLING
  YESTERDAY        7                         3      4        0
  MONTH TO DATE   92                        43     49       43
  SINCE MAR 1     98                        58     40       47
  SINCE JAN 1     98                        58     40       47
..................................................................


WIND (MPH)
  HIGHEST WIND SPEED    23   HIGHEST WIND DIRECTION     S (160)
  HIGHEST GUST SPEED    31   HIGHEST GUST DIRECTION     S (170)
  AVERAGE WIND SPEED    12.3


SKY COVER
  AVERAGE SKY COVER 0.6


WEATHER CONDITIONS
 THE FOLLOWING WEATHER WAS RECORDED YESTERDAY.
  NO SIGNIFICANT WEATHER WAS OBSERVED.


RELATIVE HUMIDITY (PERCENT)
 HIGHEST    65           700 AM
 LOWEST     37           300 PM
 AVERAGE    51

..........................................................


THE INDIANAPOLIS IN CLIMATE NORMALS FOR TODAY
                         NORMAL    RECORD    YEAR
 MAXIMUM TEMPERATURE (F)   76        93      1965
 MINIMUM TEMPERATURE (F)   56        34      1925


SUNRISE AND SUNSET
MAY 25 2015...........SUNRISE   623 AM EDT   SUNSET   902 PM EDT
MAY 26 2015...........SUNRISE   622 AM EDT   SUNSET   902 PM EDT


-  INDICATES NEGATIVE NUMBERS.
R  INDICATES RECORD WAS SET OR TIED.
MM INDICATES DATA IS MISSING.
T  INDICATES TRACE AMOUNT.




$$
