000
CDUS43 KIND 270536
CLIIND


CLIMATE REPORT
NATIONAL WEATHER SERVICE INDIANAPOLIS IN
1236 AM EST FRI FEB 27 2015


...................................

...THE INDIANAPOLIS IN CLIMATE SUMMARY FOR FEBRUARY 26 2015...

CLIMATE NORMAL PERIOD 1981 TO 2010
CLIMATE RECORD PERIOD 1871 TO 2015


WEATHER ITEM   OBSERVED TIME   RECORD YEAR NORMAL DEPARTURE LAST
                VALUE   (LST)  VALUE       VALUE  FROM      YEAR
                                                  NORMAL
..................................................................
TEMPERATURE (F)
 YESTERDAY
  MAXIMUM         25   1229 AM  68    1998  44    -19       20
                                      1944
                                      1917
  MINIMUM          7   1159 PM  -6    1963  27    -20        4
  AVERAGE         16                        36    -20       12

PRECIPITATION (IN)
  YESTERDAY        0.04          2.49 1977   0.09  -0.05     0.00
  MONTH TO DATE    1.11                      2.14  -1.03     2.45
  SINCE DEC 1      5.47                      7.97  -2.50     9.23
  SINCE JAN 1      2.92                      4.80  -1.88     4.79

SNOWFALL (IN)
  YESTERDAY        0.7           6.8  1939   0.2    0.5      0.0
  MONTH TO DATE   11.8                       6.2    5.6     16.5
  SINCE DEC 1     15.0                      21.7   -6.7     52.2
  SINCE JUL 1     17.7                      22.8   -5.1     52.3
  SNOW DEPTH       4

DEGREE DAYS
 HEATING
  YESTERDAY       49                        29     20       53
  MONTH TO DATE 1145                       864    281     1094
  SINCE DEC 1   3343                      3043    300     3560
  SINCE JUL 1   4622                      4085    537     4704

 COOLING
  YESTERDAY        0                         0      0        0
  MONTH TO DATE    0                         0      0        0
  SINCE DEC 1      0                         0      0        0
  SINCE JAN 1      0                         0      0        0
..................................................................


WIND (MPH)
  HIGHEST WIND SPEED    18   HIGHEST WIND DIRECTION     N (350)
  HIGHEST GUST SPEED    24   HIGHEST GUST DIRECTION    NW (330)
  AVERAGE WIND SPEED    12.1


SKY COVER
  AVERAGE SKY COVER 0.9


WEATHER CONDITIONS
 THE FOLLOWING WEATHER WAS RECORDED YESTERDAY.
  LIGHT SNOW
  FOG


RELATIVE HUMIDITY (PERCENT)
 HIGHEST    80           700 AM
 LOWEST     56           600 PM
 AVERAGE    68

..........................................................


THE INDIANAPOLIS IN CLIMATE NORMALS FOR TODAY
                         NORMAL    RECORD    YEAR
 MAXIMUM TEMPERATURE (F)   45        73      1996
 MINIMUM TEMPERATURE (F)   27        -7      1963


SUNRISE AND SUNSET
FEBRUARY 27 2015......SUNRISE   722 AM EST   SUNSET   635 PM EST
FEBRUARY 28 2015......SUNRISE   720 AM EST   SUNSET   636 PM EST


-  INDICATES NEGATIVE NUMBERS.
R  INDICATES RECORD WAS SET OR TIED.
MM INDICATES DATA IS MISSING.
T  INDICATES TRACE AMOUNT.




$$
