000
CDUS43 KIND 302343
CLIIND


CLIMATE REPORT
NATIONAL WEATHER SERVICE INDIANAPOLIS IN
743 PM EDT SAT AUG 30 2014


...................................

...THE INDIANAPOLIS IN CLIMATE SUMMARY FOR AUGUST 30 2014...
VALID AS OF 0700 PM LOCAL TIME.

CLIMATE NORMAL PERIOD 1981 TO 2010
CLIMATE RECORD PERIOD 1871 TO 2014


WEATHER ITEM   OBSERVED TIME   RECORD YEAR NORMAL DEPARTURE LAST
                VALUE   (LST)  VALUE       VALUE  FROM      YEAR
                                                  NORMAL
..................................................................
TEMPERATURE (F)
 TODAY
  MAXIMUM         78    515 PM  95    1964  83     -5       94
                                      1953
                                      1881
  MINIMUM         71    827 AM  42    1986  63      8       69
                                      1946
  AVERAGE         75                        73      2       82

PRECIPITATION (IN)
  TODAY            0.02          2.16 2005   0.10  -0.08      T
  MONTH TO DATE    2.94                      3.03  -0.09     0.85
  SINCE JUN 1     13.08                     11.83   1.25     7.80
  SINCE JAN 1     30.51                     29.23   1.28    29.63

SNOWFALL (IN)
  TODAY            0.0           0.0    MM   0.0    0.0      0.0
  MONTH TO DATE    0.0                       0.0    0.0      0.0
  SINCE JUN 1      0.0                       0.0    0.0      0.0
  SINCE JUL 1      0.0                       0.0    0.0      0.0
  SNOW DEPTH       0

..................................................................


WIND (MPH)
  HIGHEST WIND SPEED    20   HIGHEST WIND DIRECTION     S (190)
  HIGHEST GUST SPEED    23   HIGHEST GUST DIRECTION     S (190)
  AVERAGE WIND SPEED    10.8


SKY COVER
  AVERAGE SKY COVER 0.8


WEATHER CONDITIONS
 THE FOLLOWING WEATHER WAS RECORDED TODAY.
  RAIN
  LIGHT RAIN
  FOG


RELATIVE HUMIDITY (PERCENT)
 HIGHEST    84          1000 AM
 LOWEST     68           100 AM

..........................................................


THE INDIANAPOLIS IN CLIMATE NORMALS FOR TOMORROW
                         NORMAL    RECORD    YEAR
 MAXIMUM TEMPERATURE (F)   83        97      1953
                                             1951
 MINIMUM TEMPERATURE (F)   62        44      1915


SUNRISE AND SUNSET
AUGUST 30 2014........SUNRISE   711 AM EDT   SUNSET   819 PM EDT
AUGUST 31 2014........SUNRISE   712 AM EDT   SUNSET   818 PM EDT


-  INDICATES NEGATIVE NUMBERS.
R  INDICATES RECORD WAS SET OR TIED.
MM INDICATES DATA IS MISSING.
T  INDICATES TRACE AMOUNT.




$$
