000
CDUS43 KIND 210050
CLIIND


CLIMATE REPORT
NATIONAL WEATHER SERVICE INDIANAPOLIS IN
750 PM EST FRI JAN 20 2017


...................................

...THE INDIANAPOLIS IN CLIMATE SUMMARY FOR JANUARY 20 2017...
VALID AS OF 0700 PM LOCAL TIME.

CLIMATE NORMAL PERIOD 1981 TO 2010
CLIMATE RECORD PERIOD 1871 TO 2017


WEATHER ITEM   OBSERVED TIME   RECORD YEAR NORMAL DEPARTURE LAST
                VALUE   (LST)  VALUE       VALUE  FROM      YEAR
                                                  NORMAL
..................................................................
TEMPERATURE (F)
 TODAY
  MAXIMUM         55   1259 PM  70    1906  36     19       22
  MINIMUM         44    107 AM -22    1985  20     24       16
  AVERAGE         50                        28     22       19

PRECIPITATION (IN)
  TODAY            0.61          1.26 1913   0.08   0.53     0.13
  MONTH TO DATE    4.32                      1.79   2.53     1.40
  SINCE DEC 1      5.84                      4.96   0.88     6.99
  SINCE JAN 1      4.32                      1.79   2.53     1.40

SNOWFALL (IN)
  TODAY           MM             6.2  1897   0.3   MM        1.9
  MONTH TO DATE    1.2                       5.5   -4.3      5.8
  SINCE DEC 1      6.1                      12.4   -6.3      6.4
  SINCE JUL 1      6.1                      13.5   -7.4      7.7
  SNOW DEPTH       0

..................................................................


WIND (MPH)
  HIGHEST WIND SPEED    17   HIGHEST WIND DIRECTION     S (200)
  HIGHEST GUST SPEED    21   HIGHEST GUST DIRECTION    SW (220)
  AVERAGE WIND SPEED     8.5


SKY COVER
  AVERAGE SKY COVER 1.0


WEATHER CONDITIONS
 THE FOLLOWING WEATHER WAS RECORDED TODAY.
  RAIN
  LIGHT RAIN
  FOG
  FOG W/VISIBILITY <= 1/4 MILE


RELATIVE HUMIDITY (PERCENT)
 HIGHEST   100           200 AM
 LOWEST     77           400 PM

..........................................................


THE INDIANAPOLIS IN CLIMATE NORMALS FOR TOMORROW
                         NORMAL    RECORD    YEAR
 MAXIMUM TEMPERATURE (F)   36        68      1906
 MINIMUM TEMPERATURE (F)   20       -21      1984


SUNRISE AND SUNSET
JANUARY 20 2017.......SUNRISE   802 AM EST   SUNSET   551 PM EST
JANUARY 21 2017.......SUNRISE   801 AM EST   SUNSET   552 PM EST


-  INDICATES NEGATIVE NUMBERS.
R  INDICATES RECORD WAS SET OR TIED.
MM INDICATES DATA IS MISSING.
T  INDICATES TRACE AMOUNT.




$$
