000
CDUS43 KDLH 220700
CLIINL


CLIMATE REPORT
NATIONAL WEATHER SERVICE DULUTH MN
158 AM CDT FRI SEP 22 2017


...................................

...THE INTERNATIONAL FALLS MN CLIMATE SUMMARY FOR SEPTEMBER 21 2017...

CLIMATE NORMAL PERIOD 1981 TO 2010
CLIMATE RECORD PERIOD 1895 TO 2017


WEATHER ITEM   OBSERVED TIME   RECORD YEAR NORMAL DEPARTURE LAST
                VALUE   (LST)  VALUE       VALUE  FROM      YEAR
                                                  NORMAL
..................................................................
TEMPERATURE (F)
 YESTERDAY
  MAXIMUM         72    400 PM  83    1920  63      9       66
  MINIMUM         40    555 AM  26    1956  40      0       40
  AVERAGE         56                        51      5       53

PRECIPITATION (IN)
  YESTERDAY        T             1.29 1973   0.10  -0.10    MM
  MONTH TO DATE    2.30                      2.15   0.15     1.85
  SINCE SEP 1      2.30                      2.15   0.15     1.85
  SINCE JAN 1     19.04                     19.11  -0.07    22.41

SNOWFALL (IN)
  YESTERDAY        0.0           0.5  1974   0.0    0.0      0.0
  MONTH TO DATE    0.0                       0.0    0.0      0.0
  SINCE SEP 1      0.0                       0.0    0.0      0.0
  SINCE JUL 1      0.0                       0.0    0.0      0.0
  SNOW DEPTH       0

DEGREE DAYS
 HEATING
  YESTERDAY        9                        14     -5       12
  MONTH TO DATE  178                       209    -31      137
  SINCE SEP 1    178                       209    -31      137
  SINCE JUL 1    389                       390     -1      254

 COOLING
  YESTERDAY        0                         0      0        0
  MONTH TO DATE    4                         9     -5        7
  SINCE SEP 1      4                         9     -5        7
  SINCE JAN 1     83                       190   -107      155
..................................................................


WIND (MPH)
  HIGHEST WIND SPEED    18   HIGHEST WIND DIRECTION    SE (140)
  HIGHEST GUST SPEED    25   HIGHEST GUST DIRECTION    SE (150)
  AVERAGE WIND SPEED     8.1


SKY COVER
  AVERAGE SKY COVER 0.2


WEATHER CONDITIONS
 THE FOLLOWING WEATHER WAS RECORDED YESTERDAY.
  THUNDERSTORM
  LIGHT RAIN


RELATIVE HUMIDITY (PERCENT)
 HIGHEST    92           600 AM
 LOWEST     41           300 PM
 AVERAGE    67

..........................................................


THE INTERNATIONAL FALLS MN CLIMATE NORMALS FOR TODAY
                         NORMAL    RECORD    YEAR
 MAXIMUM TEMPERATURE (F)   63        86      1920
 MINIMUM TEMPERATURE (F)   39        24      1972
                                             1971
                                             1947


SUNRISE AND SUNSET
SEPTEMBER 22 2017.....SUNRISE   701 AM CDT   SUNSET   711 PM CDT
SEPTEMBER 23 2017.....SUNRISE   702 AM CDT   SUNSET   709 PM CDT


-  INDICATES NEGATIVE NUMBERS.
R  INDICATES RECORD WAS SET OR TIED.
MM INDICATES DATA IS MISSING.
T  INDICATES TRACE AMOUNT.




$$
