314
CDUS43 KDLH 300625
CLIINL


CLIMATE REPORT
NATIONAL WEATHER SERVICE DULUTH MN
122 AM CDT THU MAR 30 2017


...................................

...THE INTERNATIONAL FALLS MN CLIMATE SUMMARY FOR MARCH 29 2017...

CLIMATE NORMAL PERIOD 1981 TO 2010
CLIMATE RECORD PERIOD 1895 TO 2017


WEATHER ITEM   OBSERVED TIME   RECORD YEAR NORMAL DEPARTURE LAST
                VALUE   (LST)  VALUE       VALUE  FROM      YEAR
                                                  NORMAL
..................................................................
TEMPERATURE (F)
 YESTERDAY
  MAXIMUM         54    413 PM  65    1986  42     12       59
  MINIMUM         31    350 AM -11    1969  19     12       25
  AVERAGE         43                        30     13       42

PRECIPITATION (IN)
  YESTERDAY        0.00          0.73 2012   0.04  -0.04     0.00
  MONTH TO DATE    0.68                      0.87  -0.19     2.57
  SINCE MAR 1      0.68                      0.87  -0.19     2.57
  SINCE JAN 1      3.43                      2.06   1.37     3.94

SNOWFALL (IN)
  YESTERDAY        0.0           5.4  1989   0.2   -0.2      0.0
  MONTH TO DATE    4.5                       7.2   -2.7      9.3
  SINCE MAR 1      4.5                       7.2   -2.7      9.3
  SINCE JUL 1     67.8                      64.0    3.8     42.8
  SNOW DEPTH       1

DEGREE DAYS
 HEATING
  YESTERDAY       22                        35    -13       23
  MONTH TO DATE 1209                      1212     -3     1054
  SINCE MAR 1   1209                      1212     -3     1054
  SINCE JUL 1   7683                      8795  -1112     7586

 COOLING
  YESTERDAY        0                         0      0        0
  MONTH TO DATE    0                         0      0        0
  SINCE MAR 1      0                         0      0        0
  SINCE JAN 1      0                         0      0        0
..................................................................


WIND (MPH)
  HIGHEST WIND SPEED    16   HIGHEST WIND DIRECTION    SE (140)
  HIGHEST GUST SPEED    21   HIGHEST GUST DIRECTION    SE (140)
  AVERAGE WIND SPEED     8.4


SKY COVER
  AVERAGE SKY COVER 0.1


WEATHER CONDITIONS
 THE FOLLOWING WEATHER WAS RECORDED YESTERDAY.
  NO SIGNIFICANT WEATHER WAS OBSERVED.


RELATIVE HUMIDITY (PERCENT)
 HIGHEST    72           400 AM
 LOWEST     38           500 PM
 AVERAGE    55

..........................................................


THE INTERNATIONAL FALLS MN CLIMATE NORMALS FOR TODAY
                         NORMAL    RECORD    YEAR
 MAXIMUM TEMPERATURE (F)   42        70      1967
 MINIMUM TEMPERATURE (F)   20       -13      1975
                                             1969


SUNRISE AND SUNSET
MARCH 30 2017.........SUNRISE   655 AM CDT   SUNSET   742 PM CDT
MARCH 31 2017.........SUNRISE   653 AM CDT   SUNSET   743 PM CDT


-  INDICATES NEGATIVE NUMBERS.
R  INDICATES RECORD WAS SET OR TIED.
MM INDICATES DATA IS MISSING.
T  INDICATES TRACE AMOUNT.




$$
