000
CDUS43 KDLH 010621
CLIINL


CLIMATE REPORT
NATIONAL WEATHER SERVICE DULUTH MN
120 AM CDT FRI AUG 1 2014


...................................

...THE INTERNATIONAL FALLS MN CLIMATE SUMMARY FOR JULY 31 2014...

CLIMATE NORMAL PERIOD 1981 TO 2010
CLIMATE RECORD PERIOD 1895 TO 2014


WEATHER ITEM   OBSERVED TIME   RECORD YEAR NORMAL DEPARTURE LAST
                VALUE   (LST)  VALUE       VALUE  FROM      YEAR
                                                  NORMAL
..................................................................
TEMPERATURE (F)
 YESTERDAY
  MAXIMUM         78    324 PM  97    1923  78      0       71
  MINIMUM         46    514 AM  39    1906  52     -6       55
                                      1898
  AVERAGE         62                        65     -3       63

PRECIPITATION (IN)
  YESTERDAY        0.00          3.98 2001   0.09  -0.09     0.00
  MONTH TO DATE    4.58                      3.70   0.88     7.40
  SINCE JUN 1     14.82                      7.62   7.20     9.00
  SINCE JAN 1     23.64                     14.15   9.49    21.38

SNOWFALL (IN)
  YESTERDAY        0.0           0.0  2002   0.0    0.0      0.0
                                      2001
  MONTH TO DATE    0.0                       0.0    0.0      0.0
  SINCE JUN 1      0.0                       0.0    0.0      0.0
  SINCE JUL 1      0.0                       0.0    0.0      0.0
  SNOW DEPTH       0

DEGREE DAYS
 HEATING
  YESTERDAY        3                         2      1        2
  MONTH TO DATE  103                        69     34       85
  SINCE JUN 1    232                       234     -2      254
  SINCE JUL 1    103                        70     33       85

 COOLING
  YESTERDAY        0                         2     -2        0
  MONTH TO DATE   43                        76    -33       90
  SINCE JUN 1     72                       114    -42      124
  SINCE JAN 1     95                       123    -28      127
..................................................................


WIND (MPH)
  HIGHEST WIND SPEED    14   HIGHEST WIND DIRECTION    NW (330)
  HIGHEST GUST SPEED    22   HIGHEST GUST DIRECTION    NE (50)
  AVERAGE WIND SPEED     3.8


SKY COVER
  AVERAGE SKY COVER 0.0


WEATHER CONDITIONS
 THE FOLLOWING WEATHER WAS RECORDED YESTERDAY.
  FOG
  FOG W/VISIBILITY <= 1/4 MILE


RELATIVE HUMIDITY (PERCENT)
 HIGHEST   100           200 AM
 LOWEST     42           200 PM
 AVERAGE    71

..........................................................


THE INTERNATIONAL FALLS MN CLIMATE NORMALS FOR TODAY
                         NORMAL    RECORD    YEAR
 MAXIMUM TEMPERATURE (F)   78        93      1989
                                             1926
 MINIMUM TEMPERATURE (F)   52        38      1959


SUNRISE AND SUNSET
AUGUST  1 2014........SUNRISE   548 AM CDT   SUNSET   851 PM CDT
AUGUST  2 2014........SUNRISE   549 AM CDT   SUNSET   849 PM CDT


-  INDICATES NEGATIVE NUMBERS.
R  INDICATES RECORD WAS SET OR TIED.
MM INDICATES DATA IS MISSING.
T  INDICATES TRACE AMOUNT.




$$
