000
CDUS43 KDLH 230633
CLIINL


CLIMATE REPORT
NATIONAL WEATHER SERVICE DULUTH MN
132 AM CDT SAT JUL 23 2016


...................................

...THE INTERNATIONAL FALLS MN CLIMATE SUMMARY FOR JULY 22 2016...

CLIMATE NORMAL PERIOD 1981 TO 2010
CLIMATE RECORD PERIOD 1895 TO 2016


WEATHER ITEM   OBSERVED TIME   RECORD YEAR NORMAL DEPARTURE LAST
                VALUE   (LST)  VALUE       VALUE  FROM      YEAR
                                                  NORMAL
..................................................................
TEMPERATURE (F)
 YESTERDAY
  MAXIMUM         84    326 PM 103    1923  78      6       80
  MINIMUM         57   1159 PM  40    1985  53      4       41
  AVERAGE         71                        66      5       61

PRECIPITATION (IN)
  YESTERDAY        0.00          1.57 1987   0.10  -0.10     0.00
  MONTH TO DATE    2.42                      2.79  -0.37     1.30
  SINCE JUN 1      9.34                      6.71   2.63     4.50
  SINCE JAN 1     17.14                     13.24   3.90    12.67

SNOWFALL (IN)
  YESTERDAY        0.0           0.0  2002   0.0    0.0      0.0
                                      2001
  MONTH TO DATE    0.0                       0.0    0.0      0.0
  SINCE JUN 1      0.0                       0.0    0.0      0.0
  SINCE JUL 1      0.0                       0.0    0.0      0.0
  SNOW DEPTH       0

DEGREE DAYS
 HEATING
  YESTERDAY        0                         2     -2        4
  MONTH TO DATE   40                        51    -11       47
  SINCE JUN 1    207                       215     -8      196
  SINCE JUL 1     40                        51    -11       47

 COOLING
  YESTERDAY        6                         2      4        0
  MONTH TO DATE   52                        55     -3       49
  SINCE JUN 1     71                        93    -22       53
  SINCE JAN 1     73                       102    -29       53
..................................................................


WIND (MPH)
  HIGHEST WIND SPEED    16   HIGHEST WIND DIRECTION    NW (300)
  HIGHEST GUST SPEED    24   HIGHEST GUST DIRECTION     W (290)
  AVERAGE WIND SPEED     6.1


SKY COVER
  AVERAGE SKY COVER 0.0


WEATHER CONDITIONS
 THE FOLLOWING WEATHER WAS RECORDED YESTERDAY.
  NO SIGNIFICANT WEATHER WAS OBSERVED.


RELATIVE HUMIDITY (PERCENT)
 HIGHEST   100          1100 PM
 LOWEST     40           200 PM
 AVERAGE    70

..........................................................


THE INTERNATIONAL FALLS MN CLIMATE NORMALS FOR TODAY
                         NORMAL    RECORD    YEAR
 MAXIMUM TEMPERATURE (F)   78        92      1958
                                             1923
 MINIMUM TEMPERATURE (F)   53        36      1913


SUNRISE AND SUNSET
JULY 23 2016..........SUNRISE   537 AM CDT   SUNSET   902 PM CDT
JULY 24 2016..........SUNRISE   538 AM CDT   SUNSET   901 PM CDT


-  INDICATES NEGATIVE NUMBERS.
R  INDICATES RECORD WAS SET OR TIED.
MM INDICATES DATA IS MISSING.
T  INDICATES TRACE AMOUNT.




$$
