523
CDUS43 KDVN 260937
CLIIOW


CLIMATE REPORT
NATIONAL WEATHER SERVICE QUAD CITIES IA IL
436 AM CDT THU MAY 26 2016


...................................

...THE IOWA CITY IA CLIMATE SUMMARY FOR MAY 25 2016...

CLIMATE NORMAL PERIOD 1981 TO 2010
CLIMATE RECORD PERIOD 9999 TO 9999


WEATHER ITEM   OBSERVED TIME   RECORD YEAR NORMAL DEPARTURE LAST
                VALUE   (LST)  VALUE       VALUE  FROM      YEAR
                                                  NORMAL
..................................................................
TEMPERATURE (F)
 YESTERDAY
  MAXIMUM         83    522 PM  MM      MM  75      8       80
  MINIMUM         62    411 AM  MM      MM  54      8       63
  AVERAGE         73                        65      8       72

PRECIPITATION (IN)
  YESTERDAY        0.01         MM      MM   0.13  -0.12     0.07
  MONTH TO DATE    2.24                      3.50  -1.26     4.22
  SINCE MAR 1      6.44                      9.22  -2.78     7.85
  SINCE JAN 1      7.19                     11.38  -4.19     9.43

DEGREE DAYS
 HEATING
  YESTERDAY        0                         3     -3        0
  MONTH TO DATE  173                       154     19      117
  SINCE MAR 1   1255                      1397   -142     1345
  SINCE JUL 1   5466                      6347   -881     6710

 COOLING
  YESTERDAY        8                         3      5        7
  MONTH TO DATE   22                        36    -14       44
  SINCE MAR 1     28                        40    -12       44
  SINCE JAN 1     28                        40    -12       44
..................................................................


WIND (MPH)
  HIGHEST WIND SPEED    18   HIGHEST WIND DIRECTION    SE (150)
  HIGHEST GUST SPEED    22   HIGHEST GUST DIRECTION     S (200)
  AVERAGE WIND SPEED     7.4


SKY COVER
  POSSIBLE SUNSHINE  MM
  AVERAGE SKY COVER 0.3


WEATHER CONDITIONS
 THE FOLLOWING WEATHER WAS RECORDED YESTERDAY.
  LIGHT RAIN


RELATIVE HUMIDITY (PERCENT)
 HIGHEST    93           200 AM
 LOWEST     43           400 PM
 AVERAGE    68

..........................................................


THE IOWA CITY IA CLIMATE NORMALS FOR TODAY
                         NORMAL    RECORD    YEAR
 MAXIMUM TEMPERATURE (F)   76        MM        MM
 MINIMUM TEMPERATURE (F)   55        MM        MM


SUNRISE AND SUNSET
MAY 26 2016...........SUNRISE   537 AM CDT   SUNSET   830 PM CDT
MAY 27 2016...........SUNRISE   537 AM CDT   SUNSET   831 PM CDT


-  INDICATES NEGATIVE NUMBERS.
R  INDICATES RECORD WAS SET OR TIED.
MM INDICATES DATA IS MISSING.
T  INDICATES TRACE AMOUNT.




$$
