000
CDUS43 KDVN 300910
CLIIOW


CLIMATE REPORT
NATIONAL WEATHER SERVICE QUAD CITIES IA IL
410 AM CDT SUN AUG 30 2015


...................................

...THE IOWA CITY IA CLIMATE SUMMARY FOR AUGUST 29 2015...

CLIMATE NORMAL PERIOD 1981 TO 2010
CLIMATE RECORD PERIOD 9999 TO 9999


WEATHER ITEM   OBSERVED TIME   RECORD YEAR NORMAL DEPARTURE LAST
                VALUE   (LST)  VALUE       VALUE  FROM      YEAR
                                                  NORMAL
..................................................................
TEMPERATURE (F)
 YESTERDAY
  MAXIMUM         77    352 PM  MM      MM  81     -4       87
  MINIMUM         61   1157 PM  MM      MM  60      1       67
  AVERAGE         69                        70     -1       77

PRECIPITATION (IN)
  YESTERDAY        0.09         MM      MM   0.14  -0.05     0.01
  MONTH TO DATE    3.59                      4.19  -0.60     3.31
  SINCE JUN 1     12.15                     13.75  -1.60    16.07
  SINCE JAN 1     22.00                     25.84  -3.84    27.12

DEGREE DAYS
 HEATING
  YESTERDAY        0                         0      0        0
  MONTH TO DATE   11                         0     11        0
  SINCE JUN 1     20                        19      1       16
  SINCE JUL 1     13                         2     11       12

 COOLING
  YESTERDAY        4                         6     -2       12
  MONTH TO DATE  186                       233    -47      231
  SINCE JUN 1    668                       750    -82      609
  SINCE JAN 1    731                       811    -80      698
..................................................................


WIND (MPH)
  HIGHEST WIND SPEED    10   HIGHEST WIND DIRECTION    SE (140)
  HIGHEST GUST SPEED    13   HIGHEST GUST DIRECTION    SE (150)
  AVERAGE WIND SPEED     3.4


SKY COVER
  POSSIBLE SUNSHINE  MM
  AVERAGE SKY COVER 0.9


WEATHER CONDITIONS
 THE FOLLOWING WEATHER WAS RECORDED YESTERDAY.
  LIGHT RAIN
  FOG
  FOG W/VISIBILITY <= 1/4 MILE


RELATIVE HUMIDITY (PERCENT)
 HIGHEST   100          1200 AM
 LOWEST     74           300 PM
 AVERAGE    87

..........................................................


THE IOWA CITY IA CLIMATE NORMALS FOR TODAY
                         NORMAL    RECORD    YEAR
 MAXIMUM TEMPERATURE (F)   81        MM        MM
 MINIMUM TEMPERATURE (F)   60        MM        MM


SUNRISE AND SUNSET
AUGUST 30 2015........SUNRISE   630 AM CDT   SUNSET   743 PM CDT
AUGUST 31 2015........SUNRISE   631 AM CDT   SUNSET   741 PM CDT


-  INDICATES NEGATIVE NUMBERS.
R  INDICATES RECORD WAS SET OR TIED.
MM INDICATES DATA IS MISSING.
T  INDICATES TRACE AMOUNT.




$$
