000
CDUS43 KDVN 160919
CLIIOW


CLIMATE REPORT
NATIONAL WEATHER SERVICE QUAD CITIES IA IL
417 AM CDT TUE SEP 16 2014


...................................

...THE IOWA CITY IA CLIMATE SUMMARY FOR SEPTEMBER 15 2014...

CLIMATE NORMAL PERIOD 1981 TO 2010
CLIMATE RECORD PERIOD 9999 TO 9999


WEATHER ITEM   OBSERVED TIME   RECORD YEAR NORMAL DEPARTURE LAST
                VALUE   (LST)  VALUE       VALUE  FROM      YEAR
                                                  NORMAL
..................................................................
TEMPERATURE (F)
 YESTERDAY
  MAXIMUM         68   1153 AM  MM      MM  76     -8       66
  MINIMUM         44   1159 PM  MM      MM  53     -9       55
  AVERAGE         56                        65     -9       61

PRECIPITATION (IN)
  YESTERDAY        0.03         MM      MM   0.09  -0.06     1.08
  MONTH TO DATE    5.83                      1.82   4.01     1.11
  SINCE SEP 1      5.83                      1.82   4.01     1.11
  SINCE JAN 1     33.26                     27.97   5.29    29.37

DEGREE DAYS
 HEATING
  YESTERDAY        9                         3      6        4
  MONTH TO DATE   68                        24     44       13
  SINCE SEP 1     68                        24     44       13
  SINCE JUL 1     80                        32     48       22

 COOLING
  YESTERDAY        0                         2     -2        0
  MONTH TO DATE   38                        57    -19      136
  SINCE SEP 1     38                        57    -19      136
  SINCE JAN 1    754                       879   -125     1004
..................................................................


WIND (MPH)
  HIGHEST WIND SPEED    23   HIGHEST WIND DIRECTION     N (20)
  HIGHEST GUST SPEED    28   HIGHEST GUST DIRECTION     N (20)
  AVERAGE WIND SPEED     6.6


SKY COVER
  POSSIBLE SUNSHINE  MM
  AVERAGE SKY COVER 0.7


WEATHER CONDITIONS
 THE FOLLOWING WEATHER WAS RECORDED YESTERDAY.
  THUNDERSTORM
  LIGHT RAIN


RELATIVE HUMIDITY (PERCENT)
 HIGHEST   100           500 AM
 LOWEST     68          1200 PM
 AVERAGE    84

..........................................................


THE IOWA CITY IA CLIMATE NORMALS FOR TODAY
                         NORMAL    RECORD    YEAR
 MAXIMUM TEMPERATURE (F)   76        MM        MM
 MINIMUM TEMPERATURE (F)   52        MM        MM


SUNRISE AND SUNSET
SEPTEMBER 16 2014.....SUNRISE   647 AM CDT   SUNSET   714 PM CDT
SEPTEMBER 17 2014.....SUNRISE   648 AM CDT   SUNSET   712 PM CDT


-  INDICATES NEGATIVE NUMBERS.
R  INDICATES RECORD WAS SET OR TIED.
MM INDICATES DATA IS MISSING.
T  INDICATES TRACE AMOUNT.




$$
