000
CDUS43 KDVN 300918
CLIIOW


CLIMATE REPORT
NATIONAL WEATHER SERVICE QUAD CITIES IA IL
415 AM CDT TUE JUN 30 2015


...................................

...THE IOWA CITY IA CLIMATE SUMMARY FOR JUNE 29 2015...

CLIMATE NORMAL PERIOD 1981 TO 2010
CLIMATE RECORD PERIOD 9999 TO 9999


WEATHER ITEM   OBSERVED TIME   RECORD YEAR NORMAL DEPARTURE LAST
                VALUE   (LST)  VALUE       VALUE  FROM      YEAR
                                                  NORMAL
..................................................................
TEMPERATURE (F)
 YESTERDAY
  MAXIMUM         82    437 PM  MM      MM  84     -2       84
  MINIMUM         59    222 AM  MM      MM  64     -5       67
  AVERAGE         71                        74     -3       76

PRECIPITATION (IN)
  YESTERDAY        0.31         MM      MM   0.18   0.13     0.32
  MONTH TO DATE    5.88                      4.44   1.44     6.07
  SINCE JUN 1      5.88                      4.44   1.44     6.07
  SINCE JAN 1     15.73                     16.53  -0.80    17.12

DEGREE DAYS
 HEATING
  YESTERDAY        0                         0      0        0
  MONTH TO DATE    7                        14     -7        4
  SINCE JUN 1      7                        14     -7        4
  SINCE JUL 1   6728                      6375    353     7486

 COOLING
  YESTERDAY        6                         9     -3       11
  MONTH TO DATE  193                       201     -8      204
  SINCE JUN 1    193                       201     -8      204
  SINCE JAN 1    256                       262     -6      293
..................................................................


WIND (MPH)
  HIGHEST WIND SPEED    31   HIGHEST WIND DIRECTION    NW (330)
  HIGHEST GUST SPEED    41   HIGHEST GUST DIRECTION    NW (320)
  AVERAGE WIND SPEED     6.0


SKY COVER
  POSSIBLE SUNSHINE  MM
  AVERAGE SKY COVER 0.4


WEATHER CONDITIONS
 THE FOLLOWING WEATHER WAS RECORDED YESTERDAY.
  THUNDERSTORM
  HEAVY RAIN
  LIGHT RAIN
  FOG
  FOG W/VISIBILITY <= 1/4 MILE
  HAZE


RELATIVE HUMIDITY (PERCENT)
 HIGHEST   100           300 AM
 LOWEST     54           300 PM
 AVERAGE    77

..........................................................


THE IOWA CITY IA CLIMATE NORMALS FOR TODAY
                         NORMAL    RECORD    YEAR
 MAXIMUM TEMPERATURE (F)   84        MM        MM
 MINIMUM TEMPERATURE (F)   64        MM        MM


SUNRISE AND SUNSET
JUNE 30 2015..........SUNRISE   535 AM CDT   SUNSET   844 PM CDT
JULY  1 2015..........SUNRISE   536 AM CDT   SUNSET   844 PM CDT


-  INDICATES NEGATIVE NUMBERS.
R  INDICATES RECORD WAS SET OR TIED.
MM INDICATES DATA IS MISSING.
T  INDICATES TRACE AMOUNT.




$$
