000
CDUS41 KCTP 300629
CLIIPT


CLIMATE REPORT
NATIONAL WEATHER SERVICE STATE COLLEGE PA
229 AM EDT WED JUL 30 2014


...................................

...THE WILLIAMSPORT PA CLIMATE SUMMARY FOR JULY 29 2014...

CLIMATE NORMAL PERIOD 1981 TO 2010
CLIMATE RECORD PERIOD 1895 TO 2014


WEATHER ITEM   OBSERVED TIME   RECORD YEAR NORMAL DEPARTURE LAST
                VALUE   (LST)  VALUE       VALUE  FROM      YEAR
                                                  NORMAL
..................................................................
TEMPERATURE (F)
 YESTERDAY
  MAXIMUM         72    224 PM  98    1949  84    -12       78
  MINIMUM         59   1159 PM  49    1965  62     -3       55
  AVERAGE         66                        73     -7       67

PRECIPITATION (IN)
  YESTERDAY        0.00          2.05 1949   0.15  -0.15     0.00
  MONTH TO DATE    3.77                      4.05  -0.28     3.12
  SINCE JUN 1      7.23                      7.97  -0.74     7.29
  SINCE JAN 1     21.98                     22.88  -0.90    19.86

DEGREE DAYS
 HEATING
  YESTERDAY        0                         0      0        0
  MONTH TO DATE    0                         0      0        0
  SINCE JUN 1      8                        37    -29        9
  SINCE JUL 1      0                         0      0        0

 COOLING
  YESTERDAY        1                         8     -7        2
  MONTH TO DATE  232                       229      3      333
  SINCE JUN 1    401                       375     26      493
  SINCE JAN 1    453                       418     35      564
..................................................................


WIND (MPH)
  HIGHEST WIND SPEED    14   HIGHEST WIND DIRECTION    NW (320)
  HIGHEST GUST SPEED    18   HIGHEST GUST DIRECTION    NW (320)
  AVERAGE WIND SPEED     6.5


SKY COVER
  POSSIBLE SUNSHINE  MM
  AVERAGE SKY COVER 0.8


WEATHER CONDITIONS
 THE FOLLOWING WEATHER WAS RECORDED YESTERDAY.
  NO SIGNIFICANT WEATHER WAS OBSERVED.


RELATIVE HUMIDITY (PERCENT)
 HIGHEST    84           200 AM
 LOWEST     44          1200 PM
 AVERAGE    64

..........................................................


THE WILLIAMSPORT PA CLIMATE NORMALS FOR TODAY
                         NORMAL    RECORD    YEAR
 MAXIMUM TEMPERATURE (F)   83        98      1933
 MINIMUM TEMPERATURE (F)   62        48      1997


SUNRISE AND SUNSET
JULY 30 2014..........SUNRISE   601 AM EDT   SUNSET   827 PM EDT
JULY 31 2014..........SUNRISE   602 AM EDT   SUNSET   825 PM EDT


-  INDICATES NEGATIVE NUMBERS.
R  INDICATES RECORD WAS SET OR TIED.
MM INDICATES DATA IS MISSING.
T  INDICATES TRACE AMOUNT.




$$
