000
CDUS41 KCTP 290615
CLIIPT


CLIMATE REPORT
NATIONAL WEATHER SERVICE STATE COLLEGE PA
215 AM EDT THU JUN 29 2017


...................................

...THE WILLIAMSPORT PA CLIMATE SUMMARY FOR JUNE 28 2017...

CLIMATE NORMAL PERIOD 1981 TO 2010
CLIMATE RECORD PERIOD 1895 TO 2017


WEATHER ITEM   OBSERVED TIME   RECORD YEAR NORMAL DEPARTURE LAST
                VALUE   (LST)  VALUE       VALUE  FROM      YEAR
                                                  NORMAL
..................................................................
TEMPERATURE (F)
 YESTERDAY
  MAXIMUM         80    356 PM  96    1991  83     -3       86
                                      1943
  MINIMUM         50    335 AM  46    1940  61    -11       64
  AVERAGE         65                        72     -7       75

PRECIPITATION (IN)
  YESTERDAY        0.00          2.59 2016   0.13  -0.13     2.59
  MONTH TO DATE    3.61                      3.66  -0.05     4.45
  SINCE JUN 1      3.61                      3.66  -0.05     4.45
  SINCE JAN 1     22.73                     18.57   4.16    15.79

DEGREE DAYS
 HEATING
  YESTERDAY        0                         0      0        0
  MONTH TO DATE   21                        36    -15        9
  SINCE JUN 1     21                        36    -15        9
  SINCE JUL 1   4950                      5994  -1044     4916

 COOLING
  YESTERDAY        0                         7     -7       10
  MONTH TO DATE  156                       133     23      162
  SINCE JUN 1    156                       133     23      162
  SINCE JAN 1    206                       176     30      235
..................................................................


WIND (MPH)
  HIGHEST WIND SPEED    18   HIGHEST WIND DIRECTION     W (260)
  HIGHEST GUST SPEED    22   HIGHEST GUST DIRECTION     W (290)
  AVERAGE WIND SPEED     5.5


SKY COVER
  POSSIBLE SUNSHINE  MM
  AVERAGE SKY COVER 0.2


WEATHER CONDITIONS
 THE FOLLOWING WEATHER WAS RECORDED YESTERDAY.
  FOG
  FOG W/VISIBILITY <= 1/4 MILE


RELATIVE HUMIDITY (PERCENT)
 HIGHEST   100          1200 AM
 LOWEST     35           100 PM
 AVERAGE    68

..........................................................


THE WILLIAMSPORT PA CLIMATE NORMALS FOR TODAY
                         NORMAL    RECORD    YEAR
 MAXIMUM TEMPERATURE (F)   83       101      1934
 MINIMUM TEMPERATURE (F)   61        45      1930


SUNRISE AND SUNSET
JUNE 29 2017..........SUNRISE   538 AM EDT   SUNSET   845 PM EDT
JUNE 30 2017..........SUNRISE   538 AM EDT   SUNSET   845 PM EDT


-  INDICATES NEGATIVE NUMBERS.
R  INDICATES RECORD WAS SET OR TIED.
MM INDICATES DATA IS MISSING.
T  INDICATES TRACE AMOUNT.




$$
