000
CDUS41 KCTP 180620
CLIIPT


CLIMATE REPORT
NATIONAL WEATHER SERVICE STATE COLLEGE PA
220 AM EDT FRI AUG 18 2017


...................................

...THE WILLIAMSPORT PA CLIMATE SUMMARY FOR AUGUST 17 2017...

CLIMATE NORMAL PERIOD 1981 TO 2010
CLIMATE RECORD PERIOD 1895 TO 2017


WEATHER ITEM   OBSERVED TIME   RECORD YEAR NORMAL DEPARTURE LAST
                VALUE   (LST)  VALUE       VALUE  FROM      YEAR
                                                  NORMAL
..................................................................
TEMPERATURE (F)
 YESTERDAY
  MAXIMUM         88    331 PM  97    1995  82      6       83
  MINIMUM         60    547 AM  45    1979  61     -1       67
  AVERAGE         74                        71      3       75

PRECIPITATION (IN)
  YESTERDAY        T             2.37 1994   0.13  -0.13     0.31
  MONTH TO DATE    4.45                      2.16   2.29     2.85
  SINCE JUN 1     15.60                     10.42   5.18    10.41
  SINCE JAN 1     34.72                     25.33   9.39    21.75

DEGREE DAYS
 HEATING
  YESTERDAY        0                         0      0        0
  MONTH TO DATE    0                         0      0        0
  SINCE JUN 1     21                        41    -20        9
  SINCE JUL 1      0                         4     -4        0

 COOLING
  YESTERDAY        9                         7      2       10
  MONTH TO DATE  125                       124      1      222
  SINCE JUN 1    621                       514    107      770
  SINCE JAN 1    671                       557    114      843
..................................................................


WIND (MPH)
  HIGHEST WIND SPEED    21   HIGHEST WIND DIRECTION     S (160)
  HIGHEST GUST SPEED    27   HIGHEST GUST DIRECTION    SE (150)
  AVERAGE WIND SPEED     6.4


SKY COVER
  POSSIBLE SUNSHINE  MM
  AVERAGE SKY COVER 0.2


WEATHER CONDITIONS
 THE FOLLOWING WEATHER WAS RECORDED YESTERDAY.
  LIGHT RAIN


RELATIVE HUMIDITY (PERCENT)
 HIGHEST   100           500 AM
 LOWEST     55           100 PM
 AVERAGE    78

..........................................................


THE WILLIAMSPORT PA CLIMATE NORMALS FOR TODAY
                         NORMAL    RECORD    YEAR
 MAXIMUM TEMPERATURE (F)   82        96      1995
 MINIMUM TEMPERATURE (F)   61        43      1941


SUNRISE AND SUNSET
AUGUST 18 2017........SUNRISE   620 AM EDT   SUNSET   802 PM EDT
AUGUST 19 2017........SUNRISE   621 AM EDT   SUNSET   800 PM EDT


-  INDICATES NEGATIVE NUMBERS.
R  INDICATES RECORD WAS SET OR TIED.
MM INDICATES DATA IS MISSING.
T  INDICATES TRACE AMOUNT.




$$
