000
CDUS41 KCTP 240623
CLIIPT


CLIMATE REPORT
NATIONAL WEATHER SERVICE STATE COLLEGE PA
222 AM EDT THU APR 24 2014


...................................

...THE WILLIAMSPORT PA CLIMATE SUMMARY FOR APRIL 23 2014...

CLIMATE NORMAL PERIOD 1981 TO 2010
CLIMATE RECORD PERIOD 1895 TO 2014


WEATHER ITEM   OBSERVED TIME   RECORD YEAR NORMAL DEPARTURE LAST
                VALUE   (LST)  VALUE       VALUE  FROM      YEAR
                                                  NORMAL
..................................................................
TEMPERATURE (F)
 YESTERDAY
  MAXIMUM         54    237 PM  91    1960  64    -10       59
  MINIMUM         39    945 PM  27    1933  41     -2       41
                                      1930
  AVERAGE         47                        53     -6       50

PRECIPITATION (IN)
  YESTERDAY        0.00          1.64 1921   0.11  -0.11     0.00
  MONTH TO DATE    1.92                      2.50  -0.58     2.64
  SINCE MAR 1      4.81                      5.47  -0.66     4.38
  SINCE JAN 1      8.61                     10.51  -1.90     8.84

SNOWFALL (IN)
  YESTERDAY        0.0
  MONTH TO DATE    T
  SINCE MAR 1      0.1
  SINCE JUL 1     45.9
  SNOW DEPTH       0

DEGREE DAYS
 HEATING
  YESTERDAY       18                        13      5       15
  MONTH TO DATE  380                       379      1      361
  SINCE MAR 1   1380                      1208    172     1231
  SINCE JUL 1   6212                      5675    537     5397

 COOLING
  YESTERDAY        0                         0      0        0
  MONTH TO DATE    9                         0      9        8
  SINCE MAR 1      9                         0      9        8
  SINCE JAN 1      9                         0      9        8
..................................................................


WIND (MPH)
  HIGHEST WIND SPEED    24   HIGHEST WIND DIRECTION    NW (310)
  HIGHEST GUST SPEED    34   HIGHEST GUST DIRECTION    NW (320)
  AVERAGE WIND SPEED    13.8


SKY COVER
  POSSIBLE SUNSHINE  MM
  AVERAGE SKY COVER 0.7


WEATHER CONDITIONS
 THE FOLLOWING WEATHER WAS RECORDED YESTERDAY.
  NO SIGNIFICANT WEATHER WAS OBSERVED.


RELATIVE HUMIDITY (PERCENT)
 HIGHEST    62           500 AM
 LOWEST     43          1100 PM
 AVERAGE    53

..........................................................


THE WILLIAMSPORT PA CLIMATE NORMALS FOR TODAY
                         NORMAL    RECORD    YEAR
 MAXIMUM TEMPERATURE (F)   65        96      1925
 MINIMUM TEMPERATURE (F)   42        25      1930


SUNRISE AND SUNSET
APRIL 24 2014.........SUNRISE   615 AM EDT   SUNSET   757 PM EDT
APRIL 25 2014.........SUNRISE   613 AM EDT   SUNSET   759 PM EDT


-  INDICATES NEGATIVE NUMBERS.
R  INDICATES RECORD WAS SET OR TIED.
MM INDICATES DATA IS MISSING.
T  INDICATES TRACE AMOUNT.




$$
