000
CDUS41 KCTP 300633
CLIIPT


CLIMATE REPORT
NATIONAL WEATHER SERVICE STATE COLLEGE PA
233 AM EDT SAT JUL 30 2016


...................................

...THE WILLIAMSPORT PA CLIMATE SUMMARY FOR JULY 29 2016...

CLIMATE NORMAL PERIOD 1981 TO 2010
CLIMATE RECORD PERIOD 1895 TO 2016


WEATHER ITEM   OBSERVED TIME   RECORD YEAR NORMAL DEPARTURE LAST
                VALUE   (LST)  VALUE       VALUE  FROM      YEAR
                                                  NORMAL
..................................................................
TEMPERATURE (F)
 YESTERDAY
  MAXIMUM         93    308 PM  98    1949  84      9       90
  MINIMUM         69    521 AM  49    1965  62      7       64
  AVERAGE         81                        73      8       77

PRECIPITATION (IN)
  YESTERDAY        T             2.05 1949   0.15  -0.15     0.00
  MONTH TO DATE    1.72                      4.05  -2.33     3.88
  SINCE JUN 1      6.17                      7.97  -1.80    11.69
  SINCE JAN 1     17.51                     22.88  -5.37    24.11

DEGREE DAYS
 HEATING
  YESTERDAY        0                         0      0        0
  MONTH TO DATE    0                         0      0        2
  SINCE JUN 1      9                        37    -28       23
  SINCE JUL 1      0                         0      0        2

 COOLING
  YESTERDAY       16                         8      8       12
  MONTH TO DATE  350                       229    121      232
  SINCE JUN 1    522                       375    147      404
  SINCE JAN 1    595                       418    177      532
..................................................................


WIND (MPH)
  HIGHEST WIND SPEED    13   HIGHEST WIND DIRECTION     W (270)
  HIGHEST GUST SPEED    17   HIGHEST GUST DIRECTION     N (20)
  AVERAGE WIND SPEED     4.7


SKY COVER
  POSSIBLE SUNSHINE  MM
  AVERAGE SKY COVER 0.3


WEATHER CONDITIONS
 THE FOLLOWING WEATHER WAS RECORDED YESTERDAY.
  LIGHT RAIN
  FOG
  HAZE


RELATIVE HUMIDITY (PERCENT)
 HIGHEST    90           500 AM
 LOWEST     30          1200 PM
 AVERAGE    60

..........................................................


THE WILLIAMSPORT PA CLIMATE NORMALS FOR TODAY
                         NORMAL    RECORD    YEAR
 MAXIMUM TEMPERATURE (F)   83        98      1933
 MINIMUM TEMPERATURE (F)   62        48      1997


SUNRISE AND SUNSET
JULY 30 2016..........SUNRISE   602 AM EDT   SUNSET   826 PM EDT
JULY 31 2016..........SUNRISE   603 AM EDT   SUNSET   825 PM EDT


-  INDICATES NEGATIVE NUMBERS.
R  INDICATES RECORD WAS SET OR TIED.
MM INDICATES DATA IS MISSING.
T  INDICATES TRACE AMOUNT.




$$
