000
CDUS41 KCTP 030636
CLIIPT


CLIMATE REPORT
NATIONAL WEATHER SERVICE STATE COLLEGE PA
236 AM EDT MON AUG 3 2015


...................................

...THE WILLIAMSPORT PA CLIMATE SUMMARY FOR AUGUST 2 2015...

CLIMATE NORMAL PERIOD 1981 TO 2010
CLIMATE RECORD PERIOD 1895 TO 2015


WEATHER ITEM   OBSERVED TIME   RECORD YEAR NORMAL DEPARTURE LAST
                VALUE   (LST)  VALUE       VALUE  FROM      YEAR
                                                  NORMAL
..................................................................
TEMPERATURE (F)
 YESTERDAY
  MAXIMUM         88    250 PM  98    2007  83      5       81
                                      1955
  MINIMUM         57    525 AM  45    1947  62     -5       67
  AVERAGE         73                        73      0       74

PRECIPITATION (IN)
  YESTERDAY        0.00          1.64 2003   0.14  -0.14     0.00
  MONTH TO DATE    0.00                      0.27  -0.27     0.00
  SINCE JUN 1     11.74                      8.53   3.21     7.48
  SINCE JAN 1     24.16                     23.44   0.72    22.23

DEGREE DAYS
 HEATING
  YESTERDAY        0                         0      0        0
  MONTH TO DATE    0                         0      0        0
  SINCE JUN 1     23                        41    -18        8
  SINCE JUL 1      2                         4     -2        0

 COOLING
  YESTERDAY        8                         8      0        9
  MONTH TO DATE   17                        16      1       17
  SINCE JUN 1    445                       406     39      424
  SINCE JAN 1    573                       449    124      476
..................................................................


WIND (MPH)
  HIGHEST WIND SPEED    15   HIGHEST WIND DIRECTION     W (260)
  HIGHEST GUST SPEED    20   HIGHEST GUST DIRECTION    SW (240)
  AVERAGE WIND SPEED     3.6


SKY COVER
  POSSIBLE SUNSHINE  MM
  AVERAGE SKY COVER 0.3


WEATHER CONDITIONS
 THE FOLLOWING WEATHER WAS RECORDED YESTERDAY.
  NO SIGNIFICANT WEATHER WAS OBSERVED.


RELATIVE HUMIDITY (PERCENT)
 HIGHEST    90           100 AM
 LOWEST     34           200 PM
 AVERAGE    62

..........................................................


THE WILLIAMSPORT PA CLIMATE NORMALS FOR TODAY
                         NORMAL    RECORD    YEAR
 MAXIMUM TEMPERATURE (F)   83       100      1930
 MINIMUM TEMPERATURE (F)   62        44      1927


SUNRISE AND SUNSET
AUGUST  3 2015........SUNRISE   605 AM EDT   SUNSET   822 PM EDT
AUGUST  4 2015........SUNRISE   606 AM EDT   SUNSET   821 PM EDT


-  INDICATES NEGATIVE NUMBERS.
R  INDICATES RECORD WAS SET OR TIED.
MM INDICATES DATA IS MISSING.
T  INDICATES TRACE AMOUNT.




$$
