441
CDUS41 KCTP 041240
CLIIPT


CLIMATE REPORT
NATIONAL WEATHER SERVICE STATE COLLEGE PA
840 AM EDT WED MAY 4 2016


...................................

...THE WILLIAMSPORT PA CLIMATE SUMMARY FOR MAY 3 2016...

CLIMATE NORMAL PERIOD 1981 TO 2010
CLIMATE RECORD PERIOD 1895 TO 2016


WEATHER ITEM   OBSERVED TIME   RECORD YEAR NORMAL DEPARTURE LAST
                VALUE   (LST)  VALUE       VALUE  FROM      YEAR
                                                  NORMAL
..................................................................
TEMPERATURE (F)
 YESTERDAY
  MAXIMUM         58    533 PM  92    2001  68    -10       80
  MINIMUM         49    703 AM  30    2005  44      5       43
                                      1966
                                      1941
  AVERAGE         54                        56     -2       62

PRECIPITATION (IN)
  YESTERDAY        0.12          2.73 1954   0.10   0.02     0.00
  MONTH TO DATE    0.88                      0.32   0.56      T
  SINCE MAR 1      3.58                      6.53  -2.95     6.56
  SINCE JAN 1     10.00                     11.57  -1.57     9.35

SNOWFALL (IN)
  YESTERDAY        0.0           0.0  2002   0.0    0.0      0.0
                                      2001
  MONTH TO DATE    0.0                       0.0    0.0      0.0
  SINCE MAR 1      2.0                       8.0   -6.0     11.4
  SINCE JUL 1      7.7                      36.0  -28.3     44.4
  SNOW DEPTH       0

DEGREE DAYS
 HEATING
  YESTERDAY       11                        10      1        3
  MONTH TO DATE   35                        30      5       15
  SINCE MAR 1   1092                      1318   -226     1439
  SINCE JUL 1   4735                      5785  -1050     6076

 COOLING
  YESTERDAY        0                         0      0        0
  MONTH TO DATE    0                         0      0        0
  SINCE MAR 1      0                         5     -5        0
  SINCE JAN 1      0                         5     -5        0
..................................................................


WIND (MPH)
  HIGHEST WIND SPEED     6   HIGHEST WIND DIRECTION    NE (50)
  HIGHEST GUST SPEED     8   HIGHEST GUST DIRECTION    NW (320)
  AVERAGE WIND SPEED     2.9


SKY COVER
  POSSIBLE SUNSHINE  MM
  AVERAGE SKY COVER 1.0


WEATHER CONDITIONS
 THE FOLLOWING WEATHER WAS RECORDED YESTERDAY.
  HEAVY RAIN
  LIGHT RAIN
  FOG
  HAZE


RELATIVE HUMIDITY (PERCENT)
 HIGHEST    93           300 AM
 LOWEST     67           600 PM
 AVERAGE    80

..........................................................


THE WILLIAMSPORT PA CLIMATE NORMALS FOR TODAY
                         NORMAL    RECORD    YEAR
 MAXIMUM TEMPERATURE (F)   68        93      1928
 MINIMUM TEMPERATURE (F)   44        30      2002
                                             1931


SUNRISE AND SUNSET
MAY  4 2016...........SUNRISE   601 AM EDT   SUNSET   809 PM EDT
MAY  5 2016...........SUNRISE   600 AM EDT   SUNSET   810 PM EDT


-  INDICATES NEGATIVE NUMBERS.
R  INDICATES RECORD WAS SET OR TIED.
MM INDICATES DATA IS MISSING.
T  INDICATES TRACE AMOUNT.




$$
