000
CDUS41 KCTP 170626
CLIIPT


CLIMATE REPORT
NATIONAL WEATHER SERVICE STATE COLLEGE PA
226 AM EDT TUE OCT 17 2017


...................................

...THE WILLIAMSPORT PA CLIMATE SUMMARY FOR OCTOBER 16 2017...

CLIMATE NORMAL PERIOD 1981 TO 2010
CLIMATE RECORD PERIOD 1895 TO 2017


WEATHER ITEM   OBSERVED TIME   RECORD YEAR NORMAL DEPARTURE LAST
                VALUE   (LST)  VALUE       VALUE  FROM      YEAR
                                                  NORMAL
..................................................................
TEMPERATURE (F)
 YESTERDAY
  MAXIMUM         64   1241 AM  86    1897  62      2       68
  MINIMUM         39   1157 PM  26    1944  41     -2       48
  AVERAGE         52                        52      0       58

PRECIPITATION (IN)
  YESTERDAY        T             1.45 1977   0.10  -0.10     0.06
  MONTH TO DATE    2.14                      1.85   0.29     1.86
  SINCE SEP 1      3.38                      6.01  -2.63     5.37
  SINCE JAN 1     39.41                     33.04   6.37    28.80

SNOWFALL (IN)
  YESTERDAY        0.0           1.0  1977   0.0    0.0      0.0
  MONTH TO DATE    0.0                       0.0    0.0      0.0
  SINCE SEP 1      0.0                       0.0    0.0      0.0
  SINCE JUL 1      0.0                       0.0    0.0      0.0
  SNOW DEPTH       0

DEGREE DAYS
 HEATING
  YESTERDAY       13                        13      0        7
  MONTH TO DATE   57                       175   -118      120
  SINCE SEP 1    122                       289   -167      161
  SINCE JUL 1    124                       303   -179      161

 COOLING
  YESTERDAY        0                         0      0        0
  MONTH TO DATE   41                         1     40        0
  SINCE SEP 1    187                        64    123      164
  SINCE JAN 1    929                       698    231     1137
..................................................................


WIND (MPH)
  HIGHEST WIND SPEED    20   HIGHEST WIND DIRECTION    NW (300)
  HIGHEST GUST SPEED    27   HIGHEST GUST DIRECTION     W (290)
  AVERAGE WIND SPEED     9.3


SKY COVER
  POSSIBLE SUNSHINE  MM
  AVERAGE SKY COVER 0.5


WEATHER CONDITIONS
 THE FOLLOWING WEATHER WAS RECORDED YESTERDAY.
  NO SIGNIFICANT WEATHER WAS OBSERVED.


RELATIVE HUMIDITY (PERCENT)
 HIGHEST    77           700 AM
 LOWEST     29           400 PM
 AVERAGE    53

..........................................................


THE WILLIAMSPORT PA CLIMATE NORMALS FOR TODAY
                         NORMAL    RECORD    YEAR
 MAXIMUM TEMPERATURE (F)   62        86      1938
 MINIMUM TEMPERATURE (F)   41        22      1937


SUNRISE AND SUNSET
OCTOBER 17 2017.......SUNRISE   722 AM EDT   SUNSET   623 PM EDT
OCTOBER 18 2017.......SUNRISE   723 AM EDT   SUNSET   622 PM EDT


-  INDICATES NEGATIVE NUMBERS.
R  INDICATES RECORD WAS SET OR TIED.
MM INDICATES DATA IS MISSING.
T  INDICATES TRACE AMOUNT.




$$
