062
CDUS41 KCTP 172217
CLIIPT


CLIMATE REPORT
NATIONAL WEATHER SERVICE STATE COLLEGE PA
516 PM EST TUE JAN 17 2017


...................................

...THE WILLIAMSPORT PA CLIMATE SUMMARY FOR JANUARY 17 2017...
VALID TODAY AS OF 0500 PM LOCAL TIME.

CLIMATE NORMAL PERIOD 1981 TO 2010
CLIMATE RECORD PERIOD 1895 TO 2017


WEATHER ITEM   OBSERVED TIME   RECORD YEAR NORMAL DEPARTURE LAST
                VALUE   (LST)  VALUE       VALUE  FROM      YEAR
                                                  NORMAL
..................................................................
TEMPERATURE (F)
 TODAY
  MAXIMUM         39    459 PM  61    1990  34      5       35
  MINIMUM         34    806 AM -13    2009  19     15       27
  AVERAGE         37                        26     11       31

PRECIPITATION (IN)
  TODAY            0.20          1.64 1924   0.09   0.11      T
  MONTH TO DATE    1.73                      1.46   0.27     2.06
  SINCE DEC 1      4.69                      4.39   0.30     5.42
  SINCE JAN 1      1.73                      1.46   0.27     2.06

SNOWFALL (IN)
  TODAY            0.0          10.1  1978   0.4   -0.4      0.1
  MONTH TO DATE    1.0                       5.6   -4.6      0.7
  SINCE DEC 1      9.9                      12.5   -2.6      0.7
  SINCE JUL 1     10.0                      14.3   -4.3      0.7
  SNOW DEPTH       0

DEGREE DAYS
 HEATING
  TODAY           28                        39    -11       34
  MONTH TO DATE  598                       652    -54      618
  SINCE DEC 1   1573                      1700   -127     1290
  SINCE JUL 1   2507                      2945   -438     2217

 COOLING
  TODAY            0                         0      0        0
  MONTH TO DATE    0                         0      0        0
  SINCE DEC 1      0                         0      0        0
  SINCE JAN 1      0                         0      0        0
..................................................................


WIND (MPH)
  HIGHEST WIND SPEED    18   HIGHEST WIND DIRECTION     E (100)
  HIGHEST GUST SPEED    25   HIGHEST GUST DIRECTION     E (110)
  AVERAGE WIND SPEED     4.9


SKY COVER
  POSSIBLE SUNSHINE  MM
  AVERAGE SKY COVER 1.0


WEATHER CONDITIONS
 THE FOLLOWING WEATHER WAS RECORDED TODAY.
  RAIN
  LIGHT RAIN
  FOG
  HAZE


RELATIVE HUMIDITY (PERCENT)
 HIGHEST    92           100 PM
 LOWEST     70          1200 AM
 AVERAGE    81

..........................................................


THE WILLIAMSPORT PA CLIMATE NORMALS FOR TOMORROW
                         NORMAL    RECORD    YEAR
 MAXIMUM TEMPERATURE (F)   34        62      1990
 MINIMUM TEMPERATURE (F)   19       -17      1977


SUNRISE AND SUNSET
JANUARY 17 2017.......SUNRISE   730 AM EST   SUNSET   506 PM EST
JANUARY 18 2017.......SUNRISE   729 AM EST   SUNSET   507 PM EST


-  INDICATES NEGATIVE NUMBERS.
R  INDICATES RECORD WAS SET OR TIED.
MM INDICATES DATA IS MISSING.
T  INDICATES TRACE AMOUNT.




$$
