190
CDUS41 KCTP 110623
CLIIPT


CLIMATE REPORT
NATIONAL WEATHER SERVICE STATE COLLEGE PA
123 AM EST THU FEB 11 2016


...................................

...THE WILLIAMSPORT PA CLIMATE SUMMARY FOR FEBRUARY 10 2016...

CLIMATE NORMAL PERIOD 1981 TO 2010
CLIMATE RECORD PERIOD 1895 TO 2016


WEATHER ITEM   OBSERVED TIME   RECORD YEAR NORMAL DEPARTURE LAST
                VALUE   (LST)  VALUE       VALUE  FROM      YEAR
                                                  NORMAL
..................................................................
TEMPERATURE (F)
 YESTERDAY
  MAXIMUM         32    330 AM  60    2001  37     -5       32
  MINIMUM         20   1157 PM -14    1899  21     -1       23
  AVERAGE         26                        29     -3       28

PRECIPITATION (IN)
  YESTERDAY        0.01          0.87 1970   0.08  -0.07     0.00
  MONTH TO DATE    1.18                      0.84   0.34     0.79
  SINCE DEC 1      6.60                      6.47   0.13     5.10
  SINCE JAN 1      3.24                      3.54  -0.30     2.50

SNOWFALL (IN)
  YESTERDAY        0.2           6.4  2010   0.3   -0.1      0.0
  MONTH TO DATE    2.5                       3.2   -0.7      4.7
  SINCE DEC 1      3.4                      20.6  -17.2     23.4
  SINCE JUL 1      3.4                      22.4  -19.0     28.5
  SNOW DEPTH       3

DEGREE DAYS
 HEATING
  YESTERDAY       39                        36      3       37
  MONTH TO DATE  283                       369    -86      407
  SINCE DEC 1   2083                      2603   -520     2567
  SINCE JUL 1   3010                      3848   -838     3737

 COOLING
  YESTERDAY        0                         0      0        0
  MONTH TO DATE    0                         0      0        0
  SINCE DEC 1      0                         0      0        0
  SINCE JAN 1      0                         0      0        0
..................................................................


WIND (MPH)
  HIGHEST WIND SPEED    23   HIGHEST WIND DIRECTION     W (260)
  HIGHEST GUST SPEED    30   HIGHEST GUST DIRECTION     W (250)
  AVERAGE WIND SPEED    14.1


SKY COVER
  POSSIBLE SUNSHINE  MM
  AVERAGE SKY COVER 1.0


WEATHER CONDITIONS
 THE FOLLOWING WEATHER WAS RECORDED YESTERDAY.
  LIGHT SNOW


RELATIVE HUMIDITY (PERCENT)
 HIGHEST    78          1200 AM
 LOWEST     55           700 PM
 AVERAGE    67

..........................................................


THE WILLIAMSPORT PA CLIMATE NORMALS FOR TODAY
                         NORMAL    RECORD    YEAR
 MAXIMUM TEMPERATURE (F)   37        60      2009
 MINIMUM TEMPERATURE (F)   21       -17      1899


SUNRISE AND SUNSET
FEBRUARY 11 2016......SUNRISE   708 AM EST   SUNSET   536 PM EST
FEBRUARY 12 2016......SUNRISE   707 AM EST   SUNSET   537 PM EST


-  INDICATES NEGATIVE NUMBERS.
R  INDICATES RECORD WAS SET OR TIED.
MM INDICATES DATA IS MISSING.
T  INDICATES TRACE AMOUNT.




$$
