000
CDUS41 KCTP 240615
CLIIPT


CLIMATE REPORT
NATIONAL WEATHER SERVICE STATE COLLEGE PA
214 AM EDT WED AUG 24 2016


...................................

...THE WILLIAMSPORT PA CLIMATE SUMMARY FOR AUGUST 23 2016...

CLIMATE NORMAL PERIOD 1981 TO 2010
CLIMATE RECORD PERIOD 1895 TO 2016


WEATHER ITEM   OBSERVED TIME   RECORD YEAR NORMAL DEPARTURE LAST
                VALUE   (LST)  VALUE       VALUE  FROM      YEAR
                                                  NORMAL
..................................................................
TEMPERATURE (F)
 YESTERDAY
  MAXIMUM         81    519 PM  97    1936  81      0       79
  MINIMUM         53    534 AM  43    1923  60     -7       57
  AVERAGE         67                        70     -3       68

PRECIPITATION (IN)
  YESTERDAY        0.00          1.16 1988   0.12  -0.12     0.00
  MONTH TO DATE    4.52                      2.89   1.63     3.88
  SINCE JUN 1     12.08                     11.15   0.93    15.62
  SINCE JAN 1     23.42                     26.06  -2.64    28.04

DEGREE DAYS
 HEATING
  YESTERDAY        0                         0      0        0
  MONTH TO DATE    0                         0      0        0
  SINCE JUN 1      9                        41    -32       23
  SINCE JUL 1      0                         4     -4        2

 COOLING
  YESTERDAY        2                         6     -4        3
  MONTH TO DATE  271                       160    111      187
  SINCE JUN 1    819                       550    269      615
  SINCE JAN 1    892                       593    299      743
..................................................................


WIND (MPH)
  HIGHEST WIND SPEED     9   HIGHEST WIND DIRECTION    SE (150)
  HIGHEST GUST SPEED    13   HIGHEST GUST DIRECTION     S (200)
  AVERAGE WIND SPEED     2.5


SKY COVER
  POSSIBLE SUNSHINE  MM
  AVERAGE SKY COVER 0.1


WEATHER CONDITIONS
 THE FOLLOWING WEATHER WAS RECORDED YESTERDAY.
  NO SIGNIFICANT WEATHER WAS OBSERVED.


RELATIVE HUMIDITY (PERCENT)
 HIGHEST    93           300 AM
 LOWEST     45           300 PM
 AVERAGE    69

..........................................................


THE WILLIAMSPORT PA CLIMATE NORMALS FOR TODAY
                         NORMAL    RECORD    YEAR
 MAXIMUM TEMPERATURE (F)   81        94      1918
 MINIMUM TEMPERATURE (F)   60        42      1940


SUNRISE AND SUNSET
AUGUST 24 2016........SUNRISE   627 AM EDT   SUNSET   752 PM EDT
AUGUST 25 2016........SUNRISE   628 AM EDT   SUNSET   751 PM EDT


-  INDICATES NEGATIVE NUMBERS.
R  INDICATES RECORD WAS SET OR TIED.
MM INDICATES DATA IS MISSING.
T  INDICATES TRACE AMOUNT.




$$
