000
CDUS41 KCTP 290623
CLIIPT


CLIMATE REPORT
NATIONAL WEATHER SERVICE STATE COLLEGE PA
123 AM EST MON DEC 29 2014


...................................

...THE WILLIAMSPORT PA CLIMATE SUMMARY FOR DECEMBER 28 2014...

CLIMATE NORMAL PERIOD 1981 TO 2010
CLIMATE RECORD PERIOD 1895 TO 2014


WEATHER ITEM   OBSERVED TIME   RECORD YEAR NORMAL DEPARTURE LAST
                VALUE   (LST)  VALUE       VALUE  FROM      YEAR
                                                  NORMAL
..................................................................
TEMPERATURE (F)
 YESTERDAY
  MAXIMUM         50    124 AM  62    1982  35     15       51
  MINIMUM         36   1159 PM -15    1950  21     15       17
  AVERAGE         43                        28     15       34

PRECIPITATION (IN)
  YESTERDAY        0.02          0.75 1942   0.08  -0.06     0.00
  MONTH TO DATE    2.60                      2.71  -0.11     2.55
  SINCE DEC 1      2.60                      2.71  -0.11     2.55
  SINCE JAN 1     37.17                     41.06  -3.89    31.60

SNOWFALL (IN)
  YESTERDAY        0.0
  MONTH TO DATE    4.0
  SINCE DEC 1      4.0
  SINCE JUL 1      9.1
  SNOW DEPTH       0

DEGREE DAYS
 HEATING
  YESTERDAY       22                        37    -15       31
  MONTH TO DATE  797                       936   -139      969
  SINCE DEC 1    797                       936   -139      969
  SINCE JUL 1   1967                      2181   -214     2212

 COOLING
  YESTERDAY        0                         0      0        0
  MONTH TO DATE    0                         0      0        0
  SINCE DEC 1      0                         0      0        0
  SINCE JAN 1    713                       702     11      863
..................................................................


WIND (MPH)
  HIGHEST WIND SPEED    13   HIGHEST WIND DIRECTION     E (70)
  HIGHEST GUST SPEED    17   HIGHEST GUST DIRECTION    NW (320)
  AVERAGE WIND SPEED     4.9


SKY COVER
  POSSIBLE SUNSHINE  MM
  AVERAGE SKY COVER 0.9


WEATHER CONDITIONS
 THE FOLLOWING WEATHER WAS RECORDED YESTERDAY.
  LIGHT RAIN
  FOG


RELATIVE HUMIDITY (PERCENT)
 HIGHEST    89           500 AM
 LOWEST     50          1200 AM
 AVERAGE    70

..........................................................


THE WILLIAMSPORT PA CLIMATE NORMALS FOR TODAY
                         NORMAL    RECORD    YEAR
 MAXIMUM TEMPERATURE (F)   35        67      1984
 MINIMUM TEMPERATURE (F)   21        -4      1933


SUNRISE AND SUNSET
DECEMBER 29 2014......SUNRISE   733 AM EST   SUNSET   447 PM EST
DECEMBER 30 2014......SUNRISE   733 AM EST   SUNSET   448 PM EST


-  INDICATES NEGATIVE NUMBERS.
R  INDICATES RECORD WAS SET OR TIED.
MM INDICATES DATA IS MISSING.
T  INDICATES TRACE AMOUNT.




$$
