000
CDUS43 KEAX 240632
CLIIRK


CLIMATE REPORT
NATIONAL WEATHER SERVICE KANSAS CITY/PLEASANT HILL MO
1231 AM CST FRI NOV 24 2017


...................................

...THE KIRKSVILLE MO CLIMATE SUMMARY FOR NOVEMBER 23 2017...

CLIMATE NORMAL PERIOD 1981 TO 2010
CLIMATE RECORD PERIOD 9999 TO 9999


WEATHER ITEM   OBSERVED TIME   NORMAL DEPARTURE LAST
                VALUE   (LST)  VALUE  FROM      YEAR
                                      NORMAL
......................................................
TEMPERATURE (F)
 YESTERDAY
  MAXIMUM         58    246 PM  46     12       52
  MINIMUM         30   1203 AM  28      2       39
  AVERAGE         44            37      7       46

PRECIPITATION (IN)
  YESTERDAY        0.00          0.07  -0.07     0.01
  MONTH TO DATE    0.49          2.16  -1.67     1.41
  SINCE SEP 1      7.29          9.59  -2.30     6.25
  SINCE JAN 1     31.56         37.00  -5.44    29.39

DEGREE DAYS
 HEATING
  YESTERDAY       21            28     -7       19
  MONTH TO DATE  569           525     44      336
  SINCE SEP 1    892          1007   -115      557
  SINCE JUL 1    893          1014   -121      563

 COOLING
  YESTERDAY        0             0      0        0
  MONTH TO DATE    0             0      0        7
  SINCE SEP 1    196            95    101      235
  SINCE JAN 1   1121           939    182     1313
......................................................


WIND (MPH)
  HIGHEST WIND SPEED    14   HIGHEST WIND DIRECTION     W (250)
  HIGHEST GUST SPEED    19   HIGHEST GUST DIRECTION     W (250)
  AVERAGE WIND SPEED     7.3


SKY COVER
  AVERAGE SKY COVER 0.1


WEATHER CONDITIONS
 THE FOLLOWING WEATHER WAS RECORDED YESTERDAY.
  NO SIGNIFICANT WEATHER WAS OBSERVED.


RELATIVE HUMIDITY (PERCENT)
 HIGHEST    79           700 PM
 LOWEST     40           200 PM
 AVERAGE    60

..........................................................


THE KIRKSVILLE MO CLIMATE NORMALS FOR TODAY
                         NORMAL
 MAXIMUM TEMPERATURE (F)   46
 MINIMUM TEMPERATURE (F)   27


SUNRISE AND SUNSET
NOVEMBER 24 2017......SUNRISE   706 AM CST   SUNSET   448 PM CST
NOVEMBER 25 2017......SUNRISE   707 AM CST   SUNSET   447 PM CST


-  INDICATES NEGATIVE NUMBERS.
R  INDICATES RECORD WAS SET OR TIED.
MM INDICATES DATA IS MISSING.
T  INDICATES TRACE AMOUNT.




$$
