000
CDUS43 KEAX 020635
CLIIRK


CLIMATE REPORT
NATIONAL WEATHER SERVICE KANSAS CITY/PLEASANT HILL MO
135 AM CDT SAT AUG 2 2014


...................................

...THE KIRKSVILLE MO CLIMATE SUMMARY FOR AUGUST 1 2014...

CLIMATE NORMAL PERIOD 1981 TO 2010
CLIMATE RECORD PERIOD 9999 TO 9999


WEATHER ITEM   OBSERVED TIME   NORMAL DEPARTURE LAST
                VALUE   (LST)  VALUE  FROM      YEAR
                                      NORMAL
......................................................
TEMPERATURE (F)
 YESTERDAY
  MAXIMUM         85    233 PM  86     -1       87
  MINIMUM         59   1157 PM  65     -6       59
  AVERAGE         72            76     -4       73

PRECIPITATION (IN)
  YESTERDAY        0.00          0.11  -0.11     0.00
  MONTH TO DATE    0.00          0.11  -0.11     0.00
  SINCE JUN 1     10.23          9.55   0.68     5.42
  SINCE JAN 1     19.33         23.70  -4.37    29.89

DEGREE DAYS
 HEATING
  YESTERDAY        0             0      0        0
  MONTH TO DATE    0             0      0        0
  SINCE JUN 1     12            17     -5       44
  SINCE JUL 1      6             1      5        8

 COOLING
  YESTERDAY        7            11     -4        8
  MONTH TO DATE    7            11     -4        8
  SINCE JUN 1    445           516    -71      472
  SINCE JAN 1    567           578    -11      540
......................................................


WIND (MPH)
  HIGHEST WIND SPEED    15   HIGHEST WIND DIRECTION     N (10)
  HIGHEST GUST SPEED    17   HIGHEST GUST DIRECTION     N (10)
  AVERAGE WIND SPEED     3.5


SKY COVER
  AVERAGE SKY COVER 0.4


WEATHER CONDITIONS
 THE FOLLOWING WEATHER WAS RECORDED YESTERDAY.
  FOG


RELATIVE HUMIDITY (PERCENT)
 HIGHEST    93           300 AM
 LOWEST     43           400 PM
 AVERAGE    68

..........................................................


THE KIRKSVILLE MO CLIMATE NORMALS FOR TODAY
                         NORMAL
 MAXIMUM TEMPERATURE (F)   86
 MINIMUM TEMPERATURE (F)   65


SUNRISE AND SUNSET
AUGUST  2 2014........SUNRISE   609 AM CDT   SUNSET   823 PM CDT
AUGUST  3 2014........SUNRISE   610 AM CDT   SUNSET   822 PM CDT


-  INDICATES NEGATIVE NUMBERS.
R  INDICATES RECORD WAS SET OR TIED.
MM INDICATES DATA IS MISSING.
T  INDICATES TRACE AMOUNT.




$$
