000
CDUS43 KEAX 260032
CLIIRK


CLIMATE REPORT
NATIONAL WEATHER SERVICE KANSAS CITY/PLEASANT HILL MO
732 PM CDT MON MAY 25 2015


...................................

...THE KIRKSVILLE MO CLIMATE SUMMARY FOR MAY 25 2015...
VALID TODAY AS OF 0700 PM LOCAL TIME.

CLIMATE NORMAL PERIOD 1981 TO 2010
CLIMATE RECORD PERIOD 9999 TO 9999


WEATHER ITEM   OBSERVED TIME   NORMAL DEPARTURE LAST
                VALUE   (LST)  VALUE  FROM      YEAR
                                      NORMAL
......................................................
TEMPERATURE (F)
 TODAY
  MAXIMUM         79    508 PM  75      4       84
  MINIMUM         61    530 AM  55      6       64
  AVERAGE         70            65      5       74

PRECIPITATION (IN)
  TODAY            0.12          0.16  -0.04      T
  MONTH TO DATE    3.63          3.98  -0.35     1.31
  SINCE MAR 1      8.16         10.37  -2.21     5.36
  SINCE JAN 1     10.21         13.17  -2.96     8.91

DEGREE DAYS
 HEATING
  TODAY            0             3     -3        0
  MONTH TO DATE  106           139    -33      155
  SINCE MAR 1   1074          1296   -222     1458
  SINCE JUL 1   5753          5829    -76     6428

 COOLING
  TODAY            5             3      2        9
  MONTH TO DATE   48            37     11       66
  SINCE MAR 1     51            44      7       71
  SINCE JAN 1     51            44      7       71
......................................................


WIND (MPH)
  HIGHEST WIND SPEED    20   HIGHEST WIND DIRECTION     S (190)
  HIGHEST GUST SPEED    25   HIGHEST GUST DIRECTION     S (190)
  AVERAGE WIND SPEED    10.4


SKY COVER
  AVERAGE SKY COVER 0.5


WEATHER CONDITIONS
 THE FOLLOWING WEATHER WAS RECORDED TODAY.
  RAIN
  LIGHT RAIN
  FOG


RELATIVE HUMIDITY (PERCENT)
 HIGHEST   100           300 AM
 LOWEST     67           500 PM
 AVERAGE    84

..........................................................


THE KIRKSVILLE MO CLIMATE NORMALS FOR TOMORROW
                         NORMAL
 MAXIMUM TEMPERATURE (F)   76
 MINIMUM TEMPERATURE (F)   55


SUNRISE AND SUNSET
MAY 25 2015...........SUNRISE   547 AM CDT   SUNSET   828 PM CDT
MAY 26 2015...........SUNRISE   546 AM CDT   SUNSET   828 PM CDT


-  INDICATES NEGATIVE NUMBERS.
R  INDICATES RECORD WAS SET OR TIED.
MM INDICATES DATA IS MISSING.
T  INDICATES TRACE AMOUNT.




$$
