000
CDUS43 KEAX 230632
CLIIRK


CLIMATE REPORT
NATIONAL WEATHER SERVICE KANSAS CITY/PLEASANT HILL MO
131 AM CDT SUN APR 23 2017


...................................

...THE KIRKSVILLE MO CLIMATE SUMMARY FOR APRIL 22 2017...

CLIMATE NORMAL PERIOD 1981 TO 2010
CLIMATE RECORD PERIOD 9999 TO 9999


WEATHER ITEM   OBSERVED TIME   NORMAL DEPARTURE LAST
                VALUE   (LST)  VALUE  FROM      YEAR
                                      NORMAL
......................................................
TEMPERATURE (F)
 YESTERDAY
  MAXIMUM         64    425 PM  65     -1       64
  MINIMUM         41   1159 PM  43     -2       48
  AVERAGE         53            54     -1       56

PRECIPITATION (IN)
  YESTERDAY        0.00          0.15  -0.15     0.00
  MONTH TO DATE    2.80          2.51   0.29     1.88
  SINCE MAR 1      6.44          5.06   1.38     3.87
  SINCE JAN 1      8.30          7.86   0.44     6.46

DEGREE DAYS
 HEATING
  YESTERDAY       12            11      1        9
  MONTH TO DATE  185           323   -138      286
  SINCE MAR 1    827          1077   -250      812
  SINCE JUL 1   4356          5610  -1254     4519

 COOLING
  YESTERDAY        0             0      0        0
  MONTH TO DATE   24             0     24        2
  SINCE MAR 1     24             0     24        2
  SINCE JAN 1     24             0     24        2
......................................................


WIND (MPH)
  HIGHEST WIND SPEED    25   HIGHEST WIND DIRECTION    NE (40)
  HIGHEST GUST SPEED    31   HIGHEST GUST DIRECTION     N (10)
  AVERAGE WIND SPEED    12.1


SKY COVER
  AVERAGE SKY COVER 0.0


WEATHER CONDITIONS
 THE FOLLOWING WEATHER WAS RECORDED YESTERDAY.
  NO SIGNIFICANT WEATHER WAS OBSERVED.


RELATIVE HUMIDITY (PERCENT)
 HIGHEST    76           500 AM
 LOWEST     31           300 PM
 AVERAGE    54

..........................................................


THE KIRKSVILLE MO CLIMATE NORMALS FOR TODAY
                         NORMAL
 MAXIMUM TEMPERATURE (F)   65
 MINIMUM TEMPERATURE (F)   43


SUNRISE AND SUNSET
APRIL 23 2017.........SUNRISE   620 AM CDT   SUNSET   757 PM CDT
APRIL 24 2017.........SUNRISE   619 AM CDT   SUNSET   758 PM CDT


-  INDICATES NEGATIVE NUMBERS.
R  INDICATES RECORD WAS SET OR TIED.
MM INDICATES DATA IS MISSING.
T  INDICATES TRACE AMOUNT.




$$
