000
CDUS43 KEAX 200646
CLIIRK


CLIMATE REPORT
NATIONAL WEATHER SERVICE KANSAS CITY/PLEASANT HILL MO
1244 AM CST FRI JAN 20 2017


...................................

...THE KIRKSVILLE MO CLIMATE SUMMARY FOR JANUARY 19 2017...

CLIMATE NORMAL PERIOD 1981 TO 2010
CLIMATE RECORD PERIOD 9999 TO 9999


WEATHER ITEM   OBSERVED TIME   NORMAL DEPARTURE LAST
                VALUE   (LST)  VALUE  FROM      YEAR
                                      NORMAL
......................................................
TEMPERATURE (F)
 YESTERDAY
  MAXIMUM         44    500 PM  35      9       18
  MINIMUM         33   1215 AM  17     16        5
  AVERAGE         39            26     13       12

PRECIPITATION (IN)
  YESTERDAY        T             0.04  -0.04     0.34
  MONTH TO DATE    1.55          0.64   0.91     1.06
  SINCE DEC 1      2.78          2.39   0.39     5.42
  SINCE JAN 1      1.55          0.64   0.91     1.06

DEGREE DAYS
 HEATING
  YESTERDAY       26            39    -13       53
  MONTH TO DATE  732           741     -9      773
  SINCE DEC 1   1811          1863    -52     1520
  SINCE JUL 1   2533          3084   -551     2402

 COOLING
  YESTERDAY        0             0      0        0
  MONTH TO DATE    0             0      0        0
  SINCE DEC 1      0             0      0        0
  SINCE JAN 1      0             0      0        0
......................................................


WIND (MPH)
  HIGHEST WIND SPEED     9   HIGHEST WIND DIRECTION    SE (120)
  HIGHEST GUST SPEED    11   HIGHEST GUST DIRECTION    SE (120)
  AVERAGE WIND SPEED     4.2


SKY COVER
  AVERAGE SKY COVER 1.0


WEATHER CONDITIONS
 THE FOLLOWING WEATHER WAS RECORDED YESTERDAY.
  LIGHT RAIN
  FOG
  FOG W/VISIBILITY <= 1/4 MILE


RELATIVE HUMIDITY (PERCENT)
 HIGHEST   100          1200 AM
 LOWEST     92           100 AM
 AVERAGE    96

..........................................................


THE KIRKSVILLE MO CLIMATE NORMALS FOR TODAY
                         NORMAL
 MAXIMUM TEMPERATURE (F)   35
 MINIMUM TEMPERATURE (F)   17


SUNRISE AND SUNSET
JANUARY 20 2017.......SUNRISE   728 AM CST   SUNSET   515 PM CST
JANUARY 21 2017.......SUNRISE   727 AM CST   SUNSET   516 PM CST


-  INDICATES NEGATIVE NUMBERS.
R  INDICATES RECORD WAS SET OR TIED.
MM INDICATES DATA IS MISSING.
T  INDICATES TRACE AMOUNT.




$$
