000
CDUS41 KOKX 280617
CLIISP


CLIMATE REPORT
NATIONAL WEATHER SERVICE NEW YORK NY
217 AM EDT MON JUL 28 2014


...................................

...THE ISLIP NY CLIMATE SUMMARY FOR JULY 27 2014...

CLIMATE NORMAL PERIOD 1981 TO 2010
CLIMATE RECORD PERIOD 1986 TO 2014


WEATHER ITEM   OBSERVED TIME   RECORD YEAR NORMAL DEPARTURE LAST
                VALUE   (LST)  VALUE       VALUE  FROM      YEAR
                                                  NORMAL
..................................................................
TEMPERATURE (F)
 YESTERDAY
  MAXIMUM         83    203 PM  94    1999  82      1       80
  MINIMUM         73   1200 AM  56    2001  67      6       66
  AVERAGE         78                        74      4       73

PRECIPITATION (IN)
  YESTERDAY        0.00          1.85 1984   0.12  -0.12     0.00
  MONTH TO DATE    2.62                      2.94  -0.32     2.33
  SINCE JUN 1      4.41                      7.21  -2.80    10.48
  SINCE JAN 1     26.15                     26.67  -0.52    25.83

SNOWFALL (IN)
  YESTERDAY        0.0          MM      MM   0.0    0.0      0.0
  MONTH TO DATE    0.0                       0.0    0.0      0.0
  SINCE OCT 1     63.7                      24.8   38.9     46.9
  SINCE JUL 1      0.0                       0.0    0.0      0.0
  SNOW DEPTH       0

DEGREE DAYS
 HEATING
  YESTERDAY        0                         0      0        0
  MONTH TO DATE    0                         0      0        0
  SINCE JUN 1      2                        38    -36       12
  SINCE JUL 1      0                         0      0        0

 COOLING
  YESTERDAY       13                         9      4        8
  MONTH TO DATE  291                       236     55      376
  SINCE JUN 1    462                       376     86      545
  SINCE JAN 1    491                       400     91      577
..................................................................


WIND (MPH)
  HIGHEST WIND SPEED    18   HIGHEST WIND DIRECTION     S (200)
  HIGHEST GUST SPEED    24   HIGHEST GUST DIRECTION    SW (230)
  AVERAGE WIND SPEED    11.0


SKY COVER
  AVERAGE SKY COVER 0.8


WEATHER CONDITIONS
 THE FOLLOWING WEATHER WAS RECORDED YESTERDAY.
  NO SIGNIFICANT WEATHER WAS OBSERVED.


RELATIVE HUMIDITY (PERCENT)
 HIGHEST    87           100 AM
 LOWEST     65           200 PM
 AVERAGE    76

..........................................................


THE ISLIP NY CLIMATE NORMALS FOR TODAY
                         NORMAL    RECORD    YEAR
 MAXIMUM TEMPERATURE (F)   82        96      1999
 MINIMUM TEMPERATURE (F)   67        56      2001


SUNRISE AND SUNSET
JULY 28 2014..........SUNRISE   545 AM EDT   SUNSET   812 PM EDT
JULY 29 2014..........SUNRISE   546 AM EDT   SUNSET   811 PM EDT


-  INDICATES NEGATIVE NUMBERS.
R  INDICATES RECORD WAS SET OR TIED.
MM INDICATES DATA IS MISSING.
T  INDICATES TRACE AMOUNT.




$$
