000
CDUS41 KOKX 282032
CLIISP


CLIMATE REPORT
NATIONAL WEATHER SERVICE NEW YORK NY
431 PM EDT WED JUN 28 2017


...................................

...THE ISLIP NY CLIMATE SUMMARY FOR JUNE 28 2017...
VALID TODAY AS OF 0400 PM LOCAL TIME.

CLIMATE NORMAL PERIOD 1981 TO 2010
CLIMATE RECORD PERIOD 1963 TO 2017


WEATHER ITEM   OBSERVED TIME   RECORD YEAR NORMAL DEPARTURE LAST
                VALUE   (LST)  VALUE       VALUE  FROM      YEAR
                                                  NORMAL
..................................................................
TEMPERATURE (F)
 TODAY
  MAXIMUM         79    245 PM  91    2010  80     -1       75
  MINIMUM         58    449 AM  50    1995  64     -6       67
  AVERAGE         69                        72     -3       71

PRECIPITATION (IN)
  TODAY            0.00          1.62 1983   0.11  -0.11     0.06
  MONTH TO DATE    3.57                      4.05  -0.48     1.12
  SINCE JUN 1      3.57                      4.05  -0.48     1.12
  SINCE JAN 1     22.51                     23.51  -1.00    18.31

SNOWFALL (IN)
  TODAY            0.0          MM      MM   0.0    0.0      0.0
  MONTH TO DATE    0.0                       0.0    0.0      0.0
  SINCE OCT 1     39.3                      24.8   14.5     41.4
  SINCE JUL 1     39.3                      24.8   14.5     41.4
  SNOW DEPTH       0

DEGREE DAYS
 HEATING
  TODAY            0                         0      0        0
  MONTH TO DATE   42                        36      6        8
  SINCE JUN 1     42                        36      6        8
  SINCE JUL 1   4769                      5426   -657     4372

 COOLING
  TODAY            4                         7     -3        6
  MONTH TO DATE  148                       125     23      117
  SINCE JUN 1    148                       125     23      117
  SINCE JAN 1    187                       149     38      161
..................................................................


WIND (MPH)
  HIGHEST WIND SPEED    20   HIGHEST WIND DIRECTION     W (290)
  HIGHEST GUST SPEED    27   HIGHEST GUST DIRECTION     W (280)
  AVERAGE WIND SPEED     8.8


SKY COVER
  AVERAGE SKY COVER 0.2


WEATHER CONDITIONS
 THE FOLLOWING WEATHER WAS RECORDED TODAY.
  NO SIGNIFICANT WEATHER WAS OBSERVED.


RELATIVE HUMIDITY (PERCENT)
 HIGHEST    87           300 AM
 LOWEST     32           100 PM
 AVERAGE    60

..........................................................


THE ISLIP NY CLIMATE NORMALS FOR TOMORROW
                         NORMAL    RECORD    YEAR
 MAXIMUM TEMPERATURE (F)   80        95      1991
 MINIMUM TEMPERATURE (F)   64        49      1995


SUNRISE AND SUNSET
JUNE 28 2017..........SUNRISE   523 AM EDT   SUNSET   828 PM EDT
JUNE 29 2017..........SUNRISE   524 AM EDT   SUNSET   828 PM EDT


-  INDICATES NEGATIVE NUMBERS.
R  INDICATES RECORD WAS SET OR TIED.
MM INDICATES DATA IS MISSING.
T  INDICATES TRACE AMOUNT.




$$
