000
CDUS41 KOKX 280617
CLIISP


CLIMATE REPORT
NATIONAL WEATHER SERVICE NEW YORK NY
217 AM EDT THU JUL 28 2016


...................................

...THE ISLIP NY CLIMATE SUMMARY FOR JULY 27 2016...

CLIMATE NORMAL PERIOD 1981 TO 2010
CLIMATE RECORD PERIOD 1984 TO 2016


WEATHER ITEM   OBSERVED TIME   RECORD YEAR NORMAL DEPARTURE LAST
                VALUE   (LST)  VALUE       VALUE  FROM      YEAR
                                                  NORMAL
..................................................................
TEMPERATURE (F)
 YESTERDAY
  MAXIMUM         89    215 PM  94    1999  82      7       83
  MINIMUM         69    442 AM  56    2001  67      2       74
  AVERAGE         79                        74      5       79

PRECIPITATION (IN)
  YESTERDAY        0.00          1.85 1984   0.12  -0.12     0.00
  MONTH TO DATE    2.09                      2.94  -0.85     1.41
  SINCE JUN 1      3.22                      7.21  -3.99     5.46
  SINCE JAN 1     20.41                     26.67  -6.26    20.55

SNOWFALL (IN)
  YESTERDAY        0.0          MM      MM   0.0    0.0      0.0
  MONTH TO DATE    0.0                       0.0    0.0      0.0
  SINCE OCT 1     41.4                      24.8   16.6     63.7
  SINCE JUL 1      0.0                       0.0    0.0      0.0
  SNOW DEPTH       0

DEGREE DAYS
 HEATING
  YESTERDAY        0                         0      0        0
  MONTH TO DATE    0                         0      0        0
  SINCE JUN 1      8                        38    -30       46
  SINCE JUL 1      0                         0      0        0

 COOLING
  YESTERDAY       14                         9      5       14
  MONTH TO DATE  321                       236     85      277
  SINCE JUN 1    460                       376     84      429
  SINCE JAN 1    504                       400    104      479
..................................................................


WIND (MPH)
  HIGHEST WIND SPEED    15   HIGHEST WIND DIRECTION     S (190)
  HIGHEST GUST SPEED    19   HIGHEST GUST DIRECTION     S (180)
  AVERAGE WIND SPEED     6.3


SKY COVER
  AVERAGE SKY COVER 0.2


WEATHER CONDITIONS
 THE FOLLOWING WEATHER WAS RECORDED YESTERDAY.
  NO SIGNIFICANT WEATHER WAS OBSERVED.


RELATIVE HUMIDITY (PERCENT)
 HIGHEST    87           900 PM
 LOWEST     45          1000 AM
 AVERAGE    66

..........................................................


THE ISLIP NY CLIMATE NORMALS FOR TODAY
                         NORMAL    RECORD    YEAR
 MAXIMUM TEMPERATURE (F)   82        96      1999
 MINIMUM TEMPERATURE (F)   67        56      2001


SUNRISE AND SUNSET
JULY 28 2016..........SUNRISE   546 AM EDT   SUNSET   812 PM EDT
JULY 29 2016..........SUNRISE   546 AM EDT   SUNSET   811 PM EDT


-  INDICATES NEGATIVE NUMBERS.
R  INDICATES RECORD WAS SET OR TIED.
MM INDICATES DATA IS MISSING.
T  INDICATES TRACE AMOUNT.




$$
