000
CDUS41 KOKX 042045
CLIISP


CLIMATE REPORT
NATIONAL WEATHER SERVICE NEW YORK NY
445 PM EDT SAT JUL 4 2015


...................................

...THE ISLIP NY CLIMATE SUMMARY FOR JULY 4 2015...
VALID TODAY AS OF 0400 PM LOCAL TIME.

CLIMATE NORMAL PERIOD 1981 TO 2010
CLIMATE RECORD PERIOD 1986 TO 2015


WEATHER ITEM   OBSERVED TIME   RECORD YEAR NORMAL DEPARTURE LAST
                VALUE   (LST)  VALUE       VALUE  FROM      YEAR
                                                  NORMAL
..................................................................
TEMPERATURE (F)
 TODAY
  MAXIMUM         77   1142 AM  97    2010  81     -4       75
  MINIMUM         66    527 AM  54    1986  65      1       65
  AVERAGE         72                        73     -1       70

PRECIPITATION (IN)
  TODAY            T             0.91 2014   0.10  -0.10     0.91
  MONTH TO DATE    0.10                      0.39  -0.29     0.96
  SINCE JUN 1      4.15                      4.66  -0.51     2.75
  SINCE JAN 1     19.24                     24.12  -4.88    24.49

SNOWFALL (IN)
  TODAY            0.0          MM      MM   0.0    0.0      0.0
  MONTH TO DATE    0.0                       0.0    0.0      0.0
  SINCE OCT 1     63.7                      24.8   38.9     63.7
  SINCE JUL 1      0.0                       0.0    0.0      0.0
  SNOW DEPTH       0

DEGREE DAYS
 HEATING
  TODAY            0                         0      0        0
  MONTH TO DATE    0                         0      0        0
  SINCE JUN 1     46                        38      8        2
  SINCE JUL 1      0                         0      0        0

 COOLING
  TODAY            7                         8     -1        5
  MONTH TO DATE   29                        32     -3       47
  SINCE JUN 1    181                       172      9      218
  SINCE JAN 1    231                       196     35      247
..................................................................


WIND (MPH)
  HIGHEST WIND SPEED    14   HIGHEST WIND DIRECTION     N (340)
  HIGHEST GUST SPEED    17   HIGHEST GUST DIRECTION     N (350)
  AVERAGE WIND SPEED     6.1


SKY COVER
  AVERAGE SKY COVER 0.6


WEATHER CONDITIONS
 THE FOLLOWING WEATHER WAS RECORDED TODAY.
  LIGHT RAIN


RELATIVE HUMIDITY (PERCENT)
 HIGHEST    87           400 AM
 LOWEST     43          1100 AM
 AVERAGE    65

..........................................................


THE ISLIP NY CLIMATE NORMALS FOR TOMORROW
                         NORMAL    RECORD    YEAR
 MAXIMUM TEMPERATURE (F)   81       102      1999
 MINIMUM TEMPERATURE (F)   65        58      2009


SUNRISE AND SUNSET
JULY  4 2015..........SUNRISE   526 AM EDT   SUNSET   827 PM EDT
JULY  5 2015..........SUNRISE   527 AM EDT   SUNSET   827 PM EDT


-  INDICATES NEGATIVE NUMBERS.
R  INDICATES RECORD WAS SET OR TIED.
MM INDICATES DATA IS MISSING.
T  INDICATES TRACE AMOUNT.




$$
