000
CDUS41 KOKX 010618
CLIISP


CLIMATE REPORT
NATIONAL WEATHER SERVICE NEW YORK NY
218 AM EDT MON SEP 1 2014


...................................

...THE ISLIP NY CLIMATE SUMMARY FOR AUGUST 31 2014...

CLIMATE NORMAL PERIOD 1981 TO 2010
CLIMATE RECORD PERIOD 1986 TO 2014


WEATHER ITEM   OBSERVED TIME   RECORD YEAR NORMAL DEPARTURE LAST
                VALUE   (LST)  VALUE       VALUE  FROM      YEAR
                                                  NORMAL
..................................................................
TEMPERATURE (F)
 YESTERDAY
  MAXIMUM         83    157 PM  94    2010  78      5       81
  MINIMUM         72    310 AM  50    1986  63      9       71
  AVERAGE         78                        71      7       76

PRECIPITATION (IN)
  YESTERDAY        0.02          0.36 2004   0.12  -0.10     0.00
  MONTH TO DATE   14.07                      3.98  10.09     2.72
  SINCE JUN 1     18.82                     11.68   7.14    13.21
  SINCE JAN 1     40.56                     31.14   9.42    28.56

SNOWFALL (IN)
  YESTERDAY        0.0          MM      MM   0.0    0.0      0.0
  MONTH TO DATE    0.0                       0.0    0.0      0.0
  SINCE OCT 1     63.7                      24.8   38.9     46.9
  SINCE JUL 1      0.0                       0.0    0.0      0.0
  SNOW DEPTH       0

DEGREE DAYS
 HEATING
  YESTERDAY        0                         0      0        0
  MONTH TO DATE    0                         0      0        0
  SINCE JUN 1      2                        43    -41       12
  SINCE JUL 1      0                         5     -5        0

 COOLING
  YESTERDAY       13                         6      7       11
  MONTH TO DATE  223                       246    -23      237
  SINCE JUN 1    718                       662     56      815
  SINCE JAN 1    747                       686     61      847
..................................................................


WIND (MPH)
  HIGHEST WIND SPEED    16   HIGHEST WIND DIRECTION    SW (210)
  HIGHEST GUST SPEED    23   HIGHEST GUST DIRECTION     S (190)
  AVERAGE WIND SPEED     9.9


SKY COVER
  AVERAGE SKY COVER 0.9


WEATHER CONDITIONS
 THE FOLLOWING WEATHER WAS RECORDED YESTERDAY.
  THUNDERSTORM
  LIGHT RAIN


RELATIVE HUMIDITY (PERCENT)
 HIGHEST    87           800 PM
 LOWEST     74           100 PM
 AVERAGE    81

..........................................................


THE ISLIP NY CLIMATE NORMALS FOR TODAY
                         NORMAL    RECORD    YEAR
 MAXIMUM TEMPERATURE (F)   78        93      2010
 MINIMUM TEMPERATURE (F)   63        49      1991


SUNRISE AND SUNSET
SEPTEMBER  1 2014.....SUNRISE   619 AM EDT   SUNSET   725 PM EDT
SEPTEMBER  2 2014.....SUNRISE   620 AM EDT   SUNSET   723 PM EDT


-  INDICATES NEGATIVE NUMBERS.
R  INDICATES RECORD WAS SET OR TIED.
MM INDICATES DATA IS MISSING.
T  INDICATES TRACE AMOUNT.




$$
