000
CDCA42 TJSJ 282134
CLIIST


CLIMATE REPORT
NATIONAL WEATHER SERVICE SAN JUAN, PR
534 PM AST FRI NOV 28 2014


...................................

...THE CYRIL E. KING AIRPORT/USVI CLIMATE SUMMARY FOR NOVEMBER 28 2014...
VALID TODAY AS OF 0500 PM LOCAL TIME.

CLIMATE NORMAL PERIOD 1981 TO 2010
CLIMATE RECORD PERIOD 1953 TO 2014


WEATHER ITEM   OBSERVED TIME   RECORD YEAR NORMAL DEPARTURE LAST
                VALUE   (LST)  VALUE       VALUE  FROM      YEAR
                                                  NORMAL
..................................................................
TEMPERATURE (F)
 TODAY
  MAXIMUM         84   1113 AM  93    1980  86     -2       85
  MINIMUM         70R   645 AM  70    2011  75     -5       76
                                      1982
  AVERAGE         77                        80     -3       81

PRECIPITATION (IN)
  TODAY            0.00          2.90 1987   0.12  -0.12     0.19
  MONTH TO DATE    7.12                      5.00   2.12     7.79
  SINCE SEP 1     10.75                     16.00  -5.25    19.89
  SINCE JAN 1     32.69                     36.15  -3.46    44.70

SNOWFALL (IN)
  TODAY            0.0
  MONTH TO DATE    0.0
  SINCE SEP 1      0.0
  SINCE JUL 1      0.0

DEGREE DAYS
 HEATING
  TODAY            0                         0      0        0
  MONTH TO DATE    0                         0      0        0
  SINCE SEP 1      0                         0      0        0
  SINCE JUL 1      0                         0      0        0

 COOLING
  TODAY           12                        15     -3       16
  MONTH TO DATE  435                       454    -19      457
  SINCE SEP 1   1525                      1574    -49     1634
  SINCE JAN 1   5515                      5565    -50     5534
..................................................................


WIND (MPH)
  RESULTANT WIND SPEED   6   RESULTANT WIND DIRECTION   S (160)
  HIGHEST WIND SPEED    10   HIGHEST WIND DIRECTION    SE (150)
  AVERAGE WIND SPEED     6.5


SKY COVER
  AVERAGE SKY COVER 0.2


WEATHER CONDITIONS
 THE FOLLOWING WEATHER WAS RECORDED TODAY.
  NO SIGNIFICANT WEATHER WAS OBSERVED.


RELATIVE HUMIDITY (PERCENT)
 HIGHEST    82
 LOWEST     65
 AVERAGE    74

..........................................................


THE CYRIL E. KING AIRPORT/USVI CLIMATE NORMALS FOR TOMORROW
                         NORMAL    RECORD    YEAR
 MAXIMUM TEMPERATURE (F)   86        92      1980
 MINIMUM TEMPERATURE (F)   74        70      1972


SUNRISE AND SUNSET
NOVEMBER 28 2014......SUNRISE   634 AM AST   SUNSET   542 PM AST
NOVEMBER 29 2014......SUNRISE   634 AM AST   SUNSET   542 PM AST


-  INDICATES NEGATIVE NUMBERS.
R  INDICATES RECORD WAS SET OR TIED.
MM INDICATES DATA IS MISSING.
T  INDICATES TRACE AMOUNT.




$$
