632
CDCA42 TJSJ 262133
CLIIST


CLIMATE REPORT
NATIONAL WEATHER SERVICE SAN JUAN, PR
533 PM AST WED JUL 26 2017


...................................

...THE CYRIL E. KING AP/ST THOMAS  CLIMATE SUMMARY FOR JULY 26 2017...
VALID TODAY AS OF 0500 PM LOCAL TIME.

CLIMATE NORMAL PERIOD 1981 TO 2010
CLIMATE RECORD PERIOD 1953 TO 2017


WEATHER ITEM   OBSERVED TIME   RECORD YEAR NORMAL DEPARTURE LAST
                VALUE   (LST)  VALUE       VALUE  FROM      YEAR
                                                  NORMAL
..................................................................
TEMPERATURE (F)
 TODAY
  MAXIMUM         87    434 PM  96    1994  90     -3       91
  MINIMUM         79    611 AM  72    1985  78      1       81
  AVERAGE         83                        84     -1       86

PRECIPITATION (IN)
  TODAY            T             0.78 1954   0.09  -0.09     0.00
  MONTH TO DATE    4.62                      2.37   2.25     1.91
  SINCE JUN 1      5.95                      4.90   1.05     4.23
  SINCE JAN 1     17.28                     15.93   1.35    13.84

SNOWFALL (IN)
  TODAY            0.0                       0.0    0.0      0.0
  MONTH TO DATE    0.0                       0.0    0.0      0.0
  SINCE JUN 1      0.0                       0.0    0.0      0.0
  SINCE JUL 1      0.0                       0.0    0.0      0.0

DEGREE DAYS
 HEATING
  TODAY            0                         0      0        0
  MONTH TO DATE    0                         0      0        0
  SINCE JUN 1      0                         0      0        0
  SINCE JUL 1      0                         0      0        0

 COOLING
  TODAY           18                        19     -1       21
  MONTH TO DATE  506                       494     12      553
  SINCE JUN 1    870                      1049   -179     1165
  SINCE JAN 1   3057                      3301   -244     3478
..................................................................


WIND (MPH)
  HIGHEST WIND SPEED    13   HIGHEST WIND DIRECTION    SE (130)
  HIGHEST GUST SPEED    16   HIGHEST GUST DIRECTION    SE (130)
  AVERAGE WIND SPEED     8.4


SKY COVER
  AVERAGE SKY COVER 0.3


WEATHER CONDITIONS
 THE FOLLOWING WEATHER WAS RECORDED TODAY.
  NO SIGNIFICANT WEATHER WAS OBSERVED.


RELATIVE HUMIDITY (PERCENT)
 HIGHEST    97
 LOWEST     75
 AVERAGE    86

..........................................................


THE CYRIL E. KING AP/ST THOMAS  CLIMATE NORMALS FOR TOMORROW
                         NORMAL    RECORD    YEAR
 MAXIMUM TEMPERATURE (F)   90        98      1994
 MINIMUM TEMPERATURE (F)   78        73      1954


SUNRISE AND SUNSET
JULY 26 2017..........SUNRISE   556 AM AST   SUNSET   657 PM AST
JULY 27 2017..........SUNRISE   556 AM AST   SUNSET   656 PM AST


-  INDICATES NEGATIVE NUMBERS.
R  INDICATES RECORD WAS SET OR TIED.
MM INDICATES DATA IS MISSING.
T  INDICATES TRACE AMOUNT.




$$
