000
CDCA42 TJSJ 010428
CLIISX


CLIMATE REPORT
NATIONAL WEATHER SERVICE SAN JUAN, PR
1226 AM AST WED MAR 1 2017


...................................

...THE HENRY E. ROHLSEN AP/ST CROIX CLIMATE SUMMARY FOR FEBRUARY 28 2017...

CLIMATE NORMAL PERIOD 1981 TO 2010
CLIMATE RECORD PERIOD 1951 TO 2017


WEATHER ITEM   OBSERVED TIME   RECORD YEAR NORMAL DEPARTURE LAST
                VALUE   (LST)  VALUE       VALUE  FROM      YEAR
                                                  NORMAL
..................................................................
TEMPERATURE (F)
 YESTERDAY
  MAXIMUM         84    919 AM  89    1981  84      0       86
  MINIMUM         74    326 AM  65    2001  72      2       73
  AVERAGE         79                        78      1       80

PRECIPITATION (IN)
  YESTERDAY        0.08          2.00 1995   0.06   0.02     0.00
  MONTH TO DATE    0.81                      1.65  -0.84     1.19
  SINCE DEC 1      6.03                      6.76  -0.73     4.13
  SINCE JAN 1      1.74                      3.79  -2.05     1.69

SNOWFALL (IN)
  YESTERDAY        0.0                       0.0    0.0      0.0
  MONTH TO DATE    0.0                       0.0    0.0      0.0
  SINCE DEC 1      0.0                       0.0    0.0      0.0
  SINCE JUL 1      0.0                       0.0    0.0      0.0

DEGREE DAYS
 HEATING
  YESTERDAY        0                         0      0        0
  MONTH TO DATE    0                         0      0        0
  SINCE DEC 1      0                         0      0        0
  SINCE JUL 1      0                         0      0        0

 COOLING
  YESTERDAY       14                        13      1       15
  MONTH TO DATE  366                       368     -2      405
  SINCE DEC 1   1235                      1213     22     1320
  SINCE JAN 1    769                       777     -8      837
..................................................................


WIND (MPH)
  HIGHEST WIND SPEED    23   HIGHEST WIND DIRECTION     E (70)
  HIGHEST GUST SPEED    29   HIGHEST GUST DIRECTION    NE (60)
  AVERAGE WIND SPEED    12.7


SKY COVER
  AVERAGE SKY COVER 0.3


WEATHER CONDITIONS
 THE FOLLOWING WEATHER WAS RECORDED YESTERDAY.
  LIGHT RAIN
  HAZE


RELATIVE HUMIDITY (PERCENT)
 HIGHEST    82
 LOWEST     63
 AVERAGE    73

..........................................................


THE HENRY E. ROHLSEN AP/ST CROIX CLIMATE NORMALS FOR TODAY
                         NORMAL    RECORD    YEAR
 MAXIMUM TEMPERATURE (F)   84        89      1973
 MINIMUM TEMPERATURE (F)   72        65      2013


SUNRISE AND SUNSET
MARCH  1 2017.........SUNRISE   637 AM AST   SUNSET   626 PM AST
MARCH  2 2017.........SUNRISE   637 AM AST   SUNSET   626 PM AST


-  INDICATES NEGATIVE NUMBERS.
R  INDICATES RECORD WAS SET OR TIED.
MM INDICATES DATA IS MISSING.
T  INDICATES TRACE AMOUNT.




$$
