420
CDHW43 PHFO 291245
CLIITO


CLIMATE REPORT
NATIONAL WEATHER SERVICE HONOLULU HI
245 AM HST FRI JUL 29 2016


...................................

...THE HILO HI CLIMATE SUMMARY FOR JULY 28 2016...

CLIMATE NORMAL PERIOD 1981 TO 2010
CLIMATE RECORD PERIOD 1946 TO 2016


WEATHER ITEM   OBSERVED TIME   RECORD YEAR NORMAL DEPARTURE LAST
                VALUE   (LST)  VALUE       VALUE  FROM      YEAR
                                                  NORMAL
..................................................................
TEMPERATURE (F)
 YESTERDAY
  MAXIMUM         87R   225 PM  87    2015  83      4       87
                                      2007
                                      2005
  MINIMUM         72    624 AM  63    1999  70      2       72
  AVERAGE         80                        76      4       80

PRECIPITATION (IN)
  YESTERDAY        T             1.67 2006   0.37  -0.37     0.01
  MONTH TO DATE    6.96                      9.68  -2.72     7.77
  SINCE JUN 1     18.15                     17.05   1.10    13.00
  SINCE JAN 1     43.01                     68.96 -25.95    51.92

SNOWFALL (IN)
  YESTERDAY        0.0
  MONTH TO DATE    0.0
  SINCE JUN 1      0.0
  SINCE JUL 1      0.0
  SNOW DEPTH       0

DEGREE DAYS
 HEATING
  YESTERDAY        0                         0      0        0
  MONTH TO DATE    0                         0      0        0
  SINCE JUN 1      0                         0      0        0
  SINCE JUL 1      0                         0      0        0

 COOLING
  YESTERDAY       15                        11      4       15
  MONTH TO DATE  387                       308     79      379
  SINCE JUN 1    753                       614    139      740
  SINCE JAN 1   2299                      1682    617     2058
..................................................................


WIND (MPH)
  HIGHEST WIND SPEED    14   HIGHEST WIND DIRECTION    NE (30)
  HIGHEST GUST SPEED    18   HIGHEST GUST DIRECTION     N (20)
  AVERAGE WIND SPEED     7.2


SKY COVER
  POSSIBLE SUNSHINE  MM
  AVERAGE SKY COVER 0.6


WEATHER CONDITIONS
 THE FOLLOWING WEATHER WAS RECORDED YESTERDAY.
  NO SIGNIFICANT WEATHER WAS OBSERVED.


RELATIVE HUMIDITY (PERCENT)
 HIGHEST    84           200 AM
 LOWEST     55          1200 PM
 AVERAGE    70

..........................................................


THE HILO HI CLIMATE NORMALS FOR TODAY
                         NORMAL    RECORD    YEAR
 MAXIMUM TEMPERATURE (F)   83        89      1986
 MINIMUM TEMPERATURE (F)   70        63      1970
                                             1956


SUNRISE AND SUNSET
JULY 29 2016..........SUNRISE   555 AM HST   SUNSET   658 PM HST
JULY 30 2016..........SUNRISE   556 AM HST   SUNSET   657 PM HST


-  INDICATES NEGATIVE NUMBERS.
R  INDICATES RECORD WAS SET OR TIED.
MM INDICATES DATA IS MISSING.
T  INDICATES TRACE AMOUNT.




$$
