000
CDHW43 PHFO 270237
CLIITO


CLIMATE REPORT
NATIONAL WEATHER SERVICE HONOLULU HI
436 PM HST MON JUN 26 2017


...................................

...THE HILO HI CLIMATE SUMMARY FOR JUNE 26 2017...
VALID TODAY AS OF 0400 PM LOCAL TIME.

CLIMATE NORMAL PERIOD 1981 TO 2010
CLIMATE RECORD PERIOD 1946 TO 2017


WEATHER ITEM   OBSERVED TIME   RECORD YEAR NORMAL DEPARTURE LAST
                VALUE   (LST)  VALUE       VALUE  FROM      YEAR
                                                  NORMAL
..................................................................
TEMPERATURE (F)
 TODAY
  MAXIMUM         87R  1254 PM  87    1995  82      5       85
  MINIMUM         71    400 AM  61    1956  69      2       72
  AVERAGE         79                        76      3       79

PRECIPITATION (IN)
  TODAY            0.00          3.39 1997   0.28  -0.28     0.03
  MONTH TO DATE    2.85                      6.23  -3.38    10.42
  SINCE JUN 1      2.85                      6.23  -3.38    10.42
  SINCE JAN 1     37.49                     58.14 -20.65    35.28

SNOWFALL (IN)
  TODAY            0.0
  MONTH TO DATE    0.0
  SINCE JUN 1      0.0
  SINCE JUL 1      0.0
  SNOW DEPTH      MM

DEGREE DAYS
 HEATING
  TODAY            0                         0      0        0
  MONTH TO DATE    0                         0      0        0
  SINCE JUN 1      0                         0      0        0
  SINCE JUL 1      0                         0      0        0

 COOLING
  TODAY           14                        10      4       14
  MONTH TO DATE  300                       260     40      310
  SINCE JUN 1    300                       260     40      310
  SINCE JAN 1   1604                      1328    276     1856
..................................................................


WIND (MPH)
  HIGHEST WIND SPEED    15   HIGHEST WIND DIRECTION    SE (120)
  HIGHEST GUST SPEED    22   HIGHEST GUST DIRECTION     E (110)
  AVERAGE WIND SPEED    MM


SKY COVER
  POSSIBLE SUNSHINE  MM
  AVERAGE SKY COVER  MM


WEATHER CONDITIONS
 THE FOLLOWING WEATHER WAS RECORDED TODAY.
  NO SIGNIFICANT WEATHER WAS OBSERVED.


RELATIVE HUMIDITY (PERCENT)
 HIGHEST    MM
 LOWEST     MM
 AVERAGE    MM

..........................................................


THE HILO HI CLIMATE NORMALS FOR TOMORROW
                         NORMAL    RECORD    YEAR
 MAXIMUM TEMPERATURE (F)   83        87      1980
                                             1977
                                             1969
 MINIMUM TEMPERATURE (F)   69        65      1975
                                             1970
                                             1956


SUNRISE AND SUNSET
JUNE 26 2017..........SUNRISE   544 AM HST   SUNSET   703 PM HST
JUNE 27 2017..........SUNRISE   544 AM HST   SUNSET   703 PM HST


-  INDICATES NEGATIVE NUMBERS.
R  INDICATES RECORD WAS SET OR TIED.
MM INDICATES DATA IS MISSING.
T  INDICATES TRACE AMOUNT.




$$
