000
CDHW43 PHFO 231245
CLIITO


CLIMATE REPORT
NATIONAL WEATHER SERVICE HONOLULU HI
245 AM HST THU FEB 23 2017


...................................

...THE HILO HI CLIMATE SUMMARY FOR FEBRUARY 22 2017...

CLIMATE NORMAL PERIOD 1981 TO 2010
CLIMATE RECORD PERIOD 1946 TO 2017


WEATHER ITEM   OBSERVED TIME   RECORD YEAR NORMAL DEPARTURE LAST
                VALUE   (LST)  VALUE       VALUE  FROM      YEAR
                                                  NORMAL
..................................................................
TEMPERATURE (F)
 YESTERDAY
  MAXIMUM         78    414 PM  87    1968  79     -1       82
                                      1963
  MINIMUM         67   1120 PM  57    1962  64      3       67
  AVERAGE         73                        71      2       75

PRECIPITATION (IN)
  YESTERDAY        0.04          5.26 2013   0.35  -0.31     0.06
  MONTH TO DATE    1.08                      7.34  -6.26     2.74
  SINCE DEC 1     33.82                     28.17   5.65    18.13
  SINCE JAN 1     13.42                     16.60  -3.18     4.03

SNOWFALL (IN)
  YESTERDAY        0.0
  MONTH TO DATE    0.0
  SINCE DEC 1      0.0
  SINCE JUL 1      0.0
  SNOW DEPTH       0

DEGREE DAYS
 HEATING
  YESTERDAY        0                         0      0        0
  MONTH TO DATE    0                         0      0        0
  SINCE DEC 1      0                         0      0        0
  SINCE JUL 1      0                         0      0        0

 COOLING
  YESTERDAY        8                         6      2       10
  MONTH TO DATE  164                       132     32      199
  SINCE DEC 1    604                       555     49      792
  SINCE JAN 1    374                       330     44      486
..................................................................


WIND (MPH)
  HIGHEST WIND SPEED    18   HIGHEST WIND DIRECTION     N (20)
  HIGHEST GUST SPEED    24   HIGHEST GUST DIRECTION     N (20)
  AVERAGE WIND SPEED     7.7


SKY COVER
  POSSIBLE SUNSHINE  MM
  AVERAGE SKY COVER 0.8


WEATHER CONDITIONS
 THE FOLLOWING WEATHER WAS RECORDED YESTERDAY.
  LIGHT RAIN


RELATIVE HUMIDITY (PERCENT)
 HIGHEST    87           500 AM
 LOWEST     43           200 PM
 AVERAGE    65

..........................................................


THE HILO HI CLIMATE NORMALS FOR TODAY
                         NORMAL    RECORD    YEAR
 MAXIMUM TEMPERATURE (F)   79        86      1980
                                             1968
 MINIMUM TEMPERATURE (F)   64        55      1960


SUNRISE AND SUNSET
FEBRUARY 23 2017......SUNRISE   644 AM HST   SUNSET   623 PM HST
FEBRUARY 24 2017......SUNRISE   643 AM HST   SUNSET   624 PM HST


-  INDICATES NEGATIVE NUMBERS.
R  INDICATES RECORD WAS SET OR TIED.
MM INDICATES DATA IS MISSING.
T  INDICATES TRACE AMOUNT.




$$
