000
CDHW43 PHFO 211245
CLIITO


CLIMATE REPORT
NATIONAL WEATHER SERVICE HONOLULU HI
245 AM HST TUE NOV 21 2017


...................................

...THE HILO HI CLIMATE SUMMARY FOR NOVEMBER 20 2017...

CLIMATE NORMAL PERIOD 1981 TO 2010
CLIMATE RECORD PERIOD 1946 TO 2017


WEATHER ITEM   OBSERVED TIME   RECORD YEAR NORMAL DEPARTURE LAST
                VALUE   (LST)  VALUE       VALUE  FROM      YEAR
                                                  NORMAL
..................................................................
TEMPERATURE (F)
 YESTERDAY
  MAXIMUM         80   1245 PM  87    1992  81     -1       82
  MINIMUM         60R   624 AM  61    1960  67     -7       71
  AVERAGE         70                        74     -4       77

PRECIPITATION (IN)
  YESTERDAY        0.00          4.27 1974   0.54  -0.54     0.23
  MONTH TO DATE    8.37                     10.55  -2.18     3.02
  SINCE SEP 1     29.47                     30.26  -0.79    32.89
  SINCE JAN 1     83.09                    110.20 -27.11   100.98

SNOWFALL (IN)
  YESTERDAY        0.0
  MONTH TO DATE    0.0
  SINCE SEP 1      0.0
  SINCE JUL 1      0.0
  SNOW DEPTH      MM

DEGREE DAYS
 HEATING
  YESTERDAY        0                         0      0        0
  MONTH TO DATE    0                         0      0        0
  SINCE SEP 1      0                         0      0        0
  SINCE JUL 1      0                         0      0        0

 COOLING
  YESTERDAY        5                         9     -4       12
  MONTH TO DATE  173                       188    -15      199
  SINCE SEP 1    901                       851     50      925
  SINCE JAN 1   3317                      2923    394     3676
..................................................................


WIND (MPH)
  HIGHEST WIND SPEED    17   HIGHEST WIND DIRECTION     N (350)
  HIGHEST GUST SPEED    25   HIGHEST GUST DIRECTION     N (340)
  AVERAGE WIND SPEED     8.8


SKY COVER
  POSSIBLE SUNSHINE  MM
  AVERAGE SKY COVER  MM


WEATHER CONDITIONS
 THE FOLLOWING WEATHER WAS RECORDED YESTERDAY.
  NO SIGNIFICANT WEATHER WAS OBSERVED.


RELATIVE HUMIDITY (PERCENT)
 HIGHEST    MM
 LOWEST     MM
 AVERAGE    MM

..........................................................


THE HILO HI CLIMATE NORMALS FOR TODAY
                         NORMAL    RECORD    YEAR
 MAXIMUM TEMPERATURE (F)   80        85      1977
 MINIMUM TEMPERATURE (F)   67        61      2003
                                             1954


SUNRISE AND SUNSET
NOVEMBER 21 2017......SUNRISE   632 AM HST   SUNSET   540 PM HST
NOVEMBER 22 2017......SUNRISE   633 AM HST   SUNSET   540 PM HST


-  INDICATES NEGATIVE NUMBERS.
R  INDICATES RECORD WAS SET OR TIED.
MM INDICATES DATA IS MISSING.
T  INDICATES TRACE AMOUNT.




$$
