000
CDHW43 PHFO 221736
CLIITO


CLIMATE REPORT
NATIONAL WEATHER SERVICE HONOLULU HI
735 AM HST FRI MAY 22 2015


...................................

...THE HILO HI CLIMATE SUMMARY FOR MAY 20 2015...

CLIMATE NORMAL PERIOD 1981 TO 2010
CLIMATE RECORD PERIOD 1946 TO 2015


WEATHER ITEM   OBSERVED TIME   RECORD YEAR NORMAL DEPARTURE LAST
                VALUE   (LST)  VALUE       VALUE  FROM      YEAR
                                                  NORMAL
..................................................................
TEMPERATURE (F)
 YESTERDAY
  MAXIMUM         80    258 PM  94    1966  81     -1       84
  MINIMUM         68    752 AM  64    2001  67      1       66
                                      1999
                                      1982
  AVERAGE         74                        74      0       75

PRECIPITATION (IN)
  YESTERDAY        0.02          2.66 1998   0.24  -0.22     0.00
  MONTH TO DATE    6.94                      5.76   1.18     4.42
  SINCE MAR 1     30.17                     30.73  -0.56    36.52
  SINCE JAN 1     38.26                     49.55 -11.29    44.75

SNOWFALL (IN)
  YESTERDAY        0.0
  MONTH TO DATE    0.0
  SINCE MAR 1      0.0
  SINCE JUL 1      0.0
  SNOW DEPTH       0

DEGREE DAYS
 HEATING
  YESTERDAY        0                         0      0        0
  MONTH TO DATE    0                         0      0        0
  SINCE MAR 1      0                         0      0        0
  SINCE JUL 1      0                         0      0        0

 COOLING
  YESTERDAY        9                         9      0       10
  MONTH TO DATE  177                       168      9      201
  SINCE MAR 1    705                       595    110      692
  SINCE JAN 1   1231                       965    266     1150
..................................................................


WIND (MPH)
  HIGHEST WIND SPEED    13   HIGHEST WIND DIRECTION    SE (150)
  HIGHEST GUST SPEED    15   HIGHEST GUST DIRECTION     W (260)
  AVERAGE WIND SPEED     5.2


SKY COVER
  POSSIBLE SUNSHINE  MM
  AVERAGE SKY COVER 0.9


WEATHER CONDITIONS
 THE FOLLOWING WEATHER WAS RECORDED YESTERDAY.
  RAIN
  LIGHT RAIN
  FOG


RELATIVE HUMIDITY (PERCENT)
 HIGHEST    93           600 AM
 LOWEST     62           300 PM
 AVERAGE    78

..........................................................


THE HILO HI CLIMATE NORMALS FOR TODAY
                         NORMAL    RECORD    YEAR
 MAXIMUM TEMPERATURE (F)   81        88      1992
                                             1966
 MINIMUM TEMPERATURE (F)   67        62      1981
                                             1957


SUNRISE AND SUNSET
MAY 21 2015...........SUNRISE   543 AM HST   SUNSET   651 PM HST
MAY 22 2015...........SUNRISE   542 AM HST   SUNSET   652 PM HST


-  INDICATES NEGATIVE NUMBERS.
R  INDICATES RECORD WAS SET OR TIED.
MM INDICATES DATA IS MISSING.
T  INDICATES TRACE AMOUNT.




$$
