000
CDHW43 PHFO 250228
CLIITO


CLIMATE REPORT
NATIONAL WEATHER SERVICE HONOLULU HI
427 PM HST SAT FEB 24 2018


...................................

...THE HILO HI CLIMATE SUMMARY FOR FEBRUARY 24 2018...
VALID TODAY AS OF 0400 PM LOCAL TIME.

CLIMATE NORMAL PERIOD 1981 TO 2010
CLIMATE RECORD PERIOD 1946 TO 2018


WEATHER ITEM   OBSERVED TIME   RECORD YEAR NORMAL DEPARTURE LAST
                VALUE   (LST)  VALUE       VALUE  FROM      YEAR
                                                  NORMAL
..................................................................
TEMPERATURE (F)
 TODAY
  MAXIMUM         77    116 PM  89    1992  79     -2       79
  MINIMUM         69    822 AM  57    1965  64      5       64
  AVERAGE         73                        71      2       72

PRECIPITATION (IN)
  TODAY            2.84          7.09 2002   0.36   2.48      T
  MONTH TO DATE   12.36                      8.05   4.31     1.09
  SINCE DEC 1     36.89                     28.88   8.01    33.83
  SINCE JAN 1     26.99                     17.31   9.68    13.43

SNOWFALL (IN)
  TODAY            0.0
  MONTH TO DATE    0.0
  SINCE DEC 1      0.0
  SINCE JUL 1      0.0
  SNOW DEPTH      MM

DEGREE DAYS
 HEATING
  TODAY            0                         0      0        0
  MONTH TO DATE    0                         0      0        0
  SINCE DEC 1      0                         0      0        0
  SINCE JUL 1      0                         0      0        0

 COOLING
  TODAY            8                         6      2        7
  MONTH TO DATE  218                       144     74      178
  SINCE DEC 1    671                       567    104      618
  SINCE JAN 1    471                       342    129      388
..................................................................


WIND (MPH)
  HIGHEST WIND SPEED    17   HIGHEST WIND DIRECTION     E (110)
  HIGHEST GUST SPEED    25   HIGHEST GUST DIRECTION    SE (120)
  AVERAGE WIND SPEED    MM


SKY COVER
  POSSIBLE SUNSHINE  MM
  AVERAGE SKY COVER  MM


WEATHER CONDITIONS
 THE FOLLOWING WEATHER WAS RECORDED TODAY.
  FOG
  HAZE


RELATIVE HUMIDITY (PERCENT)
 HIGHEST    MM
 LOWEST     MM
 AVERAGE    MM

..........................................................


THE HILO HI CLIMATE NORMALS FOR TOMORROW
                         NORMAL    RECORD    YEAR
 MAXIMUM TEMPERATURE (F)   79        91      1968
 MINIMUM TEMPERATURE (F)   64        58      1982


SUNRISE AND SUNSET
FEBRUARY 24 2018......SUNRISE   643 AM HST   SUNSET   624 PM HST
FEBRUARY 25 2018......SUNRISE   643 AM HST   SUNSET   624 PM HST


-  INDICATES NEGATIVE NUMBERS.
R  INDICATES RECORD WAS SET OR TIED.
MM INDICATES DATA IS MISSING.
T  INDICATES TRACE AMOUNT.




$$
