000
CDHW43 PHFO 150231
CLIITO


CLIMATE REPORT
NATIONAL WEATHER SERVICE HONOLULU HI
431 PM HST SUN SEP 14 2014


...................................

...THE HILO HI CLIMATE SUMMARY FOR SEPTEMBER 14 2014...
VALID TODAY AS OF 0400 PM LOCAL TIME.

CLIMATE NORMAL PERIOD 1981 TO 2010
CLIMATE RECORD PERIOD 1946 TO 2014


WEATHER ITEM   OBSERVED TIME   RECORD YEAR NORMAL DEPARTURE LAST
                VALUE   (LST)  VALUE       VALUE  FROM      YEAR
                                                  NORMAL
..................................................................
TEMPERATURE (F)
 TODAY
  MAXIMUM         87    244 PM  90    1971  83      4       87
  MINIMUM         70    602 AM  64    1970  69      1       70
  AVERAGE         79                        76      3       79

PRECIPITATION (IN)
  TODAY            0.00          2.74 2005   0.33  -0.33     0.02
  MONTH TO DATE    1.25                      4.44  -3.19     0.76
  SINCE SEP 1      1.25                      4.44  -3.19     0.76
  SINCE JAN 1     82.36                     84.38  -2.02    65.64

SNOWFALL (IN)
  TODAY            0.0
  MONTH TO DATE    0.0
  SINCE SEP 1      0.0
  SINCE JUL 1      0.0
  SNOW DEPTH       0

DEGREE DAYS
 HEATING
  TODAY            0                         0      0        0
  MONTH TO DATE    0                         0      0        0
  SINCE SEP 1      0                         0      0        0
  SINCE JUL 1      0                         0      0        0

 COOLING
  TODAY           14                        11      3       14
  MONTH TO DATE  194                       154     40      179
  SINCE SEP 1    194                       154     40      179
  SINCE JAN 1   2471                      2226    245     2392
..................................................................


WIND (MPH)
  HIGHEST WIND SPEED    12   HIGHEST WIND DIRECTION    NE (50)
  HIGHEST GUST SPEED    17   HIGHEST GUST DIRECTION    NE (50)
  AVERAGE WIND SPEED     6.3


SKY COVER
  POSSIBLE SUNSHINE  MM
  AVERAGE SKY COVER 0.4


WEATHER CONDITIONS
 THE FOLLOWING WEATHER WAS RECORDED TODAY.
  NO SIGNIFICANT WEATHER WAS OBSERVED.


RELATIVE HUMIDITY (PERCENT)
 HIGHEST    90           300 AM
 LOWEST     61           900 AM
 AVERAGE    76

..........................................................


THE HILO HI CLIMATE NORMALS FOR TOMORROW
                         NORMAL    RECORD    YEAR
 MAXIMUM TEMPERATURE (F)   83        90      1972
 MINIMUM TEMPERATURE (F)   69        63      2009


SUNRISE AND SUNSET
SEPTEMBER 14 2014.....SUNRISE   608 AM HST   SUNSET   624 PM HST
SEPTEMBER 15 2014.....SUNRISE   608 AM HST   SUNSET   623 PM HST


-  INDICATES NEGATIVE NUMBERS.
R  INDICATES RECORD WAS SET OR TIED.
MM INDICATES DATA IS MISSING.
T  INDICATES TRACE AMOUNT.




$$
