000
CDUS43 KGLD 210759
CLIITR

CLIMATE REPORT
NATIONAL WEATHER SERVICE GOODLAND
1252 AM MST WED FEB 21 2018

...................................

...THE BURLINGTON CO CLIMATE SUMMARY FOR FEBRUARY 20 2018...

CLIMATE NORMAL PERIOD 1981 TO 2010
CLIMATE RECORD PERIOD 1896 TO 2018

WEATHER ITEM   OBSERVED TIME   RECORD YEAR NORMAL DEPARTURE LAST
                VALUE   (LST)  VALUE       VALUE  FROM      YEAR
                                                  NORMAL
..................................................................
TEMPERATURE (F)
 YESTERDAY
  MAXIMUM         16    341 PM  74    1972  46    -30       63
  MINIMUM         -8R   923 PM  -7    1918  19    -27       35
  AVERAGE          4                        32    -28       49

PRECIPITATION (IN)
  YESTERDAY        0.04                      0.02   0.02     0.00
  MONTH TO DATE    0.34                      0.26   0.08      T
  SINCE DEC 1      1.57                      1.07   0.50     0.90
  SINCE JAN 1      1.40                      0.64   0.76     0.56

..................................................................

THE BURLINGTON CO CLIMATE NORMALS FOR TODAY
                         NORMAL    RECORD    YEAR
 MAXIMUM TEMPERATURE (F)   46        77      2017
 MINIMUM TEMPERATURE (F)   19        -4      1911

-  INDICATES NEGATIVE NUMBERS.
R  INDICATES RECORD WAS SET OR TIED.
MM INDICATES DATA IS MISSING.
T  INDICATES TRACE AMOUNT.

$$
