000
CDUS43 KGLD 290741 RRA
CLIITR

CLIMATE REPORT
NATIONAL WEATHER SERVICE GOODLAND
137 AM MDT FRI AUG 29 2014

...................................

...THE BURLINGTON CO CLIMATE SUMMARY FOR AUGUST 28 2014...

CLIMATE NORMAL PERIOD 1981 TO 2010
CLIMATE RECORD PERIOD 1896 TO 2014

WEATHER ITEM   OBSERVED TIME   RECORD YEAR NORMAL DEPARTURE LAST
                VALUE   (LST)  VALUE       VALUE  FROM      YEAR
                                                  NORMAL
..................................................................
TEMPERATURE (F)
 YESTERDAY
  MAXIMUM         80    305 PM 101    1960  84     -4       95
  MINIMUM         55   1159 PM  42    1949  55      0       57
  AVERAGE         68                        70     -2       76

PRECIPITATION (IN)
  YESTERDAY        0.00                      0.07  -0.07     0.00
  MONTH TO DATE    1.88                      2.18  -0.30     1.86
  SINCE JUN 1      6.92                      8.19  -1.27     4.79
  SINCE JAN 1      9.84                     13.92  -4.08    10.39

..................................................................

THE BURLINGTON CO CLIMATE NORMALS FOR TODAY
                         NORMAL    RECORD    YEAR
 MAXIMUM TEMPERATURE (F)   84       101      2013
 MINIMUM TEMPERATURE (F)   55        45      2006
                                             1976


-  INDICATES NEGATIVE NUMBERS.
R  INDICATES RECORD WAS SET OR TIED.
MM INDICATES DATA IS MISSING.
T  INDICATES TRACE AMOUNT.

$$
