000
CDUS44 KJAN 030637
CLIJAN


CLIMATE REPORT
NATIONAL WEATHER SERVICE JACKSON MS
135 AM CDT TUE MAY 3 2016


...................................

...THE JACKSON CLIMATE SUMMARY FOR MAY 2 2016...

CLIMATE NORMAL PERIOD 1981 TO 2010
CLIMATE RECORD PERIOD 1896 TO 2016


WEATHER ITEM   OBSERVED TIME   RECORD YEAR NORMAL DEPARTURE LAST
                VALUE   (LST)  VALUE       VALUE  FROM      YEAR
                                                  NORMAL
..................................................................
TEMPERATURE (F)
 YESTERDAY
  MAXIMUM         75    425 PM  94    1902  80     -5       81
  MINIMUM         61    432 AM  40    1909  57      4       45
  AVERAGE         68                        68      0       63

PRECIPITATION (IN)
  YESTERDAY        0.40          1.66 1950   0.14   0.26     0.00
  MONTH TO DATE    1.01                      0.28   0.73     0.00
  SINCE MAR 1     20.50                     10.28  10.22    11.02
  SINCE JAN 1     32.10                     20.01  12.09    21.22

SNOWFALL (IN)
  YESTERDAY        0.0           0.0    MM   0.0    0.0      0.0
  MONTH TO DATE    0.0                       0.0    0.0      0.0
  SINCE MAR 1      0.0                       0.1   -0.1      0.3
  SINCE JUL 1      T                         0.8   -0.8      0.3

DEGREE DAYS
 HEATING
  YESTERDAY        0                         1     -1        2
  MONTH TO DATE    0                         2     -2        2
  SINCE MAR 1    189                       389   -200      227
  SINCE JUL 1   1580                      2381   -801     2353

 COOLING
  YESTERDAY        3                         5     -2        0
  MONTH TO DATE   12                         9      3        0
  SINCE MAR 1    162                       117     45      176
  SINCE JAN 1    171                       127     44      176
..................................................................


WIND (MPH)
  HIGHEST WIND SPEED    12   HIGHEST WIND DIRECTION     N (350)
  HIGHEST GUST SPEED    14   HIGHEST GUST DIRECTION     N (340)
  AVERAGE WIND SPEED     3.8


SKY COVER
  POSSIBLE SUNSHINE  MM
  AVERAGE SKY COVER 0.6


WEATHER CONDITIONS
 THE FOLLOWING WEATHER WAS RECORDED YESTERDAY.
  HEAVY RAIN
  RAIN
  LIGHT RAIN
  FOG
  HAZE


RELATIVE HUMIDITY (PERCENT)
 HIGHEST    93           200 AM
 LOWEST     73          1000 AM
 AVERAGE    83

..........................................................


THE JACKSON CLIMATE NORMALS FOR TODAY
                         NORMAL    RECORD    YEAR
 MAXIMUM TEMPERATURE (F)   80        92      1943
 MINIMUM TEMPERATURE (F)   58        40      2013


SUNRISE AND SUNSET
MAY  3 2016...........SUNRISE   612 AM CDT   SUNSET   743 PM CDT
MAY  4 2016...........SUNRISE   611 AM CDT   SUNSET   744 PM CDT


-  INDICATES NEGATIVE NUMBERS.
R  INDICATES RECORD WAS SET OR TIED.
MM INDICATES DATA IS MISSING.
T  INDICATES TRACE AMOUNT.

&&

AT 1 AM...

THE PEARL RIVER STAGE AT JACKSON WAS 9.8 FEET. THE RIVER FELL 1.8
FEET OVER THE PAST 24 HOURS.

THE MISSISSIPPI RIVER STAGE AT VICKSBURG WAS 27.3 FEET. THE RIVER
ROSE 1.0 FEET OVER THE PAST 24 HOURS.



$$
