000
CDUS44 KJAN 220658
CLIJAN


CLIMATE REPORT
NATIONAL WEATHER SERVICE JACKSON MS
156 AM CDT TUE JUL 22 2014


...................................

...THE JACKSON CLIMATE SUMMARY FOR JULY 21 2014...

CLIMATE NORMAL PERIOD 1981 TO 2010
CLIMATE RECORD PERIOD 1896 TO 2014


WEATHER ITEM   OBSERVED TIME   RECORD YEAR NORMAL DEPARTURE LAST
                VALUE   (LST)  VALUE       VALUE  FROM      YEAR
                                                  NORMAL
..................................................................
TEMPERATURE (F)
 YESTERDAY
  MAXIMUM         90    400 PM 101    2008  92     -2       92
                                      1951
                                      1924
  MINIMUM         67    348 AM  62    1900  72     -5       71
  AVERAGE         79                        82     -3       82

PRECIPITATION (IN)
  YESTERDAY        0.00          3.04 1955   0.15  -0.15      T
  MONTH TO DATE    2.13                      3.25  -1.12     1.78
  SINCE JUN 1      8.56                      7.37   1.19     6.76
  SINCE JAN 1     40.16                     31.48   8.68    39.82

SNOWFALL (IN)
  YESTERDAY        0.0           0.0  2002   0.0    0.0      0.0
                                      2001
  MONTH TO DATE    0.0                       0.0    0.0      0.0
  SINCE JUN 1      0.0                       0.0    0.0      0.0
  SINCE JUL 1      0.0                       0.0    0.0      0.0

DEGREE DAYS
 HEATING
  YESTERDAY        0                         0      0        0
  MONTH TO DATE    0                         0      0        0
  SINCE JUN 1      0                         0      0        0
  SINCE JUL 1      0                         0      0        0

 COOLING
  YESTERDAY       14                        17     -3       17
  MONTH TO DATE  290                       350    -60      311
  SINCE JUN 1    733                       772    -39      758
  SINCE JAN 1   1064                      1130    -66     1076
..................................................................


WIND (MPH)
  HIGHEST WIND SPEED     9   HIGHEST WIND DIRECTION    NE (40)
  HIGHEST GUST SPEED    13   HIGHEST GUST DIRECTION     N (360)
  AVERAGE WIND SPEED     2.3


SKY COVER
  POSSIBLE SUNSHINE  MM
  AVERAGE SKY COVER 0.4


WEATHER CONDITIONS
 THE FOLLOWING WEATHER WAS RECORDED YESTERDAY.
  FOG


RELATIVE HUMIDITY (PERCENT)
 HIGHEST    97          1200 AM
 LOWEST     44           300 PM
 AVERAGE    71

..........................................................


THE JACKSON CLIMATE NORMALS FOR TODAY
                         NORMAL    RECORD    YEAR
 MAXIMUM TEMPERATURE (F)   92       103      1924
 MINIMUM TEMPERATURE (F)   72        59      1947


SUNRISE AND SUNSET
JULY 22 2014..........SUNRISE   609 AM CDT   SUNSET   805 PM CDT
JULY 23 2014..........SUNRISE   609 AM CDT   SUNSET   804 PM CDT


-  INDICATES NEGATIVE NUMBERS.
R  INDICATES RECORD WAS SET OR TIED.
MM INDICATES DATA IS MISSING.
T  INDICATES TRACE AMOUNT.




$$
AT 1 AM:

THE PEARL RIVER STAGE AT JACKSON WAS 4.0 FEET. THE RIVER STAGE HAS REMAINED
STEADY OVER THE PAST 24 HOURS.

THE MISSISSIPPI RIVER STAGE AT VICKSBURG WAS 28.5 FEET. THE RIVER STAGE
HAS REMAINED STEADY OVER THE PAST 24 HOURS.
