000
CDUS44 KJAN 010701
CLIJAN


CLIMATE REPORT
NATIONAL WEATHER SERVICE JACKSON MS
1257 AM CST SUN MAR 1 2015


...................................

...THE JACKSON CLIMATE SUMMARY FOR FEBRUARY 28 2015...

CLIMATE NORMAL PERIOD 1981 TO 2010
CLIMATE RECORD PERIOD 1896 TO 2015


WEATHER ITEM   OBSERVED TIME   RECORD YEAR NORMAL DEPARTURE LAST
                VALUE   (LST)  VALUE       VALUE  FROM      YEAR
                                                  NORMAL
..................................................................
TEMPERATURE (F)
 YESTERDAY
  MAXIMUM         68    403 PM  87    1918  64      4       62
  MINIMUM         28    612 AM  18    2002  42    -14       28
  AVERAGE         48                        53     -5       45

PRECIPITATION (IN)
  YESTERDAY        0.00          1.41 1916   0.16  -0.16      T
  MONTH TO DATE    5.48                      4.76   0.72     5.44
  SINCE DEC 1     14.13                     14.88  -0.75    11.55
  SINCE JAN 1     10.20                      9.73   0.47     7.05

SNOWFALL (IN)
  YESTERDAY        0.0           T    1986   0.0    0.0      0.0
                                      1984
  MONTH TO DATE    T                         0.1   -0.1       T
  SINCE DEC 1      T                         0.7   -0.7      0.8
  SINCE JUL 1      T                         0.7   -0.7      0.8

DEGREE DAYS
 HEATING
  YESTERDAY       17                        12      5       20
  MONTH TO DATE  591                       437    154      483
  SINCE DEC 1   1626                      1584     42     1804
  SINCE JUL 1   2126                      1992    134     2266

 COOLING
  YESTERDAY        0                         0      0        0
  MONTH TO DATE    0                         6     -6        6
  SINCE DEC 1      2                        18    -16       18
  SINCE JAN 1      0                        10    -10        6
..................................................................


WIND (MPH)
  HIGHEST WIND SPEED    16   HIGHEST WIND DIRECTION    SE (130)
  HIGHEST GUST SPEED    22   HIGHEST GUST DIRECTION    SE (130)
  AVERAGE WIND SPEED     5.7


SKY COVER
  POSSIBLE SUNSHINE  MM
  AVERAGE SKY COVER 0.5


WEATHER CONDITIONS
 THE FOLLOWING WEATHER WAS RECORDED YESTERDAY.
  NO SIGNIFICANT WEATHER WAS OBSERVED.


RELATIVE HUMIDITY (PERCENT)
 HIGHEST    72           600 AM
 LOWEST     22           400 PM
 AVERAGE    47

..........................................................


THE JACKSON CLIMATE NORMALS FOR TODAY
                         NORMAL    RECORD    YEAR
 MAXIMUM TEMPERATURE (F)   64        83      2012
                                             1972
 MINIMUM TEMPERATURE (F)   42        18      1968


SUNRISE AND SUNSET
MARCH  1 2015.........SUNRISE   628 AM CST   SUNSET   558 PM CST
MARCH  2 2015.........SUNRISE   627 AM CST   SUNSET   559 PM CST


-  INDICATES NEGATIVE NUMBERS.
R  INDICATES RECORD WAS SET OR TIED.
MM INDICATES DATA IS MISSING.
T  INDICATES TRACE AMOUNT.

&&

AT 5 AM:

THE PEARL RIVER STAGE AT JACKSON WAS AT 26.1 FEET. THE RIVER HAS FALLEN
0.4 FEET OVER THE LAST 24 HOURS.

THE MISSISSIPPI RIVER STAGE AT VICKSBURG WAS 20.4 FEET. THE RIVER HAS
RISEN 1.6 FEET OVER THE PAST 24 HOURS.

$$
