000
CDUS44 KJAN 202213
CLIJAN


CLIMATE REPORT
NATIONAL WEATHER SERVICE JACKSON MS
513 PM CDT WED SEP 20 2017


...................................

...THE JACKSON CLIMATE SUMMARY FOR SEPTEMBER 20 2017...
VALID AS OF 0500 PM LOCAL TIME.

CLIMATE NORMAL PERIOD 1981 TO 2010
CLIMATE RECORD PERIOD 1896 TO 2017


WEATHER ITEM   OBSERVED TIME   RECORD YEAR NORMAL DEPARTURE LAST
                VALUE   (LST)  VALUE       VALUE  FROM      YEAR
                                                  NORMAL
..................................................................
TEMPERATURE (F)
 TODAY
  MAXIMUM         90        MM 104    1925  86      4       96
  MINIMUM         72    300 PM  44    1938  63      9       66
  AVERAGE         81                        74      7       81

PRECIPITATION (IN)
  TODAY            0.73          4.20 1979   0.10   0.63     0.00
  MONTH TO DATE    1.10                      1.98  -0.88     0.28
  SINCE SEP 1      1.10                      1.98  -0.88     0.28
  SINCE JAN 1     54.99                     39.26  15.73    53.48

SNOWFALL (IN)
  TODAY            0.0           0.0  2002   0.0    0.0      0.0
                                      2001
  MONTH TO DATE    0.0                       0.0    0.0      0.0
  SINCE SEP 1      0.0                       0.0    0.0      0.0
  SINCE JUL 1      0.0                       0.0    0.0      0.0

DEGREE DAYS
 HEATING
  TODAY            0                         0      0        0
  MONTH TO DATE    2                         0      2        0
  SINCE SEP 1      2                         0      2        0
  SINCE JUL 1      2                         0      2        0

 COOLING
  TODAY           16                        10      6       16
  MONTH TO DATE  207                       248    -41      349
  SINCE SEP 1    207                       248    -41      349
  SINCE JAN 1   2132                      2047     85     2423
..................................................................


WIND (MPH)
  HIGHEST WIND SPEED    17   HIGHEST WIND DIRECTION    NE (30)
  HIGHEST GUST SPEED    35   HIGHEST GUST DIRECTION    NE (30)
  AVERAGE WIND SPEED     4.5


SKY COVER
  POSSIBLE SUNSHINE  MM
  AVERAGE SKY COVER 0.4


WEATHER CONDITIONS
 THE FOLLOWING WEATHER WAS RECORDED TODAY.
  THUNDERSTORM
  HEAVY RAIN
  RAIN
  LIGHT RAIN
  FOG


RELATIVE HUMIDITY (PERCENT)
 HIGHEST   100           500 AM
 LOWEST     63          1200 PM
 AVERAGE    82

..........................................................


THE JACKSON CLIMATE NORMALS FOR TOMORROW
                         NORMAL    RECORD    YEAR
 MAXIMUM TEMPERATURE (F)   85       105      1925
 MINIMUM TEMPERATURE (F)   63        43      1918


SUNRISE AND SUNSET
SEPTEMBER 20 2017.....SUNRISE   647 AM CDT   SUNSET   659 PM CDT
SEPTEMBER 21 2017.....SUNRISE   648 AM CDT   SUNSET   658 PM CDT


-  INDICATES NEGATIVE NUMBERS.
R  INDICATES RECORD WAS SET OR TIED.
MM INDICATES DATA IS MISSING.
T  INDICATES TRACE AMOUNT.




$$
