000
CDUS44 KJAN 310914
CLIJAN


CLIMATE REPORT
NATIONAL WEATHER SERVICE JACKSON MS
412 AM CDT WED AUG 31 2016


...................................

...THE JACKSON CLIMATE SUMMARY FOR AUGUST 30 2016...

CLIMATE NORMAL PERIOD 1981 TO 2010
CLIMATE RECORD PERIOD 1896 TO 2016


WEATHER ITEM   OBSERVED TIME   RECORD YEAR NORMAL DEPARTURE LAST
                VALUE   (LST)  VALUE       VALUE  FROM      YEAR
                                                  NORMAL
..................................................................
TEMPERATURE (F)
 YESTERDAY
  MAXIMUM         94    202 PM 107    2000  91      3       96
  MINIMUM         74    423 AM  56    1992  70      4       68
                                      1986
  AVERAGE         84                        80      4       82

PRECIPITATION (IN)
  YESTERDAY        T             2.59 2012   0.11  -0.11      T
  MONTH TO DATE    9.42                      4.13   5.29     0.40
  SINCE JUN 1     20.75                     13.06   7.69     8.33
  SINCE JAN 1     53.20                     37.17  16.03    36.61

SNOWFALL (IN)
  YESTERDAY        0.0           0.0  2002   0.0    0.0      0.0
                                      2001
  MONTH TO DATE    0.0                       0.0    0.0      0.0
  SINCE JUN 1      0.0                       0.0    0.0      0.0
  SINCE JUL 1      0.0                       0.0    0.0      0.0

DEGREE DAYS
 HEATING
  YESTERDAY        0                         0      0        0
  MONTH TO DATE    0                         0      0        0
  SINCE JUN 1      0                         0      0        0
  SINCE JUL 1      0                         0      0        0

 COOLING
  YESTERDAY       19                        15      4       17
  MONTH TO DATE  558                       492     66      558
  SINCE JUN 1   1667                      1429    238     1658
  SINCE JAN 1   2055                      1787    268     2111
..................................................................


WIND (MPH)
  HIGHEST WIND SPEED    18   HIGHEST WIND DIRECTION    SE (150)
  HIGHEST GUST SPEED    22   HIGHEST GUST DIRECTION    SE (140)
  AVERAGE WIND SPEED     4.0


SKY COVER
  POSSIBLE SUNSHINE  MM
  AVERAGE SKY COVER 0.1


WEATHER CONDITIONS
 THE FOLLOWING WEATHER WAS RECORDED YESTERDAY.
  LIGHT RAIN


RELATIVE HUMIDITY (PERCENT)
 HIGHEST    94          1200 AM
 LOWEST     52          1200 PM
 AVERAGE    73

..........................................................


THE JACKSON CLIMATE NORMALS FOR TODAY
                         NORMAL    RECORD    YEAR
 MAXIMUM TEMPERATURE (F)   91       106      2000
 MINIMUM TEMPERATURE (F)   69        57      1946


SUNRISE AND SUNSET
AUGUST 31 2016........SUNRISE   635 AM CDT   SUNSET   725 PM CDT
SEPTEMBER  1 2016.....SUNRISE   636 AM CDT   SUNSET   724 PM CDT


-  INDICATES NEGATIVE NUMBERS.
R  INDICATES RECORD WAS SET OR TIED.
MM INDICATES DATA IS MISSING.
T  INDICATES TRACE AMOUNT.

&&

AT 4 AM:

THE PEARL RIVER STAGE AT JACKSON WAS 3.7 FEET. THE RIVER HAS REMAINED
STEADY OVER THE PAST 24 HOURS.

THE MISSISSIPPI RIVER STAGE AT VICKSBURG WAS 22.7 FEET. THE RIVER FELL
HALF A FOOT OVER THE PAST 24 HOURS.

$$
