000
CDUS44 KJAN 230700
CLIJAN


CLIMATE REPORT
NATIONAL WEATHER SERVICE JACKSON MS
157 AM CDT THU MAR 23 2017


...................................

...THE JACKSON CLIMATE SUMMARY FOR MARCH 22 2017...

CLIMATE NORMAL PERIOD 1981 TO 2010
CLIMATE RECORD PERIOD 1896 TO 2017


WEATHER ITEM   OBSERVED TIME   RECORD YEAR NORMAL DEPARTURE LAST
                VALUE   (LST)  VALUE       VALUE  FROM      YEAR
                                                  NORMAL
..................................................................
TEMPERATURE (F)
 YESTERDAY
  MAXIMUM         82    212 PM  88    1995  70     12       71
                                      1907
  MINIMUM         58    621 AM  23    1986  47     11       35
  AVERAGE         70                        58     12       53

PRECIPITATION (IN)
  YESTERDAY        0.00          3.37 1929   0.15  -0.15     0.00
  MONTH TO DATE    2.22                      3.50  -1.28    10.11
  SINCE MAR 1      2.22                      3.50  -1.28    10.11
  SINCE JAN 1     12.43                     13.23  -0.80    21.71

SNOWFALL (IN)
  YESTERDAY        0.0           5.0  1968   0.0    0.0      0.0
  MONTH TO DATE    0.0                       0.1   -0.1      0.0
  SINCE MAR 1      0.0                       0.1   -0.1      0.0
  SINCE JUL 1      0.8                       0.8    0.0       T

DEGREE DAYS
 HEATING
  YESTERDAY        0                         8     -8       12
  MONTH TO DATE  163                       218    -55      120
  SINCE MAR 1    163                       218    -55      120
  SINCE JUL 1   1281                      2210   -929     1511

 COOLING
  YESTERDAY        5                         1      4        0
  MONTH TO DATE   28                        19      9       39
  SINCE MAR 1     28                        19      9       39
  SINCE JAN 1     86                        29     57       48
..................................................................


WIND (MPH)
  HIGHEST WIND SPEED    14   HIGHEST WIND DIRECTION     N (10)
  HIGHEST GUST SPEED    17   HIGHEST GUST DIRECTION    NE (30)
  AVERAGE WIND SPEED     5.5


SKY COVER
  POSSIBLE SUNSHINE  MM
  AVERAGE SKY COVER 0.2


WEATHER CONDITIONS
 THE FOLLOWING WEATHER WAS RECORDED YESTERDAY.
  NO SIGNIFICANT WEATHER WAS OBSERVED.


RELATIVE HUMIDITY (PERCENT)
 HIGHEST    90           500 AM
 LOWEST     45           200 PM
 AVERAGE    68

..........................................................


THE JACKSON CLIMATE NORMALS FOR TODAY
                         NORMAL    RECORD    YEAR
 MAXIMUM TEMPERATURE (F)   70        89      1929
                                             1910
 MINIMUM TEMPERATURE (F)   47        26      1914


SUNRISE AND SUNSET
MARCH 23 2017.........SUNRISE   700 AM CDT   SUNSET   714 PM CDT
MARCH 24 2017.........SUNRISE   659 AM CDT   SUNSET   715 PM CDT


-  INDICATES NEGATIVE NUMBERS.
R  INDICATES RECORD WAS SET OR TIED.
MM INDICATES DATA IS MISSING.
T  INDICATES TRACE AMOUNT.

&&

AT 1 AM:

THE PEARL RIVER STAGE AT JACKSON WAS 7.7 FEET. THE RIVER FELL 0.5 FEET
OVER THE PAST 24 HOURS.

THE MISSISSIPPI RIVER STAGE AT VICKSBURG WAS 27.9 FEET. THE RIVER FELL
1.1 FEET OVER THE PAST 24 HOURS.

$$
