000
CDUS44 KJAN 030652
CLIJAN

CLIMATE REPORT
NATIONAL WEATHER SERVICE JACKSON MS
148 AM CDT MON AUG 3 2015

...................................

...THE JACKSON CLIMATE SUMMARY FOR AUGUST 2 2015...

CLIMATE NORMAL PERIOD 1981 TO 2010
CLIMATE RECORD PERIOD 1896 TO 2015


WEATHER ITEM   OBSERVED TIME   RECORD YEAR NORMAL DEPARTURE LAST
                VALUE   (LST)  VALUE       VALUE  FROM      YEAR
                                                  NORMAL
..................................................................
TEMPERATURE (F)
 YESTERDAY
  MAXIMUM        100    305 PM 105    2010  92      8       87
  MINIMUM         68    421 AM  59    1965  72     -4       72
  AVERAGE         84                        82      2       80

PRECIPITATION (IN)
  YESTERDAY        0.00          2.60 1908   0.16  -0.16     0.01
  MONTH TO DATE    0.00                      0.32  -0.32     0.04
  SINCE JUN 1      7.93                      9.25  -1.32     8.61
  SINCE JAN 1     36.21                     33.36   2.85    40.21

SNOWFALL (IN)
  YESTERDAY        0.0           0.0  2002   0.0    0.0      0.0
                                      2001
  MONTH TO DATE    0.0                       0.0    0.0      0.0
  SINCE JUN 1      0.0                       0.0    0.0      0.0
  SINCE JUL 1      0.0                       0.0    0.0      0.0

DEGREE DAYS
 HEATING
  YESTERDAY        0                         0      0        0
  MONTH TO DATE    0                         0      0        0
  SINCE JUN 1      0                         0      0        0
  SINCE JUL 1      0                         0      0        0

 COOLING
  YESTERDAY       19                        17      2       15
  MONTH TO DATE   38                        34      4       25
  SINCE JUN 1   1138                       971    167      908
  SINCE JAN 1   1591                      1329    262     1239
..................................................................


WIND (MPH)
  HIGHEST WIND SPEED    16   HIGHEST WIND DIRECTION     N (350)
  HIGHEST GUST SPEED    21   HIGHEST GUST DIRECTION     N (10)
  AVERAGE WIND SPEED     6.1


SKY COVER
  POSSIBLE SUNSHINE  MM
  AVERAGE SKY COVER 0.2


WEATHER CONDITIONS
 THE FOLLOWING WEATHER WAS RECORDED YESTERDAY.
  NO SIGNIFICANT WEATHER WAS OBSERVED.


RELATIVE HUMIDITY (PERCENT)
 HIGHEST    84           200 AM
 LOWEST     22           200 PM
 AVERAGE    53

..........................................................


THE JACKSON CLIMATE NORMALS FOR TODAY
                         NORMAL    RECORD    YEAR
 MAXIMUM TEMPERATURE (F)   92       103      2010
                                             1952
 MINIMUM TEMPERATURE (F)   72        60      1965


SUNRISE AND SUNSET
AUGUST  3 2015........SUNRISE   616 AM CDT   SUNSET   756 PM CDT
AUGUST  4 2015........SUNRISE   617 AM CDT   SUNSET   755 PM CDT


-  INDICATES NEGATIVE NUMBERS.
R  INDICATES RECORD WAS SET OR TIED.
MM INDICATES DATA IS MISSING.
T  INDICATES TRACE AMOUNT.

&&

AT 1 AM:

THE PEARL RIVER STAGE AT JACKSON WAS 3.5 FEET. THE RIVER STAGE HAS REMAINED
STEADY OVER THE PAST 24 HOURS.

THE MISSISSIPPI RIVER STAGE AT VICKSBURG WAS 44.5 FEET. THE RIVER STAGE
HAS FALLEN 0.4 FEET OVER THE PAST 24 HOURS.

$$
