000
CDUS44 KJAN 250711
CLIJAN


CLIMATE REPORT
NATIONAL WEATHER SERVICE JACKSON MS
209 AM CDT SAT OCT 25 2014


...................................

...THE JACKSON CLIMATE SUMMARY FOR OCTOBER 24 2014...

CLIMATE NORMAL PERIOD 1981 TO 2010
CLIMATE RECORD PERIOD 1896 TO 2014


WEATHER ITEM   OBSERVED TIME   RECORD YEAR NORMAL DEPARTURE LAST
                VALUE   (LST)  VALUE       VALUE  FROM      YEAR
                                                  NORMAL
..................................................................
TEMPERATURE (F)
 YESTERDAY
  MAXIMUM         76    127 PM  91    1921  75      1       77
  MINIMUM         43    636 AM  28    1917  50     -7       42
  AVERAGE         60                        63     -3       60

PRECIPITATION (IN)
  YESTERDAY        0.00          1.81 1918   0.13  -0.13     0.00
  MONTH TO DATE    2.98                      3.02  -0.04     0.51
  SINCE SEP 1      4.70                      6.05  -1.35     7.88
  SINCE JAN 1     48.38                     43.33   5.05    51.54

SNOWFALL (IN)
  YESTERDAY        0.0           0.0  2002   0.0    0.0      0.0
                                      2001
  MONTH TO DATE    0.0                       0.0    0.0      0.0
  SINCE SEP 1      0.0                       0.0    0.0      0.0
  SINCE JUL 1      0.0                       0.0    0.0      0.0

DEGREE DAYS
 HEATING
  YESTERDAY        5                         5      0        5
  MONTH TO DATE   43                        62    -19       52
  SINCE SEP 1     43                        69    -26       52
  SINCE JUL 1     43                        69    -26       52

 COOLING
  YESTERDAY        0                         2     -2        0
  MONTH TO DATE  136                        92     44      127
  SINCE SEP 1    535                       419    116      550
  SINCE JAN 1   2265                      2218     47     2314
..................................................................


WIND (MPH)
  HIGHEST WIND SPEED    13   HIGHEST WIND DIRECTION     N (350)
  HIGHEST GUST SPEED    16   HIGHEST GUST DIRECTION     N (10)
  AVERAGE WIND SPEED     2.4


SKY COVER
  POSSIBLE SUNSHINE  MM
  AVERAGE SKY COVER 0.1


WEATHER CONDITIONS
 THE FOLLOWING WEATHER WAS RECORDED YESTERDAY.
  FOG


RELATIVE HUMIDITY (PERCENT)
 HIGHEST   100           300 AM
 LOWEST     31           200 PM
 AVERAGE    66

..........................................................


THE JACKSON CLIMATE NORMALS FOR TODAY
                         NORMAL    RECORD    YEAR
 MAXIMUM TEMPERATURE (F)   75        92      1921
 MINIMUM TEMPERATURE (F)   50        31      1982
                                             1965
                                             1909


SUNRISE AND SUNSET
OCTOBER 25 2014.......SUNRISE   712 AM CDT   SUNSET   617 PM CDT
OCTOBER 26 2014.......SUNRISE   712 AM CDT   SUNSET   616 PM CDT


-  INDICATES NEGATIVE NUMBERS.
R  INDICATES RECORD WAS SET OR TIED.
MM INDICATES DATA IS MISSING.
T  INDICATES TRACE AMOUNT.

&&

AT 2 AM:

THE PEARL RIVER STAGE AT JACKSON WAS 3.7 FEET. THE STAGE HAS
REMAINED STEADY OVER THE PAST 24 HOURS.

THE MISSISSIPPI RIVER STAGE AT VICKSBURG WAS 27.7 FEET. THE RIVER
HAS RISEN 0.3 FEET OVER THE PAST 24 HOURS.




$$
