000
CDUS44 KJAN 200648
CLIJAN


CLIMATE REPORT
NATIONAL WEATHER SERVICE JACKSON MS
1246 AM CST MON FEB 20 2017


...................................

...THE JACKSON CLIMATE SUMMARY FOR FEBRUARY 19 2017...

CLIMATE NORMAL PERIOD 1981 TO 2010
CLIMATE RECORD PERIOD 1896 TO 2017


WEATHER ITEM   OBSERVED TIME   RECORD YEAR NORMAL DEPARTURE LAST
                VALUE   (LST)  VALUE       VALUE  FROM      YEAR
                                                  NORMAL
..................................................................
TEMPERATURE (F)
 YESTERDAY
  MAXIMUM         82R   355 PM  82    1986  62     20       76
  MINIMUM         48    705 AM  18    1978  39      9       46
                                      1900
  AVERAGE         65                        50     15       61

PRECIPITATION (IN)
  YESTERDAY        0.00          2.33 1991   0.17  -0.17     0.00
  MONTH TO DATE    0.60                      3.27  -2.67     6.47
  SINCE DEC 1     14.24                     13.39   0.85    15.71
  SINCE JAN 1      8.50                      8.24   0.26     9.84

SNOWFALL (IN)
  YESTERDAY        0.0           T    1959   0.0    0.0      0.0
  MONTH TO DATE    0.0                       0.1   -0.1      0.0
  SINCE DEC 1      0.8                       0.7    0.1       T
  SINCE JUL 1      0.8                       0.7    0.1       T

DEGREE DAYS
 HEATING
  YESTERDAY        0                        15    -15        4
  MONTH TO DATE  148                       317   -169      269
  SINCE DEC 1    872                      1461   -589     1106
  SINCE JUL 1   1076                      1869   -793     1298

 COOLING
  YESTERDAY        0                         0      0        0
  MONTH TO DATE   18                         0     18        5
  SINCE DEC 1     71                        12     59       74
  SINCE JAN 1     41                         4     37        5
..................................................................


WIND (MPH)
  HIGHEST WIND SPEED    12   HIGHEST WIND DIRECTION     E (100)
  HIGHEST GUST SPEED    15   HIGHEST GUST DIRECTION     E (110)
  AVERAGE WIND SPEED     3.0


SKY COVER
  POSSIBLE SUNSHINE  MM
  AVERAGE SKY COVER 0.1


WEATHER CONDITIONS
 THE FOLLOWING WEATHER WAS RECORDED YESTERDAY.
  FOG


RELATIVE HUMIDITY (PERCENT)
 HIGHEST    96           400 AM
 LOWEST     40           400 PM
 AVERAGE    68

..........................................................


THE JACKSON CLIMATE NORMALS FOR TODAY
                         NORMAL    RECORD    YEAR
 MAXIMUM TEMPERATURE (F)   62        83      1986
 MINIMUM TEMPERATURE (F)   40        20      1978


SUNRISE AND SUNSET
FEBRUARY 20 2017......SUNRISE   638 AM CST   SUNSET   551 PM CST
FEBRUARY 21 2017......SUNRISE   636 AM CST   SUNSET   552 PM CST


-  INDICATES NEGATIVE NUMBERS.
R  INDICATES RECORD WAS SET OR TIED.
MM INDICATES DATA IS MISSING.
T  INDICATES TRACE AMOUNT.

&&

AT 1 AM:

THE PEARL RIVER STAGE AT JACKSON WAS 6.3 FEET. THE RIVER ROSE
0.7 FEET OVER THE PAST 24 HOURS.

THE MISSISSIPPI RIVER STAGE AT VICKSBURG WAS 22.1 FEET. THE RIVER
FELL 0.2 FEET OVER THE PAST 24 HOURS.



$$
