000
CDUS44 KJAN 130631
CLIJAN


CLIMATE REPORT
NATIONAL WEATHER SERVICE JACKSON MS
1228 AM CST SAT FEB 13 2016


...................................

...THE JACKSON CLIMATE SUMMARY FOR FEBRUARY 12 2016...

CLIMATE NORMAL PERIOD 1981 TO 2010
CLIMATE RECORD PERIOD 1896 TO 2016


WEATHER ITEM   OBSERVED TIME   RECORD YEAR NORMAL DEPARTURE LAST
                VALUE   (LST)  VALUE       VALUE  FROM      YEAR
                                                  NORMAL
..................................................................
TEMPERATURE (F)
 YESTERDAY
  MAXIMUM         69    232 PM  84    1922  60      9       52
  MINIMUM         40    223 AM  14    1968  38      2       32
  AVERAGE         55                        49      6       42

PRECIPITATION (IN)
  YESTERDAY        0.00          2.56 1945   0.17  -0.17     0.00
  MONTH TO DATE    5.15                      2.08   3.07     0.58
  SINCE DEC 1     14.39                     12.20   2.19     9.23
  SINCE JAN 1      8.52                      7.05   1.47     5.30

SNOWFALL (IN)
  YESTERDAY        0.0           4.1  2010   0.0    0.0      0.0
  MONTH TO DATE    0.0                       0.1   -0.1      0.0
  SINCE DEC 1      T                         0.7   -0.7      0.0
  SINCE JUL 1      T                         0.7   -0.7      0.0

DEGREE DAYS
 HEATING
  YESTERDAY       10                        16     -6       23
  MONTH TO DATE  191                       209    -18      214
  SINCE DEC 1   1028                      1353   -325     1249
  SINCE JUL 1   1220                      1761   -541     1749

 COOLING
  YESTERDAY        0                         0      0        0
  MONTH TO DATE    5                         0      5        0
  SINCE DEC 1     74                        12     62        2
  SINCE JAN 1      5                         4      1        0
..................................................................


WIND (MPH)
  HIGHEST WIND SPEED    16   HIGHEST WIND DIRECTION     N (360)
  HIGHEST GUST SPEED    25   HIGHEST GUST DIRECTION     N (10)
  AVERAGE WIND SPEED     7.6


SKY COVER
  POSSIBLE SUNSHINE  MM
  AVERAGE SKY COVER 0.1


WEATHER CONDITIONS
 THE FOLLOWING WEATHER WAS RECORDED YESTERDAY.
  NO SIGNIFICANT WEATHER WAS OBSERVED.


RELATIVE HUMIDITY (PERCENT)
 HIGHEST    93           600 AM
 LOWEST     27           200 PM
 AVERAGE    60

..........................................................


THE JACKSON CLIMATE NORMALS FOR TODAY
                         NORMAL    RECORD    YEAR
 MAXIMUM TEMPERATURE (F)   60        82      1962
                                             1949
 MINIMUM TEMPERATURE (F)   38        11      1905


SUNRISE AND SUNSET
FEBRUARY 13 2016......SUNRISE   645 AM CST   SUNSET   544 PM CST
FEBRUARY 14 2016......SUNRISE   644 AM CST   SUNSET   545 PM CST


-  INDICATES NEGATIVE NUMBERS.
R  INDICATES RECORD WAS SET OR TIED.
MM INDICATES DATA IS MISSING.
T  INDICATES TRACE AMOUNT.


&&

AT 1 AM:

THE PEARL RIVER STAGE AT JACKSON WAS 23.5 FEET. THE RIVER HAS
FALLEN 2.6 FEET IN THE LAST 24 HOURS.

THE MISSISSIPPI RIVER STAGE AT VICKSBURG WAS 36.3 FEET. THE RIVER
HAS RISEN 0.3 FEET OVER THE PAST 24 HOURS.

$$
