000
CDUS44 KJAN 260742
CLIJAN

CLIMATE REPORT
NATIONAL WEATHER SERVICE JACKSON MS
239 AM CDT TUE MAY 26 2015

...................................

...THE JACKSON CLIMATE SUMMARY FOR MAY 25 2015...

CLIMATE NORMAL PERIOD 1981 TO 2010
CLIMATE RECORD PERIOD 1896 TO 2015


WEATHER ITEM   OBSERVED TIME   RECORD YEAR NORMAL DEPARTURE LAST
                VALUE   (LST)  VALUE       VALUE  FROM      YEAR
                                                  NORMAL
..................................................................
TEMPERATURE (F)
 YESTERDAY
  MAXIMUM         84    140 PM  97    1902  85     -1       89
  MINIMUM         69    346 AM  46    1979  64      5       64
  AVERAGE         77                        75      2       77

PRECIPITATION (IN)
  YESTERDAY        0.16          2.70 1948   0.14   0.02     0.00
  MONTH TO DATE    4.18                      3.52   0.66     2.60
  SINCE MAR 1     15.20                     13.52   1.68    20.77
  SINCE JAN 1     25.40                     23.25   2.15    27.82

SNOWFALL (IN)
  YESTERDAY        0.0           0.0    MM   0.0    0.0      0.0
  MONTH TO DATE    0.0                       0.0    0.0      0.0
  SINCE MAR 1      0.3                       0.1    0.2       T
  SINCE JUL 1      0.3                       0.8   -0.5      0.8

DEGREE DAYS
 HEATING
  YESTERDAY        0                         0      0        0
  MONTH TO DATE    2                        10     -8       20
  SINCE MAR 1    227                       397   -170      478
  SINCE JUL 1   2353                      2389    -36     2744

 COOLING
  YESTERDAY       12                        10      2       12
  MONTH TO DATE  203                       176     27      177
  SINCE MAR 1    379                       284     95      260
  SINCE JAN 1    379                       294     85      266
..................................................................


WIND (MPH)
  HIGHEST WIND SPEED    24   HIGHEST WIND DIRECTION     S (170)
  HIGHEST GUST SPEED    31   HIGHEST GUST DIRECTION     S (170)
  AVERAGE WIND SPEED     8.7


SKY COVER
  POSSIBLE SUNSHINE  MM
  AVERAGE SKY COVER 0.7


WEATHER CONDITIONS
 THE FOLLOWING WEATHER WAS RECORDED YESTERDAY.
  THUNDERSTORM
  HEAVY RAIN
  RAIN
  LIGHT RAIN
  FOG


RELATIVE HUMIDITY (PERCENT)
 HIGHEST   100           600 AM
 LOWEST     69           200 PM
 AVERAGE    85

..........................................................


THE JACKSON CLIMATE NORMALS FOR TODAY
                         NORMAL    RECORD    YEAR
 MAXIMUM TEMPERATURE (F)   86        99      1964
 MINIMUM TEMPERATURE (F)   65        44      1979


SUNRISE AND SUNSET
MAY 26 2015...........SUNRISE   556 AM CDT   SUNSET   759 PM CDT
MAY 27 2015...........SUNRISE   556 AM CDT   SUNSET   759 PM CDT


-  INDICATES NEGATIVE NUMBERS.
R  INDICATES RECORD WAS SET OR TIED.
MM INDICATES DATA IS MISSING.
T  INDICATES TRACE AMOUNT.

&&

AT 2 AM:

THE PEARL RIVER STAGE AT JACKSON WAS 9.7 FEET. THE RIVER HAS RISEN 1.6 FEET
OVER THE LAST 24 HOURS.

THE MISSISSIPPI RIVER STAGE AT VICKSBURG WAS 31.8 FEET. THE RIVER HAS RISEN
0.6 FEET OVER THE LAST 24 HOURS.

$$
