798
CDUS44 KJAN 250738
CLIJAN

CLIMATE REPORT
NATIONAL WEATHER SERVICE JACKSON MS
233 AM CDT TUE APR 25 2017

...................................

...THE JACKSON CLIMATE SUMMARY FOR APRIL 24 2017...

CLIMATE NORMAL PERIOD 1981 TO 2010
CLIMATE RECORD PERIOD 1896 TO 2017


WEATHER ITEM   OBSERVED TIME   RECORD YEAR NORMAL DEPARTURE LAST
                VALUE   (LST)  VALUE       VALUE  FROM      YEAR
                                                  NORMAL
..................................................................
TEMPERATURE (F)
 YESTERDAY
  MAXIMUM         77    222 PM  93    1925  78     -1       83
  MINIMUM         49    531 AM  39    1910  55     -6       52
  AVERAGE         63                        66     -3       68

PRECIPITATION (IN)
  YESTERDAY        0.00          3.24 2003   0.15  -0.15     0.00
  MONTH TO DATE    8.83                      4.12   4.71     6.78
  SINCE MAR 1     13.35                      9.16   4.19    19.02
  SINCE JAN 1     23.56                     18.89   4.67    30.62

SNOWFALL (IN)
  YESTERDAY        0.0           0.0    MM   0.0    0.0      0.0
  MONTH TO DATE    0.0                       0.0    0.0      0.0
  SINCE MAR 1      0.0                       0.1   -0.1      0.0
  SINCE JUL 1      0.8                       0.8    0.0       T

DEGREE DAYS
 HEATING
  YESTERDAY        2                         2      0        0
  MONTH TO DATE   33                        98    -65       45
  SINCE MAR 1    197                       376   -179      189
  SINCE JUL 1   1315                      2368  -1053     1580

 COOLING
  YESTERDAY        0                         3     -3        3
  MONTH TO DATE  102                        57     45       44
  SINCE MAR 1    187                        84    103       96
  SINCE JAN 1    245                        94    151      105
..................................................................


WIND (MPH)
  HIGHEST WIND SPEED    17   HIGHEST WIND DIRECTION    NW (310)
  HIGHEST GUST SPEED    24   HIGHEST GUST DIRECTION    NW (300)
  AVERAGE WIND SPEED     5.3


SKY COVER
  POSSIBLE SUNSHINE  MM
  AVERAGE SKY COVER 0.2


WEATHER CONDITIONS
 THE FOLLOWING WEATHER WAS RECORDED YESTERDAY.
  NO SIGNIFICANT WEATHER WAS OBSERVED.


RELATIVE HUMIDITY (PERCENT)
 HIGHEST    93           600 AM
 LOWEST     46           100 PM
 AVERAGE    70

..........................................................


THE JACKSON CLIMATE NORMALS FOR TODAY
                         NORMAL    RECORD    YEAR
 MAXIMUM TEMPERATURE (F)   78        90      1925
 MINIMUM TEMPERATURE (F)   55        31      1910


SUNRISE AND SUNSET
APRIL 25 2017.........SUNRISE   620 AM CDT   SUNSET   737 PM CDT
APRIL 26 2017.........SUNRISE   619 AM CDT   SUNSET   738 PM CDT


-  INDICATES NEGATIVE NUMBERS.
R  INDICATES RECORD WAS SET OR TIED.
MM INDICATES DATA IS MISSING.
T  INDICATES TRACE AMOUNT.

&&

AT 2 AM:

THE PEARL RIVER STAGE AT JACKSON WAS 10.0 FEET. THE RIVER ROSE
5.9 FEET OVER THE PAST 24 HOURS.

THE MISSISSIPPI RIVER STAGE AT VICKSBURG WAS 32.6 FEET. THE RIVER
FELL 0.9 FEET OVER THE PAST 24 HOURS.

$$
