000
CDUS44 KJAN 220632
CLIJAN


CLIMATE REPORT
NATIONAL WEATHER SERVICE JACKSON MS
1230 AM CST SAT NOV 22 2014


...................................

...THE JACKSON CLIMATE SUMMARY FOR NOVEMBER 21 2014...

CLIMATE NORMAL PERIOD 1981 TO 2010
CLIMATE RECORD PERIOD 1896 TO 2014


WEATHER ITEM   OBSERVED TIME   RECORD YEAR NORMAL DEPARTURE LAST
                VALUE   (LST)  VALUE       VALUE  FROM      YEAR
                                                  NORMAL
..................................................................
TEMPERATURE (F)
 YESTERDAY
  MAXIMUM         71    204 PM  82    1913  66      5       73
                                      1909
                                      1900
  MINIMUM         39    602 AM  21    1937  42     -3       51
  AVERAGE         55                        54      1       62

PRECIPITATION (IN)
  YESTERDAY        0.00          2.57 1977   0.17  -0.17     0.00
  MONTH TO DATE    3.54                      3.16   0.38     0.38
  SINCE SEP 1      8.24                     10.11  -1.87     9.85
  SINCE JAN 1     51.92                     47.39   4.53    53.51

SNOWFALL (IN)
  YESTERDAY        0.0           0.0    MM   0.0    0.0      0.0
  MONTH TO DATE    0.0                       0.0    0.0      0.0
  SINCE SEP 1      0.0                       0.0    0.0      0.0
  SINCE JUL 1      0.0                       0.0    0.0      0.0

DEGREE DAYS
 HEATING
  YESTERDAY       10                        12     -2        3
  MONTH TO DATE  328                       185    143      184
  SINCE SEP 1    391                       292     99      266
  SINCE JUL 1    391                       292     99      266

 COOLING
  YESTERDAY        0                         0      0        0
  MONTH TO DATE    2                        21    -19       15
  SINCE SEP 1    550                       453     97      583
  SINCE JAN 1   2280                      2252     28     2347
..................................................................


WIND (MPH)
  HIGHEST WIND SPEED    17   HIGHEST WIND DIRECTION    SE (120)
  HIGHEST GUST SPEED    23   HIGHEST GUST DIRECTION    SE (120)
  AVERAGE WIND SPEED     6.2


SKY COVER
  POSSIBLE SUNSHINE  MM
  AVERAGE SKY COVER 0.3


WEATHER CONDITIONS
 THE FOLLOWING WEATHER WAS RECORDED YESTERDAY.
  FOG


RELATIVE HUMIDITY (PERCENT)
 HIGHEST    96           200 AM
 LOWEST     40          1200 PM
 AVERAGE    68

..........................................................


THE JACKSON CLIMATE NORMALS FOR TODAY
                         NORMAL    RECORD    YEAR
 MAXIMUM TEMPERATURE (F)   65        84      1921
                                             1913
 MINIMUM TEMPERATURE (F)   42        22      1937


SUNRISE AND SUNSET
NOVEMBER 22 2014......SUNRISE   636 AM CST   SUNSET   457 PM CST
NOVEMBER 23 2014......SUNRISE   637 AM CST   SUNSET   457 PM CST


-  INDICATES NEGATIVE NUMBERS.
R  INDICATES RECORD WAS SET OR TIED.
MM INDICATES DATA IS MISSING.
T  INDICATES TRACE AMOUNT.

&&

THIS MORNING:

THE PEARL RIVER STAGE AT JACKSON WAS 5.5 FEET. THE RIVER HAS RISEN
1.6 FEET OVER THE PAST 24 HOURS.

THE MISSISSIPPI RIVER STAGE AT VICKSBURG WAS 12.8 FEET. THE RIVER
HAS FALLEN 0.9 FEET OVER THE PAST 24 HOURS.

$$
