000
CDUS44 KMEG 280745
CLIJBR


CLIMATE REPORT
NATIONAL WEATHER SERVICE MEMPHIS TN
145 AM CST WED JAN 28 2015


...................................

...THE JONESBORO CLIMATE SUMMARY FOR JANUARY 27 2015...

CLIMATE NORMAL PERIOD 1981 TO 2010
CLIMATE RECORD PERIOD 1897 TO 2015


WEATHER ITEM   OBSERVED TIME   RECORD YEAR NORMAL DEPARTURE LAST
                VALUE   (LST)  VALUE       VALUE  FROM      YEAR
                                                  NORMAL
..................................................................
TEMPERATURE (F)
 YESTERDAY
  MAXIMUM         54    409 PM  73    1934  47      7       46
  MINIMUM         36   1159 PM   5    1986  29      7       20
  AVERAGE         45                        38      7       33

PRECIPITATION (IN)
  YESTERDAY        0.00          2.26 1942   0.13  -0.13     0.00
  MONTH TO DATE    1.50                      2.91  -1.41     2.11
  SINCE DEC 1      4.29                      7.68  -3.39     8.55
  SINCE JAN 1      1.50                      2.91  -1.41     2.11

SNOWFALL (IN)
  YESTERDAY        0.0           2.5  1948   0.1   -0.1      0.0
  MONTH TO DATE    T                         1.9   -1.9       T
  SINCE DEC 1      T                         2.5   -2.5      1.0
  SINCE JUL 1      0.3                       2.5   -2.2      1.0
  SNOW DEPTH       0

DEGREE DAYS
 HEATING
  YESTERDAY       20                        27     -7       32
  MONTH TO DATE  779                       750     29      828
  SINCE DEC 1   1466                      1542    -76     1645
  SINCE JUL 1   2225                      2192     33     2388

 COOLING
  YESTERDAY        0                         0      0        0
  MONTH TO DATE    0                         0      0        0
  SINCE DEC 1      0                         0      0        0
  SINCE JAN 1      0                         0      0        0
..................................................................


WIND (MPH)
  HIGHEST WIND SPEED    14   HIGHEST WIND DIRECTION     N (340)
  HIGHEST GUST SPEED    19   HIGHEST GUST DIRECTION     N (350)
  AVERAGE WIND SPEED     6.4


SKY COVER
  POSSIBLE SUNSHINE  MM
  AVERAGE SKY COVER 0.0


WEATHER CONDITIONS
 THE FOLLOWING WEATHER WAS RECORDED YESTERDAY.
  NO SIGNIFICANT WEATHER WAS OBSERVED.


RELATIVE HUMIDITY (PERCENT)
 HIGHEST    92           800 PM
 LOWEST     46           400 PM
 AVERAGE    69

..........................................................


THE JONESBORO CLIMATE NORMALS FOR TODAY
                         NORMAL    RECORD    YEAR
 MAXIMUM TEMPERATURE (F)   47        75      1914
 MINIMUM TEMPERATURE (F)   29         5      1963


SUNRISE AND SUNSET
JANUARY 28 2015.......SUNRISE   706 AM CST   SUNSET   525 PM CST
JANUARY 29 2015.......SUNRISE   705 AM CST   SUNSET   527 PM CST


-  INDICATES NEGATIVE NUMBERS.
R  INDICATES RECORD WAS SET OR TIED.
MM INDICATES DATA IS MISSING.
T  INDICATES TRACE AMOUNT.




$$
