000
CDUS44 KMEG 280637
CLIJBR


CLIMATE REPORT
NATIONAL WEATHER SERVICE MEMPHIS TN
135 AM CDT SUN MAY 28 2017


...................................

...THE JONESBORO CLIMATE SUMMARY FOR MAY 27 2017...

CLIMATE NORMAL PERIOD 1981 TO 2010
CLIMATE RECORD PERIOD 1897 TO 2017


WEATHER ITEM   OBSERVED TIME   RECORD YEAR NORMAL DEPARTURE LAST
                VALUE   (LST)  VALUE       VALUE  FROM      YEAR
                                                  NORMAL
..................................................................
TEMPERATURE (F)
 YESTERDAY
  MAXIMUM         89    305 PM 100    1911  84      5       77
  MINIMUM         63   1022 PM  41    1961  61      2       68
  AVERAGE         76                        72      4       73

PRECIPITATION (IN)
  YESTERDAY        0.72          4.50 1973   0.12   0.60     1.32
  MONTH TO DATE    5.59                      4.24   1.35    10.77
  SINCE MAR 1     20.54                     13.76   6.78    28.45
  SINCE JAN 1     26.15                     20.91   5.24    32.38

DEGREE DAYS
 HEATING
  YESTERDAY        0                         0      0        0
  MONTH TO DATE   37                        35      2       28
  SINCE MAR 1    495                       694   -199      494
  SINCE JUL 1   2628                      3650  -1022     2983

 COOLING
  YESTERDAY       11                         8      3        8
  MONTH TO DATE  121                       131    -10      103
  SINCE MAR 1    191                       178     13      153
  SINCE JAN 1    195                       178     17      153
..................................................................


WIND (MPH)
  HIGHEST WIND SPEED    31   HIGHEST WIND DIRECTION     N (350)
  HIGHEST GUST SPEED    48   HIGHEST GUST DIRECTION     N (360)
  AVERAGE WIND SPEED    12.4


SKY COVER
  POSSIBLE SUNSHINE  MM
  AVERAGE SKY COVER 0.7


WEATHER CONDITIONS
 THE FOLLOWING WEATHER WAS RECORDED YESTERDAY.
  THUNDERSTORM
  HEAVY RAIN
  RAIN
  LIGHT RAIN
  FOG


RELATIVE HUMIDITY (PERCENT)
 HIGHEST    90           600 AM
 LOWEST     59           400 PM
 AVERAGE    75

..........................................................


THE JONESBORO CLIMATE NORMALS FOR TODAY
                         NORMAL    RECORD    YEAR
 MAXIMUM TEMPERATURE (F)   84       101      1911
 MINIMUM TEMPERATURE (F)   62        40      1907


SUNRISE AND SUNSET
MAY 28 2017...........SUNRISE   549 AM CDT   SUNSET   811 PM CDT
MAY 29 2017...........SUNRISE   549 AM CDT   SUNSET   812 PM CDT


-  INDICATES NEGATIVE NUMBERS.
R  INDICATES RECORD WAS SET OR TIED.
MM INDICATES DATA IS MISSING.
T  INDICATES TRACE AMOUNT.




$$
