000
CDUS44 KMEG 010733
CLIJBR


CLIMATE REPORT
NATIONAL WEATHER SERVICE MEMPHIS TN
133 AM CST SUN MAR 1 2015


...................................

...THE JONESBORO CLIMATE SUMMARY FOR FEBRUARY 28 2015...

CLIMATE NORMAL PERIOD 1981 TO 2010
CLIMATE RECORD PERIOD 1897 TO 2015


WEATHER ITEM   OBSERVED TIME   RECORD YEAR NORMAL DEPARTURE LAST
                VALUE   (LST)  VALUE       VALUE  FROM      YEAR
                                                  NORMAL
..................................................................
TEMPERATURE (F)
 YESTERDAY
  MAXIMUM         31   1159 PM  78    1918  55    -24       54
  MINIMUM         22    743 AM  11    1919  35    -13       25
  AVERAGE         27                        45    -18       40

PRECIPITATION (IN)
  YESTERDAY        T             2.43 1987   0.13  -0.13     0.03
  MONTH TO DATE    3.33                      3.72  -0.39     2.59
  SINCE DEC 1      7.62                     11.92  -4.30    11.15
  SINCE JAN 1      4.83                      7.15  -2.32     4.71

SNOWFALL (IN)
  YESTERDAY        T             4.5  2009   0.0    0.0       T
  MONTH TO DATE    1.5                       1.3    0.2      1.0
  SINCE DEC 1      1.5                       4.1   -2.6      2.0
  SINCE JUL 1      1.8                       4.1   -2.3      2.0
  SNOW DEPTH       0

DEGREE DAYS
 HEATING
  YESTERDAY       38                        20     18       25
  MONTH TO DATE  924                       659    265      722
  SINCE DEC 1   2489                      2306    183     2522
  SINCE JUL 1   3248                      2956    292     3265

 COOLING
  YESTERDAY        0                         0      0        0
  MONTH TO DATE    0                         0      0        0
  SINCE DEC 1      0                         0      0        0
  SINCE JAN 1      0                         0      0        0
..................................................................


WIND (MPH)
  HIGHEST WIND SPEED    20   HIGHEST WIND DIRECTION    NE (50)
  HIGHEST GUST SPEED    22   HIGHEST GUST DIRECTION    NE (40)
  AVERAGE WIND SPEED    10.5


SKY COVER
  POSSIBLE SUNSHINE  MM
  AVERAGE SKY COVER 1.0


WEATHER CONDITIONS
 THE FOLLOWING WEATHER WAS RECORDED YESTERDAY.
  SLEET


RELATIVE HUMIDITY (PERCENT)
 HIGHEST    88           800 AM
 LOWEST     68          1200 AM
 AVERAGE    78

..........................................................


THE JONESBORO CLIMATE NORMALS FOR TODAY
                         NORMAL    RECORD    YEAR
 MAXIMUM TEMPERATURE (F)   55        83      1932
 MINIMUM TEMPERATURE (F)   36         9      1980


SUNRISE AND SUNSET
MARCH  1 2015.........SUNRISE   633 AM CST   SUNSET   557 PM CST
MARCH  2 2015.........SUNRISE   632 AM CST   SUNSET   558 PM CST


-  INDICATES NEGATIVE NUMBERS.
R  INDICATES RECORD WAS SET OR TIED.
MM INDICATES DATA IS MISSING.
T  INDICATES TRACE AMOUNT.




$$
