000
CDUS44 KMEG 260639
CLIJBR


CLIMATE REPORT
NATIONAL WEATHER SERVICE MEMPHIS TN
138 AM CDT WED JUL 26 2017


...................................

...THE JONESBORO CLIMATE SUMMARY FOR JULY 25 2017...

CLIMATE NORMAL PERIOD 1981 TO 2010
CLIMATE RECORD PERIOD 1897 TO 2017


WEATHER ITEM   OBSERVED TIME   RECORD YEAR NORMAL DEPARTURE LAST
                VALUE   (LST)  VALUE       VALUE  FROM      YEAR
                                                  NORMAL
..................................................................
TEMPERATURE (F)
 YESTERDAY
  MAXIMUM         97    103 PM 105    1925  91      6       92
  MINIMUM         75    420 AM  50    1911  71      4       75
  AVERAGE         86                        81      5       84

PRECIPITATION (IN)
  YESTERDAY        0.48          2.33 1922   0.10   0.38     0.00
  MONTH TO DATE    1.49                      3.06  -1.57     2.20
  SINCE JUN 1      4.24                      6.81  -2.57     2.74
  SINCE JAN 1     31.43                     28.09   3.34    35.17

DEGREE DAYS
 HEATING
  YESTERDAY        0                         0      0        0
  MONTH TO DATE    0                         0      0        0
  SINCE JUN 1      0                         1     -1        0
  SINCE JUL 1      0                         0      0        0

 COOLING
  YESTERDAY       21                        16      5       19
  MONTH TO DATE  440                       399     41      468
  SINCE JUN 1    836                       782     54      954
  SINCE JAN 1   1070                       995     75     1153
..................................................................


WIND (MPH)
  HIGHEST WIND SPEED    29   HIGHEST WIND DIRECTION     S (170)
  HIGHEST GUST SPEED    39   HIGHEST GUST DIRECTION    SE (150)
  AVERAGE WIND SPEED     4.6


SKY COVER
  POSSIBLE SUNSHINE  MM
  AVERAGE SKY COVER 0.3


WEATHER CONDITIONS
 THE FOLLOWING WEATHER WAS RECORDED YESTERDAY.
  THUNDERSTORM
  HEAVY RAIN
  RAIN
  LIGHT RAIN
  FOG


RELATIVE HUMIDITY (PERCENT)
 HIGHEST   100           200 AM
 LOWEST     62          1200 PM
 AVERAGE    81

..........................................................


THE JONESBORO CLIMATE NORMALS FOR TODAY
                         NORMAL    RECORD    YEAR
 MAXIMUM TEMPERATURE (F)   91       105      1952
 MINIMUM TEMPERATURE (F)   71        57      1897


SUNRISE AND SUNSET
JULY 26 2017..........SUNRISE   606 AM CDT   SUNSET   812 PM CDT
JULY 27 2017..........SUNRISE   607 AM CDT   SUNSET   811 PM CDT


-  INDICATES NEGATIVE NUMBERS.
R  INDICATES RECORD WAS SET OR TIED.
MM INDICATES DATA IS MISSING.
T  INDICATES TRACE AMOUNT.




$$
