000
CDUS44 KMEG 250636
CLIJBR


CLIMATE REPORT
NATIONAL WEATHER SERVICE MEMPHIS TN
136 AM CDT FRI JUL 25 2014


...................................

...THE JONESBORO CLIMATE SUMMARY FOR JULY 24 2014...

CLIMATE NORMAL PERIOD 1981 TO 2010
CLIMATE RECORD PERIOD 1897 TO 2014


WEATHER ITEM   OBSERVED TIME   RECORD YEAR NORMAL DEPARTURE LAST
                VALUE   (LST)  VALUE       VALUE  FROM      YEAR
                                                  NORMAL
..................................................................
TEMPERATURE (F)
 YESTERDAY
  MAXIMUM         81    404 PM 107    1934  91    -10       86
  MINIMUM         62   1158 PM  55    1915  71     -9       70
  AVERAGE         72                        81     -9       78

PRECIPITATION (IN)
  YESTERDAY        0.00          2.05 1931   0.11  -0.11     0.01
  MONTH TO DATE    1.63                      2.96  -1.33     2.54
  SINCE JUN 1     10.47                      6.71   3.76     6.54
  SINCE JAN 1     31.75                     27.99   3.76    32.88

SNOWFALL (IN)
  YESTERDAY        0.0          MM      MM   0.0    0.0      0.0
  MONTH TO DATE    0.0                       0.0    0.0      0.0
  SINCE JUN 1      0.0                       0.0    0.0      0.0
  SINCE JUL 1      0.0                       0.0    0.0      0.0
  SNOW DEPTH       0

DEGREE DAYS
 HEATING
  YESTERDAY        0                         0      0        0
  MONTH TO DATE    0                         0      0        0
  SINCE JUN 1      0                         1     -1        0
  SINCE JUL 1      0                         0      0        0

 COOLING
  YESTERDAY        7                        16     -9       13
  MONTH TO DATE  256                       383   -127      378
  SINCE JUN 1    649                       766   -117      827
  SINCE JAN 1    896                       979    -83     1057
..................................................................


WIND (MPH)
  HIGHEST WIND SPEED    15   HIGHEST WIND DIRECTION    NE (40)
  HIGHEST GUST SPEED    21   HIGHEST GUST DIRECTION    NE (30)
  AVERAGE WIND SPEED     6.7


SKY COVER
  POSSIBLE SUNSHINE  MM
  AVERAGE SKY COVER 0.2


WEATHER CONDITIONS
 THE FOLLOWING WEATHER WAS RECORDED YESTERDAY.
  NO SIGNIFICANT WEATHER WAS OBSERVED.


RELATIVE HUMIDITY (PERCENT)
 HIGHEST    87           100 AM
 LOWEST     45          1200 PM
 AVERAGE    66

..........................................................


THE JONESBORO CLIMATE NORMALS FOR TODAY
                         NORMAL    RECORD    YEAR
 MAXIMUM TEMPERATURE (F)   91       105      1925
 MINIMUM TEMPERATURE (F)   71        50      1911


SUNRISE AND SUNSET
JULY 25 2014..........SUNRISE   605 AM CDT   SUNSET   813 PM CDT
JULY 26 2014..........SUNRISE   606 AM CDT   SUNSET   812 PM CDT


-  INDICATES NEGATIVE NUMBERS.
R  INDICATES RECORD WAS SET OR TIED.
MM INDICATES DATA IS MISSING.
T  INDICATES TRACE AMOUNT.




$$
