000
CDUS44 KMEG 072252
CLIJBR


CLIMATE REPORT
NATIONAL WEATHER SERVICE MEMPHIS TN
451 PM CST WED DEC 7 2016


...................................

...THE JONESBORO CLIMATE SUMMARY FOR DECEMBER 7 2016...
VALID TODAY AS OF 0400 PM LOCAL TIME.

CLIMATE NORMAL PERIOD 1981 TO 2010
CLIMATE RECORD PERIOD 1897 TO 2016


WEATHER ITEM   OBSERVED TIME   RECORD YEAR NORMAL DEPARTURE LAST
                VALUE   (LST)  VALUE       VALUE  FROM      YEAR
                                                  NORMAL
..................................................................
TEMPERATURE (F)
 TODAY
  MAXIMUM         43   1258 PM  76    1924  50     -7       57
  MINIMUM         35    756 AM   3    1917  32      3       36
  AVERAGE         39                        41     -2       47

PRECIPITATION (IN)
  TODAY            0.00          2.63 1944   0.19  -0.19     0.00
  MONTH TO DATE    0.87                      1.27  -0.40     0.00
  SINCE DEC 1      0.87                      1.27  -0.40     0.00
  SINCE JAN 1     48.97                     44.60   4.37    58.16

DEGREE DAYS
 HEATING
  TODAY           26                        24      2       18
  MONTH TO DATE  153                       161     -8      153
  SINCE DEC 1    153                       161     -8      153
  SINCE JUL 1    502                       811   -309      662

 COOLING
  TODAY            0                         0      0        0
  MONTH TO DATE    0                         0      0        0
  SINCE DEC 1      0                         0      0        0
  SINCE JAN 1   2285                      1827    458     1748
..................................................................


WIND (MPH)
  HIGHEST WIND SPEED    16   HIGHEST WIND DIRECTION     E (70)
  HIGHEST GUST SPEED    20   HIGHEST GUST DIRECTION    NE (40)
  AVERAGE WIND SPEED     8.3


SKY COVER
  POSSIBLE SUNSHINE  MM
  AVERAGE SKY COVER 0.6


WEATHER CONDITIONS
 THE FOLLOWING WEATHER WAS RECORDED TODAY.
  NO SIGNIFICANT WEATHER WAS OBSERVED.


RELATIVE HUMIDITY (PERCENT)
 HIGHEST    89           400 AM
 LOWEST     57          1200 PM
 AVERAGE    73

..........................................................


THE JONESBORO CLIMATE NORMALS FOR TOMORROW
                         NORMAL    RECORD    YEAR
 MAXIMUM TEMPERATURE (F)   50        73      1922
 MINIMUM TEMPERATURE (F)   32        10      1909


SUNRISE AND SUNSET
DECEMBER  7 2016......SUNRISE   700 AM CST   SUNSET   449 PM CST
DECEMBER  8 2016......SUNRISE   701 AM CST   SUNSET   449 PM CST


-  INDICATES NEGATIVE NUMBERS.
R  INDICATES RECORD WAS SET OR TIED.
MM INDICATES DATA IS MISSING.
T  INDICATES TRACE AMOUNT.




$$
