000
CDUS44 KMEG 230637
CLIJBR


CLIMATE REPORT
NATIONAL WEATHER SERVICE MEMPHIS TN
137 AM CDT SAT SEP 23 2017


...................................

...THE JONESBORO CLIMATE SUMMARY FOR SEPTEMBER 22 2017...

CLIMATE NORMAL PERIOD 1981 TO 2010
CLIMATE RECORD PERIOD 1897 TO 2017


WEATHER ITEM   OBSERVED TIME   RECORD YEAR NORMAL DEPARTURE LAST
                VALUE   (LST)  VALUE       VALUE  FROM      YEAR
                                                  NORMAL
..................................................................
TEMPERATURE (F)
 YESTERDAY
  MAXIMUM         94    213 PM  99    1921  81     13       92
  MINIMUM         66    539 AM  38    1918  58      8       64
                                      1897
  AVERAGE         80                        69     11       78

PRECIPITATION (IN)
  YESTERDAY        0.00          2.40 1900   0.09  -0.09     0.00
  MONTH TO DATE    0.38                      2.14  -1.76     1.94
  SINCE SEP 1      0.38                      2.14  -1.76     1.94
  SINCE JAN 1     40.00                     33.25   6.75    42.96

DEGREE DAYS
 HEATING
  YESTERDAY        0                         1     -1        0
  MONTH TO DATE    2                         5     -3        0
  SINCE SEP 1      2                         5     -3        0
  SINCE JUL 1      2                         5     -3        0

 COOLING
  YESTERDAY       15                         5     10       13
  MONTH TO DATE  187                       190     -3      296
  SINCE SEP 1    187                       190     -3      296
  SINCE JAN 1   1720                      1736    -16     2049
..................................................................


WIND (MPH)
  HIGHEST WIND SPEED    10   HIGHEST WIND DIRECTION     E (110)
  HIGHEST GUST SPEED    16   HIGHEST GUST DIRECTION     E (80)
  AVERAGE WIND SPEED     2.8


SKY COVER
  POSSIBLE SUNSHINE  MM
  AVERAGE SKY COVER 0.0


WEATHER CONDITIONS
 THE FOLLOWING WEATHER WAS RECORDED YESTERDAY.
  NO SIGNIFICANT WEATHER WAS OBSERVED.


RELATIVE HUMIDITY (PERCENT)
 HIGHEST   100          1200 AM
 LOWEST     46           400 PM
 AVERAGE    73

..........................................................


THE JONESBORO CLIMATE NORMALS FOR TODAY
                         NORMAL    RECORD    YEAR
 MAXIMUM TEMPERATURE (F)   81        97      1897
 MINIMUM TEMPERATURE (F)   57        40      1918


SUNRISE AND SUNSET
SEPTEMBER 23 2017.....SUNRISE   652 AM CDT   SUNSET   657 PM CDT
SEPTEMBER 24 2017.....SUNRISE   652 AM CDT   SUNSET   656 PM CDT


-  INDICATES NEGATIVE NUMBERS.
R  INDICATES RECORD WAS SET OR TIED.
MM INDICATES DATA IS MISSING.
T  INDICATES TRACE AMOUNT.




$$
