000
CDUS45 KGGW 260740
CLIJDN


CLIMATE REPORT
NATIONAL WEATHER SERVICE GLASGOW MT
140 AM MDT TUE MAY 26 2015


...................................

...THE JORDAN  ASOS MT CLIMATE SUMMARY FOR MAY 25 2015...

CLIMATE NORMAL PERIOD 1981 TO 2010
CLIMATE RECORD PERIOD 9999 TO 9999


WEATHER ITEM   OBSERVED TIME   RECORD YEAR NORMAL DEPARTURE LAST
                VALUE   (LST)  VALUE       VALUE  FROM      YEAR
                                                  NORMAL
..................................................................
TEMPERATURE (F)
 YESTERDAY
  MAXIMUM         75    254 PM  MM      MM  69      6       77
  MINIMUM         43    452 AM  MM      MM  42      1       55
  AVERAGE         59                        56      3       66

PRECIPITATION (IN)
  YESTERDAY        0.14         MM      MM   0.10   0.04     0.07
  MONTH TO DATE    0.89                      1.58  -0.69     1.62
  SINCE OCT 1      4.24                      5.20  -0.96     5.63
  SINCE JAN 1      3.05                      3.66  -0.61     3.22

SNOWFALL (IN)
  YESTERDAY       MM            MM      MM  MM     MM        0.0
  MONTH TO DATE    0.0                      MM     MM        0.0
  SINCE MAR 1      0.0                      MM     MM        0.0
  SINCE JUL 1      0.0                      MM     MM        0.0
  SNOW DEPTH       0

DEGREE DAYS
 HEATING
  YESTERDAY        6                        10     -4        0
  MONTH TO DATE  353                       335     18      350
  SINCE MAR 1   1669                      1951   -282     2098
  SINCE JUL 1   7462                      8069   -607     8411

 COOLING
  YESTERDAY        0                         0      0        1
  MONTH TO DATE    0                         0      0       11
  SINCE MAR 1      0                         0      0       11
  SINCE JAN 1      0                         0      0       11
..................................................................


WIND (MPH)
  HIGHEST WIND SPEED    22   HIGHEST WIND DIRECTION    SE (130)
  HIGHEST GUST SPEED    28   HIGHEST GUST DIRECTION    SE (120)
  AVERAGE WIND SPEED     5.4


SKY COVER
  POSSIBLE SUNSHINE  MM
  AVERAGE SKY COVER 0.0


WEATHER CONDITIONS
 THE FOLLOWING WEATHER WAS RECORDED YESTERDAY.
  NO SIGNIFICANT WEATHER WAS OBSERVED.


RELATIVE HUMIDITY (PERCENT)
 HIGHEST   100           300 AM
 LOWEST     29           300 PM
 AVERAGE    65

..........................................................


THE JORDAN  ASOS MT CLIMATE NORMALS FOR TODAY
                         NORMAL    RECORD    YEAR
 MAXIMUM TEMPERATURE (F)   69        MM        MM
 MINIMUM TEMPERATURE (F)   42        MM        MM


SUNRISE AND SUNSET
MAY 26 2015...........SUNRISE   519 AM MDT   SUNSET   850 PM MDT
MAY 27 2015...........SUNRISE   519 AM MDT   SUNSET   851 PM MDT


-  INDICATES NEGATIVE NUMBERS.
R  INDICATES RECORD WAS SET OR TIED.
MM INDICATES DATA IS MISSING.
T  INDICATES TRACE AMOUNT.




$$
