000
CDUS45 KGGW 280756
CLIJDN


CLIMATE REPORT
NATIONAL WEATHER SERVICE GLASGOW MT
1255 AM MST TUE FEB 28 2017


...................................

...THE JORDAN  ASOS MT CLIMATE SUMMARY FOR FEBRUARY 27 2017...

CLIMATE NORMAL PERIOD 1981 TO 2010
CLIMATE RECORD PERIOD 9999 TO 9999


WEATHER ITEM   OBSERVED TIME   RECORD YEAR NORMAL DEPARTURE LAST
                VALUE   (LST)  VALUE       VALUE  FROM      YEAR
                                                  NORMAL
..................................................................
TEMPERATURE (F)
 YESTERDAY
  MAXIMUM         21    220 PM  MM      MM  39    -18       64
  MINIMUM          3   1159 PM  MM      MM  14    -11       25
  AVERAGE         12                        26    -14       45

PRECIPITATION (IN)
  YESTERDAY        0.10         MM      MM   0.02   0.08     0.09
  MONTH TO DATE    0.58                      0.24   0.34     0.80
  SINCE OCT 1      4.35                      2.01   2.34     4.93
  SINCE JAN 1      1.14                      0.47   0.67     1.24

SNOWFALL (IN)
  YESTERDAY       MM            MM      MM  MM     MM       MM
  MONTH TO DATE    0.0                      MM     MM        0.0
  SINCE DEC 1      0.0                      MM     MM        0.0
  SINCE JUL 1      0.0                      MM     MM        0.0
  SNOW DEPTH       0

DEGREE DAYS
 HEATING
  YESTERDAY       53                        39     14       20
  MONTH TO DATE  996                      1151   -155      810
  SINCE DEC 1   4137                      4063     74     3587
  SINCE JUL 1   5700                      6081   -381     5292

 COOLING
  YESTERDAY        0                         0      0        0
  MONTH TO DATE    0                         0      0        0
  SINCE DEC 1      0                         0      0        0
  SINCE JAN 1      0                         0      0        0
..................................................................


WIND (MPH)
  HIGHEST WIND SPEED    13   HIGHEST WIND DIRECTION    NE (60)
  HIGHEST GUST SPEED    16   HIGHEST GUST DIRECTION    NE (40)
  AVERAGE WIND SPEED     6.9


SKY COVER
  POSSIBLE SUNSHINE  MM
  AVERAGE SKY COVER 0.0


WEATHER CONDITIONS
 THE FOLLOWING WEATHER WAS RECORDED YESTERDAY.
  NO SIGNIFICANT WEATHER WAS OBSERVED.


RELATIVE HUMIDITY (PERCENT)
 HIGHEST    92           800 PM
 LOWEST     73          1000 AM
 AVERAGE    83

..........................................................


THE JORDAN  ASOS MT CLIMATE NORMALS FOR TODAY
                         NORMAL    RECORD    YEAR
 MAXIMUM TEMPERATURE (F)   39        MM        MM
 MINIMUM TEMPERATURE (F)   14        MM        MM


SUNRISE AND SUNSET
FEBRUARY 28 2017......SUNRISE   649 AM MST   SUNSET   551 PM MST
MARCH  1 2017.........SUNRISE   647 AM MST   SUNSET   553 PM MST


-  INDICATES NEGATIVE NUMBERS.
R  INDICATES RECORD WAS SET OR TIED.
MM INDICATES DATA IS MISSING.
T  INDICATES TRACE AMOUNT.




$$
