000
CDUS45 KBOI 010930
CLIJER


CLIMATE REPORT
NATIONAL WEATHER SERVICE BOISE ID
330 AM MDT WED JUL 1 2015


...................................

...THE JEROME ID CLIMATE SUMMARY FOR JUNE 30 2015...

CLIMATE NORMAL PERIOD 1981 TO 2010
CLIMATE RECORD PERIOD 1919 TO 2015


WEATHER ITEM   OBSERVED TIME   RECORD YEAR NORMAL DEPARTURE LAST
                VALUE   (LST)  VALUE       VALUE  FROM      YEAR
                                                  NORMAL
..................................................................
TEMPERATURE (F)
 YESTERDAY
  MAXIMUM         97    451 PM 102    1990  83     14       79
  MINIMUM         69    530 AM  36    1968  53     16       51
  AVERAGE         83                        68     15       65

PRECIPITATION (IN)
  YESTERDAY        0.00          0.32 1992   0.01  -0.01     0.00
  MONTH TO DATE    0.11                      0.77  -0.66     0.35
  SINCE OCT 1      8.21                      9.89  -1.68     5.63
  SINCE JAN 1      5.31                      6.37  -1.06     5.03

DEGREE DAYS
 HEATING
  YESTERDAY        0                         1     -1        0
  MONTH TO DATE   15                       109    -94       74
  SINCE JUN 1     15                       107    -92       74
  SINCE JUL 1   5344                      6634  -1290     6188

 COOLING
  YESTERDAY       18                         4     14        0
  MONTH TO DATE  214                        68    146       45
  SINCE JUN 1    214                        68    146       45
  SINCE JAN 1    224                        81    143       55
..................................................................


WIND (MPH)
  HIGHEST WIND SPEED    23   HIGHEST WIND DIRECTION     S (170)
  HIGHEST GUST SPEED    33   HIGHEST GUST DIRECTION     S (170)
  AVERAGE WIND SPEED     8.7


SKY COVER
  AVERAGE SKY COVER 0.0


WEATHER CONDITIONS
 THE FOLLOWING WEATHER WAS RECORDED YESTERDAY.
  NO SIGNIFICANT WEATHER WAS OBSERVED.


RELATIVE HUMIDITY (PERCENT)
 HIGHEST    53           200 AM
 LOWEST     20           500 PM
 AVERAGE    37

..........................................................


THE JEROME ID CLIMATE NORMALS FOR TODAY
                         NORMAL    RECORD    YEAR
 MAXIMUM TEMPERATURE (F)   83       105      1924
 MINIMUM TEMPERATURE (F)   53        44      1992


SUNRISE AND SUNSET
JULY  1 2015..........SUNRISE   603 AM MDT   SUNSET   920 PM MDT
JULY  2 2015..........SUNRISE   604 AM MDT   SUNSET   920 PM MDT


-  INDICATES NEGATIVE NUMBERS.
R  INDICATES RECORD WAS SET OR TIED.
MM INDICATES DATA IS MISSING.
T  INDICATES TRACE AMOUNT.




$$
