000
CDUS45 KBOI 240931
CLIJER


CLIMATE REPORT
NATIONAL WEATHER SERVICE BOISE ID
331 AM MDT MON JUL 24 2017


...................................

...THE JEROME ID CLIMATE SUMMARY FOR JULY 23 2017...

CLIMATE NORMAL PERIOD 1981 TO 2010
CLIMATE RECORD PERIOD 1915 TO 2017


WEATHER ITEM   OBSERVED TIME   RECORD YEAR NORMAL DEPARTURE LAST
                VALUE   (LST)  VALUE       VALUE  FROM      YEAR
                                                  NORMAL
..................................................................
TEMPERATURE (F)
 YESTERDAY
  MAXIMUM         94    602 PM 107    2003  88      6       84
  MINIMUM         59    603 AM  41    1954  57      2       57
  AVERAGE         77                        72      5       71

PRECIPITATION (IN)
  YESTERDAY        0.00          0.49 1993   0.01  -0.01     0.00
  MONTH TO DATE    T                         0.16  -0.16     0.03
  SINCE OCT 1     11.25                     10.05   1.20     9.99
  SINCE JAN 1      6.73                      6.53   0.20     5.40

DEGREE DAYS
 HEATING
  YESTERDAY        0                         0      0        0
  MONTH TO DATE    0                        10    -10       15
  SINCE JUN 1     64                       117    -53       57
  SINCE JUL 1      0                        10    -10       15

 COOLING
  YESTERDAY       12                         7      5        6
  MONTH TO DATE  298                       140    158      134
  SINCE JUN 1    413                       208    205      295
  SINCE JAN 1    429                       221    208      299
..................................................................


WIND (MPH)
  HIGHEST WIND SPEED    13   HIGHEST WIND DIRECTION     S (200)
  HIGHEST GUST SPEED    16   HIGHEST GUST DIRECTION     S (200)
  AVERAGE WIND SPEED     4.7


SKY COVER
  AVERAGE SKY COVER 0.0


WEATHER CONDITIONS
 THE FOLLOWING WEATHER WAS RECORDED YESTERDAY.
  NO SIGNIFICANT WEATHER WAS OBSERVED.


RELATIVE HUMIDITY (PERCENT)
 HIGHEST    51           600 AM
 LOWEST     13           600 PM
 AVERAGE    32

..........................................................


THE JEROME ID CLIMATE NORMALS FOR TODAY
                         NORMAL    RECORD    YEAR
 MAXIMUM TEMPERATURE (F)   88       110      2003
 MINIMUM TEMPERATURE (F)   57        47      1954


SUNRISE AND SUNSET
JULY 24 2017..........SUNRISE   622 AM MDT   SUNSET   906 PM MDT
JULY 25 2017..........SUNRISE   623 AM MDT   SUNSET   905 PM MDT


-  INDICATES NEGATIVE NUMBERS.
R  INDICATES RECORD WAS SET OR TIED.
MM INDICATES DATA IS MISSING.
T  INDICATES TRACE AMOUNT.




$$
