000
CDUS45 KBOI 190932
CLIJER


CLIMATE REPORT
NATIONAL WEATHER SERVICE BOISE ID
231 AM MST SUN FEB 19 2017


...................................

...THE JEROME ID CLIMATE SUMMARY FOR FEBRUARY 18 2017...

CLIMATE NORMAL PERIOD 1981 TO 2010
CLIMATE RECORD PERIOD 1915 TO 2017


WEATHER ITEM   OBSERVED TIME   RECORD YEAR NORMAL DEPARTURE LAST
                VALUE   (LST)  VALUE       VALUE  FROM      YEAR
                                                  NORMAL
..................................................................
TEMPERATURE (F)
 YESTERDAY
  MAXIMUM         47    154 PM  63    1930  40      7       51
  MINIMUM         36    751 AM  -4    1942  23     13       38
  AVERAGE         42                        31     11       45

PRECIPITATION (IN)
  YESTERDAY        0.19          1.31 1986   0.03   0.16     0.10
  MONTH TO DATE    1.37                      0.54   0.83     0.20
  SINCE OCT 1      7.18                      5.12   2.06     6.00
  SINCE JAN 1      2.66                      1.60   1.06     1.41

DEGREE DAYS
 HEATING
  YESTERDAY       23                        34    -11       20
  MONTH TO DATE  555                       644    -89      598
  SINCE DEC 1   3119                      3018    101     2935
  SINCE JUL 1   4345                      4569   -224     4268

 COOLING
  YESTERDAY        0                         0      0        0
  MONTH TO DATE    0                         0      0        0
  SINCE DEC 1      0                         0      0        0
  SINCE JAN 1      0                         0      0        0
..................................................................


WIND (MPH)
  HIGHEST WIND SPEED    14   HIGHEST WIND DIRECTION    SE (130)
  HIGHEST GUST SPEED    21   HIGHEST GUST DIRECTION     E (100)
  AVERAGE WIND SPEED     8.5


SKY COVER
  AVERAGE SKY COVER 1.0


WEATHER CONDITIONS
 THE FOLLOWING WEATHER WAS RECORDED YESTERDAY.
  LIGHT RAIN
  FOG


RELATIVE HUMIDITY (PERCENT)
 HIGHEST   100          1100 PM
 LOWEST     70           200 AM
 AVERAGE    85

..........................................................


THE JEROME ID CLIMATE NORMALS FOR TODAY
                         NORMAL    RECORD    YEAR
 MAXIMUM TEMPERATURE (F)   40        62      1977
 MINIMUM TEMPERATURE (F)   23        -3      1952
                                             1942


SUNRISE AND SUNSET
FEBRUARY 19 2017......SUNRISE   729 AM MST   SUNSET   615 PM MST
FEBRUARY 20 2017......SUNRISE   727 AM MST   SUNSET   616 PM MST


-  INDICATES NEGATIVE NUMBERS.
R  INDICATES RECORD WAS SET OR TIED.
MM INDICATES DATA IS MISSING.
T  INDICATES TRACE AMOUNT.




$$
