000
CDUS45 KBOI 160933
CLIJER


CLIMATE REPORT
NATIONAL WEATHER SERVICE BOISE ID
232 AM MST SAT DEC 16 2017


...................................

...THE JEROME ID CLIMATE SUMMARY FOR DECEMBER 15 2017...

CLIMATE NORMAL PERIOD 1981 TO 2010
CLIMATE RECORD PERIOD 1915 TO 2017


WEATHER ITEM   OBSERVED TIME   RECORD YEAR NORMAL DEPARTURE LAST
                VALUE   (LST)  VALUE       VALUE  FROM      YEAR
                                                  NORMAL
..................................................................
TEMPERATURE (F)
 YESTERDAY
  MAXIMUM         34    301 PM  55    1968  34      0       49
  MINIMUM         23    655 AM  -5    1967  19      4       28
  AVERAGE         29                        26      3       39

PRECIPITATION (IN)
  YESTERDAY        T             0.55 1981   0.05  -0.05     0.30
  MONTH TO DATE    0.02                      0.75  -0.73     1.27
  SINCE OCT 1      2.39                      2.78  -0.39     4.15
  SINCE JAN 1      9.92                     10.07  -0.15    11.16

DEGREE DAYS
 HEATING
  YESTERDAY       36                        38     -2       26
  MONTH TO DATE  551                       554     -3      556
  SINCE DEC 1    551                       554     -3      556
  SINCE JUL 1   2007                      2105    -98     1782

 COOLING
  YESTERDAY        0                         0      0        0
  MONTH TO DATE    0                         0      0        0
  SINCE DEC 1      0                         0      0        0
  SINCE JAN 1    929                       510    419      612
..................................................................


WIND (MPH)
  HIGHEST WIND SPEED    15   HIGHEST WIND DIRECTION    SW (230)
  HIGHEST GUST SPEED    18   HIGHEST GUST DIRECTION    SW (230)
  AVERAGE WIND SPEED     7.5


SKY COVER
  AVERAGE SKY COVER 0.6


WEATHER CONDITIONS
 THE FOLLOWING WEATHER WAS RECORDED YESTERDAY.
  LIGHT SNOW
  FOG
  HAZE


RELATIVE HUMIDITY (PERCENT)
 HIGHEST   100           900 PM
 LOWEST     81          1200 AM
 AVERAGE    91

..........................................................


THE JEROME ID CLIMATE NORMALS FOR TODAY
                         NORMAL    RECORD    YEAR
 MAXIMUM TEMPERATURE (F)   34        56      1957
 MINIMUM TEMPERATURE (F)   19        -2      1967


SUNRISE AND SUNSET
DECEMBER 16 2017......SUNRISE   802 AM MST   SUNSET   505 PM MST
DECEMBER 17 2017......SUNRISE   803 AM MST   SUNSET   505 PM MST


-  INDICATES NEGATIVE NUMBERS.
R  INDICATES RECORD WAS SET OR TIED.
MM INDICATES DATA IS MISSING.
T  INDICATES TRACE AMOUNT.




$$
