000
CDUS45 KBOI 050934
CLIJER


CLIMATE REPORT
NATIONAL WEATHER SERVICE BOISE ID
334 AM MDT THU MAY 5 2016


...................................

...THE JEROME ID CLIMATE SUMMARY FOR MAY 4 2016...

CLIMATE NORMAL PERIOD 1981 TO 2010
CLIMATE RECORD PERIOD 1915 TO 2016


WEATHER ITEM   OBSERVED TIME   RECORD YEAR NORMAL DEPARTURE LAST
                VALUE   (LST)  VALUE       VALUE  FROM      YEAR
                                                  NORMAL
..................................................................
TEMPERATURE (F)
 YESTERDAY
  MAXIMUM         80    230 PM  91    1966  64     16       78
  MINIMUM         43    621 AM  25    1950  39      4       49
  AVERAGE         62                        51     11       64

PRECIPITATION (IN)
  YESTERDAY        0.00          0.46 1975   0.06  -0.06     0.00
  MONTH TO DATE    0.01                      0.23  -0.22     0.00
  SINCE OCT 1      8.56                      8.11   0.45     4.91
  SINCE JAN 1      3.97                      4.59  -0.62     2.01

DEGREE DAYS
 HEATING
  YESTERDAY        3                        14    -11        1
  MONTH TO DATE   33                        57    -24       15
  SINCE MAR 1   1094                      1373   -279     1077
  SINCE JUL 1   5633                      6260   -627     5119

 COOLING
  YESTERDAY        0                         0      0        0
  MONTH TO DATE    0                         0      0        0
  SINCE MAR 1      1                         0      1        0
  SINCE JAN 1      1                         0      1        0
..................................................................


WIND (MPH)
  HIGHEST WIND SPEED    18   HIGHEST WIND DIRECTION    NE (40)
  HIGHEST GUST SPEED    21   HIGHEST GUST DIRECTION    NE (30)
  AVERAGE WIND SPEED    10.7


SKY COVER
  AVERAGE SKY COVER 0.1


WEATHER CONDITIONS
 THE FOLLOWING WEATHER WAS RECORDED YESTERDAY.
  NO SIGNIFICANT WEATHER WAS OBSERVED.


RELATIVE HUMIDITY (PERCENT)
 HIGHEST    70           600 AM
 LOWEST     18           300 PM
 AVERAGE    44

..........................................................


THE JEROME ID CLIMATE NORMALS FOR TODAY
                         NORMAL    RECORD    YEAR
 MAXIMUM TEMPERATURE (F)   64        92      1966
 MINIMUM TEMPERATURE (F)   39        27      1982
                                             1948


SUNRISE AND SUNSET
MAY  5 2016...........SUNRISE   626 AM MDT   SUNSET   843 PM MDT
MAY  6 2016...........SUNRISE   625 AM MDT   SUNSET   844 PM MDT


-  INDICATES NEGATIVE NUMBERS.
R  INDICATES RECORD WAS SET OR TIED.
MM INDICATES DATA IS MISSING.
T  INDICATES TRACE AMOUNT.




$$
