000
CDUS45 KBOI 210931
CLIJER


CLIMATE REPORT
NATIONAL WEATHER SERVICE BOISE ID
231 AM MST SAT JAN 21 2017


...................................

...THE JEROME ID CLIMATE SUMMARY FOR JANUARY 20 2017...

CLIMATE NORMAL PERIOD 1981 TO 2010
CLIMATE RECORD PERIOD 1915 TO 2017


WEATHER ITEM   OBSERVED TIME   RECORD YEAR NORMAL DEPARTURE LAST
                VALUE   (LST)  VALUE       VALUE  FROM      YEAR
                                                  NORMAL
..................................................................
TEMPERATURE (F)
 YESTERDAY
  MAXIMUM         37    242 PM  55    1953  33      4       37
  MINIMUM         26    928 AM -16    1922  20      6       25
  AVERAGE         32                        27      5       31

PRECIPITATION (IN)
  YESTERDAY        T             0.66 1999   0.02  -0.02     0.10
  MONTH TO DATE    1.06                      0.81   0.25     0.55
  SINCE OCT 1      5.58                      4.33   1.25     5.14
  SINCE JAN 1      1.06                      0.81   0.25     0.55

DEGREE DAYS
 HEATING
  YESTERDAY       33                        38     -5       34
  MONTH TO DATE  805                       778     27      761
  SINCE DEC 1   2094                      1957    137     1933
  SINCE JUL 1   3320                      3508   -188     3266

 COOLING
  YESTERDAY        0                         0      0        0
  MONTH TO DATE    0                         0      0        0
  SINCE DEC 1      0                         0      0        0
  SINCE JAN 1      0                         0      0        0
..................................................................


WIND (MPH)
  HIGHEST WIND SPEED    22   HIGHEST WIND DIRECTION    NE (50)
  HIGHEST GUST SPEED    24   HIGHEST GUST DIRECTION     E (70)
  AVERAGE WIND SPEED    12.6


SKY COVER
  AVERAGE SKY COVER 0.5


WEATHER CONDITIONS
 THE FOLLOWING WEATHER WAS RECORDED YESTERDAY.
  LIGHT SNOW
  FOG


RELATIVE HUMIDITY (PERCENT)
 HIGHEST   100          1200 AM
 LOWEST     64           500 PM
 AVERAGE    82

..........................................................


THE JEROME ID CLIMATE NORMALS FOR TODAY
                         NORMAL    RECORD    YEAR
 MAXIMUM TEMPERATURE (F)   34        55      1981
                                             1943
 MINIMUM TEMPERATURE (F)   20       -16      1922


SUNRISE AND SUNSET
JANUARY 21 2017.......SUNRISE   802 AM MST   SUNSET   537 PM MST
JANUARY 22 2017.......SUNRISE   801 AM MST   SUNSET   539 PM MST


-  INDICATES NEGATIVE NUMBERS.
R  INDICATES RECORD WAS SET OR TIED.
MM INDICATES DATA IS MISSING.
T  INDICATES TRACE AMOUNT.




$$
