000
CDUS45 KBOI 280931
CLIJER


CLIMATE REPORT
NATIONAL WEATHER SERVICE BOISE ID
331 AM MDT SUN MAY 28 2017


...................................

...THE JEROME ID CLIMATE SUMMARY FOR MAY 27 2017...

CLIMATE NORMAL PERIOD 1981 TO 2010
CLIMATE RECORD PERIOD 1915 TO 2017


WEATHER ITEM   OBSERVED TIME   RECORD YEAR NORMAL DEPARTURE LAST
                VALUE   (LST)  VALUE       VALUE  FROM      YEAR
                                                  NORMAL
..................................................................
TEMPERATURE (F)
 YESTERDAY
  MAXIMUM         72    415 PM  95    1958  71      1       67
  MINIMUM         41    516 AM  29    1920  45     -4       46
  AVERAGE         57                        58     -1       57

PRECIPITATION (IN)
  YESTERDAY        0.00          0.42 2006   0.03  -0.03     0.00
  MONTH TO DATE    1.25                      1.14   0.11     1.29
  SINCE OCT 1     10.89                      9.02   1.87     9.84
  SINCE JAN 1      6.37                      5.50   0.87     5.25

DEGREE DAYS
 HEATING
  YESTERDAY        8                         8      0        8
  MONTH TO DATE  291                       296     -5      241
  SINCE MAR 1   1485                      1612   -127     1302
  SINCE JUL 1   5908                      6499   -591     5841

 COOLING
  YESTERDAY        0                         1     -1        0
  MONTH TO DATE    2                         6     -4        3
  SINCE MAR 1      2                         6     -4        4
  SINCE JAN 1      2                         6     -4        4
..................................................................


WIND (MPH)
  HIGHEST WIND SPEED    10   HIGHEST WIND DIRECTION    NE (40)
  HIGHEST GUST SPEED    12   HIGHEST GUST DIRECTION    NE (50)
  AVERAGE WIND SPEED     5.6


SKY COVER
  AVERAGE SKY COVER 0.0


WEATHER CONDITIONS
 THE FOLLOWING WEATHER WAS RECORDED YESTERDAY.
  NO SIGNIFICANT WEATHER WAS OBSERVED.


RELATIVE HUMIDITY (PERCENT)
 HIGHEST    93           400 AM
 LOWEST     26           400 PM
 AVERAGE    60

..........................................................


THE JEROME ID CLIMATE NORMALS FOR TODAY
                         NORMAL    RECORD    YEAR
 MAXIMUM TEMPERATURE (F)   71        95      1919
 MINIMUM TEMPERATURE (F)   46        28      1954


SUNRISE AND SUNSET
MAY 28 2017...........SUNRISE   604 AM MDT   SUNSET   906 PM MDT
MAY 29 2017...........SUNRISE   604 AM MDT   SUNSET   907 PM MDT


-  INDICATES NEGATIVE NUMBERS.
R  INDICATES RECORD WAS SET OR TIED.
MM INDICATES DATA IS MISSING.
T  INDICATES TRACE AMOUNT.




$$
