000
CDUS45 KBOI 220937
CLIJER


CLIMATE REPORT
NATIONAL WEATHER SERVICE BOISE ID
337 AM MDT FRI SEP 22 2017


...................................

...THE JEROME ID CLIMATE SUMMARY FOR SEPTEMBER 21 2017...

CLIMATE NORMAL PERIOD 1981 TO 2010
CLIMATE RECORD PERIOD 1915 TO 2017


WEATHER ITEM   OBSERVED TIME   RECORD YEAR NORMAL DEPARTURE LAST
                VALUE   (LST)  VALUE       VALUE  FROM      YEAR
                                                  NORMAL
..................................................................
TEMPERATURE (F)
 YESTERDAY
  MAXIMUM         47    323 PM  94    1966  73    -26       69
  MINIMUM         41    818 AM  30    1978  45     -4       52
  AVERAGE         44                        59    -15       61

PRECIPITATION (IN)
  YESTERDAY        0.21          0.39 1968   0.03   0.18     0.05
  MONTH TO DATE    0.62                      0.24   0.38     0.33
  SINCE OCT 1     11.94                     10.62   1.32    10.36
  SINCE JAN 1      7.42                      7.10   0.32     5.77

DEGREE DAYS
 HEATING
  YESTERDAY       21                         7     14        4
  MONTH TO DATE   90                        92     -2      121
  SINCE SEP 1     90                        92     -2      121
  SINCE JUL 1     91                       125    -34      143

 COOLING
  YESTERDAY        0                         1     -1        0
  MONTH TO DATE  121                        41     80       18
  SINCE SEP 1    121                        41     80       18
  SINCE JAN 1    929                       506    423      600
..................................................................


WIND (MPH)
  HIGHEST WIND SPEED    14   HIGHEST WIND DIRECTION    SW (230)
  HIGHEST GUST SPEED    15   HIGHEST GUST DIRECTION    SW (230)
  AVERAGE WIND SPEED     5.8


SKY COVER
  AVERAGE SKY COVER 0.9


WEATHER CONDITIONS
 THE FOLLOWING WEATHER WAS RECORDED YESTERDAY.
  LIGHT RAIN
  FOG


RELATIVE HUMIDITY (PERCENT)
 HIGHEST   100          1200 AM
 LOWEST     82           400 PM
 AVERAGE    91

..........................................................


THE JEROME ID CLIMATE NORMALS FOR TODAY
                         NORMAL    RECORD    YEAR
 MAXIMUM TEMPERATURE (F)   72        96      1966
 MINIMUM TEMPERATURE (F)   44        27      1961


SUNRISE AND SUNSET
SEPTEMBER 22 2017.....SUNRISE   725 AM MDT   SUNSET   734 PM MDT
SEPTEMBER 23 2017.....SUNRISE   727 AM MDT   SUNSET   733 PM MDT


-  INDICATES NEGATIVE NUMBERS.
R  INDICATES RECORD WAS SET OR TIED.
MM INDICATES DATA IS MISSING.
T  INDICATES TRACE AMOUNT.




$$
