000
CDUS41 KOKX 040620
CLIJFK


CLIMATE REPORT
NATIONAL WEATHER SERVICE NEW YORK NY
219 AM EDT WED MAY 4 2016


...................................

...THE KENNEDY NY CLIMATE SUMMARY FOR MAY 3 2016...

CLIMATE NORMAL PERIOD 1981 TO 2010
CLIMATE RECORD PERIOD 1949 TO 2016


WEATHER ITEM   OBSERVED TIME   RECORD YEAR NORMAL DEPARTURE LAST
                VALUE   (LST)  VALUE       VALUE  FROM      YEAR
                                                  NORMAL
..................................................................
TEMPERATURE (F)
 YESTERDAY
  MAXIMUM         54    507 PM  85    2001  65    -11       67
  MINIMUM         50   1159 PM  40    1966  49      1       46
                                      1964
  AVERAGE         52                        57     -5       57

PRECIPITATION (IN)
  YESTERDAY        0.75          1.60 1985   0.11   0.64     0.00
  MONTH TO DATE    1.02                      0.33   0.69     0.00
  SINCE MAR 1      3.65                      7.98  -4.33     6.49
  SINCE JAN 1     12.29                     13.73  -1.44    14.15

SNOWFALL (IN)
  YESTERDAY        0.0          MM      MM   0.0    0.0      0.0
  MONTH TO DATE    0.0                       0.0    0.0      0.0
  SINCE OCT 1     41.4                      23.8   17.6     44.2
  SINCE JUL 1     41.4                      23.8   17.6     44.2
  SNOW DEPTH       0

DEGREE DAYS
 HEATING
  YESTERDAY       13                         9      4        8
  MONTH TO DATE   44                        27     17       34
  SINCE MAR 1    988                      1167   -179     1236
  SINCE JUL 1   3742                      4678   -936     4928

 COOLING
  YESTERDAY        0                         0      0        0
  MONTH TO DATE    0                         0      0        0
  SINCE MAR 1      0                         3     -3        0
  SINCE JAN 1      0                         3     -3        0
..................................................................


WIND (MPH)
  HIGHEST WIND SPEED    14   HIGHEST WIND DIRECTION    NE (60)
  HIGHEST GUST SPEED    16   HIGHEST GUST DIRECTION    NE (60)
  AVERAGE WIND SPEED     7.3


SKY COVER
  POSSIBLE SUNSHINE  MM
  AVERAGE SKY COVER 1.0


WEATHER CONDITIONS
 THE FOLLOWING WEATHER WAS RECORDED YESTERDAY.
  RAIN
  LIGHT RAIN
  FOG


RELATIVE HUMIDITY (PERCENT)
 HIGHEST   100          1200 AM
 LOWEST     83           500 PM
 AVERAGE    92

..........................................................


THE KENNEDY NY CLIMATE NORMALS FOR TODAY
                         NORMAL    RECORD    YEAR
 MAXIMUM TEMPERATURE (F)   65        88      1965
 MINIMUM TEMPERATURE (F)   49        42      2005
                                             1978
                                             1967


SUNRISE AND SUNSET
MAY  4 2016...........SUNRISE   550 AM EDT   SUNSET   755 PM EDT
MAY  5 2016...........SUNRISE   548 AM EDT   SUNSET   756 PM EDT


-  INDICATES NEGATIVE NUMBERS.
R  INDICATES RECORD WAS SET OR TIED.
MM INDICATES DATA IS MISSING.
T  INDICATES TRACE AMOUNT.




$$
