000
CDUS41 KOKX 220619
CLIJFK


CLIMATE REPORT
NATIONAL WEATHER SERVICE NEW YORK NY
218 AM EDT SUN OCT 22 2017


...................................

...THE KENNEDY NY CLIMATE SUMMARY FOR OCTOBER 21 2017...

CLIMATE NORMAL PERIOD 1981 TO 2010
CLIMATE RECORD PERIOD 1948 TO 2017


WEATHER ITEM   OBSERVED TIME   RECORD YEAR NORMAL DEPARTURE LAST
                VALUE   (LST)  VALUE       VALUE  FROM      YEAR
                                                  NORMAL
..................................................................
TEMPERATURE (F)
 YESTERDAY
  MAXIMUM         76    100 PM  81    1963  63     13       73
  MINIMUM         48    539 AM  32    1974  48      0       60
  AVERAGE         62                        55      7       67

PRECIPITATION (IN)
  YESTERDAY        0.00          1.58 1988   0.11  -0.11     0.92
  MONTH TO DATE    0.50                      2.51  -2.01     2.27
  SINCE SEP 1      2.70                      6.01  -3.31     5.14
  SINCE JAN 1     35.95                     34.97   0.98    28.41

SNOWFALL (IN)
  YESTERDAY        0.0          MM      MM   0.0    0.0      0.0
  MONTH TO DATE    0.0                       0.0    0.0      0.0
  SINCE OCT 1      0.0                       0.0    0.0      0.0
  SINCE JUL 1      0.0                       0.0    0.0      0.0
  SNOW DEPTH       0

DEGREE DAYS
 HEATING
  YESTERDAY        3                        10     -7        0
  MONTH TO DATE   54                       146    -92       82
  SINCE SEP 1     66                       184   -118       95
  SINCE JUL 1     66                       185   -119       95

 COOLING
  YESTERDAY        0                         0      0        2
  MONTH TO DATE   61                        12     49       20
  SINCE SEP 1    245                       142    103      225
  SINCE JAN 1   1168                      1003    165     1362
..................................................................


WIND (MPH)
  HIGHEST WIND SPEED    15   HIGHEST WIND DIRECTION     S (190)
  HIGHEST GUST SPEED    18   HIGHEST GUST DIRECTION     S (190)
  AVERAGE WIND SPEED     6.1


SKY COVER
  POSSIBLE SUNSHINE  MM
  AVERAGE SKY COVER 0.5


WEATHER CONDITIONS
 THE FOLLOWING WEATHER WAS RECORDED YESTERDAY.
  NO SIGNIFICANT WEATHER WAS OBSERVED.


RELATIVE HUMIDITY (PERCENT)
 HIGHEST    84           700 PM
 LOWEST     31           100 PM
 AVERAGE    58

..........................................................


THE KENNEDY NY CLIMATE NORMALS FOR TODAY
                         NORMAL    RECORD    YEAR
 MAXIMUM TEMPERATURE (F)   62        77      1984
                                             1975
 MINIMUM TEMPERATURE (F)   48        37      2003
                                             1983
                                             1969


SUNRISE AND SUNSET
OCTOBER 22 2017.......SUNRISE   714 AM EDT   SUNSET   604 PM EDT
OCTOBER 23 2017.......SUNRISE   715 AM EDT   SUNSET   603 PM EDT


-  INDICATES NEGATIVE NUMBERS.
R  INDICATES RECORD WAS SET OR TIED.
MM INDICATES DATA IS MISSING.
T  INDICATES TRACE AMOUNT.




$$
