000
CDUS43 KJKL 290523
CLIJKL

CLIMATE REPORT
NATIONAL WEATHER SERVICE JACKSON KY
122 AM EDT SAT APR 29 2017

...................................

...THE JACKSON KY CLIMATE SUMMARY FOR APRIL 28 2017...

CLIMATE NORMAL PERIOD 1981 TO 2010
CLIMATE RECORD PERIOD 1981 TO 2017


WEATHER ITEM   OBSERVED TIME   RECORD YEAR NORMAL DEPARTURE LAST
                VALUE   (LST)  VALUE       VALUE  FROM      YEAR
                                                  NORMAL
..................................................................
TEMPERATURE (F)
 YESTERDAY
  MAXIMUM         84    327 PM  85    1994  71     13       81
  MINIMUM         52    512 AM  33    2010  50      2       59
  AVERAGE         68                        61      7       70

PRECIPITATION (IN)
  YESTERDAY        0.00          0.89 2002   0.14  -0.14     0.74
  MONTH TO DATE    4.02                      3.56   0.46     2.94
  SINCE MAR 1      8.44                      7.68   0.76     5.32
  SINCE JAN 1     16.01                     15.04   0.97    14.88

SNOWFALL (IN)
  YESTERDAY        0.0           T    1992   0.0    0.0      0.0
  MONTH TO DATE    0.0                       1.0   -1.0      0.1
  SINCE MAR 1      0.2                       3.9   -3.7      2.9
  SINCE JUL 1      4.8                      23.5  -18.7     32.5
  SNOW DEPTH       0

DEGREE DAYS
 HEATING
  YESTERDAY        0                         6     -6        0
  MONTH TO DATE  121                       258   -137      218
  SINCE MAR 1    629                       811   -182      557
  SINCE JUL 1   3121                      4111   -990     3311

 COOLING
  YESTERDAY        3                         2      1        5
  MONTH TO DATE   64                        37     27       45
  SINCE MAR 1     70                        44     26       53
  SINCE JAN 1     72                        44     28       53
..................................................................


WIND (MPH)
  HIGHEST WIND SPEED     9   HIGHEST WIND DIRECTION     S (170)
  HIGHEST GUST SPEED    17   HIGHEST GUST DIRECTION     S (200)
  AVERAGE WIND SPEED     2.2


SKY COVER
  POSSIBLE SUNSHINE  MM
  AVERAGE SKY COVER 0.2


WEATHER CONDITIONS
 THE FOLLOWING WEATHER WAS RECORDED YESTERDAY.
  NO SIGNIFICANT WEATHER WAS OBSERVED.


RELATIVE HUMIDITY (PERCENT)
 HIGHEST    86           200 AM
 LOWEST     32           300 PM
 AVERAGE    59

..........................................................


THE JACKSON KY CLIMATE NORMALS FOR TODAY
                         NORMAL    RECORD    YEAR
 MAXIMUM TEMPERATURE (F)   72        84      1996
 MINIMUM TEMPERATURE (F)   51        35      2008


SUNRISE AND SUNSET
APRIL 29 2017.........SUNRISE   640 AM EDT   SUNSET   822 PM EDT
APRIL 30 2017.........SUNRISE   639 AM EDT   SUNSET   823 PM EDT


-  INDICATES NEGATIVE NUMBERS.
R  INDICATES RECORD WAS SET OR TIED.
MM INDICATES DATA IS MISSING.
T  INDICATES TRACE AMOUNT.




$$
