000
CDUS43 KSGF 270626
CLIJLN


CLIMATE REPORT
NATIONAL WEATHER SERVICE SPRINGFIELD MO
1226 AM CST TUE JAN 27 2015


...................................

...THE JOPLIN MO CLIMATE SUMMARY FOR JANUARY 26 2015...

CLIMATE NORMAL PERIOD 1981 TO 2010
CLIMATE RECORD PERIOD 1902 TO 2015


WEATHER ITEM   OBSERVED TIME   RECORD YEAR NORMAL DEPARTURE LAST
                VALUE   (LST)  VALUE       VALUE  FROM      YEAR
                                                  NORMAL
..................................................................
TEMPERATURE (F)
 YESTERDAY
  MAXIMUM         59    418 PM  67    1953  46     13       60
                                      1952
  MINIMUM         24    725 AM   3    1963  25     -1       32
  AVERAGE         42                        36      6       46

PRECIPITATION (IN)
  YESTERDAY        0.00          1.33 1967   0.06  -0.06     0.00
  MONTH TO DATE    0.45                      1.70  -1.25     0.57
  SINCE DEC 1      2.29                      4.52  -2.23     1.95
  SINCE JAN 1      0.45                      1.70  -1.25     0.57

DEGREE DAYS
 HEATING
  YESTERDAY       23                        30     -7       19
  MONTH TO DATE  824                       780     44      875
  SINCE DEC 1   1597                      1640    -43     1857
  SINCE JUL 1   2510                      2397    113     2745

 COOLING
  YESTERDAY        0                         0      0        0
  MONTH TO DATE    0                         0      0        0
  SINCE DEC 1      0                         0      0        0
  SINCE JAN 1      0                         0      0        0
..................................................................


WIND (MPH)
  HIGHEST WIND SPEED    22   HIGHEST WIND DIRECTION    SW (240)
  HIGHEST GUST SPEED    29   HIGHEST GUST DIRECTION     W (250)
  AVERAGE WIND SPEED     7.6


SKY COVER
  AVERAGE SKY COVER 0.0


WEATHER CONDITIONS
 THE FOLLOWING WEATHER WAS RECORDED YESTERDAY.
  FOG


RELATIVE HUMIDITY (PERCENT)
 HIGHEST    92           300 AM
 LOWEST     40           300 PM
 AVERAGE    66

..........................................................


THE JOPLIN MO CLIMATE NORMALS FOR TODAY
                         NORMAL    RECORD    YEAR
 MAXIMUM TEMPERATURE (F)   46        70      1970
 MINIMUM TEMPERATURE (F)   25        -5      1963


SUNRISE AND SUNSET
JANUARY 27 2015.......SUNRISE   725 AM CST   SUNSET   537 PM CST
JANUARY 28 2015.......SUNRISE   724 AM CST   SUNSET   538 PM CST


-  INDICATES NEGATIVE NUMBERS.
R  INDICATES RECORD WAS SET OR TIED.
MM INDICATES DATA IS MISSING.
T  INDICATES TRACE AMOUNT.




$$
