000
CDUS43 KSGF 270631
CLIJLN


CLIMATE REPORT
NATIONAL WEATHER SERVICE SPRINGFIELD MO
131 AM CDT FRI MAR 27 2015


...................................

...THE JOPLIN MO CLIMATE SUMMARY FOR MARCH 26 2015...

CLIMATE NORMAL PERIOD 1981 TO 2010
CLIMATE RECORD PERIOD 1902 TO 2015


WEATHER ITEM   OBSERVED TIME   RECORD YEAR NORMAL DEPARTURE LAST
                VALUE   (LST)  VALUE       VALUE  FROM      YEAR
                                                  NORMAL
..................................................................
TEMPERATURE (F)
 YESTERDAY
  MAXIMUM         54    344 PM  85    1956  63     -9       56
  MINIMUM         40    801 AM  10    1955  41     -1       30
  AVERAGE         47                        52     -5       43

PRECIPITATION (IN)
  YESTERDAY        0.03          1.07 2011   0.11  -0.08     0.12
  MONTH TO DATE    1.83                      2.79  -0.96     1.86
  SINCE MAR 1      1.83                      2.79  -0.96     1.86
  SINCE JAN 1      3.35                      7.14  -3.79     2.71

DEGREE DAYS
 HEATING
  YESTERDAY       18                        14      4       22
  MONTH TO DATE  426                       445    -19      600
  SINCE MAR 1    426                       445    -19      600
  SINCE JUL 1   3962                      3699    263     4449

 COOLING
  YESTERDAY        0                         0      0        0
  MONTH TO DATE    0                         0      0        0
  SINCE MAR 1      0                         0      0        0
  SINCE JAN 1      0                         1     -1        0
..................................................................


WIND (MPH)
  HIGHEST WIND SPEED    23   HIGHEST WIND DIRECTION     N (360)
  HIGHEST GUST SPEED    32   HIGHEST GUST DIRECTION     N (20)
  AVERAGE WIND SPEED    11.5


SKY COVER
  AVERAGE SKY COVER 0.5


WEATHER CONDITIONS
 THE FOLLOWING WEATHER WAS RECORDED YESTERDAY.
  LIGHT RAIN
  FOG


RELATIVE HUMIDITY (PERCENT)
 HIGHEST    89          1200 AM
 LOWEST     41           200 PM
 AVERAGE    65

..........................................................


THE JOPLIN MO CLIMATE NORMALS FOR TODAY
                         NORMAL    RECORD    YEAR
 MAXIMUM TEMPERATURE (F)   64        82      2008
 MINIMUM TEMPERATURE (F)   41        19      1955


SUNRISE AND SUNSET
MARCH 27 2015.........SUNRISE   711 AM CDT   SUNSET   736 PM CDT
MARCH 28 2015.........SUNRISE   710 AM CDT   SUNSET   737 PM CDT


-  INDICATES NEGATIVE NUMBERS.
R  INDICATES RECORD WAS SET OR TIED.
MM INDICATES DATA IS MISSING.
T  INDICATES TRACE AMOUNT.




$$
