000
CDUS43 KSGF 280627
CLIJLN


CLIMATE REPORT
NATIONAL WEATHER SERVICE SPRINGFIELD MO
127 AM CDT THU AUG 28 2014


...................................

...THE JOPLIN MO CLIMATE SUMMARY FOR AUGUST 27 2014...

CLIMATE NORMAL PERIOD 1981 TO 2010
CLIMATE RECORD PERIOD 1902 TO 2014


WEATHER ITEM   OBSERVED TIME   RECORD YEAR NORMAL DEPARTURE LAST
                VALUE   (LST)  VALUE       VALUE  FROM      YEAR
                                                  NORMAL
..................................................................
TEMPERATURE (F)
 YESTERDAY
  MAXIMUM         98    150 PM 103    1954  90      8       91
                                      2000
  MINIMUM         72    418 AM  52    1962  67      5       70
                                      1967
                                      1992
  AVERAGE         85                        78      7       81

PRECIPITATION (IN)
  YESTERDAY        0.00          1.66 1978   0.12  -0.12     0.00
  MONTH TO DATE    1.52                      2.85  -1.33     4.60
  SINCE JUN 1      6.69                     12.52  -5.83    13.07
  SINCE JAN 1     15.44                     30.47 -15.03    35.46

DEGREE DAYS
 HEATING
  YESTERDAY        0                         0      0        0
  MONTH TO DATE    0                         0      0        0
  SINCE JUN 1      3                         5     -2       12
  SINCE JUL 1      1                         0      1        0

 COOLING
  YESTERDAY       20                        13      7       16
  MONTH TO DATE  415                       408      7      313
  SINCE JUN 1   1048                      1199   -151     1044
  SINCE JAN 1   1261                      1379   -118     1188
..................................................................


WIND (MPH)
  HIGHEST WIND SPEED    18   HIGHEST WIND DIRECTION    SE (150)
  HIGHEST GUST SPEED    23   HIGHEST GUST DIRECTION    SE (150)
  AVERAGE WIND SPEED     4.8


SKY COVER
  AVERAGE SKY COVER 0.2


WEATHER CONDITIONS
 THE FOLLOWING WEATHER WAS RECORDED YESTERDAY.
  NO SIGNIFICANT WEATHER WAS OBSERVED.


RELATIVE HUMIDITY (PERCENT)
 HIGHEST    79          1200 AM
 LOWEST     38           200 PM
 AVERAGE    59

..........................................................


THE JOPLIN MO CLIMATE NORMALS FOR TODAY
                         NORMAL    RECORD    YEAR
 MAXIMUM TEMPERATURE (F)   89       105      1954
 MINIMUM TEMPERATURE (F)   66        49      1992


SUNRISE AND SUNSET
AUGUST 28 2014........SUNRISE   645 AM CDT   SUNSET   752 PM CDT
AUGUST 29 2014........SUNRISE   646 AM CDT   SUNSET   751 PM CDT


-  INDICATES NEGATIVE NUMBERS.
R  INDICATES RECORD WAS SET OR TIED.
MM INDICATES DATA IS MISSING.
T  INDICATES TRACE AMOUNT.




$$
