000
CDUS43 KSGF 232331
CLIJLN


CLIMATE REPORT
NATIONAL WEATHER SERVICE SPRINGFIELD MO
530 PM CST FRI FEB 23 2018


...................................

...THE JOPLIN MO CLIMATE SUMMARY FOR FEBRUARY 23 2018...
VALID TODAY AS OF 0500 PM LOCAL TIME.

CLIMATE NORMAL PERIOD 1981 TO 2010
CLIMATE RECORD PERIOD 1902 TO 2018


WEATHER ITEM   OBSERVED TIME   RECORD YEAR NORMAL DEPARTURE LAST
                VALUE   (LST)  VALUE       VALUE  FROM      YEAR
                                                  NORMAL
..................................................................
TEMPERATURE (F)
 TODAY
  MAXIMUM         42    411 PM  83    2017  53    -11       83
  MINIMUM         37    753 AM   8    1989  32      5       54
  AVERAGE         40                        42     -2       69

PRECIPITATION (IN)
  TODAY            0.18          1.48 1985   0.09   0.09     0.00
  MONTH TO DATE    2.79                      1.85   0.94     0.26
  SINCE DEC 1      4.63                      6.70  -2.07     4.50
  SINCE JAN 1      3.26                      3.88  -0.62     3.91

DEGREE DAYS
 HEATING
  TODAY           25                        23      2        0
  MONTH TO DATE  639                       596     43      352
  SINCE DEC 1   2463                      2388     75     2009
  SINCE JUL 1   3108                      3145    -37     2464

 COOLING
  TODAY            0                         0      0        4
  MONTH TO DATE    0                         0      0        7
  SINCE DEC 1      0                         0      0        7
  SINCE JAN 1      0                         0      0        7
..................................................................


WIND (MPH)
  HIGHEST WIND SPEED    13   HIGHEST WIND DIRECTION    NE (50)
  HIGHEST GUST SPEED    17   HIGHEST GUST DIRECTION    NE (50)


SKY COVER
  AVERAGE SKY COVER 1.0


WEATHER CONDITIONS
 THE FOLLOWING WEATHER WAS RECORDED TODAY.
  RAIN
  LIGHT RAIN
  FOG


RELATIVE HUMIDITY (PERCENT)
 HIGHEST   100          1200 AM
 LOWEST     93          1200 PM
 AVERAGE    97

..........................................................


THE JOPLIN MO CLIMATE NORMALS FOR TOMORROW
                         NORMAL    RECORD    YEAR
 MAXIMUM TEMPERATURE (F)   53        80      1956
 MINIMUM TEMPERATURE (F)   32         3      1965


SUNRISE AND SUNSET
FEBRUARY 23 2018......SUNRISE   657 AM CST   SUNSET   606 PM CST
FEBRUARY 24 2018......SUNRISE   656 AM CST   SUNSET   607 PM CST


-  INDICATES NEGATIVE NUMBERS.
R  INDICATES RECORD WAS SET OR TIED.
MM INDICATES DATA IS MISSING.
T  INDICATES TRACE AMOUNT.




$$
