000
CDUS43 KSGF 312225
CLIJLN


CLIMATE REPORT
NATIONAL WEATHER SERVICE SPRINGFIELD MO
525 PM CDT WED AUG 31 2016


...................................

...THE JOPLIN MO CLIMATE SUMMARY FOR AUGUST 31 2016...
VALID TODAY AS OF 0500 PM LOCAL TIME.

CLIMATE NORMAL PERIOD 1981 TO 2010
CLIMATE RECORD PERIOD 1902 TO 2016


WEATHER ITEM   OBSERVED TIME   RECORD YEAR NORMAL DEPARTURE LAST
                VALUE   (LST)  VALUE       VALUE  FROM      YEAR
                                                  NORMAL
..................................................................
TEMPERATURE (F)
 TODAY
  MAXIMUM         85    153 PM 105    2000  89     -4       90
  MINIMUM         70    715 AM  49    2009  66      4       70
  AVERAGE         78                        77      1       80

PRECIPITATION (IN)
  TODAY            0.78          1.82 2012   0.13   0.65     0.00
  MONTH TO DATE    4.26                      3.35   0.91     8.23
  SINCE JUN 1     15.68                     13.02   2.66    20.99
  SINCE JAN 1     29.78                     30.97  -1.19    38.70

DEGREE DAYS
 HEATING
  TODAY            0                         0      0        0
  MONTH TO DATE    0                         0      0        1
  SINCE JUN 1      0                         6     -6        1
  SINCE JUL 1      0                         1     -1        1

 COOLING
  TODAY           13                        12      1       15
  MONTH TO DATE  455                       456     -1      353
  SINCE JUN 1   1373                      1247    126     1242
  SINCE JAN 1   1487                      1427     60     1386
..................................................................


WIND (MPH)
  HIGHEST WIND SPEED    23   HIGHEST WIND DIRECTION     N (20)
  HIGHEST GUST SPEED    33   HIGHEST GUST DIRECTION     N (20)


SKY COVER
  AVERAGE SKY COVER 0.3


WEATHER CONDITIONS
 THE FOLLOWING WEATHER WAS RECORDED TODAY.
  THUNDERSTORM
  RAIN
  LIGHT RAIN
  FOG


RELATIVE HUMIDITY (PERCENT)
 HIGHEST   100           100 AM
 LOWEST     69           100 PM
 AVERAGE    85

..........................................................


THE JOPLIN MO CLIMATE NORMALS FOR TOMORROW
                         NORMAL    RECORD    YEAR
 MAXIMUM TEMPERATURE (F)   88       105      2000
 MINIMUM TEMPERATURE (F)   65        45      1949


SUNRISE AND SUNSET
AUGUST 31 2016........SUNRISE   648 AM CDT   SUNSET   747 PM CDT
SEPTEMBER  1 2016.....SUNRISE   649 AM CDT   SUNSET   746 PM CDT


-  INDICATES NEGATIVE NUMBERS.
R  INDICATES RECORD WAS SET OR TIED.
MM INDICATES DATA IS MISSING.
T  INDICATES TRACE AMOUNT.




$$
