000
CDUS43 KSGF 250741
CLIJLN


CLIMATE REPORT
NATIONAL WEATHER SERVICE SPRINGFIELD MO
240 AM CDT THU MAY 25 2017


...................................

...THE JOPLIN MO CLIMATE SUMMARY FOR MAY 24 2017...

CLIMATE NORMAL PERIOD 1981 TO 2010
CLIMATE RECORD PERIOD 1902 TO 2017


WEATHER ITEM   OBSERVED TIME   RECORD YEAR NORMAL DEPARTURE LAST
                VALUE   (LST)  VALUE       VALUE  FROM      YEAR
                                                  NORMAL
..................................................................
TEMPERATURE (F)
 YESTERDAY
  MAXIMUM         68    451 PM  90    1996  80    -12       81
  MINIMUM         50   1159 PM  45    2001  58     -8       64
  AVERAGE         59                        69    -10       73

PRECIPITATION (IN)
  YESTERDAY        0.00          2.48 2015   0.16  -0.16     0.45
  MONTH TO DATE    6.59                      4.46   2.13     4.77
  SINCE MAR 1     20.53                     12.35   8.18    11.89
  SINCE JAN 1     24.52                     16.70   7.82    12.56

DEGREE DAYS
 HEATING
  YESTERDAY        6                         1      5        0
  MONTH TO DATE   61                        59      2      123
  SINCE MAR 1    616                       808   -192      639
  SINCE JUL 1   3168                      4062   -894     3389

 COOLING
  YESTERDAY        0                         5     -5        8
  MONTH TO DATE   85                        84      1       40
  SINCE MAR 1    149                       137     12       62
  SINCE JAN 1    159                       138     21       63
..................................................................


WIND (MPH)
  HIGHEST WIND SPEED    18   HIGHEST WIND DIRECTION    NW (310)
  HIGHEST GUST SPEED    24   HIGHEST GUST DIRECTION    NW (300)
  AVERAGE WIND SPEED     7.8


SKY COVER
  AVERAGE SKY COVER 0.7


WEATHER CONDITIONS
 THE FOLLOWING WEATHER WAS RECORDED YESTERDAY.
  NO SIGNIFICANT WEATHER WAS OBSERVED.


RELATIVE HUMIDITY (PERCENT)
 HIGHEST    96          1000 PM
 LOWEST     56           300 PM
 AVERAGE    76

..........................................................


THE JOPLIN MO CLIMATE NORMALS FOR TODAY
                         NORMAL    RECORD    YEAR
 MAXIMUM TEMPERATURE (F)   80        92      2006
 MINIMUM TEMPERATURE (F)   59        44      1979


SUNRISE AND SUNSET
MAY 25 2017...........SUNRISE   603 AM CDT   SUNSET   828 PM CDT
MAY 26 2017...........SUNRISE   602 AM CDT   SUNSET   829 PM CDT


-  INDICATES NEGATIVE NUMBERS.
R  INDICATES RECORD WAS SET OR TIED.
MM INDICATES DATA IS MISSING.
T  INDICATES TRACE AMOUNT.




$$
