000
CDUS43 KBIS 220728
CLIJMS


CLIMATE REPORT
NATIONAL WEATHER SERVICE BISMARCK ND
227 AM CDT MON SEP 22 2014


...................................

...THE JAMESTOWN ND CLIMATE SUMMARY FOR SEPTEMBER 21 2014...

CLIMATE NORMAL PERIOD 1981 TO 2010
CLIMATE RECORD PERIOD 1891 TO 2014


WEATHER ITEM   OBSERVED TIME   RECORD YEAR NORMAL DEPARTURE LAST
                VALUE   (LST)  VALUE       VALUE  FROM      YEAR
                                                  NORMAL
..................................................................
TEMPERATURE (F)
 YESTERDAY
  MAXIMUM         68    344 PM  97    1922  68      0       68
  MINIMUM         44   1150 PM  25    1934  42      2       32
  AVERAGE         56                        55      1       50

PRECIPITATION (IN)
  YESTERDAY        0.00          1.33 1969   0.06  -0.06     0.00
  MONTH TO DATE    1.59                      1.49   0.10     1.69
  SINCE SEP 1      1.59                      1.49   0.10     1.69
  SINCE JAN 1     20.27                     15.68   4.59    10.89

DEGREE DAYS
 HEATING
  YESTERDAY        9                        10     -1       15
  MONTH TO DATE  174                       142     32       84
  SINCE SEP 1    174                       142     32       84
  SINCE JUL 1    229                       208     21      128

 COOLING
  YESTERDAY        0                         0      0        0
  MONTH TO DATE   11                        28    -17       48
  SINCE SEP 1     11                        28    -17       48
  SINCE JAN 1    349                       443    -94      514
..................................................................


WIND (MPH)
  HIGHEST WIND SPEED    14   HIGHEST WIND DIRECTION    NW (330)
  HIGHEST GUST SPEED    18   HIGHEST GUST DIRECTION    NW (320)
  AVERAGE WIND SPEED     6.6


SKY COVER
  POSSIBLE SUNSHINE  MM
  AVERAGE SKY COVER 0.1


WEATHER CONDITIONS
 THE FOLLOWING WEATHER WAS RECORDED YESTERDAY.
  NO SIGNIFICANT WEATHER WAS OBSERVED.


RELATIVE HUMIDITY (PERCENT)
 HIGHEST    93           600 AM
 LOWEST     48           200 PM
 AVERAGE    71

..........................................................


THE JAMESTOWN ND CLIMATE NORMALS FOR TODAY
                         NORMAL    RECORD    YEAR
 MAXIMUM TEMPERATURE (F)   67        98      1936
 MINIMUM TEMPERATURE (F)   42        22      1947


SUNRISE AND SUNSET
SEPTEMBER 22 2014.....SUNRISE   721 AM CDT   SUNSET   732 PM CDT
SEPTEMBER 23 2014.....SUNRISE   723 AM CDT   SUNSET   730 PM CDT


-  INDICATES NEGATIVE NUMBERS.
R  INDICATES RECORD WAS SET OR TIED.
MM INDICATES DATA IS MISSING.
T  INDICATES TRACE AMOUNT.




$$
