000
CDUS43 KBIS 230723
CLIJMS


CLIMATE REPORT
NATIONAL WEATHER SERVICE BISMARCK ND
223 AM CDT TUE AUG 23 2016


...................................

...THE JAMESTOWN ND CLIMATE SUMMARY FOR AUGUST 22 2016...

CLIMATE NORMAL PERIOD 1981 TO 2010
CLIMATE RECORD PERIOD 1891 TO 2016


WEATHER ITEM   OBSERVED TIME   RECORD YEAR NORMAL DEPARTURE LAST
                VALUE   (LST)  VALUE       VALUE  FROM      YEAR
                                                  NORMAL
..................................................................
TEMPERATURE (F)
 YESTERDAY
  MAXIMUM         82    435 PM 102    1947  80      2       70
  MINIMUM         52    603 AM  32    1908  54     -2       55
  AVERAGE         67                        67      0       63

PRECIPITATION (IN)
  YESTERDAY        0.00          1.10 1918   0.07  -0.07     0.43
  MONTH TO DATE    4.58                      1.43   3.15     1.00
  SINCE JUN 1     12.91                      7.97   4.94     9.62
  SINCE JAN 1     18.74                     13.52   5.22    19.78

DEGREE DAYS
 HEATING
  YESTERDAY        0                         2     -2        2
  MONTH TO DATE   12                        23    -11       22
  SINCE JUN 1     68                       142    -74       73
  SINCE JUL 1     19                        45    -26       31

 COOLING
  YESTERDAY        2                         4     -2        0
  MONTH TO DATE   87                       115    -28      100
  SINCE JUN 1    357                       367    -10      396
  SINCE JAN 1    371                       387    -16      404
..................................................................


WIND (MPH)
  HIGHEST WIND SPEED    16   HIGHEST WIND DIRECTION    SE (150)
  HIGHEST GUST SPEED    20   HIGHEST GUST DIRECTION    SE (150)
  AVERAGE WIND SPEED    10.2


SKY COVER
  POSSIBLE SUNSHINE  MM
  AVERAGE SKY COVER 0.0


WEATHER CONDITIONS
 THE FOLLOWING WEATHER WAS RECORDED YESTERDAY.
  NO SIGNIFICANT WEATHER WAS OBSERVED.


RELATIVE HUMIDITY (PERCENT)
 HIGHEST   100           600 AM
 LOWEST     62           200 PM
 AVERAGE    81

..........................................................


THE JAMESTOWN ND CLIMATE NORMALS FOR TODAY
                         NORMAL    RECORD    YEAR
 MAXIMUM TEMPERATURE (F)   80       103      1929
 MINIMUM TEMPERATURE (F)   54        34      1908


SUNRISE AND SUNSET
AUGUST 23 2016........SUNRISE   643 AM CDT   SUNSET   830 PM CDT
AUGUST 24 2016........SUNRISE   644 AM CDT   SUNSET   828 PM CDT


-  INDICATES NEGATIVE NUMBERS.
R  INDICATES RECORD WAS SET OR TIED.
MM INDICATES DATA IS MISSING.
T  INDICATES TRACE AMOUNT.




$$
