000
CDUS43 KBIS 070042
CLIJMS


CLIMATE REPORT
NATIONAL WEATHER SERVICE BISMARCK ND
641 PM CST FRI MAR 6 2015


...................................

...THE JAMESTOWN ND CLIMATE SUMMARY FOR MARCH 6 2015...
VALID TODAY AS OF 0600 PM LOCAL TIME.

CLIMATE NORMAL PERIOD 1981 TO 2010
CLIMATE RECORD PERIOD 1891 TO 2015


WEATHER ITEM   OBSERVED TIME   RECORD YEAR NORMAL DEPARTURE LAST
                VALUE   (LST)  VALUE       VALUE  FROM      YEAR
                                                  NORMAL
..................................................................
TEMPERATURE (F)
 TODAY
  MAXIMUM         37    341 PM  59    2000  32      5       39
  MINIMUM         14    724 AM -18    1932  14      0       20
  AVERAGE         26                        23      3       30

PRECIPITATION (IN)
  TODAY            0.00          0.32 1983   0.03  -0.03     0.00
  MONTH TO DATE    T                         0.14  -0.14      T
  SINCE MAR 1      T                         0.14  -0.14      T
  SINCE JAN 1      0.42                      0.99  -0.57     0.39

DEGREE DAYS
 HEATING
  TODAY           39                        42     -3       35
  MONTH TO DATE  324                       260     64      355
  SINCE MAR 1    324                       260     64      355
  SINCE JUL 1   7061                      7019     42     7623

 COOLING
  TODAY            0                         0      0        0
  MONTH TO DATE    0                         0      0        0
  SINCE MAR 1      0                         0      0        0
  SINCE JAN 1      0                         0      0        0
..................................................................


WIND (MPH)
  RESULTANT WIND SPEED   8   RESULTANT WIND DIRECTION   W (280)
  HIGHEST WIND SPEED    16   HIGHEST WIND DIRECTION     W (250)
  HIGHEST GUST SPEED    19   HIGHEST GUST DIRECTION     W (250)
  AVERAGE WIND SPEED     9.3


SKY COVER
  POSSIBLE SUNSHINE  MM
  AVERAGE SKY COVER 0.1


WEATHER CONDITIONS
 THE FOLLOWING WEATHER WAS RECORDED TODAY.
  NO SIGNIFICANT WEATHER WAS OBSERVED.


RELATIVE HUMIDITY (PERCENT)
 HIGHEST    80           600 AM
 LOWEST     48           300 PM
 AVERAGE    64

..........................................................


THE JAMESTOWN ND CLIMATE NORMALS FOR TOMORROW
                         NORMAL    RECORD    YEAR
 MAXIMUM TEMPERATURE (F)   32        66      1898
 MINIMUM TEMPERATURE (F)   14       -21      2008


SUNRISE AND SUNSET
MARCH  6 2015.........SUNRISE   705 AM CST   SUNSET   627 PM CST
MARCH  7 2015.........SUNRISE   704 AM CST   SUNSET   629 PM CST


-  INDICATES NEGATIVE NUMBERS.
R  INDICATES RECORD WAS SET OR TIED.
MM INDICATES DATA IS MISSING.
T  INDICATES TRACE AMOUNT.




$$
