000
CDUS43 KBIS 050722
CLIJMS


CLIMATE REPORT
NATIONAL WEATHER SERVICE BISMARCK ND
221 AM CDT THU MAY 5 2016


...................................

...THE JAMESTOWN ND CLIMATE SUMMARY FOR MAY 4 2016...

CLIMATE NORMAL PERIOD 1981 TO 2010
CLIMATE RECORD PERIOD 1891 TO 2016


WEATHER ITEM   OBSERVED TIME   RECORD YEAR NORMAL DEPARTURE LAST
                VALUE   (LST)  VALUE       VALUE  FROM      YEAR
                                                  NORMAL
..................................................................
TEMPERATURE (F)
 YESTERDAY
  MAXIMUM         74    507 PM  94    1926  64     10       69
  MINIMUM         32    517 AM  22    1907  38     -6       31
  AVERAGE         53                        51      2       50

PRECIPITATION (IN)
  YESTERDAY        0.00          1.30 1905   0.08  -0.08     0.00
  MONTH TO DATE    0.03                      0.29  -0.26      T
  SINCE MAR 1      2.96                      2.33   0.63     0.99
  SINCE JAN 1      3.07                      3.18  -0.11     1.41

DEGREE DAYS
 HEATING
  YESTERDAY       12                        14     -2       15
  MONTH TO DATE   55                        59     -4       35
  SINCE MAR 1   1600                      1894   -294     1622
  SINCE JUL 1   7342                      8653  -1311     8359

 COOLING
  YESTERDAY        0                         0      0        0
  MONTH TO DATE    0                         0      0        0
  SINCE MAR 1      0                         2     -2        0
  SINCE JAN 1      0                         2     -2        0
..................................................................


WIND (MPH)
  HIGHEST WIND SPEED    14   HIGHEST WIND DIRECTION     S (190)
  HIGHEST GUST SPEED    16   HIGHEST GUST DIRECTION     S (200)
  AVERAGE WIND SPEED     6.2


SKY COVER
  POSSIBLE SUNSHINE  MM
  AVERAGE SKY COVER 0.0


WEATHER CONDITIONS
 THE FOLLOWING WEATHER WAS RECORDED YESTERDAY.
  NO SIGNIFICANT WEATHER WAS OBSERVED.


RELATIVE HUMIDITY (PERCENT)
 HIGHEST    82           200 AM
 LOWEST     24           400 PM
 AVERAGE    53

..........................................................


THE JAMESTOWN ND CLIMATE NORMALS FOR TODAY
                         NORMAL    RECORD    YEAR
 MAXIMUM TEMPERATURE (F)   65        96      1926
 MINIMUM TEMPERATURE (F)   38        19      1944


SUNRISE AND SUNSET
MAY  5 2016...........SUNRISE   612 AM CDT   SUNSET   851 PM CDT
MAY  6 2016...........SUNRISE   611 AM CDT   SUNSET   852 PM CDT


-  INDICATES NEGATIVE NUMBERS.
R  INDICATES RECORD WAS SET OR TIED.
MM INDICATES DATA IS MISSING.
T  INDICATES TRACE AMOUNT.




$$
