000
CDUS43 KBIS 270750
CLIJMS


CLIMATE REPORT
NATIONAL WEATHER SERVICE BISMARCK ND
149 AM CST SAT DEC 27 2014


...................................

...THE JAMESTOWN ND CLIMATE SUMMARY FOR DECEMBER 26 2014...

CLIMATE NORMAL PERIOD 1981 TO 2010
CLIMATE RECORD PERIOD 1891 TO 2014


WEATHER ITEM   OBSERVED TIME   RECORD YEAR NORMAL DEPARTURE LAST
                VALUE   (LST)  VALUE       VALUE  FROM      YEAR
                                                  NORMAL
..................................................................
TEMPERATURE (F)
 YESTERDAY
  MAXIMUM         25    232 AM  48    2011  21      4       32
                                      2005
  MINIMUM          1   1138 PM -29    1990   2     -1       19
  AVERAGE         13                        12      1       26

PRECIPITATION (IN)
  YESTERDAY        T             0.79 1988   0.02  -0.02      T
  MONTH TO DATE    0.03                      0.33  -0.30     0.24
  SINCE DEC 1      0.03                      0.33  -0.30     0.24
  SINCE JAN 1     21.03                     18.70   2.33    16.11

DEGREE DAYS
 HEATING
  YESTERDAY       52                        53     -1       39
  MONTH TO DATE 1156                      1306   -150     1557
  SINCE DEC 1   1156                      1306   -150     1557
  SINCE JUL 1   3319                      3390    -71     3565

 COOLING
  YESTERDAY        0                         0      0        0
  MONTH TO DATE    0                         0      0        0
  SINCE DEC 1      0                         0      0        0
  SINCE JAN 1    367                       446    -79      521
..................................................................


WIND (MPH)
  HIGHEST WIND SPEED    17   HIGHEST WIND DIRECTION    NW (330)
  HIGHEST GUST SPEED    21   HIGHEST GUST DIRECTION     N (340)
  AVERAGE WIND SPEED     9.8


SKY COVER
  POSSIBLE SUNSHINE  MM
  AVERAGE SKY COVER 0.7


WEATHER CONDITIONS
 THE FOLLOWING WEATHER WAS RECORDED YESTERDAY.
  LIGHT SNOW
  FOG


RELATIVE HUMIDITY (PERCENT)
 HIGHEST    92           400 AM
 LOWEST     73           200 PM
 AVERAGE    83

..........................................................


THE JAMESTOWN ND CLIMATE NORMALS FOR TODAY
                         NORMAL    RECORD    YEAR
 MAXIMUM TEMPERATURE (F)   21        47      1980
 MINIMUM TEMPERATURE (F)    2       -29      1960


SUNRISE AND SUNSET
DECEMBER 27 2014......SUNRISE   820 AM CST   SUNSET   452 PM CST
DECEMBER 28 2014......SUNRISE   820 AM CST   SUNSET   453 PM CST


-  INDICATES NEGATIVE NUMBERS.
R  INDICATES RECORD WAS SET OR TIED.
MM INDICATES DATA IS MISSING.
T  INDICATES TRACE AMOUNT.




$$
