000
CDUS43 KBIS 230722
CLIJMS


CLIMATE REPORT
NATIONAL WEATHER SERVICE BISMARCK ND
221 AM CDT WED JUL 23 2014


...................................

...THE JAMESTOWN ND CLIMATE SUMMARY FOR JULY 22 2014...

CLIMATE NORMAL PERIOD 1981 TO 2010
CLIMATE RECORD PERIOD 1891 TO 2014


WEATHER ITEM   OBSERVED TIME   RECORD YEAR NORMAL DEPARTURE LAST
                VALUE   (LST)  VALUE       VALUE  FROM      YEAR
                                                  NORMAL
..................................................................
TEMPERATURE (F)
 YESTERDAY
  MAXIMUM         80    453 PM 107    1940  83     -3       73
  MINIMUM         62   1154 PM  43    1909  58      4       53
  AVERAGE         71                        70      1       63

PRECIPITATION (IN)
  YESTERDAY        0.00          1.20 1965   0.09  -0.09     0.00
  MONTH TO DATE    0.70                      2.57  -1.87     0.35
  SINCE JUN 1      7.06                      5.76   1.30     2.08
  SINCE JAN 1     15.50                     11.31   4.19     7.67

DEGREE DAYS
 HEATING
  YESTERDAY        0                         0      0        2
  MONTH TO DATE   24                        19      5        4
  SINCE JUN 1     83                       116    -33       89
  SINCE JUL 1     24                        19      5        4

 COOLING
  YESTERDAY        6                         6      0        0
  MONTH TO DATE   96                       121    -25      173
  SINCE JUN 1    152                       201    -49      273
  SINCE JAN 1    206                       221    -15      284
..................................................................


WIND (MPH)
  HIGHEST WIND SPEED    15   HIGHEST WIND DIRECTION     N (340)
  HIGHEST GUST SPEED    20   HIGHEST GUST DIRECTION     N (340)
  AVERAGE WIND SPEED     7.7


SKY COVER
  POSSIBLE SUNSHINE  MM
  AVERAGE SKY COVER 0.3


WEATHER CONDITIONS
 THE FOLLOWING WEATHER WAS RECORDED YESTERDAY.
  NO SIGNIFICANT WEATHER WAS OBSERVED.


RELATIVE HUMIDITY (PERCENT)
 HIGHEST    93          1200 AM
 LOWEST     48           500 PM
 AVERAGE    71

..........................................................


THE JAMESTOWN ND CLIMATE NORMALS FOR TODAY
                         NORMAL    RECORD    YEAR
 MAXIMUM TEMPERATURE (F)   83       104      1931
 MINIMUM TEMPERATURE (F)   58        43      1914


SUNRISE AND SUNSET
JULY 23 2014..........SUNRISE   604 AM CDT   SUNSET   918 PM CDT
JULY 24 2014..........SUNRISE   605 AM CDT   SUNSET   917 PM CDT


-  INDICATES NEGATIVE NUMBERS.
R  INDICATES RECORD WAS SET OR TIED.
MM INDICATES DATA IS MISSING.
T  INDICATES TRACE AMOUNT.




$$
