000
CDUS43 KBIS 010749
CLIJMS


CLIMATE REPORT
NATIONAL WEATHER SERVICE BISMARCK ND
248 AM CDT SAT AUG 1 2015


...................................

...THE JAMESTOWN ND CLIMATE SUMMARY FOR JULY 31 2015...

CLIMATE NORMAL PERIOD 1981 TO 2010
CLIMATE RECORD PERIOD 1891 TO 2015


WEATHER ITEM   OBSERVED TIME   RECORD YEAR NORMAL DEPARTURE LAST
                VALUE   (LST)  VALUE       VALUE  FROM      YEAR
                                                  NORMAL
..................................................................
TEMPERATURE (F)
 YESTERDAY
  MAXIMUM         84    301 PM 100    1937  84      0       83
  MINIMUM         56    536 AM  38    1903  57     -1       56
  AVERAGE         70                        70      0       70

PRECIPITATION (IN)
  YESTERDAY        0.00          1.62 2001   0.07  -0.07     0.00
  MONTH TO DATE    2.96                      3.35  -0.39     0.82
  SINCE JUN 1      8.62                      6.54   2.08     7.18
  SINCE JAN 1     18.78                     12.09   6.69    15.62

DEGREE DAYS
 HEATING
  YESTERDAY        0                         0      0        0
  MONTH TO DATE    9                        19    -10       28
  SINCE JUN 1     51                       119    -68       87
  SINCE JUL 1      9                        22    -13       28

 COOLING
  YESTERDAY        5                         6     -1        5
  MONTH TO DATE  194                       172     22      117
  SINCE JUN 1    296                       252     44      173
  SINCE JAN 1    304                       272     32      227
..................................................................


WIND (MPH)
  HIGHEST WIND SPEED    16   HIGHEST WIND DIRECTION    NW (330)
  HIGHEST GUST SPEED    22   HIGHEST GUST DIRECTION     W (260)
  AVERAGE WIND SPEED     6.6


SKY COVER
  POSSIBLE SUNSHINE  MM
  AVERAGE SKY COVER 0.0


WEATHER CONDITIONS
 THE FOLLOWING WEATHER WAS RECORDED YESTERDAY.
  NO SIGNIFICANT WEATHER WAS OBSERVED.


RELATIVE HUMIDITY (PERCENT)
 HIGHEST    84          1000 PM
 LOWEST     32           300 PM
 AVERAGE    58

..........................................................


THE JAMESTOWN ND CLIMATE NORMALS FOR TODAY
                         NORMAL    RECORD    YEAR
 MAXIMUM TEMPERATURE (F)   84       100      1930
 MINIMUM TEMPERATURE (F)   57        37      1923


SUNRISE AND SUNSET
AUGUST  1 2015........SUNRISE   614 AM CDT   SUNSET   907 PM CDT
AUGUST  2 2015........SUNRISE   615 AM CDT   SUNSET   906 PM CDT


-  INDICATES NEGATIVE NUMBERS.
R  INDICATES RECORD WAS SET OR TIED.
MM INDICATES DATA IS MISSING.
T  INDICATES TRACE AMOUNT.




$$
