000
CDAK47 PAJK 210039
CLIJNU
AKZ025-211200-
CLIMATE REPORT
NATIONAL WEATHER SERVICE JUNEAU, AK
438 PM AKDT WED AUG 20 2014


...................................

...THE JUNEAU CLIMATE SUMMARY FOR AUGUST 20 2014...
VALID TODAY AS OF 0300 PM LOCAL TIME.

CLIMATE NORMAL PERIOD 1981 TO 2010
CLIMATE RECORD PERIOD 1943 TO 2014


WEATHER ITEM   OBSERVED TIME   RECORD YEAR NORMAL DEPARTURE LAST
                VALUE   (LST)  VALUE       VALUE  FROM      YEAR
                                                  NORMAL
..................................................................
TEMPERATURE (F)
 TODAY
  MAXIMUM         66    259 PM  83    1977  62      4       57
  MINIMUM         44    520 AM  39    1973  49     -5       52
  AVERAGE         55                        55      0       55

PRECIPITATION (IN)
  TODAY            0.00          1.38 2011   0.20  -0.20     0.11
  MONTH TO DATE    6.69                      3.38   3.31     3.17
  SINCE JUN 1     22.34                     11.22  11.12    10.81
  SINCE JAN 1     42.26                     30.82  11.44    39.18

DEGREE DAYS
 HEATING
  TODAY           10                        10      0       10
  MONTH TO DATE  138                       166    -28      108
  SINCE JUN 1    718                       732    -14      544
  SINCE JUL 1    368                       417    -49      330

 COOLING
  TODAY            0                         0      0        0
  MONTH TO DATE    0                         0      0        0
  SINCE JUN 1      0                         2     -2        9
  SINCE JAN 1      0                         2     -2        9
..................................................................


WIND (MPH)
  HIGHEST WIND SPEED    12   HIGHEST WIND DIRECTION    SW (230)
  HIGHEST GUST SPEED    13   HIGHEST GUST DIRECTION     W (250)
  AVERAGE WIND SPEED     4.3


SKY COVER
  POSSIBLE SUNSHINE  MM
  AVERAGE SKY COVER 0.4


WEATHER CONDITIONS
 THE FOLLOWING WEATHER WAS RECORDED TODAY.
  FOG
  FOG W/VISIBILITY <= 1/4 MILE


RELATIVE HUMIDITY (PERCENT)
 HIGHEST   100          1200 AM
 LOWEST     63           200 PM
 AVERAGE    82

..........................................................


THE JUNEAU CLIMATE NORMALS FOR TOMORROW
                         NORMAL    RECORD    YEAR
 MAXIMUM TEMPERATURE (F)   62        78      1977
 MINIMUM TEMPERATURE (F)   48        38      1960


SUNRISE AND SUNSET
AUGUST 20 2014........SUNRISE   531 AM AKDT  SUNSET   830 PM AKDT
AUGUST 21 2014........SUNRISE   534 AM AKDT  SUNSET   828 PM AKDT


-  INDICATES NEGATIVE NUMBERS.
R  INDICATES RECORD WAS SET OR TIED.
MM INDICATES DATA IS MISSING.
T  INDICATES TRACE AMOUNT.




$$


&&
----------------------------
AMOUNT OF DAYLIGHT TODAY  (HOUR:MIN)........14:59
GAIN/LOSS SINCE YESTERDAY (HOUR:MIN:SEC)....-0:04:53
