000
CDAK47 PAJK 161126
CLIJNU
AKZ025-162300-
CLIMATE REPORT
NATIONAL WEATHER SERVICE JUNEAU, AK
325 AM AKDT WED APR 16 2014

...................................

...THE JUNEAU CLIMATE SUMMARY FOR APRIL 15 2014...

CLIMATE NORMAL PERIOD 1981 TO 2010
CLIMATE RECORD PERIOD 1943 TO 2014

WEATHER ITEM   OBSERVED TIME   RECORD YEAR NORMAL DEPARTURE LAST
                VALUE   (LST)  VALUE       VALUE  FROM      YEAR
                                                  NORMAL
..................................................................
TEMPERATURE (F)
 YESTERDAY
  MAXIMUM         53    402 PM  62    1990  48      5       48
  MINIMUM         35    212 AM  24    2013  33      2       24
                                      2005
                                      1948
  AVERAGE         44                        41      3       36

PRECIPITATION (IN)
  YESTERDAY        T             1.49 1999   0.09  -0.09     0.00
  MONTH TO DATE    1.91                      1.52   0.39     2.02
  SINCE MAR 1      5.36                      5.30   0.06     4.38
  SINCE JAN 1     17.49                     14.78   2.71    18.69

SNOWFALL (IN)
  YESTERDAY        0.0           1.5  1972   0.0    0.0      0.0
  MONTH TO DATE    0.3                       0.9   -0.6      6.0
  SINCE MAR 1      6.3                      12.5   -6.2     15.4
  SINCE JUL 1     97.1                      86.5   10.6     78.8
  SNOW DEPTH       0

DEGREE DAYS
 HEATING
  YESTERDAY       21                        24     -3       29
  MONTH TO DATE  398                       392      6      427
  SINCE MAR 1   1430                      1359     71     1513
  SINCE JUL 1   7071                      7196   -125     7584

 COOLING
  YESTERDAY        0                         0      0        0
  MONTH TO DATE    0                         0      0        0
  SINCE MAR 1      0                         0      0        0
  SINCE JAN 1      0                         0      0        0
..................................................................

WIND (MPH)
  HIGHEST WIND SPEED    14   HIGHEST WIND DIRECTION     E (110)
  HIGHEST GUST SPEED    18   HIGHEST GUST DIRECTION     E (110)
  AVERAGE WIND SPEED     6.6

SKY COVER
  POSSIBLE SUNSHINE  MM
  AVERAGE SKY COVER 0.8

WEATHER CONDITIONS
 THE FOLLOWING WEATHER WAS RECORDED YESTERDAY.
  NO SIGNIFICANT WEATHER WAS OBSERVED.

RELATIVE HUMIDITY (PERCENT)
 HIGHEST    92          1200 AM
 LOWEST     54          1200 PM
 AVERAGE    73
..........................................................

THE JUNEAU CLIMATE NORMALS FOR TODAY
                         NORMAL    RECORD    YEAR
 MAXIMUM TEMPERATURE (F)   49        57      2012
 MINIMUM TEMPERATURE (F)   33        24      2004
                                             2002

SUNRISE AND SUNSET
APRIL 16 2014.........SUNRISE   543 AM AKDT  SUNSET   814 PM AKDT
APRIL 17 2014.........SUNRISE   541 AM AKDT  SUNSET   817 PM AKDT

-  INDICATES NEGATIVE NUMBERS.
R  INDICATES RECORD WAS SET OR TIED.
MM INDICATES DATA IS MISSING.
T  INDICATES TRACE AMOUNT.

$$
&&
----------------------------
AMOUNT OF DAYLIGHT TODAY  (HOUR:MIN)........14:31
GAIN/LOSS SINCE YESTERDAY (HOUR:MIN:SEC)....+0:05:01
