000
CDAK47 PAJK 101126
CLIJNU
AKZ025-102300-
NATIONAL WEATHER SERVICE JUNEAU, AK
225 AM AKST WED FEB 10 2016


...................................

...THE JUNEAU CLIMATE SUMMARY FOR FEBRUARY 9 2016...

CLIMATE NORMAL PERIOD 1981 TO 2010
CLIMATE RECORD PERIOD 1936 TO 2016


WEATHER ITEM   OBSERVED TIME   RECORD YEAR NORMAL DEPARTURE LAST
                VALUE   (LST)  VALUE       VALUE  FROM      YEAR
                                                  NORMAL
..................................................................
TEMPERATURE (F)
 YESTERDAY
  MAXIMUM         47   1229 AM  48    2012  35     12       28
  MINIMUM         32    835 AM  -2    1951  25      7       21
  AVERAGE         40                        30     10       25

PRECIPITATION (IN)
  YESTERDAY        T             1.07 1974   0.15  -0.15      T
  MONTH TO DATE    0.82                      1.36  -0.54     0.32
  SINCE DEC 1      9.77                     12.55  -2.78    15.59
  SINCE JAN 1      7.35                      6.71   0.64    12.30

SNOWFALL (IN)
  YESTERDAY        0.0           6.5  1949   0.7   -0.7      0.2
  MONTH TO DATE    T                         6.7   -6.7      7.8
  SINCE DEC 1     16.3                      50.0  -33.7     26.4
  SINCE JUL 1     32.9                      63.9  -31.0     36.2
  SNOW DEPTH       0

DEGREE DAYS
 HEATING
  YESTERDAY       25                        35    -10       40
  MONTH TO DATE  251                       322    -71      396
  SINCE DEC 1   2194                      2551   -357     2288
  SINCE JUL 1   4625                      5182   -557     4697
..................................................................


WIND (MPH)
  HIGHEST WIND SPEED    16   HIGHEST WIND DIRECTION     S (200)
  HIGHEST GUST SPEED    23   HIGHEST GUST DIRECTION     S (170)
  AVERAGE WIND SPEED     2.1


SKY COVER
  AVERAGE SKY COVER 0.8


WEATHER CONDITIONS
 THE FOLLOWING WEATHER WAS RECORDED YESTERDAY.
  LIGHT RAIN
  FOG


RELATIVE HUMIDITY (PERCENT)
 HIGHEST   100           500 AM
 LOWEST     65           100 AM
 AVERAGE    83

..........................................................


THE JUNEAU CLIMATE NORMALS FOR TODAY
                         NORMAL    RECORD    YEAR
 MAXIMUM TEMPERATURE (F)   35        47      1998
 MINIMUM TEMPERATURE (F)   25        -8      1951


SUNRISE AND SUNSET
FEBRUARY 10 2016......SUNRISE   744 AM AKST  SUNSET   442 PM AKST
FEBRUARY 11 2016......SUNRISE   741 AM AKST  SUNSET   445 PM AKST


-  INDICATES NEGATIVE NUMBERS.
R  INDICATES RECORD WAS SET OR TIED.
MM INDICATES DATA IS MISSING.
T  INDICATES TRACE AMOUNT.




$$

&&
----------------------------
AMOUNT OF DAYLIGHT TODAY  (HOUR:MIN)........ 8:59
GAIN/LOSS SINCE YESTERDAY (HOUR:MIN:SEC)....+0:04:50
