000
CDAK47 PAJK 021139
CLIJNU
AKZ025-022300-

432 PM AKDT SAT AUG 1 2015


...................................

...THE JUNEAU CLIMATE SUMMARY FOR AUGUST 1 2015...
VALID TODAY AS OF 0400 PM LOCAL TIME.

CLIMATE NORMAL PERIOD 1981 TO 2010
CLIMATE RECORD PERIOD 1936 TO 2015


WEATHER ITEM   OBSERVED TIME   RECORD YEAR NORMAL DEPARTURE LAST
                VALUE   (LST)  VALUE       VALUE  FROM      YEAR
                                                  NORMAL
..................................................................
TEMPERATURE (F)
 TODAY
  MAXIMUM         65    241 PM  82    1976  64      1       75
  MINIMUM         52    339 AM  39    1973  51      1       45
  AVERAGE         59                        58      1       60

PRECIPITATION (IN)
  TODAY            0.03          0.84 1970   0.16  -0.13     0.00
  MONTH TO DATE    0.03                      0.16  -0.13     0.00
  SINCE JUN 1     15.09                      8.00   7.09    15.74
  SINCE JAN 1     42.91                     27.60  15.31    35.66

DEGREE DAYS
 HEATING
  TODAY            6                         7     -1        5
  MONTH TO DATE    6                         7     -1        5
  SINCE JUN 1    468                       573   -105      589
  SINCE JUL 1    234                       258    -24      235

 COOLING
  TODAY            0                         0      0        0
  MONTH TO DATE    0                         0      0        0
  SINCE JUN 1      7                         2      5        0
  SINCE JAN 1      7                         2      5        0
..................................................................


WIND (MPH)
  HIGHEST WIND SPEED     8   HIGHEST WIND DIRECTION    SW (240)
  HIGHEST GUST SPEED    11   HIGHEST GUST DIRECTION    SW (230)
  AVERAGE WIND SPEED     3.3


SKY COVER
  AVERAGE SKY COVER 0.9


WEATHER CONDITIONS
 THE FOLLOWING WEATHER WAS RECORDED TODAY.
  LIGHT RAIN
  FOG


RELATIVE HUMIDITY (PERCENT)
 HIGHEST   100           100 AM
 LOWEST     63           200 PM
 AVERAGE    82

..........................................................


THE JUNEAU CLIMATE NORMALS FOR TOMORROW
                         NORMAL    RECORD    YEAR
 MAXIMUM TEMPERATURE (F)   64        83      1999
 MINIMUM TEMPERATURE (F)   51        41      1943


SUNRISE AND SUNSET
AUGUST  1 2015........SUNRISE   449 AM AKDT  SUNSET   919 PM AKDT
AUGUST  2 2015........SUNRISE   451 AM AKDT  SUNSET   916 PM AKDT


-  INDICATES NEGATIVE NUMBERS.
R  INDICATES RECORD WAS SET OR TIED.
MM INDICATES DATA IS MISSING.
T  INDICATES TRACE AMOUNT.


$$

&&
----------------------------
AMOUNT OF DAYLIGHT TODAY  (HOUR:MIN)........16:25
GAIN/LOSS SINCE YESTERDAY (HOUR:MIN:SEC)....-0:04:24
