000
CDAK47 PAJK 011134
CLIJNU
AKZ025-012300-
CLIMATE REPORT
NATIONAL WEATHER SERVICE JUNEAU, AK
233 AM AKST SUN FEB 1 2015


...................................

...THE JUNEAU CLIMATE SUMMARY FOR JANUARY 31 2015...

CLIMATE NORMAL PERIOD 1981 TO 2010
CLIMATE RECORD PERIOD 1943 TO 2015


WEATHER ITEM   OBSERVED TIME   RECORD YEAR NORMAL DEPARTURE LAST
                VALUE   (LST)  VALUE       VALUE  FROM      YEAR
                                                  NORMAL
..................................................................
TEMPERATURE (F)
 YESTERDAY
  MAXIMUM         31    233 PM  49    1998  34     -3       31
  MINIMUM         19   1034 PM -12    1971  24     -5       27
  AVERAGE         25                        29     -4       29

PRECIPITATION (IN)
  YESTERDAY        0.00          2.09 1993   0.17  -0.17     0.00
  MONTH TO DATE   11.98                      5.35   6.63    10.15
  SINCE DEC 1     15.27                     11.19   4.08    18.67
  SINCE JAN 1     11.98                      5.35   6.63    10.15

SNOWFALL (IN)
  YESTERDAY        0.0           9.8  1991   0.9   -0.9      0.0
  MONTH TO DATE   15.1                      27.7  -12.6      4.7
  SINCE DEC 1     18.6                      43.3  -24.7     44.8
  SINCE JUL 1     28.4                      57.2  -28.8     64.0
  SNOW DEPTH       2

DEGREE DAYS
 HEATING
  YESTERDAY       40                        36      4       36
  MONTH TO DATE  920                      1142   -222      874
  SINCE DEC 1   1892                      2229   -337     2026
  SINCE JUL 1   4301                      4860   -559     4499
..................................................................


WIND (MPH)
  HIGHEST WIND SPEED     7   HIGHEST WIND DIRECTION     W (260)
  HIGHEST GUST SPEED     8   HIGHEST GUST DIRECTION     W (260)
  AVERAGE WIND SPEED     2.2


SKY COVER
  POSSIBLE SUNSHINE  MM
  AVERAGE SKY COVER 0.5


WEATHER CONDITIONS
 THE FOLLOWING WEATHER WAS RECORDED YESTERDAY.
  FOG
  FOG W/VISIBILITY <= 1/4 MILE


RELATIVE HUMIDITY (PERCENT)
 HIGHEST   100          1200 AM
 LOWEST     85           300 PM
 AVERAGE    93

..........................................................


THE JUNEAU CLIMATE NORMALS FOR TODAY
                         NORMAL    RECORD    YEAR
 MAXIMUM TEMPERATURE (F)   34        44      2011
                                             1986
 MINIMUM TEMPERATURE (F)   24       -14      1968


SUNRISE AND SUNSET
FEBRUARY  1 2015......SUNRISE   804 AM AKST  SUNSET   421 PM AKST
FEBRUARY  2 2015......SUNRISE   802 AM AKST  SUNSET   423 PM AKST


-  INDICATES NEGATIVE NUMBERS.
R  INDICATES RECORD WAS SET OR TIED.
MM INDICATES DATA IS MISSING.
T  INDICATES TRACE AMOUNT.




$$


&&
----------------------------
AMOUNT OF DAYLIGHT TODAY  (HOUR:MIN)........ 8:17
GAIN/LOSS SINCE YESTERDAY (HOUR:MIN:SEC)....+0:04:32
