000
CDUS43 KGRR 282141
CLIJXN


CLIMATE REPORT
NATIONAL WEATHER SERVICE GRAND RAPIDS, MI
541 PM EDT THU APR 28 2016


...................................

...THE JACKSON MI CLIMATE SUMMARY FOR APRIL 28 2016...
VALID TODAY AS OF 0500 PM LOCAL TIME.

CLIMATE NORMAL PERIOD 1981 TO 2010
CLIMATE RECORD PERIOD 1944 TO 9999


WEATHER ITEM   OBSERVED TIME   NORMAL DEPARTURE LAST
                VALUE   (LST)  VALUE  FROM      YEAR
                                      NORMAL
......................................................
TEMPERATURE (F)
 TODAY
  MAXIMUM         49   1231 AM  64    -15       64
  MINIMUM         38    927 AM  41     -3       30
  AVERAGE         44            52     -8       47

PRECIPITATION (IN)
  TODAY            0.24          0.09   0.15     0.00
  MONTH TO DATE    2.38          2.43  -0.05     2.45
  SINCE MAR 1      5.03          4.33   0.70     2.93
  SINCE JAN 1      6.90          7.11  -0.21     5.01

DEGREE DAYS
 HEATING
  TODAY           21            13      8       18
  MONTH TO DATE  525           496     29      478
  SINCE MAR 1   1234          1406   -172     1472
  SINCE JUL 1   5356          6320   -964     6976

 COOLING
  TODAY            0             0      0        0
  MONTH TO DATE    0             0      0        0
  SINCE MAR 1      0             0      0        0
  SINCE JAN 1      0             0      0        0
......................................................


WIND (MPH)
  RESULTANT WIND SPEED   9   RESULTANT WIND DIRECTION   E (80)
  HIGHEST WIND SPEED    17   HIGHEST WIND DIRECTION     E (80)
  HIGHEST GUST SPEED    24   HIGHEST GUST DIRECTION     E (80)
  AVERAGE WIND SPEED     9.1


SKY COVER
  AVERAGE SKY COVER 0.9


WEATHER CONDITIONS
 THE FOLLOWING WEATHER WAS RECORDED TODAY.
  LIGHT RAIN
  HAZE


RELATIVE HUMIDITY (PERCENT)
 HIGHEST    89           200 PM
 LOWEST     76           400 PM
 AVERAGE    83

..........................................................


THE JACKSON MI CLIMATE NORMALS FOR TOMORROW
                         NORMAL
 MAXIMUM TEMPERATURE (F)   64
 MINIMUM TEMPERATURE (F)   41


SUNRISE AND SUNSET
APRIL 28 2016.........SUNRISE   637 AM EDT   SUNSET   835 PM EDT
APRIL 29 2016.........SUNRISE   635 AM EDT   SUNSET   836 PM EDT


-  INDICATES NEGATIVE NUMBERS.
R  INDICATES RECORD WAS SET OR TIED.
MM INDICATES DATA IS MISSING.
T  INDICATES TRACE AMOUNT.




$$

jam
