585
CDUS43 KGRR 250520
CLIJXN


CLIMATE REPORT
NATIONAL WEATHER SERVICE GRAND RAPIDS, MI
118 AM EDT SUN JUN 25 2017


...................................

...THE JACKSON MI CLIMATE SUMMARY FOR JUNE 24 2017...

CLIMATE NORMAL PERIOD 1981 TO 2010
CLIMATE RECORD PERIOD 1944 TO 9999


WEATHER ITEM   OBSERVED TIME   NORMAL DEPARTURE LAST
                VALUE   (LST)  VALUE  FROM      YEAR
                                      NORMAL
......................................................
TEMPERATURE (F)
 YESTERDAY
  MAXIMUM         76    222 PM  81     -5       83
  MINIMUM         57   1159 PM  59     -2       59
  AVERAGE         67            70     -3       71

PRECIPITATION (IN)
  YESTERDAY        0.00          0.11  -0.11     0.00
  MONTH TO DATE    0.90          2.62  -1.72     1.03
  SINCE JUN 1      0.90          2.62  -1.72     1.03
  SINCE JAN 1     18.87         13.22   5.65    10.53

DEGREE DAYS
 HEATING
  YESTERDAY        0             1     -1        0
  MONTH TO DATE   19            50    -31       23
  SINCE JUN 1     19            50    -31       23
  SINCE JUL 1   5547          6652  -1105     5663

 COOLING
  YESTERDAY        2             6     -4        6
  MONTH TO DATE  143            90     53      121
  SINCE JUN 1    143            90     53      121
  SINCE JAN 1    179           127     52      174
......................................................


WIND (MPH)
  RESULTANT WIND SPEED   9   RESULTANT WIND DIRECTION   W (270)
  HIGHEST WIND SPEED    21   HIGHEST WIND DIRECTION    NW (300)
  HIGHEST GUST SPEED    31   HIGHEST GUST DIRECTION     W (270)
  AVERAGE WIND SPEED     9.1


SKY COVER
  AVERAGE SKY COVER 0.3


WEATHER CONDITIONS
 THE FOLLOWING WEATHER WAS RECORDED YESTERDAY.
  NO SIGNIFICANT WEATHER WAS OBSERVED.


RELATIVE HUMIDITY (PERCENT)
 HIGHEST    84           600 AM
 LOWEST     44           400 PM
 AVERAGE    64

..........................................................


THE JACKSON MI CLIMATE NORMALS FOR TODAY
                         NORMAL
 MAXIMUM TEMPERATURE (F)   81
 MINIMUM TEMPERATURE (F)   59


SUNRISE AND SUNSET
JUNE 25 2017..........SUNRISE   603 AM EDT   SUNSET   918 PM EDT
JUNE 26 2017..........SUNRISE   603 AM EDT   SUNSET   918 PM EDT


-  INDICATES NEGATIVE NUMBERS.
R  INDICATES RECORD WAS SET OR TIED.
MM INDICATES DATA IS MISSING.
T  INDICATES TRACE AMOUNT.




$$

63
