000
CDUS43 KGRR 310516
CLIJXN


CLIMATE REPORT
NATIONAL WEATHER SERVICE GRAND RAPIDS, MI
115 AM EDT FRI OCT 31 2014


...................................

...THE JACKSON MI CLIMATE SUMMARY FOR OCTOBER 30 2014...

CLIMATE NORMAL PERIOD 1981 TO 2010
CLIMATE RECORD PERIOD 1944 TO 9999


WEATHER ITEM   OBSERVED TIME   NORMAL DEPARTURE LAST
                VALUE   (LST)  VALUE  FROM      YEAR
                                      NORMAL
......................................................
TEMPERATURE (F)
 YESTERDAY
  MAXIMUM         48    418 PM  55     -7       63
  MINIMUM         30    247 AM  37     -7       35
  AVERAGE         39            46     -7       49

PRECIPITATION (IN)
  YESTERDAY        0.00          0.07  -0.07     0.33
  MONTH TO DATE    1.20          2.55  -1.35     1.38
  SINCE SEP 1      3.30          6.03  -2.73     3.93
  SINCE JAN 1     26.31         26.95  -0.64    28.48

DEGREE DAYS
 HEATING
  YESTERDAY       26            19      7       16
  MONTH TO DATE  448           441      7      409
  SINCE SEP 1    611           594     17      569
  SINCE JUL 1    653           629     24      617

 COOLING
  YESTERDAY        0             0      0        0
  MONTH TO DATE    0             3     -3       12
  SINCE SEP 1     50            60    -10       76
  SINCE JAN 1    496           589    -93      616
......................................................


WIND (MPH)
  RESULTANT WIND SPEED   3   RESULTANT WIND DIRECTION  SW (220)
  HIGHEST WIND SPEED    12   HIGHEST WIND DIRECTION    SW (210)
  HIGHEST GUST SPEED    13   HIGHEST GUST DIRECTION    SW (220)
  AVERAGE WIND SPEED     3.2


SKY COVER
  AVERAGE SKY COVER 0.8


WEATHER CONDITIONS
 THE FOLLOWING WEATHER WAS RECORDED YESTERDAY.
  FOG


RELATIVE HUMIDITY (PERCENT)
 HIGHEST   100           500 AM
 LOWEST     61           100 PM
 AVERAGE    81

..........................................................


THE JACKSON MI CLIMATE NORMALS FOR TODAY
                         NORMAL
 MAXIMUM TEMPERATURE (F)   55
 MINIMUM TEMPERATURE (F)   37


SUNRISE AND SUNSET
OCTOBER 31 2014.......SUNRISE   810 AM EDT   SUNSET   633 PM EDT
NOVEMBER  1 2014......SUNRISE   811 AM EDT   SUNSET   631 PM EDT


-  INDICATES NEGATIVE NUMBERS.
R  INDICATES RECORD WAS SET OR TIED.
MM INDICATES DATA IS MISSING.
T  INDICATES TRACE AMOUNT.




$$
