000
CDUS43 KIND 300531
CLILAF


CLIMATE REPORT
NATIONAL WEATHER SERVICE INDIANAPOLIS IN
131 AM EDT TUE JUN 30 2015


...................................

...THE LAFAYETTE IN CLIMATE SUMMARY FOR JUNE 29 2015...

CLIMATE NORMAL PERIOD 1981 TO 2010
CLIMATE RECORD PERIOD 9999 TO 9999


WEATHER ITEM   OBSERVED TIME   NORMAL DEPARTURE LAST
                VALUE   (LST)  VALUE  FROM      YEAR
                                      NORMAL
......................................................
TEMPERATURE (F)
 YESTERDAY
  MAXIMUM         75    516 PM  85    -10       84
  MINIMUM         62   1154 PM  64     -2       72
  AVERAGE         69            74     -5       78

PRECIPITATION (IN)
  YESTERDAY        0.21          0.14   0.07     0.00
  MONTH TO DATE    7.41          3.97   3.44     4.45
  SINCE JUN 1      7.41          3.97   3.44     4.45
  SINCE JAN 1     16.35         17.99  -1.64    17.28

DEGREE DAYS
 HEATING
  YESTERDAY        0             0      0        0
  MONTH TO DATE   20            22     -2        6
  SINCE JUN 1     20            22     -2        6
  SINCE JUL 1   6503          5672    831     6552

 COOLING
  YESTERDAY        4             9     -5       13
  MONTH TO DATE  178           206    -28      212
  SINCE JUN 1    178           206    -28      212
  SINCE JAN 1    267           283    -16      309
......................................................


WIND (MPH)
  HIGHEST WIND SPEED    10   HIGHEST WIND DIRECTION     E (100)
  HIGHEST GUST SPEED    13   HIGHEST GUST DIRECTION     E (110)
  AVERAGE WIND SPEED     3.6


SKY COVER
  AVERAGE SKY COVER 0.7


WEATHER CONDITIONS
 THE FOLLOWING WEATHER WAS RECORDED YESTERDAY.
  THUNDERSTORM
  HEAVY RAIN
  RAIN
  LIGHT RAIN
  FOG
  FOG W/VISIBILITY <= 1/4 MILE


RELATIVE HUMIDITY (PERCENT)
 HIGHEST   100           300 AM
 LOWEST     73          1200 PM
 AVERAGE    87

..........................................................


THE LAFAYETTE IN CLIMATE NORMALS FOR TODAY
                         NORMAL
 MAXIMUM TEMPERATURE (F)   85
 MINIMUM TEMPERATURE (F)   64


SUNRISE AND SUNSET
JUNE 30 2015..........SUNRISE   621 AM EDT   SUNSET   922 PM EDT
JULY  1 2015..........SUNRISE   621 AM EDT   SUNSET   922 PM EDT


-  INDICATES NEGATIVE NUMBERS.
R  INDICATES RECORD WAS SET OR TIED.
MM INDICATES DATA IS MISSING.
T  INDICATES TRACE AMOUNT.




$$
