000
CDUS43 KIND 200531
CLILAF


CLIMATE REPORT
NATIONAL WEATHER SERVICE INDIANAPOLIS IN
130 AM EDT SUN APR 20 2014


...................................

...THE LAFAYETTE IN CLIMATE SUMMARY FOR APRIL 19 2014...

CLIMATE NORMAL PERIOD 1981 TO 2010
CLIMATE RECORD PERIOD 9999 TO 9999


WEATHER ITEM   OBSERVED TIME   NORMAL DEPARTURE LAST
                VALUE   (LST)  VALUE  FROM      YEAR
                                      NORMAL
......................................................
TEMPERATURE (F)
 YESTERDAY
  MAXIMUM         67    358 PM  64      3       44
  MINIMUM         35    604 AM  42     -7       34
  AVERAGE         51            53     -2       39

PRECIPITATION (IN)
  YESTERDAY        0.00          0.12  -0.12     0.18
  MONTH TO DATE    3.53          2.14   1.39     6.91
  SINCE MAR 1      5.03          4.81   0.22     8.16
  SINCE JAN 1      8.37          8.43  -0.06    14.11

DEGREE DAYS
 HEATING
  YESTERDAY       14            12      2       26
  MONTH TO DATE  316           291     25      288
  SINCE MAR 1   1304          1042    262     1256
  SINCE JUL 1   6266          5376    890     5591

 COOLING
  YESTERDAY        0             1     -1        0
  MONTH TO DATE    1             1      0        1
  SINCE MAR 1      1             2     -1        1
  SINCE JAN 1      1             2     -1        1
......................................................


WIND (MPH)
  HIGHEST WIND SPEED    18   HIGHEST WIND DIRECTION     E (100)
  HIGHEST GUST SPEED    24   HIGHEST GUST DIRECTION     E (100)
  AVERAGE WIND SPEED    10.2


SKY COVER
  AVERAGE SKY COVER 0.0


WEATHER CONDITIONS
 THE FOLLOWING WEATHER WAS RECORDED YESTERDAY.
  NO SIGNIFICANT WEATHER WAS OBSERVED.


RELATIVE HUMIDITY (PERCENT)
 HIGHEST    70           400 AM
 LOWEST     34           300 PM
 AVERAGE    52

..........................................................


THE LAFAYETTE IN CLIMATE NORMALS FOR TODAY
                         NORMAL
 MAXIMUM TEMPERATURE (F)   65
 MINIMUM TEMPERATURE (F)   42


SUNRISE AND SUNSET
APRIL 20 2014.........SUNRISE   702 AM EDT   SUNSET   832 PM EDT
APRIL 21 2014.........SUNRISE   701 AM EDT   SUNSET   833 PM EDT


-  INDICATES NEGATIVE NUMBERS.
R  INDICATES RECORD WAS SET OR TIED.
MM INDICATES DATA IS MISSING.
T  INDICATES TRACE AMOUNT.




$$
