000
CDUS43 KGRR 301334
CLILAN


CLIMATE REPORT
NATIONAL WEATHER SERVICE GRAND RAPIDS, MI
933 AM EDT TUE AUG 30 2016


...................................

...THE LANSING MI CLIMATE SUMMARY FOR AUGUST 30 2016...
VALID AS OF 0900 AM LOCAL TIME.

CLIMATE NORMAL PERIOD 1981 TO 2010
CLIMATE RECORD PERIOD 1864 TO 2016


WEATHER ITEM   OBSERVED TIME   RECORD YEAR NORMAL DEPARTURE LAST
                VALUE   (LST)  VALUE       VALUE  FROM      YEAR
                                                  NORMAL
..................................................................
TEMPERATURE (F)
 TODAY
  MAXIMUM         71    759 AM  97    1881  78     -7       79
  MINIMUM         69    636 AM  30    1863  57     12       64
  AVERAGE         70                        68      2       72

PRECIPITATION (IN)
  TODAY            0.00          1.55 1891   0.11  -0.11      T
  MONTH TO DATE    6.41                      3.12   3.29     6.82
  SINCE JUN 1     10.35                      9.41   0.94    18.28
  SINCE JAN 1     23.26                     20.98   2.28    26.33

SNOWFALL (IN)
  TODAY            0.0           0.0    MM   0.0    0.0      0.0
  MONTH TO DATE    0.0                       0.0    0.0      0.0
  SINCE JUN 1      0.0                       0.0    0.0      0.0
  SINCE JUL 1      0.0                       0.0    0.0      0.0
  SNOW DEPTH       0

DEGREE DAYS
 HEATING
  TODAY            0                         1     -1        0
  MONTH TO DATE    0                        26    -26       19
  SINCE JUN 1     37                        92    -55       67
  SINCE JUL 1      3                        37    -34       31

 COOLING
  TODAY            5                         4      1        7
  MONTH TO DATE  272                       163    109      161
  SINCE JUN 1    694                       508    186      428
  SINCE JAN 1    756                       549    207      487
..................................................................


WIND (MPH)
  RESULTANT WIND SPEED   4   RESULTANT WIND DIRECTION   S (200)
  HIGHEST WIND SPEED     7   HIGHEST WIND DIRECTION    SW (220)
  HIGHEST GUST SPEED    10   HIGHEST GUST DIRECTION     S (200)
  AVERAGE WIND SPEED     4.2


SKY COVER
  AVERAGE SKY COVER 0.3


WEATHER CONDITIONS
 THE FOLLOWING WEATHER WAS RECORDED TODAY.
  NO SIGNIFICANT WEATHER WAS OBSERVED.


RELATIVE HUMIDITY (PERCENT)
 HIGHEST    84           100 AM
 LOWEST     68           800 AM
 AVERAGE    76

..........................................................


THE LANSING MI CLIMATE NORMALS FOR TOMORROW
                         NORMAL    RECORD    YEAR
 MAXIMUM TEMPERATURE (F)   78        96      1953
                                             1879
 MINIMUM TEMPERATURE (F)   57        30      1869


SUNRISE AND SUNSET
AUGUST 30 2016........SUNRISE   701 AM EDT   SUNSET   815 PM EDT
AUGUST 31 2016........SUNRISE   703 AM EDT   SUNSET   814 PM EDT


-  INDICATES NEGATIVE NUMBERS.
R  INDICATES RECORD WAS SET OR TIED.
MM INDICATES DATA IS MISSING.
T  INDICATES TRACE AMOUNT.




$$
