000
CDUS43 KGRR 230518
CLILAN


CLIMATE REPORT
NATIONAL WEATHER SERVICE GRAND RAPIDS, MI
1218 AM EST FRI FEB 23 2018


...................................

...THE LANSING MI CLIMATE SUMMARY FOR FEBRUARY 22 2018...

CLIMATE NORMAL PERIOD 1981 TO 2010
CLIMATE RECORD PERIOD 1864 TO 2018


WEATHER ITEM   OBSERVED TIME   RECORD YEAR NORMAL DEPARTURE LAST
                VALUE   (LST)  VALUE       VALUE  FROM      YEAR
                                                  NORMAL
..................................................................
TEMPERATURE (F)
 YESTERDAY
  MAXIMUM         41    401 PM  66    1930  35      6       62
  MINIMUM         29    910 AM -14    1936  20      9       41
                                      1885
  AVERAGE         35                        27      8       52

PRECIPITATION (IN)
  YESTERDAY        0.00          0.84 1882   0.06  -0.06     0.00
  MONTH TO DATE    4.50                      1.10   3.40     1.10
  SINCE DEC 1      7.80                      4.62   3.18     6.51
  SINCE JAN 1      6.48                      2.75   3.73     4.75

SNOWFALL (IN)
  YESTERDAY        0.0           6.0  1904   0.4   -0.4      0.0
  MONTH TO DATE   15.3                       9.3    6.0      2.3
  SINCE DEC 1     44.9                      36.1    8.8     27.5
  SINCE JUL 1     45.3                      39.9    5.4     27.5
  SNOW DEPTH       0

DEGREE DAYS
 HEATING
  YESTERDAY       30                        38     -8       13
  MONTH TO DATE  868                       875     -7      680
  SINCE DEC 1   3387                      3301     86     2930
  SINCE JUL 1   4643                      4715    -72     3905

 COOLING
  YESTERDAY        0                         0      0        0
  MONTH TO DATE    0                         0      0        0
  SINCE DEC 1      0                         0      0        0
  SINCE JAN 1      0                         0      0        0
..................................................................


WIND (MPH)
  RESULTANT WIND SPEED   9   RESULTANT WIND DIRECTION  NE (60)
  HIGHEST WIND SPEED    15   HIGHEST WIND DIRECTION    NE (60)
  HIGHEST GUST SPEED    19   HIGHEST GUST DIRECTION    NE (50)
  AVERAGE WIND SPEED     9.1


SKY COVER
  AVERAGE SKY COVER 0.3


WEATHER CONDITIONS
 THE FOLLOWING WEATHER WAS RECORDED YESTERDAY.
  NO SIGNIFICANT WEATHER WAS OBSERVED.


RELATIVE HUMIDITY (PERCENT)
 HIGHEST    92           800 AM
 LOWEST     59           300 PM
 AVERAGE    76

..........................................................


THE LANSING MI CLIMATE NORMALS FOR TODAY
                         NORMAL    RECORD    YEAR
 MAXIMUM TEMPERATURE (F)   36        64      1984
 MINIMUM TEMPERATURE (F)   20       -17      1894


SUNRISE AND SUNSET
FEBRUARY 23 2018......SUNRISE   724 AM EST   SUNSET   620 PM EST
FEBRUARY 24 2018......SUNRISE   722 AM EST   SUNSET   622 PM EST


-  INDICATES NEGATIVE NUMBERS.
R  INDICATES RECORD WAS SET OR TIED.
MM INDICATES DATA IS MISSING.
T  INDICATES TRACE AMOUNT.




$$
