000
CDUS43 KGRR 242130
CLILAN


CLIMATE REPORT
NATIONAL WEATHER SERVICE GRAND RAPIDS, MI
528 PM EDT FRI MAR 24 2017


...................................

...THE LANSING MI CLIMATE SUMMARY FOR MARCH 24 2017...
VALID TODAY AS OF 0500 PM LOCAL TIME.

CLIMATE NORMAL PERIOD 1981 TO 2010
CLIMATE RECORD PERIOD 1864 TO 2017


WEATHER ITEM   OBSERVED TIME   RECORD YEAR NORMAL DEPARTURE LAST
                VALUE   (LST)  VALUE       VALUE  FROM      YEAR
                                                  NORMAL
..................................................................
TEMPERATURE (F)
 TODAY
  MAXIMUM         74    145 PM  82    1910  48     26       39
  MINIMUM         36   1207 AM -10    1965  29      7       29
  AVERAGE         55                        38     17       34

PRECIPITATION (IN)
  TODAY            0.01          1.10 1893   0.07  -0.06     0.64
  MONTH TO DATE    1.06                      1.51  -0.45     2.67
  SINCE MAR 1      1.06                      1.51  -0.45     2.67
  SINCE JAN 1      7.34                      4.63   2.71     5.83

SNOWFALL (IN)
  TODAY            0.0           5.1  1947   0.2   -0.2       T
  MONTH TO DATE    2.2                       6.0   -3.8      8.9
  SINCE MAR 1      2.2                       6.0   -3.8      8.9
  SINCE JUL 1     29.8                      48.2  -18.4     42.5
  SNOW DEPTH       0

DEGREE DAYS
 HEATING
  TODAY           10                        27    -17       31
  MONTH TO DATE  769                       754     15      615
  SINCE MAR 1    769                       754     15      615
  SINCE JUL 1   4814                      5689   -875     4775

 COOLING
  TODAY            0                         0      0        0
  MONTH TO DATE    0                         0      0        0
  SINCE MAR 1      0                         0      0        0
  SINCE JAN 1      0                         0      0        0
..................................................................


WIND (MPH)
  RESULTANT WIND SPEED  11   RESULTANT WIND DIRECTION  SW (220)
  HIGHEST WIND SPEED    21   HIGHEST WIND DIRECTION    SW (220)
  HIGHEST GUST SPEED    29   HIGHEST GUST DIRECTION    SW (210)
  AVERAGE WIND SPEED    13.0


SKY COVER
  AVERAGE SKY COVER 0.4


WEATHER CONDITIONS
 THE FOLLOWING WEATHER WAS RECORDED TODAY.
  LIGHT RAIN
  FOG


RELATIVE HUMIDITY (PERCENT)
 HIGHEST    89          1200 AM
 LOWEST     44           100 PM
 AVERAGE    67

..........................................................


THE LANSING MI CLIMATE NORMALS FOR TOMORROW
                         NORMAL    RECORD    YEAR
 MAXIMUM TEMPERATURE (F)   48        77      1945
 MINIMUM TEMPERATURE (F)   29        -3      1983


SUNRISE AND SUNSET
MARCH 24 2017.........SUNRISE   734 AM EDT   SUNSET   756 PM EDT
MARCH 25 2017.........SUNRISE   732 AM EDT   SUNSET   757 PM EDT


-  INDICATES NEGATIVE NUMBERS.
R  INDICATES RECORD WAS SET OR TIED.
MM INDICATES DATA IS MISSING.
T  INDICATES TRACE AMOUNT.




$$

63
