000
CDUS43 KGRR 270516
CLILAN


CLIMATE REPORT
NATIONAL WEATHER SERVICE GRAND RAPIDS, MI
114 AM EDT WED AUG 27 2014


...................................

...THE LANSING MI CLIMATE SUMMARY FOR AUGUST 26 2014...

CLIMATE NORMAL PERIOD 1981 TO 2010
CLIMATE RECORD PERIOD 1864 TO 2014


WEATHER ITEM   OBSERVED TIME   RECORD YEAR NORMAL DEPARTURE LAST
                VALUE   (LST)  VALUE       VALUE  FROM      YEAR
                                                  NORMAL
..................................................................
TEMPERATURE (F)
 YESTERDAY
  MAXIMUM         86    122 PM  96    1948  79      7       85
  MINIMUM         65   1159 PM  32    1883  58      7       68
  AVERAGE         76                        69      7       77

PRECIPITATION (IN)
  YESTERDAY        0.56          2.09 1967   0.10   0.46     0.00
  MONTH TO DATE    4.49                      2.70   1.79     1.34
  SINCE JUN 1     15.75                      8.99   6.76    11.49
  SINCE JAN 1     26.96                     20.56   6.40    29.49

SNOWFALL (IN)
  YESTERDAY        0.0           0.0    MM   0.0    0.0      0.0
  MONTH TO DATE    0.0                       0.0    0.0      0.0
  SINCE JUN 1      0.0                       0.0    0.0      0.0
  SINCE JUL 1      0.0                       0.0    0.0      0.0
  SNOW DEPTH       0

DEGREE DAYS
 HEATING
  YESTERDAY        0                         1     -1        0
  MONTH TO DATE   10                        22    -12       19
  SINCE JUN 1     63                        88    -25       85
  SINCE JUL 1     39                        33      6       35

 COOLING
  YESTERDAY       11                         5      6       12
  MONTH TO DATE  127                       147    -20      101
  SINCE JUN 1    378                       492   -114      460
  SINCE JAN 1    417                       533   -116      533
..................................................................


WIND (MPH)
  RESULTANT WIND SPEED   6   RESULTANT WIND DIRECTION  SW (240)
  HIGHEST WIND SPEED    35   HIGHEST WIND DIRECTION     W (280)
  HIGHEST GUST SPEED    45   HIGHEST GUST DIRECTION    NW (310)
  AVERAGE WIND SPEED     7.6


SKY COVER
  AVERAGE SKY COVER 0.2


WEATHER CONDITIONS
 THE FOLLOWING WEATHER WAS RECORDED YESTERDAY.
  THUNDERSTORM
  HEAVY RAIN
  LIGHT RAIN
  FOG


RELATIVE HUMIDITY (PERCENT)
 HIGHEST    93          1200 AM
 LOWEST     65          1200 PM
 AVERAGE    79

..........................................................


THE LANSING MI CLIMATE NORMALS FOR TODAY
                         NORMAL    RECORD    YEAR
 MAXIMUM TEMPERATURE (F)   79        98      1973
                                             1948
 MINIMUM TEMPERATURE (F)   58        36      1888


SUNRISE AND SUNSET
AUGUST 27 2014........SUNRISE   658 AM EDT   SUNSET   821 PM EDT
AUGUST 28 2014........SUNRISE   659 AM EDT   SUNSET   820 PM EDT


-  INDICATES NEGATIVE NUMBERS.
R  INDICATES RECORD WAS SET OR TIED.
MM INDICATES DATA IS MISSING.
T  INDICATES TRACE AMOUNT.




$$
