000
CDUS43 KGRR 310525
CLILAN


CLIMATE REPORT
NATIONAL WEATHER SERVICE GRAND RAPIDS, MI
122 AM EDT TUE MAY 31 2016


...................................

...THE LANSING MI CLIMATE SUMMARY FOR MAY 30 2016...

CLIMATE NORMAL PERIOD 1981 TO 2010
CLIMATE RECORD PERIOD 1864 TO 2016


WEATHER ITEM   OBSERVED TIME   RECORD YEAR NORMAL DEPARTURE LAST
                VALUE   (LST)  VALUE       VALUE  FROM      YEAR
                                                  NORMAL
..................................................................
TEMPERATURE (F)
 YESTERDAY
  MAXIMUM         83    421 PM  95    1895  73     10       74
  MINIMUM         60    530 AM  31    1996  52      8       50
                                      1965
                                      1873
  AVERAGE         72                        62     10       62

PRECIPITATION (IN)
  YESTERDAY        0.00          1.91 1943   0.12  -0.12     0.61
  MONTH TO DATE    2.99                      3.25  -0.26     3.46
  SINCE MAR 1      9.75                      8.34   1.41     5.49
  SINCE JAN 1     12.91                     11.46   1.45     7.74

SNOWFALL (IN)
  YESTERDAY        0.0           0.0    MM   0.0    0.0      0.0
  MONTH TO DATE    T                         0.0    0.0      0.0
  SINCE MAR 1     16.4                       8.9    7.5      1.9
  SINCE JUL 1     50.0                      51.1   -1.1     35.6
  SNOW DEPTH       0

DEGREE DAYS
 HEATING
  YESTERDAY        0                         5     -5        3
  MONTH TO DATE  247                       254     -7      153
  SINCE MAR 1   1612                      1717   -105     1665
  SINCE JUL 1   5772                      6652   -880     7159

 COOLING
  YESTERDAY        7                         2      5        0
  MONTH TO DATE   58                        32     26       59
  SINCE MAR 1     59                        39     20       59
  SINCE JAN 1     59                        39     20       59
..................................................................


WIND (MPH)
  RESULTANT WIND SPEED   6   RESULTANT WIND DIRECTION   W (270)
  HIGHEST WIND SPEED    16   HIGHEST WIND DIRECTION    NW (310)
  HIGHEST GUST SPEED    23   HIGHEST GUST DIRECTION     W (280)
  AVERAGE WIND SPEED     6.6


SKY COVER
  AVERAGE SKY COVER 0.1


WEATHER CONDITIONS
 THE FOLLOWING WEATHER WAS RECORDED YESTERDAY.
  NO SIGNIFICANT WEATHER WAS OBSERVED.


RELATIVE HUMIDITY (PERCENT)
 HIGHEST    78          1200 AM
 LOWEST     36           500 PM
 AVERAGE    57

..........................................................


THE LANSING MI CLIMATE NORMALS FOR TODAY
                         NORMAL    RECORD    YEAR
 MAXIMUM TEMPERATURE (F)   74        95      1895
 MINIMUM TEMPERATURE (F)   52        32      1966


SUNRISE AND SUNSET
MAY 31 2016...........SUNRISE   603 AM EDT   SUNSET   910 PM EDT
JUNE  1 2016..........SUNRISE   603 AM EDT   SUNSET   911 PM EDT


-  INDICATES NEGATIVE NUMBERS.
R  INDICATES RECORD WAS SET OR TIED.
MM INDICATES DATA IS MISSING.
T  INDICATES TRACE AMOUNT.




$$
