000
CDUS43 KGRR 270513
CLILAN


CLIMATE REPORT
NATIONAL WEATHER SERVICE GRAND RAPIDS, MI
1213 AM EST THU NOV 27 2014


...................................

...THE LANSING MI CLIMATE SUMMARY FOR NOVEMBER 26 2014...

CLIMATE NORMAL PERIOD 1981 TO 2010
CLIMATE RECORD PERIOD 1864 TO 2014


WEATHER ITEM   OBSERVED TIME   RECORD YEAR NORMAL DEPARTURE LAST
                VALUE   (LST)  VALUE       VALUE  FROM      YEAR
                                                  NORMAL
..................................................................
TEMPERATURE (F)
 YESTERDAY
  MAXIMUM         31    453 PM  64    1896  42    -11       32
  MINIMUM         28   1159 PM  -5    1949  29     -1       26
  AVERAGE         30                        35     -5       29

PRECIPITATION (IN)
  YESTERDAY        T             1.20 1965   0.08  -0.08      T
  MONTH TO DATE    2.61                      2.44   0.17     2.11
  SINCE SEP 1      8.70                      8.47   0.23     6.64
  SINCE JAN 1     35.92                     29.56   6.36    39.56

SNOWFALL (IN)
  YESTERDAY        T             5.5  1940   0.2   -0.2       T
  MONTH TO DATE    6.2                       2.5    3.7      0.4
  SINCE SEP 1      6.2                       2.9    3.3      0.4
  SINCE JUL 1      6.2                       2.9    3.3      0.4
  SNOW DEPTH       0

DEGREE DAYS
 HEATING
  YESTERDAY       35                        30      5       36
  MONTH TO DATE  798                       641    157      692
  SINCE SEP 1   1428                      1256    172     1259
  SINCE JUL 1   1468                      1291    177     1294

 COOLING
  YESTERDAY        0                         0      0        0
  MONTH TO DATE    0                         0      0        0
  SINCE SEP 1     43                        68    -25       73
  SINCE JAN 1    488                       625   -137      661
..................................................................


WIND (MPH)
  RESULTANT WIND SPEED   2   RESULTANT WIND DIRECTION  NE (60)
  HIGHEST WIND SPEED     9   HIGHEST WIND DIRECTION     N (20)
  HIGHEST GUST SPEED    12   HIGHEST GUST DIRECTION    NE (30)
  AVERAGE WIND SPEED     4.7


SKY COVER
  AVERAGE SKY COVER 1.0


WEATHER CONDITIONS
 THE FOLLOWING WEATHER WAS RECORDED YESTERDAY.
  LIGHT SNOW
  HAZE


RELATIVE HUMIDITY (PERCENT)
 HIGHEST    75           600 PM
 LOWEST     63           100 PM
 AVERAGE    69

..........................................................


THE LANSING MI CLIMATE NORMALS FOR TODAY
                         NORMAL    RECORD    YEAR
 MAXIMUM TEMPERATURE (F)   41        65      1990
 MINIMUM TEMPERATURE (F)   29         5      1930


SUNRISE AND SUNSET
NOVEMBER 27 2014......SUNRISE   745 AM EST   SUNSET   507 PM EST
NOVEMBER 28 2014......SUNRISE   746 AM EST   SUNSET   507 PM EST


-  INDICATES NEGATIVE NUMBERS.
R  INDICATES RECORD WAS SET OR TIED.
MM INDICATES DATA IS MISSING.
T  INDICATES TRACE AMOUNT.




$$
