000
CDUS43 KGRR 040524
CLILAN


CLIMATE REPORT
NATIONAL WEATHER SERVICE GRAND RAPIDS, MI
1223 AM EST WED MAR 4 2015


...................................

...THE LANSING MI CLIMATE SUMMARY FOR MARCH 3 2015...

CLIMATE NORMAL PERIOD 1981 TO 2010
CLIMATE RECORD PERIOD 1864 TO 2015


WEATHER ITEM   OBSERVED TIME   RECORD YEAR NORMAL DEPARTURE LAST
                VALUE   (LST)  VALUE       VALUE  FROM      YEAR
                                                  NORMAL
..................................................................
TEMPERATURE (F)
 YESTERDAY
  MAXIMUM         34    611 PM  70    1974  38     -4       13
  MINIMUM         21    942 AM -19    1868  22     -1       -9
  AVERAGE         28                        30     -2        2

PRECIPITATION (IN)
  YESTERDAY        0.24          1.13 1955   0.06   0.18     0.00
  MONTH TO DATE    0.25                      0.18   0.07     0.36
  SINCE MAR 1      0.25                      0.18   0.07     0.36
  SINCE JAN 1      2.50                      3.30  -0.80     4.28

SNOWFALL (IN)
  YESTERDAY        1.5           4.9  1954   0.3    1.2      0.0
  MONTH TO DATE    1.9                       0.9    1.0      3.9
  SINCE MAR 1      1.9                       0.9    1.0      3.9
  SINCE JUL 1     35.6                      43.1   -7.5     61.9
  SNOW DEPTH       7

DEGREE DAYS
 HEATING
  YESTERDAY       37                        35      2       63
  MONTH TO DATE  127                       106     21      167
  SINCE MAR 1    127                       106     21      167
  SINCE JUL 1   5621                      5041    580     5708

 COOLING
  YESTERDAY        0                         0      0        0
  MONTH TO DATE    0                         0      0        0
  SINCE MAR 1      0                         0      0        0
  SINCE JAN 1      0                         0      0        0
..................................................................


WIND (MPH)
  RESULTANT WIND SPEED   8   RESULTANT WIND DIRECTION  SW (210)
  HIGHEST WIND SPEED    29   HIGHEST WIND DIRECTION     W (280)
  HIGHEST GUST SPEED    36   HIGHEST GUST DIRECTION     W (280)
  AVERAGE WIND SPEED    14.4


SKY COVER
  AVERAGE SKY COVER 1.0


WEATHER CONDITIONS
 THE FOLLOWING WEATHER WAS RECORDED YESTERDAY.
  LT FREEZING RAIN
  HEAVY SNOW
  SNOW
  LIGHT SNOW
  SLEET
  FOG
  FOG W/VISIBILITY <= 1/4 MILE
  HAZE


RELATIVE HUMIDITY (PERCENT)
 HIGHEST    92           300 PM
 LOWEST     60          1200 AM
 AVERAGE    76

..........................................................


THE LANSING MI CLIMATE NORMALS FOR TODAY
                         NORMAL    RECORD    YEAR
 MAXIMUM TEMPERATURE (F)   39        64      1894
 MINIMUM TEMPERATURE (F)   22       -17      1868


SUNRISE AND SUNSET
MARCH  4 2015.........SUNRISE   710 AM EST   SUNSET   631 PM EST
MARCH  5 2015.........SUNRISE   708 AM EST   SUNSET   633 PM EST


-  INDICATES NEGATIVE NUMBERS.
R  INDICATES RECORD WAS SET OR TIED.
MM INDICATES DATA IS MISSING.
T  INDICATES TRACE AMOUNT.




$$

CAS
