432
CDUS43 KGRR 190517
CLILAN


CLIMATE REPORT
NATIONAL WEATHER SERVICE GRAND RAPIDS, MI
116 AM EDT SAT AUG 19 2017


...................................

...THE LANSING MI CLIMATE SUMMARY FOR AUGUST 18 2017...

CLIMATE NORMAL PERIOD 1981 TO 2010
CLIMATE RECORD PERIOD 1864 TO 2017


WEATHER ITEM   OBSERVED TIME   RECORD YEAR NORMAL DEPARTURE LAST
                VALUE   (LST)  VALUE       VALUE  FROM      YEAR
                                                  NORMAL
..................................................................
TEMPERATURE (F)
 YESTERDAY
  MAXIMUM         74    207 PM  95    1947  80     -6       84
                                      1899
  MINIMUM         63   1138 PM  40    1896  60      3       62
                                      1895
  AVERAGE         69                        70     -1       73

PRECIPITATION (IN)
  YESTERDAY        0.01          1.26 1988   0.10  -0.09     0.00
  MONTH TO DATE    1.52                      1.90  -0.38     5.26
  SINCE JUN 1      7.97                      8.19  -0.22     9.20
  SINCE JAN 1     25.03                     19.76   5.27    22.11

SNOWFALL (IN)
  YESTERDAY        0.0           0.0    MM   0.0    0.0      0.0
  MONTH TO DATE    0.0                       0.0    0.0      0.0
  SINCE JUN 1      0.0                       0.0    0.0      0.0
  SINCE JUL 1      0.0                       0.0    0.0      0.0
  SNOW DEPTH       0

DEGREE DAYS
 HEATING
  YESTERDAY        0                         1     -1        0
  MONTH TO DATE    2                        14    -12        0
  SINCE JUN 1     15                        80    -65       37
  SINCE JUL 1      2                        25    -23        3

 COOLING
  YESTERDAY        4                         5     -1        8
  MONTH TO DATE   96                       107    -11      194
  SINCE JUN 1    563                       452    111      616
  SINCE JAN 1    598                       493    105      678
..................................................................


WIND (MPH)
  RESULTANT WIND SPEED  12   RESULTANT WIND DIRECTION   W (260)
  HIGHEST WIND SPEED    24   HIGHEST WIND DIRECTION     W (260)
  HIGHEST GUST SPEED    29   HIGHEST GUST DIRECTION     W (260)
  AVERAGE WIND SPEED    12.5


SKY COVER
  AVERAGE SKY COVER 0.7


WEATHER CONDITIONS
 THE FOLLOWING WEATHER WAS RECORDED YESTERDAY.
  LIGHT RAIN
  FOG
  HAZE


RELATIVE HUMIDITY (PERCENT)
 HIGHEST    90          1100 PM
 LOWEST     57           100 PM
 AVERAGE    74

..........................................................


THE LANSING MI CLIMATE NORMALS FOR TODAY
                         NORMAL    RECORD    YEAR
 MAXIMUM TEMPERATURE (F)   80        98      1955
 MINIMUM TEMPERATURE (F)   59        37      1977


SUNRISE AND SUNSET
AUGUST 19 2017........SUNRISE   649 AM EDT   SUNSET   834 PM EDT
AUGUST 20 2017........SUNRISE   650 AM EDT   SUNSET   832 PM EDT


-  INDICATES NEGATIVE NUMBERS.
R  INDICATES RECORD WAS SET OR TIED.
MM INDICATES DATA IS MISSING.
T  INDICATES TRACE AMOUNT.




$$
