000
CDUS43 KGRR 291431
CLILAN


CLIMATE REPORT
NATIONAL WEATHER SERVICE GRAND RAPIDS, MI
931 AM EST MON DEC 29 2014


...................................

...THE LANSING MI CLIMATE SUMMARY FOR DECEMBER 29 2014...
VALID AS OF 0900 AM LOCAL TIME.

CLIMATE NORMAL PERIOD 1981 TO 2010
CLIMATE RECORD PERIOD 1864 TO 2014


WEATHER ITEM   OBSERVED TIME   RECORD YEAR NORMAL DEPARTURE LAST
                VALUE   (LST)  VALUE       VALUE  FROM      YEAR
                                                  NORMAL
..................................................................
TEMPERATURE (F)
 TODAY
  MAXIMUM         29    207 AM  62    1984  31     -2       40
                                      1889
  MINIMUM         25    859 AM -15    1880  19      6       18
  AVERAGE         27                        25      2       29

PRECIPITATION (IN)
  TODAY            0.00          0.99 1984   0.06  -0.06      T
                                      1940
  MONTH TO DATE    1.54                      1.76  -0.22     1.83
  SINCE DEC 1      1.54                      1.76  -0.22     1.83
  SINCE JAN 1     37.46                     31.66   5.80    41.41

SNOWFALL (IN)
  TODAY            0.0           5.7  1946   0.4   -0.4       T
  MONTH TO DATE    1.1                      12.0  -10.9     14.7
  SINCE DEC 1      1.1                      12.0  -10.9     14.7
  SINCE JUL 1      7.3                      15.8   -8.5     15.4
  SNOW DEPTH       0

DEGREE DAYS
 HEATING
  TODAY           38                        40     -2       36
  MONTH TO DATE  931                      1057   -126     1119
  SINCE DEC 1    931                      1057   -126     1119
  SINCE JUL 1   2527                      2471     56     2565

 COOLING
  TODAY            0                         0      0        0
  MONTH TO DATE    0                         0      0        0
  SINCE DEC 1      0                         0      0        0
  SINCE JAN 1    488                       625   -137      661
..................................................................


WIND (MPH)
  HIGHEST WIND SPEED     9   HIGHEST WIND DIRECTION     N (340)
  HIGHEST GUST SPEED    12   HIGHEST GUST DIRECTION    NW (330)



WEATHER CONDITIONS
 THE FOLLOWING WEATHER WAS RECORDED TODAY.
  NO SIGNIFICANT WEATHER WAS OBSERVED.


..........................................................




SUNRISE AND SUNSET
DECEMBER 29 2014......SUNRISE   809 AM EST   SUNSET   513 PM EST
DECEMBER 30 2014......SUNRISE   809 AM EST   SUNSET   513 PM EST


-  INDICATES NEGATIVE NUMBERS.
R  INDICATES RECORD WAS SET OR TIED.
MM INDICATES DATA IS MISSING.
T  INDICATES TRACE AMOUNT.




$$
