000
CDUS45 KCYS 270334
CLILAR


CLIMATE REPORT
NATIONAL WEATHER SERVICE CHEYENNE WY
934 PM MDT MON SEP 26 2016


...................................

...THE LARAMIE WY AIRPORT CLIMATE SUMMARY FOR SEPTEMBER 26 2016...
VALID TODAY AS OF 0900 PM LOCAL TIME.

CLIMATE NORMAL PERIOD 1981 TO 2010
CLIMATE RECORD PERIOD 1948 TO 2016


WEATHER ITEM   OBSERVED TIME   RECORD YEAR NORMAL DEPARTURE LAST
                VALUE   (LST)  VALUE       VALUE  FROM      YEAR
                                                  NORMAL
..................................................................
TEMPERATURE (F)
 TODAY
  MAXIMUM         70    321 PM  83    2015  64      6       83
                                      2014
                                      2010
  MINIMUM         32    554 AM  16    1984  34     -2       37
  AVERAGE         51                        49      2       60

PRECIPITATION (IN)
  TODAY            0.00          0.15 2012   0.04  -0.04     0.00
  MONTH TO DATE    0.74                      0.98  -0.24     0.34
  SINCE JAN 1     10.79                      9.13   1.66    10.20

DEGREE DAYS
 HEATING
  TODAY           14                        16     -2        5
  MONTH TO DATE  237                       285    -48      170
  SINCE SEP 1    237                       285    -48      170
  SINCE JUL 1    403                       457    -54      319

 COOLING
  TODAY            0                         0      0        0
  MONTH TO DATE    4                         0      4        0
  SINCE SEP 1      4                         0      4        0
  SINCE JAN 1    119                        66     53       65
..................................................................


WIND (MPH)
  HIGHEST WIND SPEED    18   HIGHEST WIND DIRECTION     N (350)
  HIGHEST GUST SPEED    24   HIGHEST GUST DIRECTION     N (350)
  AVERAGE WIND SPEED     7.2


SKY COVER
  AVERAGE SKY COVER 0.0


WEATHER CONDITIONS
 THE FOLLOWING WEATHER WAS RECORDED TODAY.
  NO SIGNIFICANT WEATHER WAS OBSERVED.


RELATIVE HUMIDITY (PERCENT)
 HIGHEST    89          1200 AM
 LOWEST     26           300 PM
 AVERAGE    58

..........................................................


THE LARAMIE WY AIRPORT CLIMATE NORMALS FOR TOMORROW
                         NORMAL    RECORD    YEAR
 MAXIMUM TEMPERATURE (F)   64        80      2014
 MINIMUM TEMPERATURE (F)   34         8      1996


SUNRISE AND SUNSET
SEPTEMBER 26 2016.....SUNRISE   655 AM MDT   SUNSET   652 PM MDT
SEPTEMBER 27 2016.....SUNRISE   656 AM MDT   SUNSET   650 PM MDT


-  INDICATES NEGATIVE NUMBERS.
R  INDICATES RECORD WAS SET OR TIED.
MM INDICATES DATA IS MISSING.
T  INDICATES TRACE AMOUNT.




$$
