000
CDUS45 KCYS 290728
CLILAR


CLIMATE REPORT
NATIONAL WEATHER SERVICE CHEYENNE WY
127 AM MDT SAT AUG 29 2015


...................................

...THE LARAMIE WY AIRPORT CLIMATE SUMMARY FOR AUGUST 28 2015...

CLIMATE NORMAL PERIOD 1981 TO 2010
CLIMATE RECORD PERIOD 1948 TO 2015


WEATHER ITEM   OBSERVED TIME   RECORD YEAR NORMAL DEPARTURE LAST
                VALUE   (LST)  VALUE       VALUE  FROM      YEAR
                                                  NORMAL
..................................................................
TEMPERATURE (F)
 YESTERDAY
  MAXIMUM         75    339 PM  86    1954  76     -1       68
                                      1948
  MINIMUM         45    557 AM  34    2004  44      1       43
  AVERAGE         60                        60      0       56

PRECIPITATION (IN)
  YESTERDAY        0.00          0.46 2014   0.03  -0.03     0.46
  MONTH TO DATE    1.12                      1.12   0.00     1.33
  SINCE JAN 1      9.68                      8.04   1.64    10.49

DEGREE DAYS
 HEATING
  YESTERDAY        5                         5      0        9
  MONTH TO DATE   67                        85    -18      101
  SINCE JUN 1    265                       395   -130      398
  SINCE JUL 1    145                       154     -9      156

 COOLING
  YESTERDAY        0                         0      0        0
  MONTH TO DATE   30                        17     13        2
  SINCE JUN 1     64                        64      0       67
  SINCE JAN 1     64                        64      0       67
..................................................................


WIND (MPH)
  HIGHEST WIND SPEED    14   HIGHEST WIND DIRECTION    NW (330)
  HIGHEST GUST SPEED    19   HIGHEST GUST DIRECTION     N (350)
  AVERAGE WIND SPEED     5.6


SKY COVER
  AVERAGE SKY COVER 0.1


WEATHER CONDITIONS
 THE FOLLOWING WEATHER WAS RECORDED YESTERDAY.
  LIGHT RAIN


RELATIVE HUMIDITY (PERCENT)
 HIGHEST    93           300 AM
 LOWEST     27           200 PM
 AVERAGE    60

..........................................................


THE LARAMIE WY AIRPORT CLIMATE NORMALS FOR TODAY
                         NORMAL    RECORD    YEAR
 MAXIMUM TEMPERATURE (F)   75        88      1948
 MINIMUM TEMPERATURE (F)   44        31      1962


SUNRISE AND SUNSET
AUGUST 29 2015........SUNRISE   626 AM MDT   SUNSET   741 PM MDT
AUGUST 30 2015........SUNRISE   627 AM MDT   SUNSET   739 PM MDT


-  INDICATES NEGATIVE NUMBERS.
R  INDICATES RECORD WAS SET OR TIED.
MM INDICATES DATA IS MISSING.
T  INDICATES TRACE AMOUNT.




$$
