000
CDUS45 KCYS 260728
CLILAR


CLIMATE REPORT
NATIONAL WEATHER SERVICE CHEYENNE WY
127 AM MDT FRI AUG 26 2016


...................................

...THE LARAMIE WY AIRPORT CLIMATE SUMMARY FOR AUGUST 25 2016...

CLIMATE NORMAL PERIOD 1981 TO 2010
CLIMATE RECORD PERIOD 1948 TO 2016


WEATHER ITEM   OBSERVED TIME   RECORD YEAR NORMAL DEPARTURE LAST
                VALUE   (LST)  VALUE       VALUE  FROM      YEAR
                                                  NORMAL
..................................................................
TEMPERATURE (F)
 YESTERDAY
  MAXIMUM         65    121 PM  90    2011  76    -11       86
  MINIMUM         42    655 AM  33    1972  45     -3       45
  AVERAGE         54                        61     -7       66

PRECIPITATION (IN)
  YESTERDAY        0.00          0.42 1955   0.04  -0.04     0.00
  MONTH TO DATE    0.68                      1.02  -0.34     1.03
  SINCE JAN 1      9.70                      7.94   1.76     9.59

DEGREE DAYS
 HEATING
  YESTERDAY       11                         4      7        0
  MONTH TO DATE   90                        70     20       59
  SINCE JUN 1    236                       380   -144      257
  SINCE JUL 1    129                       139    -10      137

 COOLING
  YESTERDAY        0                         0      0        1
  MONTH TO DATE   20                        17      3       26
  SINCE JUN 1    115                        64     51       60
  SINCE JAN 1    115                        64     51       60
..................................................................


WIND (MPH)
  HIGHEST WIND SPEED    30   HIGHEST WIND DIRECTION    SE (150)
  HIGHEST GUST SPEED    37   HIGHEST GUST DIRECTION    SE (150)
  AVERAGE WIND SPEED    13.4


SKY COVER
  AVERAGE SKY COVER 0.3


WEATHER CONDITIONS
 THE FOLLOWING WEATHER WAS RECORDED YESTERDAY.
  FOG
  FOG W/VISIBILITY <= 1/4 MILE


RELATIVE HUMIDITY (PERCENT)
 HIGHEST   100           300 AM
 LOWEST     39           200 PM
 AVERAGE    70

..........................................................


THE LARAMIE WY AIRPORT CLIMATE NORMALS FOR TODAY
                         NORMAL    RECORD    YEAR
 MAXIMUM TEMPERATURE (F)   76        88      1994
 MINIMUM TEMPERATURE (F)   45        33      1989


SUNRISE AND SUNSET
AUGUST 26 2016........SUNRISE   624 AM MDT   SUNSET   744 PM MDT
AUGUST 27 2016........SUNRISE   625 AM MDT   SUNSET   743 PM MDT


-  INDICATES NEGATIVE NUMBERS.
R  INDICATES RECORD WAS SET OR TIED.
MM INDICATES DATA IS MISSING.
T  INDICATES TRACE AMOUNT.




$$
