000
CDUS45 KCYS 060325
CLILAR


CLIMATE REPORT
NATIONAL WEATHER SERVICE CHEYENNE WY
925 PM MDT THU MAY 5 2016


...................................

...THE LARAMIE WY AIRPORT CLIMATE SUMMARY FOR MAY 5 2016...
VALID TODAY AS OF 0900 PM LOCAL TIME.

CLIMATE NORMAL PERIOD 1981 TO 2010
CLIMATE RECORD PERIOD 1948 TO 2016


WEATHER ITEM   OBSERVED TIME   RECORD YEAR NORMAL DEPARTURE LAST
                VALUE   (LST)  VALUE       VALUE  FROM      YEAR
                                                  NORMAL
..................................................................
TEMPERATURE (F)
 TODAY
  MAXIMUM         71    330 PM  80    2000  58     13       56
  MINIMUM         35    332 AM  18    2011  30      5       39
  AVERAGE         53                        44      9       48

PRECIPITATION (IN)
  TODAY            0.00          0.60 1949   0.05  -0.05     0.00
  MONTH TO DATE    0.02                      0.23  -0.21     0.02
  SINCE JAN 1      4.95                      2.49   2.46     2.71

DEGREE DAYS
 HEATING
  TODAY           12                        21     -9       17
  MONTH TO DATE  123                       108     15       73
  SINCE MAR 1   2006                      1981     25     1735
  SINCE JUL 1   7788                      8157   -369     7412

 COOLING
  TODAY            0                         0      0        0
  MONTH TO DATE    0                         0      0        0
  SINCE MAR 1      0                         0      0        0
  SINCE JAN 1      0                         0      0        0
..................................................................


WIND (MPH)
  HIGHEST WIND SPEED    16   HIGHEST WIND DIRECTION    SW (230)
  HIGHEST GUST SPEED    22   HIGHEST GUST DIRECTION    SW (220)
  AVERAGE WIND SPEED     8.2


SKY COVER
  AVERAGE SKY COVER 0.1


WEATHER CONDITIONS
 THE FOLLOWING WEATHER WAS RECORDED TODAY.
  NO SIGNIFICANT WEATHER WAS OBSERVED.


RELATIVE HUMIDITY (PERCENT)
 HIGHEST    82           300 AM
 LOWEST     20           300 PM
 AVERAGE    51

..........................................................


THE LARAMIE WY AIRPORT CLIMATE NORMALS FOR TOMORROW
                         NORMAL    RECORD    YEAR
 MAXIMUM TEMPERATURE (F)   58        82      1966
 MINIMUM TEMPERATURE (F)   31        15      1982


SUNRISE AND SUNSET
MAY  5 2016...........SUNRISE   554 AM MDT   SUNSET   805 PM MDT
MAY  6 2016...........SUNRISE   553 AM MDT   SUNSET   806 PM MDT


-  INDICATES NEGATIVE NUMBERS.
R  INDICATES RECORD WAS SET OR TIED.
MM INDICATES DATA IS MISSING.
T  INDICATES TRACE AMOUNT.




$$
