000
CDUS45 KCYS 270731
CLILAR


CLIMATE REPORT
NATIONAL WEATHER SERVICE CHEYENNE WY
1229 AM MST THU NOV 27 2014


...................................

...THE LARAMIE WY AIRPORT CLIMATE SUMMARY FOR NOVEMBER 26 2014...

CLIMATE NORMAL PERIOD 1981 TO 2010
CLIMATE RECORD PERIOD 1948 TO 2014


WEATHER ITEM   OBSERVED TIME   RECORD YEAR NORMAL DEPARTURE LAST
                VALUE   (LST)  VALUE       VALUE  FROM      YEAR
                                                  NORMAL
..................................................................
TEMPERATURE (F)
 YESTERDAY
  MAXIMUM         46    223 PM  61    1950  36     10       41
  MINIMUM         20    614 AM -24    1952  13      7       16
  AVERAGE         33                        24      9       29

PRECIPITATION (IN)
  YESTERDAY        0.04          0.46 1983   0.01   0.03     0.00
  MONTH TO DATE    0.42                      0.48  -0.06     0.46
  SINCE JAN 1     13.58                     10.54   3.04    11.92

DEGREE DAYS
 HEATING
  YESTERDAY       32                        40     -8       36
  MONTH TO DATE 1007                       904    103      864
  SINCE SEP 1   1851                      1975   -124     1934
  SINCE JUL 1   2030                      2147   -117     2005

 COOLING
  YESTERDAY        0                         0      0        0
  MONTH TO DATE    0                         0      0        0
  SINCE SEP 1      0                         1     -1       24
  SINCE JAN 1     67                        67      0      162
..................................................................


WIND (MPH)
  HIGHEST WIND SPEED    37   HIGHEST WIND DIRECTION     W (270)
  HIGHEST GUST SPEED    49   HIGHEST GUST DIRECTION     W (270)
  AVERAGE WIND SPEED    17.8


SKY COVER
  AVERAGE SKY COVER 0.6


WEATHER CONDITIONS
 THE FOLLOWING WEATHER WAS RECORDED YESTERDAY.
  LIGHT SNOW
  FOG


RELATIVE HUMIDITY (PERCENT)
 HIGHEST    96           800 AM
 LOWEST     49           300 PM
 AVERAGE    73

..........................................................


THE LARAMIE WY AIRPORT CLIMATE NORMALS FOR TODAY
                         NORMAL    RECORD    YEAR
 MAXIMUM TEMPERATURE (F)   35        66      1950
 MINIMUM TEMPERATURE (F)   13       -21      1976


SUNRISE AND SUNSET
NOVEMBER 27 2014......SUNRISE   705 AM MST   SUNSET   436 PM MST
NOVEMBER 28 2014......SUNRISE   706 AM MST   SUNSET   435 PM MST


-  INDICATES NEGATIVE NUMBERS.
R  INDICATES RECORD WAS SET OR TIED.
MM INDICATES DATA IS MISSING.
T  INDICATES TRACE AMOUNT.




$$
