000
CDUS45 KCYS 190728
CLILAR


CLIMATE REPORT
NATIONAL WEATHER SERVICE CHEYENNE WY
128 AM MDT SAT APR 19 2014


...................................

...THE LARAMIE WY AIRPORT CLIMATE SUMMARY FOR APRIL 18 2014...

CLIMATE NORMAL PERIOD 1981 TO 2010
CLIMATE RECORD PERIOD 1948 TO 2014


WEATHER ITEM   OBSERVED TIME   RECORD YEAR NORMAL DEPARTURE LAST
                VALUE   (LST)  VALUE       VALUE  FROM      YEAR
                                                  NORMAL
..................................................................
TEMPERATURE (F)
 YESTERDAY
  MAXIMUM         69    140 PM  72    1981  52     17       23
  MINIMUM         37   1143 PM  -3    2013  25     12       -3
  AVERAGE         53                        38     15       10

PRECIPITATION (IN)
  YESTERDAY        0.00          0.49 2011   0.03  -0.03     0.00
  MONTH TO DATE    0.13                      0.56  -0.43     0.69
  SINCE JAN 1      1.86                      1.75   0.11     1.60

DEGREE DAYS
 HEATING
  YESTERDAY       12                        27    -15       55
  MONTH TO DATE  508                       521    -13      640
  SINCE MAR 1   1505                      1580    -75     1701
  SINCE JUL 1   7549                      7756   -207     7605

 COOLING
  YESTERDAY        0                         0      0        0
  MONTH TO DATE    0                         0      0        0
  SINCE MAR 1      0                         0      0        0
  SINCE JAN 1      0                         0      0        0
..................................................................


WIND (MPH)
  HIGHEST WIND SPEED    38   HIGHEST WIND DIRECTION     W (250)
  HIGHEST GUST SPEED    45   HIGHEST GUST DIRECTION    SW (210)
  AVERAGE WIND SPEED    16.7


SKY COVER
  AVERAGE SKY COVER 0.0


WEATHER CONDITIONS
 THE FOLLOWING WEATHER WAS RECORDED YESTERDAY.
  NO SIGNIFICANT WEATHER WAS OBSERVED.


RELATIVE HUMIDITY (PERCENT)
 HIGHEST    70          1100 PM
 LOWEST     17           300 PM
 AVERAGE    44

..........................................................


THE LARAMIE WY AIRPORT CLIMATE NORMALS FOR TODAY
                         NORMAL    RECORD    YEAR
 MAXIMUM TEMPERATURE (F)   52        73      1962
 MINIMUM TEMPERATURE (F)   25         4      1966


SUNRISE AND SUNSET
APRIL 19 2014.........SUNRISE   617 AM MDT   SUNSET   747 PM MDT
APRIL 20 2014.........SUNRISE   615 AM MDT   SUNSET   748 PM MDT


-  INDICATES NEGATIVE NUMBERS.
R  INDICATES RECORD WAS SET OR TIED.
MM INDICATES DATA IS MISSING.
T  INDICATES TRACE AMOUNT.




$$
