000
CDUS45 KVEF 290827
CLILAS


CLIMATE REPORT
NATIONAL WEATHER SERVICE LAS VEGAS, NV
127 AM PDT FRI JUL 29 2016


...................................

...THE LAS VEGAS NV CLIMATE SUMMARY FOR JULY 28 2016...

CLIMATE NORMAL PERIOD 1981 TO 2010
CLIMATE RECORD PERIOD 1937 TO 2016


WEATHER ITEM   OBSERVED TIME   RECORD YEAR NORMAL DEPARTURE LAST
                VALUE   (LST)  VALUE       VALUE  FROM      YEAR
                                                  NORMAL
..................................................................
TEMPERATURE (F)
 YESTERDAY
  MAXIMUM        115R   409 PM 114    1995 104     11      103
                                      1980
  MINIMUM         91    529 AM  61    1984  81     10       79
                                      1941
  AVERAGE        103                        93     10       91

PRECIPITATION (IN)
  YESTERDAY        0.00          1.36 1984   0.02  -0.02     0.00
  MONTH TO DATE    0.17                      0.35  -0.18     0.19
  SINCE OCT 1      4.92                      3.56   1.36     2.68
  SINCE JAN 1      3.51                      2.43   1.08     2.38

SNOWFALL (IN)
  YESTERDAY        0.0           0.0    MM   0.0    0.0      0.0
  MONTH TO DATE    0.0                       0.0    0.0      0.0
  SINCE JUN 1      0.0                       0.0    0.0      0.0
  SINCE JUL 1      0.0                       0.0    0.0      0.0
  SNOW DEPTH       0

DEGREE DAYS
 HEATING
  YESTERDAY        0                         0      0        0
  MONTH TO DATE    0                         0      0        0
  SINCE JUN 1      0                         1     -1        0
  SINCE JUL 1      0                         0      0        0

 COOLING
  YESTERDAY       38                        28     10       26
  MONTH TO DATE  846                       771     75      711
  SINCE JUN 1   1689                      1421    268     1525
  SINCE JAN 1   2225                      1971    254     2128
..................................................................


WIND (MPH)
  RESULTANT WIND SPEED   2   RESULTANT WIND DIRECTION   S (180)
  HIGHEST WIND SPEED    26   HIGHEST WIND DIRECTION    NW (330)
  HIGHEST GUST SPEED    32   HIGHEST GUST DIRECTION    NW (320)
  AVERAGE WIND SPEED     3.9


SKY COVER
  POSSIBLE SUNSHINE  MM
  AVERAGE SKY COVER 0.6


WEATHER CONDITIONS
 THE FOLLOWING WEATHER WAS RECORDED YESTERDAY.
  THUNDERSTORM


RELATIVE HUMIDITY (PERCENT)
 HIGHEST    20           400 AM
 LOWEST      6           500 PM
 AVERAGE    13

..........................................................


THE LAS VEGAS NV CLIMATE NORMALS FOR TODAY
                         NORMAL    RECORD    YEAR
 MAXIMUM TEMPERATURE (F)  104       115      1995
 MINIMUM TEMPERATURE (F)   81        64      1984
                                             1944
                                             1938


SUNRISE AND SUNSET
JULY 29 2016..........SUNRISE   546 AM PDT   SUNSET   748 PM PDT
JULY 30 2016..........SUNRISE   547 AM PDT   SUNSET   747 PM PDT


-  INDICATES NEGATIVE NUMBERS.
R  INDICATES RECORD WAS SET OR TIED.
MM INDICATES DATA IS MISSING.
T  INDICATES TRACE AMOUNT.




$$
