000
CDUS45 KVEF 170828
CLILAS


CLIMATE REPORT
NATIONAL WEATHER SERVICE LAS VEGAS, NV
127 AM PDT WED SEP 17 2014


...................................

...THE LAS VEGAS NV CLIMATE SUMMARY FOR SEPTEMBER 16 2014...

CLIMATE NORMAL PERIOD 1981 TO 2010
CLIMATE RECORD PERIOD 1937 TO 2014


WEATHER ITEM   OBSERVED TIME   RECORD YEAR NORMAL DEPARTURE LAST
                VALUE   (LST)  VALUE       VALUE  FROM      YEAR
                                                  NORMAL
..................................................................
TEMPERATURE (F)
 YESTERDAY
  MAXIMUM        102    207 PM 107    1937  94      8      100
  MINIMUM         80    530 AM  49    1941  71      9       77
  AVERAGE         91                        83      8       89

PRECIPITATION (IN)
  YESTERDAY        0.00          0.92 1975   0.01  -0.01     0.00
  MONTH TO DATE    0.29                      0.16   0.13     0.35
  SINCE OCT 1      2.58                      4.10  -1.52     2.97
  SINCE JAN 1      1.16                      2.97  -1.81     1.54

SNOWFALL (IN)
  YESTERDAY        0.0           0.0    MM   0.0    0.0      0.0
  MONTH TO DATE    0.0                       0.0    0.0      0.0
  SINCE SEP 1      0.0                       0.0    0.0      0.0
  SINCE JUL 1      0.0                       0.0    0.0      0.0
  SNOW DEPTH       0

DEGREE DAYS
 HEATING
  YESTERDAY        0                         0      0        0
  MONTH TO DATE    0                         0      0        0
  SINCE SEP 1      0                         0      0        0
  SINCE JUL 1      0                         0      0        0

 COOLING
  YESTERDAY       26                        18      8       24
  MONTH TO DATE  374                       326     48      315
  SINCE SEP 1    374                       326     48      315
  SINCE JAN 1   3399                      3175    224     3487
..................................................................


WIND (MPH)
  RESULTANT WIND SPEED   8   RESULTANT WIND DIRECTION   S (180)
  HIGHEST WIND SPEED    29   HIGHEST WIND DIRECTION     S (170)
  HIGHEST GUST SPEED    39   HIGHEST GUST DIRECTION     S (180)
  AVERAGE WIND SPEED     9.0


SKY COVER
  POSSIBLE SUNSHINE  MM
  AVERAGE SKY COVER 0.3


WEATHER CONDITIONS
 THE FOLLOWING WEATHER WAS RECORDED YESTERDAY.
  NO SIGNIFICANT WEATHER WAS OBSERVED.


RELATIVE HUMIDITY (PERCENT)
 HIGHEST    38           700 PM
 LOWEST     21           900 AM
 AVERAGE    30

..........................................................


THE LAS VEGAS NV CLIMATE NORMALS FOR TODAY
                         NORMAL    RECORD    YEAR
 MAXIMUM TEMPERATURE (F)   94       108      1937
 MINIMUM TEMPERATURE (F)   71        53      1941


SUNRISE AND SUNSET
SEPTEMBER 17 2014.....SUNRISE   625 AM PDT   SUNSET   645 PM PDT
SEPTEMBER 18 2014.....SUNRISE   625 AM PDT   SUNSET   643 PM PDT


-  INDICATES NEGATIVE NUMBERS.
R  INDICATES RECORD WAS SET OR TIED.
MM INDICATES DATA IS MISSING.
T  INDICATES TRACE AMOUNT.




$$
