000
CDUS45 KVEF 090827
CLILAS


CLIMATE REPORT
NATIONAL WEATHER SERVICE LAS VEGAS, NV
1226 AM PST TUE FEB 9 2016


...................................

...THE LAS VEGAS NV CLIMATE SUMMARY FOR FEBRUARY 8 2016...

CLIMATE NORMAL PERIOD 1981 TO 2010
CLIMATE RECORD PERIOD 1937 TO 2016


WEATHER ITEM   OBSERVED TIME   RECORD YEAR NORMAL DEPARTURE LAST
                VALUE   (LST)  VALUE       VALUE  FROM      YEAR
                                                  NORMAL
..................................................................
TEMPERATURE (F)
 YESTERDAY
  MAXIMUM         73    337 PM  77    2015  61     12       77
  MINIMUM         45    643 AM  25    1949  42      3       55
                                      1948
  AVERAGE         59                        51      8       66

PRECIPITATION (IN)
  YESTERDAY        0.00          1.29 1993   0.02  -0.02     0.00
  MONTH TO DATE    0.09                      0.17  -0.08     0.00
  SINCE OCT 1      1.96                      1.84   0.12     1.17
  SINCE JAN 1      0.55                      0.71  -0.16     0.87

SNOWFALL (IN)
  YESTERDAY        0.0           0.3  1989   0.0    0.0      0.0
  MONTH TO DATE    0.0                       0.0    0.0      0.0
  SINCE DEC 1      T                         0.2   -0.2       T
  SINCE JUL 1      T                         0.2   -0.2       T
  SNOW DEPTH       0

DEGREE DAYS
 HEATING
  YESTERDAY        6                        14     -8        0
  MONTH TO DATE  141                       114     27       38
  SINCE DEC 1   1185                      1157     28      830
  SINCE JUL 1   1509                      1466     43     1003

 COOLING
  YESTERDAY        0                         0      0        1
  MONTH TO DATE    0                         0      0        5
  SINCE DEC 1      0                         0      0        5
  SINCE JAN 1      0                         0      0        5
..................................................................


WIND (MPH)
  RESULTANT WIND SPEED   6   RESULTANT WIND DIRECTION  NE (40)
  HIGHEST WIND SPEED    15   HIGHEST WIND DIRECTION     N (10)
  HIGHEST GUST SPEED    20   HIGHEST GUST DIRECTION     N (10)
  AVERAGE WIND SPEED     6.3


SKY COVER
  POSSIBLE SUNSHINE  MM
  AVERAGE SKY COVER 0.0


WEATHER CONDITIONS
 THE FOLLOWING WEATHER WAS RECORDED YESTERDAY.
  NO SIGNIFICANT WEATHER WAS OBSERVED.


RELATIVE HUMIDITY (PERCENT)
 HIGHEST    39           700 AM
 LOWEST     16           300 PM
 AVERAGE    28

..........................................................


THE LAS VEGAS NV CLIMATE NORMALS FOR TODAY
                         NORMAL    RECORD    YEAR
 MAXIMUM TEMPERATURE (F)   61        78      2015
 MINIMUM TEMPERATURE (F)   42        19      1946


SUNRISE AND SUNSET
FEBRUARY  9 2016......SUNRISE   635 AM PST   SUNSET   515 PM PST
FEBRUARY 10 2016......SUNRISE   634 AM PST   SUNSET   516 PM PST


-  INDICATES NEGATIVE NUMBERS.
R  INDICATES RECORD WAS SET OR TIED.
MM INDICATES DATA IS MISSING.
T  INDICATES TRACE AMOUNT.




$$
