000
CDUS45 KVEF 250827
CLILAS


CLIMATE REPORT
NATIONAL WEATHER SERVICE LAS VEGAS, NV
1227 AM PST TUE NOV 25 2014


...................................

...THE LAS VEGAS NV CLIMATE SUMMARY FOR NOVEMBER 24 2014...

CLIMATE NORMAL PERIOD 1981 TO 2010
CLIMATE RECORD PERIOD 1937 TO 2014


WEATHER ITEM   OBSERVED TIME   RECORD YEAR NORMAL DEPARTURE LAST
                VALUE   (LST)  VALUE       VALUE  FROM      YEAR
                                                  NORMAL
..................................................................
TEMPERATURE (F)
 YESTERDAY
  MAXIMUM         65    223 PM  81    1949  62      3       56
  MINIMUM         41    440 AM  15    1938  43     -2       46
  AVERAGE         53                        53      0       51

PRECIPITATION (IN)
  YESTERDAY        0.00          0.45 1978   0.01  -0.01      T
  MONTH TO DATE    T                         0.28  -0.28     1.37
  SINCE OCT 1      T                         0.55  -0.55     1.37
  SINCE JAN 1      1.51                      3.61  -2.10     2.91

SNOWFALL (IN)
  YESTERDAY        0.0           0.0  2013   0.0    0.0      0.0
  MONTH TO DATE    0.0                       0.0    0.0      0.0
  SINCE SEP 1      0.0                       0.0    0.0      0.0
  SINCE JUL 1      0.0                       0.0    0.0      0.0
  SNOW DEPTH       0

DEGREE DAYS
 HEATING
  YESTERDAY       12                        12      0       14
  MONTH TO DATE  126                       187    -61      147
  SINCE SEP 1    126                       226   -100      194
  SINCE JUL 1    126                       226   -100      194

 COOLING
  YESTERDAY        0                         0      0        0
  MONTH TO DATE   16                        10      6        5
  SINCE SEP 1    945                       717    228      594
  SINCE JAN 1   3970                      3566    404     3766
..................................................................


WIND (MPH)
  RESULTANT WIND SPEED   5   RESULTANT WIND DIRECTION   S (200)
  HIGHEST WIND SPEED    13   HIGHEST WIND DIRECTION     S (200)
  HIGHEST GUST SPEED    14   HIGHEST GUST DIRECTION     S (190)
  AVERAGE WIND SPEED     6.8


SKY COVER
  POSSIBLE SUNSHINE  MM
  AVERAGE SKY COVER 0.2


WEATHER CONDITIONS
 THE FOLLOWING WEATHER WAS RECORDED YESTERDAY.
  NO SIGNIFICANT WEATHER WAS OBSERVED.


RELATIVE HUMIDITY (PERCENT)
 HIGHEST    27           500 AM
 LOWEST     11           200 PM
 AVERAGE    19

..........................................................


THE LAS VEGAS NV CLIMATE NORMALS FOR TODAY
                         NORMAL    RECORD    YEAR
 MAXIMUM TEMPERATURE (F)   62        76      1970
                                             1950
                                             1949
 MINIMUM TEMPERATURE (F)   43        18      1938


SUNRISE AND SUNSET
NOVEMBER 25 2014......SUNRISE   627 AM PST   SUNSET   428 PM PST
NOVEMBER 26 2014......SUNRISE   628 AM PST   SUNSET   427 PM PST


-  INDICATES NEGATIVE NUMBERS.
R  INDICATES RECORD WAS SET OR TIED.
MM INDICATES DATA IS MISSING.
T  INDICATES TRACE AMOUNT.




$$
