000
CDUS45 KVEF 240826
CLILAS


CLIMATE REPORT
NATIONAL WEATHER SERVICE LAS VEGAS, NV
125 AM PDT FRI MAR 24 2017


...................................

...THE LAS VEGAS NV CLIMATE SUMMARY FOR MARCH 23 2017...

CLIMATE NORMAL PERIOD 1981 TO 2010
CLIMATE RECORD PERIOD 1937 TO 2017


WEATHER ITEM   OBSERVED TIME   RECORD YEAR NORMAL DEPARTURE LAST
                VALUE   (LST)  VALUE       VALUE  FROM      YEAR
                                                  NORMAL
..................................................................
TEMPERATURE (F)
 YESTERDAY
  MAXIMUM         72    444 PM  89    2004  72      0       69
                                      1940
  MINIMUM         52    522 AM  32    1938  51      1       51
  AVERAGE         62                        61      1       60

PRECIPITATION (IN)
  YESTERDAY        T             0.10 1992   0.01  -0.01     0.00
  MONTH TO DATE    T                         0.37  -0.37      T
  SINCE OCT 1      2.52                      2.80  -0.28     1.96
  SINCE JAN 1      1.46                      1.67  -0.21     0.55

SNOWFALL (IN)
  YESTERDAY        0.0           0.0  2015   0.0    0.0      0.0
  MONTH TO DATE    0.0                       0.0    0.0      0.0
  SINCE MAR 1      0.0                       0.0    0.0      0.0
  SINCE JUL 1      0.0                       0.3   -0.3       T
  SNOW DEPTH       0

DEGREE DAYS
 HEATING
  YESTERDAY        3                         5     -2        5
  MONTH TO DATE   70                       154    -84       44
  SINCE MAR 1     70                       154    -84       44
  SINCE JUL 1   1442                      1845   -403     1623

 COOLING
  YESTERDAY        0                         1     -1        0
  MONTH TO DATE  108                        15     93       51
  SINCE MAR 1    108                        15     93       51
  SINCE JAN 1    111                        16     95       60
..................................................................


WIND (MPH)
  RESULTANT WIND SPEED   5   RESULTANT WIND DIRECTION  NW (330)
  HIGHEST WIND SPEED    25   HIGHEST WIND DIRECTION     N (340)
  HIGHEST GUST SPEED    32   HIGHEST GUST DIRECTION     N (340)
  AVERAGE WIND SPEED     8.7


SKY COVER
  POSSIBLE SUNSHINE  MM
  AVERAGE SKY COVER 0.5


WEATHER CONDITIONS
 THE FOLLOWING WEATHER WAS RECORDED YESTERDAY.
  LIGHT RAIN


RELATIVE HUMIDITY (PERCENT)
 HIGHEST    41           600 AM
 LOWEST     15           500 PM
 AVERAGE    28

..........................................................


THE LAS VEGAS NV CLIMATE NORMALS FOR TODAY
                         NORMAL    RECORD    YEAR
 MAXIMUM TEMPERATURE (F)   72        89      1940
 MINIMUM TEMPERATURE (F)   51        34      1957


SUNRISE AND SUNSET
MARCH 24 2017.........SUNRISE   638 AM PDT   SUNSET   656 PM PDT
MARCH 25 2017.........SUNRISE   637 AM PDT   SUNSET   657 PM PDT


-  INDICATES NEGATIVE NUMBERS.
R  INDICATES RECORD WAS SET OR TIED.
MM INDICATES DATA IS MISSING.
T  INDICATES TRACE AMOUNT.




$$
