000
CDUS45 KVEF 020841
CLILAS


CLIMATE REPORT
NATIONAL WEATHER SERVICE LAS VEGAS, NV
1241 AM PST MON MAR 2 2015


...................................

...THE LAS VEGAS NV CLIMATE SUMMARY FOR MARCH 1 2015...

CLIMATE NORMAL PERIOD 1981 TO 2010
CLIMATE RECORD PERIOD 1937 TO 2015


WEATHER ITEM   OBSERVED TIME   RECORD YEAR NORMAL DEPARTURE LAST
                VALUE   (LST)  VALUE       VALUE  FROM      YEAR
                                                  NORMAL
..................................................................
TEMPERATURE (F)
 YESTERDAY
  MAXIMUM         57   1257 PM  82    1986  66     -9       64
  MINIMUM         47   1159 PM  23    1962  47      0       48
  AVERAGE         52                        56     -4       56

PRECIPITATION (IN)
  YESTERDAY        0.22          0.74 1941   0.02   0.20     0.00
  MONTH TO DATE    0.22                      0.02   0.20     0.00
  SINCE OCT 1      1.93                      2.45  -0.52     1.72
  SINCE JAN 1      1.63                      1.32   0.31     0.30

SNOWFALL (IN)
  YESTERDAY       MM             T    1951   0.0   MM        0.0
  MONTH TO DATE   MM                         0.0   MM        0.0
  SINCE MAR 1     MM                         0.0   MM        0.0
  SINCE JUL 1      T                         0.3   -0.3      0.0
  SNOW DEPTH       0

DEGREE DAYS
 HEATING
  YESTERDAY       13                         9      4        9
  MONTH TO DATE   13                         9      4        9
  SINCE MAR 1     13                         9      4        9
  SINCE JUL 1   1120                      1700   -580     1395

 COOLING
  YESTERDAY        0                         0      0        0
  MONTH TO DATE    0                         0      0        0
  SINCE MAR 1      0                         0      0        0
  SINCE JAN 1     10                         1      9        3
..................................................................


WIND (MPH)
  RESULTANT WIND SPEED   3   RESULTANT WIND DIRECTION  SE (150)
  HIGHEST WIND SPEED    12   HIGHEST WIND DIRECTION     E (90)
  HIGHEST GUST SPEED    15   HIGHEST GUST DIRECTION     E (80)
  AVERAGE WIND SPEED     4.5


SKY COVER
  POSSIBLE SUNSHINE  MM
  AVERAGE SKY COVER 0.9


WEATHER CONDITIONS
 THE FOLLOWING WEATHER WAS RECORDED YESTERDAY.
  RAIN
  LIGHT RAIN


RELATIVE HUMIDITY (PERCENT)
 HIGHEST    86           900 PM
 LOWEST     41          1200 AM
 AVERAGE    64

..........................................................


THE LAS VEGAS NV CLIMATE NORMALS FOR TODAY
                         NORMAL    RECORD    YEAR
 MAXIMUM TEMPERATURE (F)   67        82      1967
 MINIMUM TEMPERATURE (F)   47        19      1939


SUNRISE AND SUNSET
MARCH  2 2015.........SUNRISE   610 AM PST   SUNSET   536 PM PST
MARCH  3 2015.........SUNRISE   608 AM PST   SUNSET   537 PM PST


-  INDICATES NEGATIVE NUMBERS.
R  INDICATES RECORD WAS SET OR TIED.
MM INDICATES DATA IS MISSING.
T  INDICATES TRACE AMOUNT.




$$
