000
CDUS45 KVEF 280829
CLILAS


CLIMATE REPORT
NATIONAL WEATHER SERVICE LAS VEGAS, NV
128 AM PDT FRI APR 28 2017


...................................

...THE LAS VEGAS NV CLIMATE SUMMARY FOR APRIL 27 2017...

CLIMATE NORMAL PERIOD 1981 TO 2010
CLIMATE RECORD PERIOD 1937 TO 2017


WEATHER ITEM   OBSERVED TIME   RECORD YEAR NORMAL DEPARTURE LAST
                VALUE   (LST)  VALUE       VALUE  FROM      YEAR
                                                  NORMAL
..................................................................
TEMPERATURE (F)
 YESTERDAY
  MAXIMUM         86    138 PM  99    2000  82      4       76
  MINIMUM         69   1159 PM  39    1984  60      9       57
  AVERAGE         78                        71      7       67

PRECIPITATION (IN)
  YESTERDAY        0.00          0.10 1960   0.00   0.00     0.04
  MONTH TO DATE    0.04                      0.14  -0.10     1.09
  SINCE OCT 1      2.57                      3.01  -0.44     3.05
  SINCE JAN 1      1.51                      1.88  -0.37     1.64

SNOWFALL (IN)
  YESTERDAY        0.0           0.0    MM   0.0    0.0      0.0
  MONTH TO DATE    0.0                       0.0    0.0      0.0
  SINCE MAR 1      0.0                       0.0    0.0      0.0
  SINCE JUL 1      0.0                       0.3   -0.3       T
  SNOW DEPTH       0

DEGREE DAYS
 HEATING
  YESTERDAY        0                         1     -1        0
  MONTH TO DATE    9                        61    -52       24
  SINCE MAR 1     91                       250   -159      102
  SINCE JUL 1   1463                      1941   -478     1681

 COOLING
  YESTERDAY       13                         7      6        2
  MONTH TO DATE  157                       107     50      142
  SINCE MAR 1    265                       137    128      197
  SINCE JAN 1    268                       138    130      206
..................................................................


WIND (MPH)
  RESULTANT WIND SPEED  15   RESULTANT WIND DIRECTION  NW (330)
  HIGHEST WIND SPEED    31   HIGHEST WIND DIRECTION     N (340)
  HIGHEST GUST SPEED    40   HIGHEST GUST DIRECTION     N (340)
  AVERAGE WIND SPEED    17.1


SKY COVER
  POSSIBLE SUNSHINE  MM
  AVERAGE SKY COVER 0.6


WEATHER CONDITIONS
 THE FOLLOWING WEATHER WAS RECORDED YESTERDAY.
  NO SIGNIFICANT WEATHER WAS OBSERVED.


RELATIVE HUMIDITY (PERCENT)
 HIGHEST    37           100 AM
 LOWEST      6           900 PM
 AVERAGE    22

..........................................................


THE LAS VEGAS NV CLIMATE NORMALS FOR TODAY
                         NORMAL    RECORD    YEAR
 MAXIMUM TEMPERATURE (F)   82        97      2013
                                             2007
 MINIMUM TEMPERATURE (F)   60        39      1955


SUNRISE AND SUNSET
APRIL 28 2017.........SUNRISE   551 AM PDT   SUNSET   726 PM PDT
APRIL 29 2017.........SUNRISE   550 AM PDT   SUNSET   727 PM PDT


-  INDICATES NEGATIVE NUMBERS.
R  INDICATES RECORD WAS SET OR TIED.
MM INDICATES DATA IS MISSING.
T  INDICATES TRACE AMOUNT.




$$
