599
CDUS45 KVEF 290836
CLILAS


CLIMATE REPORT
NATIONAL WEATHER SERVICE LAS VEGAS, NV
136 AM PDT THU JUN 29 2017


...................................

...THE LAS VEGAS NV CLIMATE SUMMARY FOR JUNE 28 2017...

CLIMATE NORMAL PERIOD 1981 TO 2010
CLIMATE RECORD PERIOD 1937 TO 2017


WEATHER ITEM   OBSERVED TIME   RECORD YEAR NORMAL DEPARTURE LAST
                VALUE   (LST)  VALUE       VALUE  FROM      YEAR
                                                  NORMAL
..................................................................
TEMPERATURE (F)
 YESTERDAY
  MAXIMUM        107    320 PM 115    2013 102      5      109
                                      1994
  MINIMUM         82    528 AM  55    1941  78      4       88
  AVERAGE         95                        90      5       99

PRECIPITATION (IN)
  YESTERDAY        0.00          0.11 1938   0.00   0.00      T
  MONTH TO DATE    0.00                      0.06  -0.06     0.02
  SINCE OCT 1      2.65                      3.20  -0.55     4.28
  SINCE JAN 1      1.59                      2.07  -0.48     2.87

SNOWFALL (IN)
  YESTERDAY        0.0           0.0    MM   0.0    0.0      0.0
  MONTH TO DATE    0.0                       0.0    0.0      0.0
  SINCE JUN 1      0.0                       0.0    0.0      0.0
  SINCE JUL 1      0.0                       0.3   -0.3       T
  SNOW DEPTH       0

DEGREE DAYS
 HEATING
  YESTERDAY        0                         0      0        0
  MONTH TO DATE    0                         0      0        0
  SINCE JUN 1      0                         0      0        0
  SINCE JUL 1   1470                      1950   -480     1696

 COOLING
  YESTERDAY       30                        25      5       34
  MONTH TO DATE  754                       598    156      787
  SINCE JUN 1    754                       598    156      787
  SINCE JAN 1   1431                      1148    283     1323
..................................................................


WIND (MPH)
  RESULTANT WIND SPEED   8   RESULTANT WIND DIRECTION  SW (210)
  HIGHEST WIND SPEED    22   HIGHEST WIND DIRECTION     W (250)
  HIGHEST GUST SPEED    27   HIGHEST GUST DIRECTION     W (250)
  AVERAGE WIND SPEED    10.4


SKY COVER
  POSSIBLE SUNSHINE  MM
  AVERAGE SKY COVER 0.0


WEATHER CONDITIONS
 THE FOLLOWING WEATHER WAS RECORDED YESTERDAY.
  NO SIGNIFICANT WEATHER WAS OBSERVED.


RELATIVE HUMIDITY (PERCENT)
 HIGHEST    11           500 AM
 LOWEST      2           200 PM
 AVERAGE     7

..........................................................


THE LAS VEGAS NV CLIMATE NORMALS FOR TODAY
                         NORMAL    RECORD    YEAR
 MAXIMUM TEMPERATURE (F)  103       115      2013
                                             1994
 MINIMUM TEMPERATURE (F)   79        60      1941


SUNRISE AND SUNSET
JUNE 29 2017..........SUNRISE   527 AM PDT   SUNSET   802 PM PDT
JUNE 30 2017..........SUNRISE   527 AM PDT   SUNSET   802 PM PDT


-  INDICATES NEGATIVE NUMBERS.
R  INDICATES RECORD WAS SET OR TIED.
MM INDICATES DATA IS MISSING.
T  INDICATES TRACE AMOUNT.




$$
