000
CDUS45 KVEF 260827
CLILAS


CLIMATE REPORT
NATIONAL WEATHER SERVICE LAS VEGAS, NV
127 AM PDT THU MAR 26 2015


...................................

...THE LAS VEGAS NV CLIMATE SUMMARY FOR MARCH 25 2015...

CLIMATE NORMAL PERIOD 1981 TO 2010
CLIMATE RECORD PERIOD 1937 TO 2015


WEATHER ITEM   OBSERVED TIME   RECORD YEAR NORMAL DEPARTURE LAST
                VALUE   (LST)  VALUE       VALUE  FROM      YEAR
                                                  NORMAL
..................................................................
TEMPERATURE (F)
 YESTERDAY
  MAXIMUM         77    416 PM  87    1981  73      4       84
  MINIMUM         64   1151 PM  31    1964  51     13       55
  AVERAGE         71                        62      9       70

PRECIPITATION (IN)
  YESTERDAY        0.00          0.50 1998   0.01  -0.01     0.00
  MONTH TO DATE    0.28                      0.39  -0.11     0.00
  SINCE OCT 1      1.99                      2.82  -0.83     1.72
  SINCE JAN 1      1.69                      1.69   0.00     0.30

SNOWFALL (IN)
  YESTERDAY        0.0           0.0  2014   0.0    0.0      0.0
  MONTH TO DATE    0.0                       0.0    0.0      0.0
  SINCE MAR 1      0.0                       0.0    0.0      0.0
  SINCE JUL 1      T                         0.3   -0.3      0.0
  SNOW DEPTH       0

DEGREE DAYS
 HEATING
  YESTERDAY        0                         5     -5        0
  MONTH TO DATE   76                       164    -88       70
  SINCE MAR 1     76                       164    -88       70
  SINCE JUL 1   1183                      1855   -672     1456

 COOLING
  YESTERDAY        6                         1      5        5
  MONTH TO DATE   78                        17     61       27
  SINCE MAR 1     78                        17     61       27
  SINCE JAN 1     88                        18     70       30
..................................................................


WIND (MPH)
  RESULTANT WIND SPEED   4   RESULTANT WIND DIRECTION   N (0)
  HIGHEST WIND SPEED    21   HIGHEST WIND DIRECTION    NW (330)
  HIGHEST GUST SPEED    26   HIGHEST GUST DIRECTION     N (340)
  AVERAGE WIND SPEED     8.2


SKY COVER
  POSSIBLE SUNSHINE  MM
  AVERAGE SKY COVER 0.2


WEATHER CONDITIONS
 THE FOLLOWING WEATHER WAS RECORDED YESTERDAY.
  NO SIGNIFICANT WEATHER WAS OBSERVED.


RELATIVE HUMIDITY (PERCENT)
 HIGHEST    24           600 AM
 LOWEST     14           400 PM
 AVERAGE    19

..........................................................


THE LAS VEGAS NV CLIMATE NORMALS FOR TODAY
                         NORMAL    RECORD    YEAR
 MAXIMUM TEMPERATURE (F)   73        87      1947
 MINIMUM TEMPERATURE (F)   51        34      1948
                                             1937


SUNRISE AND SUNSET
MARCH 26 2015.........SUNRISE   636 AM PDT   SUNSET   657 PM PDT
MARCH 27 2015.........SUNRISE   634 AM PDT   SUNSET   658 PM PDT


-  INDICATES NEGATIVE NUMBERS.
R  INDICATES RECORD WAS SET OR TIED.
MM INDICATES DATA IS MISSING.
T  INDICATES TRACE AMOUNT.




$$
