000
CDUS46 KLOX 020903
CLILAX


CLIMATE REPORT
NATIONAL WEATHER SERVICE LOS ANGELES/OXNARD CA
203 AM PDT WED SEP 2 2015


...................................

...THE LOS ANGELES INTL AIRPORT CA CLIMATE SUMMARY FOR SEPTEMBER 1 2015...

CLIMATE NORMAL PERIOD 1981 TO 2010
CLIMATE RECORD PERIOD 1944 TO 2015


WEATHER ITEM   OBSERVED TIME   RECORD YEAR NORMAL DEPARTURE LAST
                VALUE   (LST)  VALUE       VALUE  FROM      YEAR
                                                  NORMAL
..................................................................
TEMPERATURE (F)
 YESTERDAY
  MAXIMUM         78   1142 AM  95    1998  75      3       79
  MINIMUM         68    927 PM  58    2010  64      4       69
                                      1951
  AVERAGE         73                        70      3       74

PRECIPITATION (IN)
  YESTERDAY        0.00          T    2009   0.00   0.00     0.00
                                      1980
                                      1954
  MONTH TO DATE    0.00                      0.00   0.00     0.00
  SINCE OCT 1      7.61                     12.61  -5.00     4.59
  SINCE JAN 1      2.91                      8.89  -5.98     3.58

SNOWFALL (IN)
  YESTERDAY        0.0
  MONTH TO DATE    0.0
  SINCE SEP 1      0.0
  SINCE JUL 1      0.0

DEGREE DAYS
 HEATING
  YESTERDAY        0                         0      0        0
  MONTH TO DATE    0                         0      0        0
  SINCE SEP 1      0                         0      0        0
  SINCE JUL 1      0                         4     -4        0

 COOLING
  YESTERDAY        8                         5      3        9
  MONTH TO DATE    8                         5      3        9
  SINCE SEP 1      8                         5      3        9
  SINCE JAN 1    595                       351    244      727
..................................................................


WIND (MPH)
  HIGHEST WIND SPEED    17   HIGHEST WIND DIRECTION     W (260)
  HIGHEST GUST SPEED    23   HIGHEST GUST DIRECTION     W (250)
  AVERAGE WIND SPEED     8.3


SKY COVER
  POSSIBLE SUNSHINE  MM
  AVERAGE SKY COVER 0.7


WEATHER CONDITIONS
 THE FOLLOWING WEATHER WAS RECORDED YESTERDAY.
  HAZE


RELATIVE HUMIDITY (PERCENT)
 HIGHEST    81           900 PM
 LOWEST     54          1000 AM
 AVERAGE    68

..........................................................


THE LOS ANGELES INTL AIRPORT CA CLIMATE NORMALS FOR TODAY
                         NORMAL    RECORD    YEAR
 MAXIMUM TEMPERATURE (F)   75       104      1955
 MINIMUM TEMPERATURE (F)   64        57      1989
                                             1946


SUNRISE AND SUNSET
SEPTEMBER  2 2015.....SUNRISE   628 AM PDT   SUNSET   718 PM PDT
SEPTEMBER  3 2015.....SUNRISE   628 AM PDT   SUNSET   717 PM PDT


-  INDICATES NEGATIVE NUMBERS.
R  INDICATES RECORD WAS SET OR TIED.
MM INDICATES DATA IS MISSING.
T  INDICATES TRACE AMOUNT.




$$
