000
CDUS46 KLOX 190910
CLILAX


CLIMATE REPORT
NATIONAL WEATHER SERVICE LOS ANGELES/OXNARD CA
210 AM PDT FRI SEP 19 2014


...................................

...THE LOS ANGELES INTL AIRPORT CA CLIMATE SUMMARY FOR SEPTEMBER 18 2014...

CLIMATE NORMAL PERIOD 1981 TO 2010
CLIMATE RECORD PERIOD 1944 TO 2014


WEATHER ITEM   OBSERVED TIME   RECORD YEAR NORMAL DEPARTURE LAST
                VALUE   (LST)  VALUE       VALUE  FROM      YEAR
                                                  NORMAL
..................................................................
TEMPERATURE (F)
 YESTERDAY
  MAXIMUM         76    216 PM  92    1946  75      1       74
  MINIMUM         67    550 AM  56    1954  63      4       64
  AVERAGE         72                        69      3       69

PRECIPITATION (IN)
  YESTERDAY        0.00          0.14 1966   0.01  -0.01     0.00
  MONTH TO DATE    0.02                      0.08  -0.06     0.00
  SINCE JUL 1      0.19                      0.16   0.03     0.03
  SINCE JAN 1      3.60                      8.97  -5.37     2.64

SNOWFALL (IN)
  YESTERDAY        0.0
  MONTH TO DATE    0.0
  SINCE SEP 1      0.0
  SINCE JUL 1      0.0

DEGREE DAYS
 HEATING
  YESTERDAY        0                         0      0        0
  MONTH TO DATE    0                         0      0        0
  SINCE SEP 1      0                         0      0        0
  SINCE JUL 1      0                         4     -4        1

 COOLING
  YESTERDAY        7                         4      3        4
  MONTH TO DATE  184                        81    103      113
  SINCE SEP 1    184                        81    103      113
  SINCE JAN 1    902                       427    475      543
..................................................................


WIND (MPH)
  HIGHEST WIND SPEED    24   HIGHEST WIND DIRECTION     W (270)
  HIGHEST GUST SPEED    29   HIGHEST GUST DIRECTION     W (270)
  AVERAGE WIND SPEED     9.3


SKY COVER
  POSSIBLE SUNSHINE  MM
  AVERAGE SKY COVER 0.3


WEATHER CONDITIONS
 THE FOLLOWING WEATHER WAS RECORDED YESTERDAY.
  NO SIGNIFICANT WEATHER WAS OBSERVED.


RELATIVE HUMIDITY (PERCENT)
 HIGHEST    84           600 PM
 LOWEST     60          1000 AM
 AVERAGE    72

..........................................................


THE LOS ANGELES INTL AIRPORT CA CLIMATE NORMALS FOR TODAY
                         NORMAL    RECORD    YEAR
 MAXIMUM TEMPERATURE (F)   74        88      1979
 MINIMUM TEMPERATURE (F)   63        53      1947


SUNRISE AND SUNSET
SEPTEMBER 19 2014.....SUNRISE   640 AM PDT   SUNSET   654 PM PDT
SEPTEMBER 20 2014.....SUNRISE   640 AM PDT   SUNSET   653 PM PDT


-  INDICATES NEGATIVE NUMBERS.
R  INDICATES RECORD WAS SET OR TIED.
MM INDICATES DATA IS MISSING.
T  INDICATES TRACE AMOUNT.




$$
