000
CDUS46 KLOX 230111
CLILAX


CLIMATE REPORT
NATIONAL WEATHER SERVICE LOS ANGELES/OXNARD CA
511 PM PST MON DEC 22 2014


...................................

...THE LOS ANGELES AIRPORT CLIMATE SUMMARY FOR DECEMBER 22 2014...
VALID TODAY AS OF 0500 PM LOCAL TIME.

CLIMATE NORMAL PERIOD 1981 TO 2010
CLIMATE RECORD PERIOD 1944 TO 2014


WEATHER ITEM   OBSERVED TIME   RECORD YEAR NORMAL DEPARTURE LAST
                VALUE   (LST)  VALUE       VALUE  FROM      YEAR
                                                  NORMAL
..................................................................
TEMPERATURE (F)
 TODAY
  MAXIMUM         68   1125 AM  78    1960  64      4       66
  MINIMUM         50    510 AM  35    1990  48      2       47
  AVERAGE         59                        56      3       57

PRECIPITATION (IN)
  TODAY            0.00          1.86 1945   0.07  -0.07     0.00
  MONTH TO DATE    3.73                      1.31   2.42     0.30
  SINCE JUL 1      4.58                      3.27   1.31     1.04
  SINCE JAN 1      7.99                     12.08  -4.09     3.65

SNOWFALL (IN)
  TODAY            0.0
  MONTH TO DATE    0.0
  SINCE DEC 1      0.0
  SINCE JUL 1      0.0

DEGREE DAYS
 HEATING
  TODAY            6                         9     -3        8
  MONTH TO DATE  117                       183    -66      168
  SINCE DEC 1    117                       183    -66      168
  SINCE JUL 1    159                       365   -206      268

 COOLING
  TODAY            0                         0      0        0
  MONTH TO DATE    1                         0      1       12
  SINCE DEC 1      1                         0      1       12
  SINCE JAN 1   1175                       550    625      714
..................................................................


WIND (MPH)
  HIGHEST WIND SPEED    10   HIGHEST WIND DIRECTION     W (260)
  HIGHEST GUST SPEED    13   HIGHEST GUST DIRECTION     W (250)
  AVERAGE WIND SPEED     4.0


SKY COVER
  POSSIBLE SUNSHINE  MM
  AVERAGE SKY COVER 0.3


WEATHER CONDITIONS
 THE FOLLOWING WEATHER WAS RECORDED TODAY.
  FOG
  HAZE


RELATIVE HUMIDITY (PERCENT)
 HIGHEST   100           100 AM
 LOWEST     58          1100 AM
 AVERAGE    79

..........................................................


THE LOS ANGELES AIRPORT CLIMATE NORMALS FOR TOMORROW
                         NORMAL    RECORD    YEAR
 MAXIMUM TEMPERATURE (F)   64        85      1989
 MINIMUM TEMPERATURE (F)   48        35      1990


SUNRISE AND SUNSET
DECEMBER 22 2014......SUNRISE   655 AM PST   SUNSET   449 PM PST
DECEMBER 23 2014......SUNRISE   656 AM PST   SUNSET   450 PM PST


-  INDICATES NEGATIVE NUMBERS.
R  INDICATES RECORD WAS SET OR TIED.
MM INDICATES DATA IS MISSING.
T  INDICATES TRACE AMOUNT.




$$
