000
CDUS46 KLOX 230113
CLILAX


CLIMATE REPORT
NATIONAL WEATHER SERVICE LOS ANGELES/OXNARD CA
612 PM PDT FRI MAY 22 2015


...................................

...THE LOS ANGELES AIRPORT CLIMATE SUMMARY FOR MAY 22 2015...
VALID TODAY AS OF 0600 PM LOCAL TIME.

CLIMATE NORMAL PERIOD 1981 TO 2010
CLIMATE RECORD PERIOD 1944 TO 2015


WEATHER ITEM   OBSERVED TIME   RECORD YEAR NORMAL DEPARTURE LAST
                VALUE   (LST)  VALUE       VALUE  FROM      YEAR
                                                  NORMAL
..................................................................
TEMPERATURE (F)
 TODAY
  MAXIMUM         65    323 PM  76    1967  68     -3       69
                                      1962
                                      1958
  MINIMUM         57    633 AM  49    1948  58     -1       59
  AVERAGE         61                        63     -2       64

PRECIPITATION (IN)
  TODAY            0.00          0.46 2006   0.01  -0.01     0.00
  MONTH TO DATE    0.43                      0.18   0.25     0.00
  SINCE OCT 1      7.25                     12.41  -5.16     4.42
  SINCE JAN 1      2.55                      8.69  -6.14     3.41

SNOWFALL (IN)
  TODAY            0.0
  MONTH TO DATE    0.0
  SINCE MAR 1      0.0
  SINCE JUL 1      0.0

DEGREE DAYS
 HEATING
  TODAY            4                         2      2        1
  MONTH TO DATE   89                        68     21       20
  SINCE MAR 1    256                       447   -191      203
  SINCE JUL 1    789                      1376   -587      758

 COOLING
  TODAY            0                         0      0        0
  MONTH TO DATE    0                         4     -4      122
  SINCE MAR 1     86                        21     65      169
  SINCE JAN 1    113                        30     83      185
..................................................................


WIND (MPH)
  HIGHEST WIND SPEED    18   HIGHEST WIND DIRECTION     W (270)
  HIGHEST GUST SPEED    22   HIGHEST GUST DIRECTION    SW (240)
  AVERAGE WIND SPEED    13.7


SKY COVER
  POSSIBLE SUNSHINE  MM
  AVERAGE SKY COVER 0.7


WEATHER CONDITIONS
 THE FOLLOWING WEATHER WAS RECORDED TODAY.
  NO SIGNIFICANT WEATHER WAS OBSERVED.


RELATIVE HUMIDITY (PERCENT)
 HIGHEST    86          1200 AM
 LOWEST     63           300 PM
 AVERAGE    75

..........................................................


THE LOS ANGELES AIRPORT CLIMATE NORMALS FOR TOMORROW
                         NORMAL    RECORD    YEAR
 MAXIMUM TEMPERATURE (F)   68        81      1949
 MINIMUM TEMPERATURE (F)   58        49      1960


SUNRISE AND SUNSET
MAY 22 2015...........SUNRISE   548 AM PDT   SUNSET   753 PM PDT
MAY 23 2015...........SUNRISE   547 AM PDT   SUNSET   754 PM PDT


-  INDICATES NEGATIVE NUMBERS.
R  INDICATES RECORD WAS SET OR TIED.
MM INDICATES DATA IS MISSING.
T  INDICATES TRACE AMOUNT.




$$
