000
CDUS46 KLOX 240912
CLILAX


CLIMATE REPORT
NATIONAL WEATHER SERVICE LOS ANGELES/OXNARD CA
202 AM PDT TUE MAY 24 2016


...................................

...THE LOS ANGELES INTL AIRPORT CA CLIMATE SUMMARY FOR MAY 23 2016...

CLIMATE NORMAL PERIOD 1981 TO 2010
CLIMATE RECORD PERIOD 1944 TO 2016


WEATHER ITEM   OBSERVED TIME   RECORD YEAR NORMAL DEPARTURE LAST
                VALUE   (LST)  VALUE       VALUE  FROM      YEAR
                                                  NORMAL
..................................................................
TEMPERATURE (F)
 YESTERDAY
  MAXIMUM         71    144 PM  81    1949  68      3       66
  MINIMUM         56    423 AM  49    1960  58     -2       57
  AVERAGE         64                        63      1       62

PRECIPITATION (IN)
  YESTERDAY        0.00          0.11 2008   0.00   0.00     0.00
  MONTH TO DATE    0.59                      0.18   0.41     0.43
  SINCE OCT 1      7.25                     12.41  -5.16     7.25
  SINCE JAN 1      6.01                      8.69  -2.68     2.55

SNOWFALL (IN)
  YESTERDAY        0.0
  MONTH TO DATE    0.0
  SINCE MAR 1      0.0
  SINCE JUL 1      0.0

DEGREE DAYS
 HEATING
  YESTERDAY        1                         2     -1        3
  MONTH TO DATE   49                        70    -21       92
  SINCE MAR 1    251                       449   -198      259
  SINCE JUL 1    947                      1378   -431      792

 COOLING
  YESTERDAY        0                         0      0        0
  MONTH TO DATE    1                         4     -3        0
  SINCE MAR 1     36                        21     15       86
  SINCE JAN 1     93                        30     63      113
..................................................................


WIND (MPH)
  HIGHEST WIND SPEED    20   HIGHEST WIND DIRECTION     W (270)
  HIGHEST GUST SPEED    24   HIGHEST GUST DIRECTION     W (280)
  AVERAGE WIND SPEED     8.0


SKY COVER
  POSSIBLE SUNSHINE  MM
  AVERAGE SKY COVER 0.5


WEATHER CONDITIONS
 THE FOLLOWING WEATHER WAS RECORDED YESTERDAY.
  NO SIGNIFICANT WEATHER WAS OBSERVED.


RELATIVE HUMIDITY (PERCENT)
 HIGHEST    86           400 AM
 LOWEST     44           100 PM
 AVERAGE    65

..........................................................


THE LOS ANGELES INTL AIRPORT CA CLIMATE NORMALS FOR TODAY
                         NORMAL    RECORD    YEAR
 MAXIMUM TEMPERATURE (F)   68        80      1949
 MINIMUM TEMPERATURE (F)   58        50      1980
                                             1945


SUNRISE AND SUNSET
MAY 24 2016...........SUNRISE   546 AM PDT   SUNSET   755 PM PDT
MAY 25 2016...........SUNRISE   546 AM PDT   SUNSET   756 PM PDT


-  INDICATES NEGATIVE NUMBERS.
R  INDICATES RECORD WAS SET OR TIED.
MM INDICATES DATA IS MISSING.
T  INDICATES TRACE AMOUNT.




$$
