000
CDUS46 KLOX 230120
CLILAX


CLIMATE REPORT
NATIONAL WEATHER SERVICE LOS ANGELES/OXNARD CA
519 PM PST SUN JAN 22 2017


...................................

...THE LOS ANGELES AIRPORT CLIMATE SUMMARY FOR JANUARY 22 2017...
VALID TODAY AS OF 0500 PM LOCAL TIME.

CLIMATE NORMAL PERIOD 1981 TO 2010
CLIMATE RECORD PERIOD 1944 TO 2017


WEATHER ITEM   OBSERVED TIME   RECORD YEAR NORMAL DEPARTURE LAST
                VALUE   (LST)  VALUE       VALUE  FROM      YEAR
                                                  NORMAL
..................................................................
TEMPERATURE (F)
 TODAY
  MAXIMUM         56   1206 AM  82    1976  65     -9       65
  MINIMUM         50    240 PM  38    1966  49      1       50
  AVERAGE         53                        57     -4       58

PRECIPITATION (IN)
  TODAY            2.78R         1.94 1983   0.08   2.70     0.00
  MONTH TO DATE    7.13                      1.94   5.19     2.80
  SINCE OCT 1     11.38                      5.66   5.72     4.04
  SINCE JAN 1      7.13                      1.94   5.19     2.80

SNOWFALL (IN)
  TODAY            0.0
  MONTH TO DATE    0.0
  SINCE DEC 1      0.0
  SINCE JUL 1      0.0

DEGREE DAYS
 HEATING
  TODAY           12                         8      4        7
  MONTH TO DATE  191                       187      4      187
  SINCE DEC 1    396                       447    -51      425
  SINCE JUL 1    475                       629   -154      536

 COOLING
  TODAY            0                         0      0        0
  MONTH TO DATE    0                         0      0        0
  SINCE DEC 1      2                         1      1        6
  SINCE JAN 1      0                         0      0        0
..................................................................


WIND (MPH)
  HIGHEST WIND SPEED    23   HIGHEST WIND DIRECTION     E (80)
  HIGHEST GUST SPEED    30   HIGHEST GUST DIRECTION     E (70)
  AVERAGE WIND SPEED    13.8


SKY COVER
  POSSIBLE SUNSHINE  MM
  AVERAGE SKY COVER 0.9


WEATHER CONDITIONS
 THE FOLLOWING WEATHER WAS RECORDED TODAY.
  HEAVY RAIN
  RAIN
  LIGHT RAIN
  FOG


RELATIVE HUMIDITY (PERCENT)
 HIGHEST   100           200 PM
 LOWEST     77          1200 AM
 AVERAGE    89

..........................................................


THE LOS ANGELES AIRPORT CLIMATE NORMALS FOR TOMORROW
                         NORMAL    RECORD    YEAR
 MAXIMUM TEMPERATURE (F)   65        86      1953
 MINIMUM TEMPERATURE (F)   49        37      1945


SUNRISE AND SUNSET
JANUARY 22 2017.......SUNRISE   656 AM PST   SUNSET   515 PM PST
JANUARY 23 2017.......SUNRISE   656 AM PST   SUNSET   516 PM PST


-  INDICATES NEGATIVE NUMBERS.
R  INDICATES RECORD WAS SET OR TIED.
MM INDICATES DATA IS MISSING.
T  INDICATES TRACE AMOUNT.




$$
