000
CDUS46 KLOX 010116
CLILAX


CLIMATE REPORT
NATIONAL WEATHER SERVICE LOS ANGELES/OXNARD CA
516 PM PST SAT JAN 31 2015


...................................

...THE LOS ANGELES AIRPORT CLIMATE SUMMARY FOR JANUARY 31 2015...
VALID TODAY AS OF 0500 PM LOCAL TIME.

CLIMATE NORMAL PERIOD 1981 TO 2010
CLIMATE RECORD PERIOD 1944 TO 2015


WEATHER ITEM   OBSERVED TIME   RECORD YEAR NORMAL DEPARTURE LAST
                VALUE   (LST)  VALUE       VALUE  FROM      YEAR
                                                  NORMAL
..................................................................
TEMPERATURE (F)
 TODAY
  MAXIMUM         66   1209 PM  91    2003  65      1       63
  MINIMUM         55    710 AM  34    1946  49      6       56
  AVERAGE         61                        57      4       60

PRECIPITATION (IN)
  TODAY            0.00          1.25 1996   0.10  -0.10      T
  MONTH TO DATE    1.25                      2.71  -1.46      T
  SINCE OCT 1      5.95                      6.43  -0.48     1.01
  SINCE JAN 1      1.25                      2.71  -1.46      T

SNOWFALL (IN)
  TODAY            0.0
  MONTH TO DATE    0.0
  SINCE DEC 1      0.0
  SINCE JUL 1      0.0

DEGREE DAYS
 HEATING
  TODAY            4                         8     -4        5
  MONTH TO DATE  160                       259    -99      121
  SINCE DEC 1    367                       522   -155      314
  SINCE JUL 1    409                       704   -295      414

 COOLING
  TODAY            0                         0      0        0
  MONTH TO DATE    7                         4      3       16
  SINCE DEC 1      9                         5      4       32
  SINCE JAN 1      7                         4      3       16
..................................................................


WIND (MPH)
  HIGHEST WIND SPEED    15   HIGHEST WIND DIRECTION     W (270)
  HIGHEST GUST SPEED    20   HIGHEST GUST DIRECTION     W (290)
  AVERAGE WIND SPEED     4.3


SKY COVER
  POSSIBLE SUNSHINE  MM
  AVERAGE SKY COVER 0.6


WEATHER CONDITIONS
 THE FOLLOWING WEATHER WAS RECORDED TODAY.
  FOG
  HAZE


RELATIVE HUMIDITY (PERCENT)
 HIGHEST   100          1200 AM
 LOWEST     67          1100 AM
 AVERAGE    84

..........................................................


THE LOS ANGELES AIRPORT CLIMATE NORMALS FOR TOMORROW
                         NORMAL    RECORD    YEAR
 MAXIMUM TEMPERATURE (F)   65        79      1954
 MINIMUM TEMPERATURE (F)   49        37      1950


SUNRISE AND SUNSET
JANUARY 31 2015.......SUNRISE   651 AM PST   SUNSET   523 PM PST
FEBRUARY  1 2015......SUNRISE   651 AM PST   SUNSET   524 PM PST


-  INDICATES NEGATIVE NUMBERS.
R  INDICATES RECORD WAS SET OR TIED.
MM INDICATES DATA IS MISSING.
T  INDICATES TRACE AMOUNT.




$$
