000
CDUS46 KLOX 270117
CLILAX


CLIMATE REPORT
NATIONAL WEATHER SERVICE LOS ANGELES/OXNARD CA
616 PM PDT WED JUL 26 2017


...................................

...THE LOS ANGELES AIRPORT CLIMATE SUMMARY FOR JULY 26 2017...
VALID TODAY AS OF 0600 PM LOCAL TIME.

CLIMATE NORMAL PERIOD 1981 TO 2010
CLIMATE RECORD PERIOD 1944 TO 2017


WEATHER ITEM   OBSERVED TIME   RECORD YEAR NORMAL DEPARTURE LAST
                VALUE   (LST)  VALUE       VALUE  FROM      YEAR
                                                  NORMAL
..................................................................
TEMPERATURE (F)
 TODAY
  MAXIMUM         76    240 PM  86    1996  74      2       79
  MINIMUM         67    558 AM  59    1965  64      3       67
                                      1948
                                      1947
  AVERAGE         72                        69      3       73

PRECIPITATION (IN)
  TODAY            0.00          0.02 2013   0.01  -0.01     0.00
  MONTH TO DATE    0.00                      0.03  -0.03     0.00
  SINCE OCT 1     16.32                     12.56   3.76     7.25
  SINCE JAN 1     12.07                      8.84   3.23     6.01

SNOWFALL (IN)
  TODAY            0.0
  MONTH TO DATE    0.0
  SINCE JUN 1      0.0
  SINCE JUL 1      0.0

DEGREE DAYS
 HEATING
  TODAY            0                         0      0        0
  MONTH TO DATE    0                         0      0        0
  SINCE JUN 1      4                        25    -21       16
  SINCE JUL 1      0                         0      0        0

 COOLING
  TODAY            7                         4      3        8
  MONTH TO DATE  187                        96     91      166
  SINCE JUN 1    250                       138    112      259
  SINCE JAN 1    308                       178    130      352
..................................................................


WIND (MPH)
  HIGHEST WIND SPEED    21   HIGHEST WIND DIRECTION     W (270)
  HIGHEST GUST SPEED    25   HIGHEST GUST DIRECTION     W (250)
  AVERAGE WIND SPEED    10.9


SKY COVER
  POSSIBLE SUNSHINE  MM
  AVERAGE SKY COVER 0.5


WEATHER CONDITIONS
 THE FOLLOWING WEATHER WAS RECORDED TODAY.
  NO SIGNIFICANT WEATHER WAS OBSERVED.


RELATIVE HUMIDITY (PERCENT)
 HIGHEST    87          1200 AM
 LOWEST     68          1000 AM
 AVERAGE    78

..........................................................


THE LOS ANGELES AIRPORT CLIMATE NORMALS FOR TOMORROW
                         NORMAL    RECORD    YEAR
 MAXIMUM TEMPERATURE (F)   74        88      1967
                                             1947
 MINIMUM TEMPERATURE (F)   64        57      1965


SUNRISE AND SUNSET
JULY 26 2017..........SUNRISE   601 AM PDT   SUNSET   759 PM PDT
JULY 27 2017..........SUNRISE   602 AM PDT   SUNSET   758 PM PDT


-  INDICATES NEGATIVE NUMBERS.
R  INDICATES RECORD WAS SET OR TIED.
MM INDICATES DATA IS MISSING.
T  INDICATES TRACE AMOUNT.




$$
