000
CDUS44 KLUB 120626
CLILBB


CLIMATE REPORT
NATIONAL WEATHER SERVICE LUBBOCK, TX
1226 AM CST FRI FEB 12 2016


...................................

...THE LUBBOCK CLIMATE SUMMARY FOR FEBRUARY 11 2016...

CLIMATE NORMAL PERIOD 1981 TO 2010
CLIMATE RECORD PERIOD 1911 TO 2016


WEATHER ITEM   OBSERVED TIME   RECORD YEAR NORMAL DEPARTURE LAST
                VALUE   (LST)  VALUE       VALUE  FROM      YEAR
                                                  NORMAL
..................................................................
TEMPERATURE (F)
 YESTERDAY
  MAXIMUM         68    433 PM  85    1962  58     10       52
                                      1916
  MINIMUM         28    656 AM   6    1981  29     -1       38
                                      1955
  AVERAGE         48                        44      4       45

PRECIPITATION (IN)
  YESTERDAY        0.00          0.57 1918   0.03  -0.03     0.00
  MONTH TO DATE    0.00                      0.30  -0.30      T
  SINCE DEC 1      1.87                      1.71   0.16     2.00
  SINCE JAN 1      0.30                      0.95  -0.65     1.61

SNOWFALL (IN)
  YESTERDAY        0.0           2.1  2010   0.0    0.0      0.0
  MONTH TO DATE    0.0                       0.8   -0.8      0.0
  SINCE DEC 1     13.3                       5.7    7.6      6.6
  SINCE JUL 1     13.3                       6.6    6.7      7.1
  SNOW DEPTH       0

DEGREE DAYS
 HEATING
  YESTERDAY       17                        21     -4       20
  MONTH TO DATE  251                       246      5      160
  SINCE DEC 1   1645                      1769   -124     1614
  SINCE JUL 1   2164                      2411   -247     2289

 COOLING
  YESTERDAY        0                         0      0        0
  MONTH TO DATE    0                         0      0        0
  SINCE DEC 1      0                         0      0        0
  SINCE JAN 1      0                         0      0        0
..................................................................


WIND (MPH)
  RESULTANT WIND SPEED   3   RESULTANT WIND DIRECTION  NE (30)
  HIGHEST WIND SPEED    22   HIGHEST WIND DIRECTION    NE (40)
  HIGHEST GUST SPEED    27   HIGHEST GUST DIRECTION    NE (30)
  AVERAGE WIND SPEED     8.7


SKY COVER
  AVERAGE SKY COVER 0.2


WEATHER CONDITIONS
 THE FOLLOWING WEATHER WAS RECORDED YESTERDAY.
  NO SIGNIFICANT WEATHER WAS OBSERVED.


RELATIVE HUMIDITY (PERCENT)
 HIGHEST    63           700 AM
 LOWEST     20           200 PM
 AVERAGE    42

..........................................................


THE LUBBOCK CLIMATE NORMALS FOR TODAY
                         NORMAL    RECORD    YEAR
 MAXIMUM TEMPERATURE (F)   58        86      1962
 MINIMUM TEMPERATURE (F)   29         9      1958
                                             1948


SUNRISE AND SUNSET
FEBRUARY 12 2016......SUNRISE   735 AM CST   SUNSET   629 PM CST
FEBRUARY 13 2016......SUNRISE   734 AM CST   SUNSET   629 PM CST


-  INDICATES NEGATIVE NUMBERS.
R  INDICATES RECORD WAS SET OR TIED.
MM INDICATES DATA IS MISSING.
T  INDICATES TRACE AMOUNT.




$$
