000
CDUS44 KLUB 180627
CLILBB


CLIMATE REPORT
NATIONAL WEATHER SERVICE LUBBOCK, TX
1226 AM CST SUN FEB 18 2018


...................................

...THE LUBBOCK CLIMATE SUMMARY FOR FEBRUARY 17 2018...

CLIMATE NORMAL PERIOD 1981 TO 2010
CLIMATE RECORD PERIOD 1911 TO 2018


WEATHER ITEM   OBSERVED TIME   RECORD YEAR NORMAL DEPARTURE LAST
                VALUE   (LST)  VALUE       VALUE  FROM      YEAR
                                                  NORMAL
..................................................................
TEMPERATURE (F)
 YESTERDAY
  MAXIMUM         58    359 PM  85    1970  59     -1       73
  MINIMUM         37   1159 PM   0    1978  31      6       39
  AVERAGE         48                        45      3       56

PRECIPITATION (IN)
  YESTERDAY        0.15          3.50 1911   0.03   0.12     0.00
  MONTH TO DATE    0.18                      0.46  -0.28     0.89
  SINCE DEC 1      0.18                      1.87  -1.69     3.41
  SINCE JAN 1      0.18                      1.11  -0.93     2.92

SNOWFALL (IN)
  YESTERDAY        0.0           3.0  1940   0.1   -0.1      0.0
  MONTH TO DATE    0.0                       1.2   -1.2       T
  SINCE DEC 1      0.3                       6.1   -5.8      0.2
  SINCE JUL 1      0.3                       7.0   -6.7      0.2
  SNOW DEPTH       0

DEGREE DAYS
 HEATING
  YESTERDAY       17                        20     -3        9
  MONTH TO DATE  343                       370    -27      248
  SINCE DEC 1   1823                      1893    -70     1607
  SINCE JUL 1   2329                      2535   -206     1971

 COOLING
  YESTERDAY        0                         0      0        0
  MONTH TO DATE    3                         0      3        4
  SINCE DEC 1      3                         0      3        4
  SINCE JAN 1      3                         0      3        4
..................................................................


WIND (MPH)
  RESULTANT WIND SPEED   1   RESULTANT WIND DIRECTION  NW (320)
  HIGHEST WIND SPEED    22   HIGHEST WIND DIRECTION     N (20)
  HIGHEST GUST SPEED    27   HIGHEST GUST DIRECTION    NE (30)
  AVERAGE WIND SPEED    12.1


SKY COVER
  AVERAGE SKY COVER 0.8


WEATHER CONDITIONS
 THE FOLLOWING WEATHER WAS RECORDED YESTERDAY.
  LIGHT RAIN
  FOG


RELATIVE HUMIDITY (PERCENT)
 HIGHEST    92           100 AM
 LOWEST     30           400 PM
 AVERAGE    61

..........................................................


THE LUBBOCK CLIMATE NORMALS FOR TODAY
                         NORMAL    RECORD    YEAR
 MAXIMUM TEMPERATURE (F)   60        87      2016
 MINIMUM TEMPERATURE (F)   31        -2      1978


SUNRISE AND SUNSET
FEBRUARY 18 2018......SUNRISE   728 AM CST   SUNSET   634 PM CST
FEBRUARY 19 2018......SUNRISE   727 AM CST   SUNSET   635 PM CST


-  INDICATES NEGATIVE NUMBERS.
R  INDICATES RECORD WAS SET OR TIED.
MM INDICATES DATA IS MISSING.
T  INDICATES TRACE AMOUNT.




$$
