000
CDUS44 KLUB 300629
CLILBB


CLIMATE REPORT
NATIONAL WEATHER SERVICE LUBBOCK, TX
129 AM CDT THU MAR 30 2017


...................................

...THE LUBBOCK CLIMATE SUMMARY FOR MARCH 29 2017...

CLIMATE NORMAL PERIOD 1981 TO 2010
CLIMATE RECORD PERIOD 1911 TO 2017


WEATHER ITEM   OBSERVED TIME   RECORD YEAR NORMAL DEPARTURE LAST
                VALUE   (LST)  VALUE       VALUE  FROM      YEAR
                                                  NORMAL
..................................................................
TEMPERATURE (F)
 YESTERDAY
  MAXIMUM         52   1211 AM  91    2012  70    -18       84
  MINIMUM         43   1156 PM  18    1944  40      3       58
  AVERAGE         48                        55     -7       71

PRECIPITATION (IN)
  YESTERDAY        0.39          0.71 1919   0.04   0.35     0.00
  MONTH TO DATE    0.67                      1.03  -0.36     0.20
  SINCE MAR 1      0.67                      1.03  -0.36     0.20
  SINCE JAN 1      3.59                      2.43   1.16     0.59

SNOWFALL (IN)
  YESTERDAY        0.0           1.4  1937   0.1   -0.1      0.0
  MONTH TO DATE    0.0                       0.6   -0.6      0.0
  SINCE MAR 1      0.0                       0.6   -0.6      0.0
  SINCE JUL 1      0.2                       8.0   -7.8     13.3
  SNOW DEPTH       0

DEGREE DAYS
 HEATING
  YESTERDAY       17                        10      7        0
  MONTH TO DATE  211                       395   -184      238
  SINCE MAR 1    211                       395   -184      238
  SINCE JUL 1   2295                      3134   -839     2638

 COOLING
  YESTERDAY        0                         0      0        6
  MONTH TO DATE   46                         0     46       10
  SINCE MAR 1     46                         0     46       10
  SINCE JAN 1     50                         0     50       14
..................................................................


WIND (MPH)
  RESULTANT WIND SPEED  12   RESULTANT WIND DIRECTION   N (350)
  HIGHEST WIND SPEED    31   HIGHEST WIND DIRECTION     N (360)
  HIGHEST GUST SPEED    39   HIGHEST GUST DIRECTION     N (360)
  AVERAGE WIND SPEED    15.9


SKY COVER
  AVERAGE SKY COVER 0.9


WEATHER CONDITIONS
 THE FOLLOWING WEATHER WAS RECORDED YESTERDAY.
  THUNDERSTORM
  HEAVY RAIN
  RAIN
  LIGHT RAIN
  FOG


RELATIVE HUMIDITY (PERCENT)
 HIGHEST    89          1200 AM
 LOWEST     71           700 PM
 AVERAGE    80

..........................................................


THE LUBBOCK CLIMATE NORMALS FOR TODAY
                         NORMAL    RECORD    YEAR
 MAXIMUM TEMPERATURE (F)   71        91      2010
 MINIMUM TEMPERATURE (F)   41        16      1987


SUNRISE AND SUNSET
MARCH 30 2017.........SUNRISE   737 AM CDT   SUNSET   807 PM CDT
MARCH 31 2017.........SUNRISE   736 AM CDT   SUNSET   807 PM CDT


-  INDICATES NEGATIVE NUMBERS.
R  INDICATES RECORD WAS SET OR TIED.
MM INDICATES DATA IS MISSING.
T  INDICATES TRACE AMOUNT.




$$
