000
CDUS44 KLUB 210625
CLILBB


CLIMATE REPORT
NATIONAL WEATHER SERVICE LUBBOCK, TX
1225 AM CST TUE NOV 21 2017


...................................

...THE LUBBOCK CLIMATE SUMMARY FOR NOVEMBER 20 2017...

CLIMATE NORMAL PERIOD 1981 TO 2010
CLIMATE RECORD PERIOD 1911 TO 2017


WEATHER ITEM   OBSERVED TIME   RECORD YEAR NORMAL DEPARTURE LAST
                VALUE   (LST)  VALUE       VALUE  FROM      YEAR
                                                  NORMAL
..................................................................
TEMPERATURE (F)
 YESTERDAY
  MAXIMUM         74    415 PM  88    1996  62     12       73
  MINIMUM         30    711 AM  17    1937  34     -4       32
  AVERAGE         52                        48      4       53

PRECIPITATION (IN)
  YESTERDAY        0.00          0.29 1933   0.02  -0.02     0.00
  MONTH TO DATE    0.03                      0.59  -0.56     0.54
  SINCE SEP 1      3.99                      5.03  -1.04     3.06
  SINCE JAN 1     21.95                     18.10   3.85    12.98

SNOWFALL (IN)
  YESTERDAY        0.0           T    1973   0.0    0.0      0.0
  MONTH TO DATE    0.0                       0.5   -0.5      0.0
  SINCE SEP 1      0.0                       0.5   -0.5      0.0
  SINCE JUL 1      0.0                       0.5   -0.5      0.0
  SNOW DEPTH       0

DEGREE DAYS
 HEATING
  YESTERDAY       13                        17     -4       12
  MONTH TO DATE  204                       265    -61      173
  SINCE SEP 1    392                       447    -55      219
  SINCE JUL 1    392                       447    -55      219

 COOLING
  YESTERDAY        0                         0      0        0
  MONTH TO DATE   11                         0     11        7
  SINCE SEP 1    346                       275     71      388
  SINCE JAN 1   1991                      1801    190     2114
..................................................................


WIND (MPH)
  RESULTANT WIND SPEED  13   RESULTANT WIND DIRECTION  SW (230)
  HIGHEST WIND SPEED    25   HIGHEST WIND DIRECTION     W (250)
  HIGHEST GUST SPEED    31   HIGHEST GUST DIRECTION    SW (240)
  AVERAGE WIND SPEED    13.4


SKY COVER
  AVERAGE SKY COVER 0.5


WEATHER CONDITIONS
 THE FOLLOWING WEATHER WAS RECORDED YESTERDAY.
  NO SIGNIFICANT WEATHER WAS OBSERVED.


RELATIVE HUMIDITY (PERCENT)
 HIGHEST    54           700 AM
 LOWEST      6           300 PM
 AVERAGE    30

..........................................................


THE LUBBOCK CLIMATE NORMALS FOR TODAY
                         NORMAL    RECORD    YEAR
 MAXIMUM TEMPERATURE (F)   61        84      1927
 MINIMUM TEMPERATURE (F)   33        18      1956


SUNRISE AND SUNSET
NOVEMBER 21 2017......SUNRISE   725 AM CST   SUNSET   541 PM CST
NOVEMBER 22 2017......SUNRISE   726 AM CST   SUNSET   541 PM CST


-  INDICATES NEGATIVE NUMBERS.
R  INDICATES RECORD WAS SET OR TIED.
MM INDICATES DATA IS MISSING.
T  INDICATES TRACE AMOUNT.




$$
