522
CDUS44 KLUB 200133
CLILBB


CLIMATE REPORT
NATIONAL WEATHER SERVICE LUBBOCK, TX
826 PM CDT TUE SEP 19 2017


...................................

...THE LUBBOCK CLIMATE SUMMARY FOR SEPTEMBER 19 2017...
VALID TODAY AS OF 0800 PM LOCAL TIME.

CLIMATE NORMAL PERIOD 1981 TO 2010
CLIMATE RECORD PERIOD 1911 TO 2017


WEATHER ITEM   OBSERVED TIME   RECORD YEAR NORMAL DEPARTURE LAST
                VALUE   (LST)  VALUE       VALUE  FROM      YEAR
                                                  NORMAL
..................................................................
TEMPERATURE (F)
 TODAY
  MAXIMUM         96    348 PM 105    1930  83     13       93
  MINIMUM         73    636 AM  42    1991  58     15       65
  AVERAGE         85                        70     15       79

PRECIPITATION (IN)
  TODAY            0.00          1.72 1942   0.09  -0.09     0.00
  MONTH TO DATE    0.60                      1.64  -1.04     1.44
  SINCE SEP 1      0.60                      1.64  -1.04     1.44
  SINCE JAN 1     18.56                     14.71   3.85    11.36

SNOWFALL (IN)
  TODAY            0.0           0.0  2002   0.0    0.0      0.0
  MONTH TO DATE    0.0                       0.0    0.0      0.0
  SINCE SEP 1      0.0                       0.0    0.0      0.0
  SINCE JUL 1      0.0                       0.0    0.0      0.0
  SNOW DEPTH       0

DEGREE DAYS
 HEATING
  TODAY            0                         1     -1        0
  MONTH TO DATE    0                         6     -6        0
  SINCE SEP 1      0                         6     -6        0
  SINCE JUL 1      0                         6     -6        0

 COOLING
  TODAY           20                         6     14       14
  MONTH TO DATE  189                       168     21      196
  SINCE SEP 1    189                       168     21      196
  SINCE JAN 1   1834                      1694    140     1922
..................................................................


WIND (MPH)
  RESULTANT WIND SPEED  15   RESULTANT WIND DIRECTION  SW (220)
  HIGHEST WIND SPEED    25   HIGHEST WIND DIRECTION    SW (210)
  HIGHEST GUST SPEED    35   HIGHEST GUST DIRECTION    SW (220)
  AVERAGE WIND SPEED    16.1


SKY COVER
  AVERAGE SKY COVER 0.3


WEATHER CONDITIONS
 THE FOLLOWING WEATHER WAS RECORDED TODAY.
  NO SIGNIFICANT WEATHER WAS OBSERVED.


RELATIVE HUMIDITY (PERCENT)
 HIGHEST    64           600 AM
 LOWEST     16           400 PM
 AVERAGE    40

..........................................................


THE LUBBOCK CLIMATE NORMALS FOR TOMORROW
                         NORMAL    RECORD    YEAR
 MAXIMUM TEMPERATURE (F)   83        98      1977
 MINIMUM TEMPERATURE (F)   57        41      1991
                                             1983
                                             1971


SUNRISE AND SUNSET
SEPTEMBER 19 2017.....SUNRISE   733 AM CDT   SUNSET   748 PM CDT
SEPTEMBER 20 2017.....SUNRISE   734 AM CDT   SUNSET   746 PM CDT


-  INDICATES NEGATIVE NUMBERS.
R  INDICATES RECORD WAS SET OR TIED.
MM INDICATES DATA IS MISSING.
T  INDICATES TRACE AMOUNT.




$$
