000
CDUS44 KLUB 230629
CLILBB


CLIMATE REPORT
NATIONAL WEATHER SERVICE LUBBOCK, TX
129 AM CDT SAT AUG 23 2014


...................................

...THE LUBBOCK CLIMATE SUMMARY FOR AUGUST 22 2014...

CLIMATE NORMAL PERIOD 1981 TO 2010
CLIMATE RECORD PERIOD 1911 TO 2014


WEATHER ITEM   OBSERVED TIME   RECORD YEAR NORMAL DEPARTURE LAST
                VALUE   (LST)  VALUE       VALUE  FROM      YEAR
                                                  NORMAL
..................................................................
TEMPERATURE (F)
 YESTERDAY
  MAXIMUM         96    305 PM 100    1999  91      5       91
                                      1985
                                      1930
  MINIMUM         73    604 AM  58    1967  66      7       65
                                      1945
                                      1923
  AVERAGE         85                        78      7       78

PRECIPITATION (IN)
  YESTERDAY        0.00          2.38 1966   0.06  -0.06     0.00
  MONTH TO DATE    0.33                      1.33  -1.00     1.32
  SINCE JUN 1      5.56                      6.28  -0.72     6.36
  SINCE JAN 1     11.69                     12.49  -0.80     9.78

SNOWFALL (IN)
  YESTERDAY        0.0           0.0  2002   0.0    0.0      0.0
  MONTH TO DATE    0.0                       0.0    0.0      0.0
  SINCE JUN 1      0.0                       0.0    0.0      0.0
  SINCE JUL 1      0.0                       0.0    0.0      0.0
  SNOW DEPTH       0

DEGREE DAYS
 HEATING
  YESTERDAY        0                         0      0        0
  MONTH TO DATE    0                         0      0        0
  SINCE JUN 1      0                         2     -2        0
  SINCE JUL 1      0                         0      0        0

 COOLING
  YESTERDAY       20                        13      7       13
  MONTH TO DATE  345                       320     25      351
  SINCE JUN 1   1195                      1167     28     1275
  SINCE JAN 1   1474                      1413     61     1590
..................................................................


WIND (MPH)
  RESULTANT WIND SPEED  13   RESULTANT WIND DIRECTION   S (190)
  HIGHEST WIND SPEED    22   HIGHEST WIND DIRECTION     S (180)
  HIGHEST GUST SPEED    28   HIGHEST GUST DIRECTION    SW (210)
  AVERAGE WIND SPEED    13.4


SKY COVER
  AVERAGE SKY COVER 0.2


WEATHER CONDITIONS
 THE FOLLOWING WEATHER WAS RECORDED YESTERDAY.
  NO SIGNIFICANT WEATHER WAS OBSERVED.


RELATIVE HUMIDITY (PERCENT)
 HIGHEST    68           600 AM
 LOWEST     26           600 PM
 AVERAGE    47

..........................................................


THE LUBBOCK CLIMATE NORMALS FOR TODAY
                         NORMAL    RECORD    YEAR
 MAXIMUM TEMPERATURE (F)   91       101      1985
 MINIMUM TEMPERATURE (F)   66        54      1923


SUNRISE AND SUNSET
AUGUST 23 2014........SUNRISE   715 AM CDT   SUNSET   824 PM CDT
AUGUST 24 2014........SUNRISE   716 AM CDT   SUNSET   823 PM CDT


-  INDICATES NEGATIVE NUMBERS.
R  INDICATES RECORD WAS SET OR TIED.
MM INDICATES DATA IS MISSING.
T  INDICATES TRACE AMOUNT.




$$
