000
CDUS44 KLUB 272330
CLILBB


CLIMATE REPORT
NATIONAL WEATHER SERVICE LUBBOCK, TX
530 PM CST FRI FEB 27 2015


...................................

...THE LUBBOCK CLIMATE SUMMARY FOR FEBRUARY 27 2015...
VALID TODAY AS OF 0500 PM LOCAL TIME.

CLIMATE NORMAL PERIOD 1981 TO 2010
CLIMATE RECORD PERIOD 1911 TO 2015


WEATHER ITEM   OBSERVED TIME   RECORD YEAR NORMAL DEPARTURE LAST
                VALUE   (LST)  VALUE       VALUE  FROM      YEAR
                                                  NORMAL
..................................................................
TEMPERATURE (F)
 TODAY
  MAXIMUM         22   1239 AM  81    2006  62    -40       67
                                      1932
  MINIMUM         14   1029 AM  10    1934  33    -19       23
  AVERAGE         18                        47    -29       45

PRECIPITATION (IN)
  TODAY            0.43          0.76 1944   0.03   0.40     0.00
  MONTH TO DATE    0.65                      0.72  -0.07     0.16
  SINCE DEC 1      2.65                      2.13   0.52     0.76
  SINCE JAN 1      2.26                      1.37   0.89     0.16

SNOWFALL (IN)
  TODAY            4.6 R         1.3  1945   0.0    4.6      0.0
  MONTH TO DATE    6.5                       1.6    4.9      1.8
  SINCE DEC 1     13.1                       6.5    6.6      2.0
  SINCE JUL 1     13.6                       7.4    6.2      4.2
  SNOW DEPTH       5

DEGREE DAYS
 HEATING
  TODAY           47                        18     29       20
  MONTH TO DATE  544                       558    -14      620
  SINCE DEC 1   1998                      2081    -83     2195
  SINCE JUL 1   2673                      2723    -50     2848

 COOLING
  TODAY            0                         0      0        0
  MONTH TO DATE    0                         0      0        0
  SINCE DEC 1      0                         0      0        0
  SINCE JAN 1      0                         0      0        0
..................................................................


WIND (MPH)
  RESULTANT WIND SPEED  13   RESULTANT WIND DIRECTION   E (90)
  HIGHEST WIND SPEED    20   HIGHEST WIND DIRECTION     E (110)
  HIGHEST GUST SPEED    24   HIGHEST GUST DIRECTION     E (90)
  AVERAGE WIND SPEED    13.0


SKY COVER
  AVERAGE SKY COVER 1.0


WEATHER CONDITIONS
 THE FOLLOWING WEATHER WAS RECORDED TODAY.
  HEAVY SNOW
  SNOW
  LIGHT SNOW
  FOG
  FOG W/VISIBILITY <= 1/4 MILE


RELATIVE HUMIDITY (PERCENT)
 HIGHEST    88           400 AM
 LOWEST     57           100 AM
 AVERAGE    73

..........................................................


THE LUBBOCK CLIMATE NORMALS FOR TOMORROW
                         NORMAL    RECORD    YEAR
 MAXIMUM TEMPERATURE (F)   62        89      2006
 MINIMUM TEMPERATURE (F)   33         7      1962
                                             1922


SUNRISE AND SUNSET
FEBRUARY 27 2015......SUNRISE   718 AM CST   SUNSET   642 PM CST
FEBRUARY 28 2015......SUNRISE   717 AM CST   SUNSET   643 PM CST


-  INDICATES NEGATIVE NUMBERS.
R  INDICATES RECORD WAS SET OR TIED.
MM INDICATES DATA IS MISSING.
T  INDICATES TRACE AMOUNT.




$$
