000
CDUS44 KLUB 250630
CLILBB


CLIMATE REPORT
NATIONAL WEATHER SERVICE LUBBOCK, TX
128 AM CDT FRI JUL 25 2014


...................................

...THE LUBBOCK CLIMATE SUMMARY FOR JULY 24 2014...

CLIMATE NORMAL PERIOD 1981 TO 2010
CLIMATE RECORD PERIOD 1911 TO 2014


WEATHER ITEM   OBSERVED TIME   RECORD YEAR NORMAL DEPARTURE LAST
                VALUE   (LST)  VALUE       VALUE  FROM      YEAR
                                                  NORMAL
..................................................................
TEMPERATURE (F)
 YESTERDAY
  MAXIMUM         98    312 PM 104    1958  93      5       96
                                      1943
  MINIMUM         68    613 AM  57    1915  68      0       74
  AVERAGE         83                        80      3       85

PRECIPITATION (IN)
  YESTERDAY        0.00          1.66 1941   0.05  -0.05     0.00
  MONTH TO DATE    2.46                      1.53   0.93     3.21
  SINCE JUN 1      5.05                      4.57   0.48     4.88
  SINCE JAN 1     11.18                     10.78   0.40     8.30

SNOWFALL (IN)
  YESTERDAY        0.0                       0.0    0.0      0.0
  MONTH TO DATE    0.0                       0.0    0.0      0.0
  SINCE JUN 1      0.0                       0.0    0.0      0.0
  SINCE JUL 1      0.0                       0.0    0.0      0.0
  SNOW DEPTH       0

DEGREE DAYS
 HEATING
  YESTERDAY        0                         0      0        0
  MONTH TO DATE    0                         0      0        0
  SINCE JUN 1      0                         2     -2        0
  SINCE JUL 1      0                         0      0        0

 COOLING
  YESTERDAY       18                        15      3       20
  MONTH TO DATE  334                       360    -26      348
  SINCE JUN 1    741                       734      7      822
  SINCE JAN 1   1020                       980     40     1137
..................................................................


WIND (MPH)
  RESULTANT WIND SPEED   4   RESULTANT WIND DIRECTION  SE (130)
  HIGHEST WIND SPEED    16   HIGHEST WIND DIRECTION    SE (130)
  HIGHEST GUST SPEED    19   HIGHEST GUST DIRECTION    SE (140)
  AVERAGE WIND SPEED     7.5


SKY COVER
  AVERAGE SKY COVER 0.1


WEATHER CONDITIONS
 THE FOLLOWING WEATHER WAS RECORDED YESTERDAY.
  HAZE


RELATIVE HUMIDITY (PERCENT)
 HIGHEST    76           600 AM
 LOWEST     24           400 PM
 AVERAGE    50

..........................................................


THE LUBBOCK CLIMATE NORMALS FOR TODAY
                         NORMAL    RECORD    YEAR
 MAXIMUM TEMPERATURE (F)   93       104      1940
 MINIMUM TEMPERATURE (F)   68        59      1956
                                             1916


SUNRISE AND SUNSET
JULY 25 2014..........SUNRISE   655 AM CDT   SUNSET   853 PM CDT
JULY 26 2014..........SUNRISE   655 AM CDT   SUNSET   852 PM CDT


-  INDICATES NEGATIVE NUMBERS.
R  INDICATES RECORD WAS SET OR TIED.
MM INDICATES DATA IS MISSING.
T  INDICATES TRACE AMOUNT.




$$
