000
CDUS43 KLBF 250928
CLILBF


CLIMATE REPORT
NATIONAL WEATHER SERVICE NORTH PLATTE
428 AM CDT MON JUL 25 2016


...................................

...THE NORTH PLATTE NE CLIMATE SUMMARY FOR JULY 24 2016...

CLIMATE NORMAL PERIOD 1981 TO 2010
CLIMATE RECORD PERIOD 1874 TO 2016


WEATHER ITEM   OBSERVED TIME   RECORD YEAR NORMAL DEPARTURE LAST
                VALUE   (LST)  VALUE       VALUE  FROM      YEAR
                                                  NORMAL
..................................................................
TEMPERATURE (F)
 YESTERDAY
  MAXIMUM         85    418 PM 109    1940  88     -3       89
  MINIMUM         66   1159 PM  48    1911  61      5       64
  AVERAGE         76                        75      1       77

PRECIPITATION (IN)
  YESTERDAY        0.00          1.35 1906   0.10  -0.10      T
  MONTH TO DATE    2.75                      2.36   0.39     2.36
  SINCE JUN 1      6.01                      5.78   0.23     5.09
  SINCE JAN 1     17.19                     13.22   3.97    13.19

SNOWFALL (IN)
  YESTERDAY        0.0           0.0  2002   0.0    0.0      0.0
                                      2001
  MONTH TO DATE    0.0                       0.0    0.0      0.0
  SINCE JUN 1      0.0                       0.0    0.0      0.0
  SINCE JUL 1      0.0                       0.0    0.0      0.0
  SNOW DEPTH       0

DEGREE DAYS
 HEATING
  YESTERDAY        0                         0      0        0
  MONTH TO DATE    6                         0      6        6
  SINCE JUN 1     16                        51    -35       11
  SINCE JUL 1      6                         0      6        6

 COOLING
  YESTERDAY       11                        10      1       12
  MONTH TO DATE  246                       226     20      232
  SINCE JUN 1    494                       364    130      410
  SINCE JAN 1    504                       392    112      412
..................................................................


WIND (MPH)
  HIGHEST WIND SPEED    21   HIGHEST WIND DIRECTION     E (100)
  HIGHEST GUST SPEED    26   HIGHEST GUST DIRECTION     E (110)
  AVERAGE WIND SPEED     8.2


SKY COVER
  POSSIBLE SUNSHINE  MM
  AVERAGE SKY COVER 0.1


WEATHER CONDITIONS
 THE FOLLOWING WEATHER WAS RECORDED YESTERDAY.
  NO SIGNIFICANT WEATHER WAS OBSERVED.


RELATIVE HUMIDITY (PERCENT)
 HIGHEST    79           900 PM
 LOWEST     40           400 PM
 AVERAGE    60

..........................................................


THE NORTH PLATTE NE CLIMATE NORMALS FOR TODAY
                         NORMAL    RECORD    YEAR
 MAXIMUM TEMPERATURE (F)   88       108      2003
                                             1936
 MINIMUM TEMPERATURE (F)   61        43      1911


SUNRISE AND SUNSET
JULY 25 2016..........SUNRISE   632 AM CDT   SUNSET   906 PM CDT
JULY 26 2016..........SUNRISE   633 AM CDT   SUNSET   905 PM CDT


-  INDICATES NEGATIVE NUMBERS.
R  INDICATES RECORD WAS SET OR TIED.
MM INDICATES DATA IS MISSING.
T  INDICATES TRACE AMOUNT.




$$
