000
CDUS43 KLBF 012322
CLILBF

CLIMATE REPORT
NATIONAL WEATHER SERVICE NORTH PLATTE
520 PM CST SUN MAR 1 2015


...................................

...THE NORTH PLATTE NE CLIMATE SUMMARY FOR MARCH 1 2015...
VALID TODAY AS OF 0500 PM LOCAL TIME.

CLIMATE NORMAL PERIOD 1981 TO 2010
CLIMATE RECORD PERIOD 1874 TO 2015


WEATHER ITEM   OBSERVED TIME   RECORD YEAR NORMAL DEPARTURE LAST
                VALUE   (LST)  VALUE       VALUE  FROM      YEAR
                                                  NORMAL
..................................................................
TEMPERATURE (F)
 TODAY
  MAXIMUM         40    434 PM  77    2008  47     -7       14
  MINIMUM         15    746 AM -11    1980  19     -4       -2
  AVERAGE         28                        33     -5        6

PRECIPITATION (IN)
  TODAY            0.00          0.44 2002   0.02  -0.02      T
  MONTH TO DATE    0.00                      0.02  -0.02      T
  SINCE MAR 1      0.00                      0.02  -0.02      T
  SINCE JAN 1      0.74                      0.86  -0.12     1.05

SNOWFALL (IN)
  TODAY            0.0           7.4  2002   0.2   -0.2       T
  MONTH TO DATE    0.0                       0.2   -0.2       T
  SINCE MAR 1      0.0                       0.2   -0.2       T
  SINCE JUL 1     18.9                      21.1   -2.2     22.4
  SNOW DEPTH       0

DEGREE DAYS
 HEATING
  TODAY           37                        32      5       59
  MONTH TO DATE   37                        32      5       59
  SINCE MAR 1     37                        32      5       59
  SINCE JUL 1   4926                      5060   -134     5250

 COOLING
  TODAY            0                         0      0        0
  MONTH TO DATE    0                         0      0        0
  SINCE MAR 1      0                         0      0        0
  SINCE JAN 1      0                         0      0        0
..................................................................


WIND (MPH)
  HIGHEST WIND SPEED    10   HIGHEST WIND DIRECTION     W (290)
  HIGHEST GUST SPEED    15   HIGHEST GUST DIRECTION    NW (320)
  AVERAGE WIND SPEED     4.0


SKY COVER
  POSSIBLE SUNSHINE  MM
  AVERAGE SKY COVER 0.5


WEATHER CONDITIONS
 THE FOLLOWING WEATHER WAS RECORDED TODAY.
  NO SIGNIFICANT WEATHER WAS OBSERVED.


RELATIVE HUMIDITY (PERCENT)
 HIGHEST    80           100 AM
 LOWEST     33           300 PM
 AVERAGE    57

..........................................................


THE NORTH PLATTE NE CLIMATE NORMALS FOR TOMORROW
                         NORMAL    RECORD    YEAR
 MAXIMUM TEMPERATURE (F)   48        78      1992
 MINIMUM TEMPERATURE (F)   19       -16      2002
                                             1960


SUNRISE AND SUNSET
MARCH  1 2015.........SUNRISE   717 AM CST   SUNSET   633 PM CST
MARCH  2 2015.........SUNRISE   716 AM CST   SUNSET   635 PM CST


-  INDICATES NEGATIVE NUMBERS.
R  INDICATES RECORD WAS SET OR TIED.
MM INDICATES DATA IS MISSING.
T  INDICATES TRACE AMOUNT.




$$
