769
CDUS43 KLBF 300935
CLILBF


CLIMATE REPORT
NATIONAL WEATHER SERVICE NORTH PLATTE
433 AM CDT SAT APR 30 2016


...................................

...THE NORTH PLATTE NE CLIMATE SUMMARY FOR APRIL 29 2016...

CLIMATE NORMAL PERIOD 1981 TO 2010
CLIMATE RECORD PERIOD 1874 TO 2016


WEATHER ITEM   OBSERVED TIME   RECORD YEAR NORMAL DEPARTURE LAST
                VALUE   (LST)  VALUE       VALUE  FROM      YEAR
                                                  NORMAL
..................................................................
TEMPERATURE (F)
 YESTERDAY
  MAXIMUM         44    227 PM  93    1887  67    -23       72
  MINIMUM         33   1159 PM  19    1908  38     -5       33
  AVERAGE         39                        52    -13       53

PRECIPITATION (IN)
  YESTERDAY        0.70          0.86 1911   0.09   0.61     0.00
  MONTH TO DATE    4.71                      2.18   2.53     2.99
  SINCE MAR 1      5.37                      3.23   2.14     3.00
  SINCE JAN 1      6.63                      4.07   2.56     3.74

SNOWFALL (IN)
  YESTERDAY        0.2           5.4  1984   0.1    0.1      0.0
  MONTH TO DATE    0.2                       3.2   -3.0      2.1
  SINCE MAR 1      4.5                       7.6   -3.1      2.4
  SINCE JUL 1     30.1                      28.5    1.6     21.3
  SNOW DEPTH       0

DEGREE DAYS
 HEATING
  YESTERDAY       26                        13     13       12
  MONTH TO DATE  448                       512    -64      431
  SINCE MAR 1   1134                      1349   -215     1090
  SINCE JUL 1   5411                      6377   -966     5979

 COOLING
  YESTERDAY        0                         0      0        0
  MONTH TO DATE    1                         0      1        2
  SINCE MAR 1      1                         0      1        2
  SINCE JAN 1      1                         0      1        2
..................................................................


WIND (MPH)
  HIGHEST WIND SPEED    22   HIGHEST WIND DIRECTION    NE (50)
  HIGHEST GUST SPEED    26   HIGHEST GUST DIRECTION    NE (50)
  AVERAGE WIND SPEED    11.0


SKY COVER
  POSSIBLE SUNSHINE  MM
  AVERAGE SKY COVER 0.9


WEATHER CONDITIONS
 THE FOLLOWING WEATHER WAS RECORDED YESTERDAY.
  HEAVY RAIN
  RAIN
  LIGHT RAIN
  LIGHT SNOW
  FOG


RELATIVE HUMIDITY (PERCENT)
 HIGHEST    92           400 AM
 LOWEST     76           900 AM
 AVERAGE    84

..........................................................


THE NORTH PLATTE NE CLIMATE NORMALS FOR TODAY
                         NORMAL    RECORD    YEAR
 MAXIMUM TEMPERATURE (F)   67        98      1992
 MINIMUM TEMPERATURE (F)   38        15      1907


SUNRISE AND SUNSET
APRIL 30 2016.........SUNRISE   641 AM CDT   SUNSET   839 PM CDT
MAY  1 2016...........SUNRISE   640 AM CDT   SUNSET   840 PM CDT


-  INDICATES NEGATIVE NUMBERS.
R  INDICATES RECORD WAS SET OR TIED.
MM INDICATES DATA IS MISSING.
T  INDICATES TRACE AMOUNT.

$$
