000
CDUS43 KLBF 251041
CLILBF


CLIMATE REPORT
NATIONAL WEATHER SERVICE NORTH PLATTE
440 AM CST SUN FEB 25 2018


...................................

...THE NORTH PLATTE NE CLIMATE SUMMARY FOR FEBRUARY 24 2018...

CLIMATE NORMAL PERIOD 1981 TO 2010
CLIMATE RECORD PERIOD 1874 TO 2018


WEATHER ITEM   OBSERVED TIME   RECORD YEAR NORMAL DEPARTURE LAST
                VALUE   (LST)  VALUE       VALUE  FROM      YEAR
                                                  NORMAL
..................................................................
TEMPERATURE (F)
 YESTERDAY
  MAXIMUM         35    202 PM  73    1995  46    -11       25
  MINIMUM          8   1114 PM -12    2003  17     -9       12
                                      1960
  AVERAGE         22                        32    -10       19

PRECIPITATION (IN)
  YESTERDAY        0.15          0.42 2007   0.02   0.13     0.09
  MONTH TO DATE    0.85                      0.40   0.45     0.52
  SINCE DEC 1      2.45                      1.15   1.30     1.81
  SINCE JAN 1      1.90                      0.74   1.16     1.19

SNOWFALL (IN)
  YESTERDAY        3.0 R         2.5  2007   0.1    2.9      1.4
  MONTH TO DATE   13.8                       4.5    9.3      5.9
  SINCE DEC 1     35.5                      13.9   21.6     15.3
  SINCE JUL 1     36.5                      20.1   16.4     20.3
  SNOW DEPTH       4

DEGREE DAYS
 HEATING
  YESTERDAY       43                        33     10       46
  MONTH TO DATE 1079                       877    202      671
  SINCE DEC 1   3600                      3346    254     3133
  SINCE JUL 1   4891                      4897     -6     4174

 COOLING
  YESTERDAY        0                         0      0        0
  MONTH TO DATE    0                         0      0        0
  SINCE DEC 1      0                         0      0        0
  SINCE JAN 1      0                         0      0        0
..................................................................


WIND (MPH)
  HIGHEST WIND SPEED    30   HIGHEST WIND DIRECTION    NW (300)
  HIGHEST GUST SPEED    40   HIGHEST GUST DIRECTION    NW (310)
  AVERAGE WIND SPEED     9.2


SKY COVER
  POSSIBLE SUNSHINE  MM
  AVERAGE SKY COVER 0.6


WEATHER CONDITIONS
 THE FOLLOWING WEATHER WAS RECORDED YESTERDAY.
  SNOW
  LIGHT SNOW
  FOG


RELATIVE HUMIDITY (PERCENT)
 HIGHEST    91           200 AM
 LOWEST     51           300 PM
 AVERAGE    71

..........................................................


THE NORTH PLATTE NE CLIMATE NORMALS FOR TODAY
                         NORMAL    RECORD    YEAR
 MAXIMUM TEMPERATURE (F)   46        76      1995
 MINIMUM TEMPERATURE (F)   18       -12      1960


SUNRISE AND SUNSET
FEBRUARY 25 2018......SUNRISE   723 AM CST   SUNSET   629 PM CST
FEBRUARY 26 2018......SUNRISE   721 AM CST   SUNSET   630 PM CST


-  INDICATES NEGATIVE NUMBERS.
R  INDICATES RECORD WAS SET OR TIED.
MM INDICATES DATA IS MISSING.
T  INDICATES TRACE AMOUNT.




$$
