000
CDUS43 KLBF 261023
CLILBF

CLIMATE REPORT
NATIONAL WEATHER SERVICE NORTH PLATTE
423 AM CST FRI DEC 26 2014


...................................

...THE NORTH PLATTE NE CLIMATE SUMMARY FOR DECEMBER 25 2014...

CLIMATE NORMAL PERIOD 1981 TO 2010
CLIMATE RECORD PERIOD 1874 TO 2014


WEATHER ITEM   OBSERVED TIME   RECORD YEAR NORMAL DEPARTURE LAST
                VALUE   (LST)  VALUE       VALUE  FROM      YEAR
                                                  NORMAL
..................................................................
TEMPERATURE (F)
 YESTERDAY
  MAXIMUM         42    123 PM  65    1999  38      4       43
  MINIMUM         21    540 AM -25    1879  11     10       12
  AVERAGE         32                        24      8       28

PRECIPITATION (IN)
  YESTERDAY        T             0.19 1941   0.01  -0.01     0.00
  MONTH TO DATE    0.72                      0.33   0.39     0.16
  SINCE DEC 1      0.72                      0.33   0.39     0.16
  SINCE JAN 1     21.20                     20.15   1.05    21.77

SNOWFALL (IN)
  YESTERDAY        T             4.0  1888   0.2   -0.2      0.0
  MONTH TO DATE    2.4                       3.7   -1.3      3.6
  SINCE DEC 1      2.4                       3.7   -1.3      3.6
  SINCE JUL 1      2.8                       9.9   -7.1      6.7
  SNOW DEPTH       0

DEGREE DAYS
 HEATING
  YESTERDAY       33                        41     -8       37
  MONTH TO DATE  822                       986   -164     1064
  SINCE DEC 1    822                       986   -164     1064
  SINCE JUL 1   2342                      2537   -195     2549

 COOLING
  YESTERDAY        0                         0      0        0
  MONTH TO DATE    0                         0      0        0
  SINCE DEC 1      0                         0      0        0
  SINCE JAN 1    744                       768    -24      998
..................................................................


WIND (MPH)
  HIGHEST WIND SPEED    25   HIGHEST WIND DIRECTION     N (20)
  HIGHEST GUST SPEED    32   HIGHEST GUST DIRECTION    NE (40)
  AVERAGE WIND SPEED    11.3


SKY COVER
  POSSIBLE SUNSHINE  MM
  AVERAGE SKY COVER 0.4


WEATHER CONDITIONS
 THE FOLLOWING WEATHER WAS RECORDED YESTERDAY.
  LT FREEZING RAIN
  LIGHT SNOW
  FOG


RELATIVE HUMIDITY (PERCENT)
 HIGHEST    92           800 PM
 LOWEST     49          1200 PM
 AVERAGE    71

..........................................................


THE NORTH PLATTE NE CLIMATE NORMALS FOR TODAY
                         NORMAL    RECORD    YEAR
 MAXIMUM TEMPERATURE (F)   38        66      2005
 MINIMUM TEMPERATURE (F)   11       -25      1876


SUNRISE AND SUNSET
DECEMBER 26 2014......SUNRISE   807 AM CST   SUNSET   520 PM CST
DECEMBER 27 2014......SUNRISE   807 AM CST   SUNSET   521 PM CST


-  INDICATES NEGATIVE NUMBERS.
R  INDICATES RECORD WAS SET OR TIED.
MM INDICATES DATA IS MISSING.
T  INDICATES TRACE AMOUNT.

$$
