000
CDUS43 KLBF 250849
CLILBF


CLIMATE REPORT
NATIONAL WEATHER SERVICE NORTH PLATTE
347 AM CDT TUE APR 25 2017


...................................

...THE NORTH PLATTE NE CLIMATE SUMMARY FOR APRIL 24 2017...

CLIMATE NORMAL PERIOD 1981 TO 2010
CLIMATE RECORD PERIOD 1874 TO 2017


WEATHER ITEM   OBSERVED TIME   RECORD YEAR NORMAL DEPARTURE LAST
                VALUE   (LST)  VALUE       VALUE  FROM      YEAR
                                                  NORMAL
..................................................................
TEMPERATURE (F)
 YESTERDAY
  MAXIMUM         74    437 PM  93    2012  65      9       74
  MINIMUM         46    628 AM  14    2013  36     10       47
  AVERAGE         60                        50     10       61

PRECIPITATION (IN)
  YESTERDAY        T             1.78 1935   0.08  -0.08      T
  MONTH TO DATE    0.31                      1.73  -1.42     3.46
  SINCE MAR 1      2.13                      2.78  -0.65     4.12
  SINCE JAN 1      3.32                      3.62  -0.30     5.38

SNOWFALL (IN)
  YESTERDAY        0.0           2.3  1907   0.1   -0.1      0.0
  MONTH TO DATE    0.0                       3.0   -3.0       T
  SINCE MAR 1      T                         7.4   -7.4      4.3
  SINCE JUL 1     20.3                      28.3   -8.0     29.9
  SNOW DEPTH       0

DEGREE DAYS
 HEATING
  YESTERDAY        5                        15    -10        4
  MONTH TO DATE  284                       444   -160      341
  SINCE MAR 1    935                      1281   -346     1027
  SINCE JUL 1   5257                      6309  -1052     5304

 COOLING
  YESTERDAY        0                         0      0        0
  MONTH TO DATE    2                         0      2        1
  SINCE MAR 1      2                         0      2        1
  SINCE JAN 1      2                         0      2        1
..................................................................


WIND (MPH)
  HIGHEST WIND SPEED    21   HIGHEST WIND DIRECTION    NW (330)
  HIGHEST GUST SPEED    30   HIGHEST GUST DIRECTION    NW (320)
  AVERAGE WIND SPEED    10.8


SKY COVER
  POSSIBLE SUNSHINE  MM
  AVERAGE SKY COVER 0.1


WEATHER CONDITIONS
 THE FOLLOWING WEATHER WAS RECORDED YESTERDAY.
  NO SIGNIFICANT WEATHER WAS OBSERVED.


RELATIVE HUMIDITY (PERCENT)
 HIGHEST    71           700 AM
 LOWEST     28           600 PM
 AVERAGE    50

..........................................................


THE NORTH PLATTE NE CLIMATE NORMALS FOR TODAY
                         NORMAL    RECORD    YEAR
 MAXIMUM TEMPERATURE (F)   65        89      1962
                                             1949
 MINIMUM TEMPERATURE (F)   36        18      2002


SUNRISE AND SUNSET
APRIL 25 2017.........SUNRISE   648 AM CDT   SUNSET   834 PM CDT
APRIL 26 2017.........SUNRISE   647 AM CDT   SUNSET   835 PM CDT


-  INDICATES NEGATIVE NUMBERS.
R  INDICATES RECORD WAS SET OR TIED.
MM INDICATES DATA IS MISSING.
T  INDICATES TRACE AMOUNT.




$$
