000
CDUS43 KLBF 022211
CLILBF


CLIMATE REPORT
NATIONAL WEATHER SERVICE NORTH PLATTE
409 PM CST FRI DEC 2 2016


...................................

...THE NORTH PLATTE NE CLIMATE SUMMARY FOR DECEMBER 2 2016...
VALID TODAY AS OF 0400 PM LOCAL TIME.

CLIMATE NORMAL PERIOD 1981 TO 2010
CLIMATE RECORD PERIOD 1874 TO 2016


WEATHER ITEM   OBSERVED TIME   RECORD YEAR NORMAL DEPARTURE LAST
                VALUE   (LST)  VALUE       VALUE  FROM      YEAR
                                                  NORMAL
..................................................................
TEMPERATURE (F)
 TODAY
  MAXIMUM         45    320 PM  69    2012  42      3       43
                                      1885
  MINIMUM         12    801 AM -10    1919  14     -2       18
  AVERAGE         29                        28      1       31

PRECIPITATION (IN)
  TODAY            0.00          0.70 1978   0.02  -0.02     0.00
  MONTH TO DATE    0.00                      0.03  -0.03     0.09
  SINCE DEC 1      0.00                      0.03  -0.03     0.09
  SINCE JAN 1     22.43                     19.85   2.58    20.64

SNOWFALL (IN)
  TODAY            0.0           7.6  1978   0.2   -0.2      0.0
  MONTH TO DATE    0.0                       0.3   -0.3      1.6
  SINCE DEC 1      0.0                       0.3   -0.3      1.6
  SINCE JUL 1      5.0                       6.5   -1.5      6.2
  SNOW DEPTH       0

DEGREE DAYS
 HEATING
  TODAY           36                        37     -1       34
  MONTH TO DATE   72                        74     -2       71
  SINCE DEC 1     72                        74     -2       71
  SINCE JUL 1   1113                      1625   -512     1257

 COOLING
  TODAY            0                         0      0        0
  MONTH TO DATE    0                         0      0        0
  SINCE DEC 1      0                         0      0        0
  SINCE JAN 1    911                       768    143      823
..................................................................


WIND (MPH)
  HIGHEST WIND SPEED     9   HIGHEST WIND DIRECTION    NW (330)
  HIGHEST GUST SPEED    11   HIGHEST GUST DIRECTION    NW (330)
  AVERAGE WIND SPEED     3.5


SKY COVER
  POSSIBLE SUNSHINE  MM
  AVERAGE SKY COVER 0.1


WEATHER CONDITIONS
 THE FOLLOWING WEATHER WAS RECORDED TODAY.
  NO SIGNIFICANT WEATHER WAS OBSERVED.


RELATIVE HUMIDITY (PERCENT)
 HIGHEST    88           400 AM
 LOWEST     39           300 PM
 AVERAGE    64

..........................................................


THE NORTH PLATTE NE CLIMATE NORMALS FOR TOMORROW
                         NORMAL    RECORD    YEAR
 MAXIMUM TEMPERATURE (F)   42        71      1959
 MINIMUM TEMPERATURE (F)   14        -8      1978
                                             1919


SUNRISE AND SUNSET
DECEMBER  2 2016......SUNRISE   750 AM CST   SUNSET   514 PM CST
DECEMBER  3 2016......SUNRISE   751 AM CST   SUNSET   514 PM CST


-  INDICATES NEGATIVE NUMBERS.
R  INDICATES RECORD WAS SET OR TIED.
MM INDICATES DATA IS MISSING.
T  INDICATES TRACE AMOUNT.

$$
