000
CDUS43 KLBF 232240
CLILBF


CLIMATE REPORT
NATIONAL WEATHER SERVICE NORTH PLATTE
539 PM CDT SUN JUL 23 2017


...................................

...THE NORTH PLATTE NE CLIMATE SUMMARY FOR JULY 23 2017...
VALID TODAY AS OF 0500 PM LOCAL TIME.

CLIMATE NORMAL PERIOD 1981 TO 2010
CLIMATE RECORD PERIOD 1874 TO 2017


WEATHER ITEM   OBSERVED TIME   RECORD YEAR NORMAL DEPARTURE LAST
                VALUE   (LST)  VALUE       VALUE  FROM      YEAR
                                                  NORMAL
..................................................................
TEMPERATURE (F)
 TODAY
  MAXIMUM         96    413 PM 104    2012  89      7       96
                                      2005
                                      1940
  MINIMUM         52    521 AM  49    1990  61     -9       67
                                      1989
                                      1978
  AVERAGE         74                        75     -1       82

PRECIPITATION (IN)
  TODAY            0.00          1.15 1985   0.11  -0.11     0.17
  MONTH TO DATE    2.02                      2.26  -0.24     2.75
  SINCE JUN 1      2.45                      5.68  -3.23     6.01
  SINCE JAN 1     10.99                     13.12  -2.13    17.19

SNOWFALL (IN)
  TODAY            0.0           0.0  2002   0.0    0.0      0.0
                                      2001
  MONTH TO DATE    T                         0.0    0.0      0.0
  SINCE JUN 1      T                         0.0    0.0      0.0
  SINCE JUL 1      T                         0.0    0.0      0.0
  SNOW DEPTH       0

DEGREE DAYS
 HEATING
  TODAY            0                         0      0        0
  MONTH TO DATE    0                         0      0        6
  SINCE JUN 1      7                        51    -44       16
  SINCE JUL 1      0                         0      0        6

 COOLING
  TODAY            9                        10     -1       17
  MONTH TO DATE  313                       216     97      235
  SINCE JUN 1    525                       354    171      483
  SINCE JAN 1    542                       382    160      493
..................................................................


WIND (MPH)
  HIGHEST WIND SPEED     8   HIGHEST WIND DIRECTION     N (340)
  HIGHEST GUST SPEED    12   HIGHEST GUST DIRECTION    NE (30)
  AVERAGE WIND SPEED     2.5


SKY COVER
  POSSIBLE SUNSHINE  MM
  AVERAGE SKY COVER 0.0


WEATHER CONDITIONS
 THE FOLLOWING WEATHER WAS RECORDED TODAY.
  NO SIGNIFICANT WEATHER WAS OBSERVED.


RELATIVE HUMIDITY (PERCENT)
 HIGHEST    93           100 AM
 LOWEST     15           100 PM
 AVERAGE    54

..........................................................


THE NORTH PLATTE NE CLIMATE NORMALS FOR TOMORROW
                         NORMAL    RECORD    YEAR
 MAXIMUM TEMPERATURE (F)   88       109      1940
 MINIMUM TEMPERATURE (F)   61        48      1911


SUNRISE AND SUNSET
JULY 23 2017..........SUNRISE   630 AM CDT   SUNSET   908 PM CDT
JULY 24 2017..........SUNRISE   631 AM CDT   SUNSET   907 PM CDT


-  INDICATES NEGATIVE NUMBERS.
R  INDICATES RECORD WAS SET OR TIED.
MM INDICATES DATA IS MISSING.
T  INDICATES TRACE AMOUNT.




$$
